93.158.213.25 - - [18/Aug/2026:14:51:11 +0000] "GET /product-category/engineered-hardwood-floor/page/10/?add_to_wishlist=16226&_wpnonce=c28de8fee6 HTTP/1.1" 200 36475 "-" "Mozilla/5.0 (compatible; MJ12bot/v1.4.8; http://mj12bot.com/)"
18.213.102.186 - - [18/Aug/2026:14:51:14 +0000] "GET /product/winter-grey/ HTTP/1.1" 403 1242 "-" "Mozilla/5.0 AppleWebKit/537.36 (KHTML, like Gecko; compatible; Amazonbot/0.1; +https://developer.amazon.com/support/amazonbot) Chrome/119.0.6045.214 Safari/537.36"
144.76.19.157 - - [18/Aug/2026:14:51:13 +0000] "GET /product/matisse-urb/?add_to_wishlist=15544&_wpnonce=ee2ab5adbb HTTP/1.1" 200 45037 "-" "Mozilla/5.0 (compatible; SERankingBacklinksBot/1.0; +https://seranking.com/backlinks-crawler)"
216.73.216.14 - - [18/Aug/2026:14:51:15 +0000] "GET /product/pebble-island-oasis/?add_to_wishlist=15487 HTTP/2" 429 0 "-" "Mozilla/5.0 AppleWebKit/537.36 (KHTML, like Gecko; compatible; ClaudeBot/1.0; +claudebot@anthropic.com)"
93.158.213.25 - - [18/Aug/2026:14:51:15 +0000] "GET /product-category/engineered-hardwood-floor/page/10/?add_to_wishlist=16229&_wpnonce=c28de8fee6 HTTP/1.1" 200 36470 "-" "Mozilla/5.0 (compatible; MJ12bot/v1.4.8; http://mj12bot.com/)"
52.44.148.203 - - [18/Aug/2026:14:51:18 +0000] "GET /product/birch-chestnut-2/ HTTP/1.1" 403 1242 "-" "Mozilla/5.0 AppleWebKit/537.36 (KHTML, like Gecko; compatible; Amazonbot/0.1; +https://developer.amazon.com/support/amazonbot) Chrome/119.0.6045.214 Safari/537.36"
144.76.19.157 - - [18/Aug/2026:14:51:19 +0000] "GET /product/matisse-urb/?add_to_wishlist=15547&_wpnonce=44202cc6af HTTP/1.1" 301 0 "-" "Mozilla/5.0 (compatible; SERankingBacklinksBot/1.0; +https://seranking.com/backlinks-crawler)"
93.158.213.25 - - [18/Aug/2026:14:51:19 +0000] "GET /product-category/engineered-hardwood-floor/page/10/?add_to_wishlist=16231&_wpnonce=c28de8fee6 HTTP/1.1" 200 36476 "-" "Mozilla/5.0 (compatible; MJ12bot/v1.4.8; http://mj12bot.com/)"
216.73.216.14 - - [18/Aug/2026:14:51:20 +0000] "GET /product/pebble-island-oasis/?add_to_wishlist=15559 HTTP/2" 200 38494 "-" "Mozilla/5.0 AppleWebKit/537.36 (KHTML, like Gecko; compatible; ClaudeBot/1.0; +claudebot@anthropic.com)"
144.76.19.157 - - [18/Aug/2026:14:51:21 +0000] "GET /product/matisse-urb/?add_to_wishlist=15547&_wpnonce=44202cc6af HTTP/1.1" 200 44958 "-" "Mozilla/5.0 (compatible; SERankingBacklinksBot/1.0; +https://seranking.com/backlinks-crawler)"
34.238.45.183 - - [18/Aug/2026:14:51:22 +0000] "GET /product/emperador-dark-2x2-polished-in-12x12-mesh/ HTTP/1.1" 403 1242 "-" "Mozilla/5.0 AppleWebKit/537.36 (KHTML, like Gecko; compatible; Amazonbot/0.1; +https://developer.amazon.com/support/amazonbot) Chrome/119.0.6045.214 Safari/537.36"
93.158.213.25 - - [18/Aug/2026:14:51:23 +0000] "GET /product-category/engineered-hardwood-floor/page/10/?add_to_wishlist=16233&_wpnonce=c28de8fee6 HTTP/1.1" 200 36471 "-" "Mozilla/5.0 (compatible; MJ12bot/v1.4.8; http://mj12bot.com/)"
216.73.216.14 - - [18/Aug/2026:14:51:25 +0000] "GET /product/pebble-island-oasis/?add_to_wishlist=15573 HTTP/2" 429 0 "-" "Mozilla/5.0 AppleWebKit/537.36 (KHTML, like Gecko; compatible; ClaudeBot/1.0; +claudebot@anthropic.com)"
34.238.45.183 - - [18/Aug/2026:14:51:26 +0000] "GET /product/metallica-black-12x24-24x24/ HTTP/1.1" 403 1242 "-" "Mozilla/5.0 AppleWebKit/537.36 (KHTML, like Gecko; compatible; Amazonbot/0.1; +https://developer.amazon.com/support/amazonbot) Chrome/119.0.6045.214 Safari/537.36"
144.76.19.157 - - [18/Aug/2026:14:51:27 +0000] "GET /product/matisse-urb/?add_to_wishlist=15547&_wpnonce=ee2ab5adbb HTTP/1.1" 301 0 "-" "Mozilla/5.0 (compatible; SERankingBacklinksBot/1.0; +https://seranking.com/backlinks-crawler)"
93.158.213.25 - - [18/Aug/2026:14:51:26 +0000] "GET /product-category/engineered-hardwood-floor/page/10/?add_to_wishlist=16235&_wpnonce=c28de8fee6 HTTP/1.1" 200 36479 "-" "Mozilla/5.0 (compatible; MJ12bot/v1.4.8; http://mj12bot.com/)"
83.99.206.222 - - [18/Aug/2026:14:51:28 +0000] "GET /product/country-aura/2 HTTP/1.1" 301 0 "-" "Mozilla/5.0 (X11; Linux x86_64) AppleWebKit/537.36 (KHTML, like Gecko; GeedoShopProductFinder) Chrome/142.0.0.0 Safari/537.36"
83.99.206.222 - - [18/Aug/2026:14:51:29 +0000] "GET / HTTP/1.1" 200 46845 "-" "Mozilla/5.0 (X11; Linux x86_64) AppleWebKit/537.36 (KHTML, like Gecko; GeedoShopProductFinder) Chrome/142.0.0.0 Safari/537.36"
144.76.19.157 - - [18/Aug/2026:14:51:29 +0000] "GET /product/matisse-urb/?add_to_wishlist=15547&_wpnonce=ee2ab5adbb HTTP/1.1" 200 45090 "-" "Mozilla/5.0 (compatible; SERankingBacklinksBot/1.0; +https://seranking.com/backlinks-crawler)"
3.213.106.226 - - [18/Aug/2026:14:51:30 +0000] "GET /product/jute/ HTTP/1.1" 403 1242 "-" "Mozilla/5.0 AppleWebKit/537.36 (KHTML, like Gecko; compatible; Amazonbot/0.1; +https://developer.amazon.com/support/amazonbot) Chrome/119.0.6045.214 Safari/537.36"
216.73.216.14 - - [18/Aug/2026:14:51:30 +0000] "GET /product/pebble-island-oasis/?add_to_wishlist=15566 HTTP/2" 429 0 "-" "Mozilla/5.0 AppleWebKit/537.36 (KHTML, like Gecko; compatible; ClaudeBot/1.0; +claudebot@anthropic.com)"
192.250.227.238 - - [18/Aug/2026:14:51:31 +0000] "POST /wp-cron.php?doing_wp_cron=1787064691.7238419055938720703125 HTTP/1.1" 200 0 "-" "WordPress/7.0.4; https://glamourflooringla.com"
93.158.213.25 - - [18/Aug/2026:14:51:30 +0000] "GET /product-category/engineered-hardwood-floor/page/10/?add_to_wishlist=16237&_wpnonce=c28de8fee6 HTTP/1.1" 200 36474 "-" "Mozilla/5.0 (compatible; MJ12bot/v1.4.8; http://mj12bot.com/)"
144.76.19.157 - - [18/Aug/2026:14:51:34 +0000] "GET /product/matisse-urb/?add_to_wishlist=15549&_wpnonce=32cc803d74 HTTP/1.1" 301 0 "-" "Mozilla/5.0 (compatible; SERankingBacklinksBot/1.0; +https://seranking.com/backlinks-crawler)"
44.215.61.66 - - [18/Aug/2026:14:51:35 +0000] "GET /product/bernini-bianco-2x2/ HTTP/1.1" 403 1242 "-" "Mozilla/5.0 AppleWebKit/537.36 (KHTML, like Gecko; compatible; Amazonbot/0.1; +https://developer.amazon.com/support/amazonbot) Chrome/119.0.6045.214 Safari/537.36"
93.158.213.25 - - [18/Aug/2026:14:51:34 +0000] "GET /product-category/engineered-hardwood-floor/page/10/?add_to_wishlist=16239&_wpnonce=c28de8fee6 HTTP/1.1" 200 36468 "-" "Mozilla/5.0 (compatible; MJ12bot/v1.4.8; http://mj12bot.com/)"
216.73.216.14 - - [18/Aug/2026:14:51:35 +0000] "GET /product/pebble-island-oasis/?add_to_wishlist=15542 HTTP/2" 429 0 "-" "Mozilla/5.0 AppleWebKit/537.36 (KHTML, like Gecko; compatible; ClaudeBot/1.0; +claudebot@anthropic.com)"
144.76.19.157 - - [18/Aug/2026:14:51:36 +0000] "GET /product/matisse-urb/?add_to_wishlist=15549&_wpnonce=32cc803d74 HTTP/1.1" 200 44977 "-" "Mozilla/5.0 (compatible; SERankingBacklinksBot/1.0; +https://seranking.com/backlinks-crawler)"
54.144.185.255 - - [18/Aug/2026:14:51:38 +0000] "GET /product/georgetown/ HTTP/1.1" 403 1242 "-" "Mozilla/5.0 AppleWebKit/537.36 (KHTML, like Gecko; compatible; Amazonbot/0.1; +https://developer.amazon.com/support/amazonbot) Chrome/119.0.6045.214 Safari/537.36"
93.158.213.25 - - [18/Aug/2026:14:51:38 +0000] "GET /product-category/engineered-hardwood-floor/page/10/?add_to_wishlist=16241&_wpnonce=c28de8fee6 HTTP/1.1" 200 36476 "-" "Mozilla/5.0 (compatible; MJ12bot/v1.4.8; http://mj12bot.com/)"
45.187.193.135 - - [18/Aug/2026:14:51:38 +0000] "GET /product/botticelli-oak-tecsun/2 HTTP/2" 301 0 "-" "Mozilla/5.0 (Linux; Android 6.0; Nexus 5 Build/MRA58N) AppleWebKit/537.36 (KHTML, like Gecko) Chrome/59.0.9466.1026 Mobile Safari/537.36"
45.187.193.135 - - [18/Aug/2026:14:51:40 +0000] "GET / HTTP/2" 200 46845 "-" "Mozilla/5.0 (Linux; Android 6.0; Nexus 5 Build/MRA58N) AppleWebKit/537.36 (KHTML, like Gecko) Chrome/59.0.9466.1026 Mobile Safari/537.36"
216.73.216.14 - - [18/Aug/2026:14:51:40 +0000] "GET /product/pebble-island-oasis/?add_to_wishlist=15544 HTTP/2" 429 0 "-" "Mozilla/5.0 AppleWebKit/537.36 (KHTML, like Gecko; compatible; ClaudeBot/1.0; +claudebot@anthropic.com)"
54.163.136.244 - - [18/Aug/2026:14:51:42 +0000] "GET /product/lexington/ HTTP/1.1" 403 1242 "-" "Mozilla/5.0 AppleWebKit/537.36 (KHTML, like Gecko; compatible; Amazonbot/0.1; +https://developer.amazon.com/support/amazonbot) Chrome/119.0.6045.214 Safari/537.36"
144.76.19.157 - - [18/Aug/2026:14:51:42 +0000] "GET /product/matisse-urb/?add_to_wishlist=15549&_wpnonce=44202cc6af HTTP/1.1" 301 0 "-" "Mozilla/5.0 (compatible; SERankingBacklinksBot/1.0; +https://seranking.com/backlinks-crawler)"
93.158.213.25 - - [18/Aug/2026:14:51:42 +0000] "GET /product-category/engineered-hardwood-floor/page/10/?add_to_wishlist=16244&_wpnonce=c28de8fee6 HTTP/1.1" 200 36469 "-" "Mozilla/5.0 (compatible; MJ12bot/v1.4.8; http://mj12bot.com/)"
192.250.227.238 - - [18/Aug/2026:14:51:45 +0000] "POST /wp-cron.php?doing_wp_cron=1787064704.9237480163574218750000 HTTP/1.1" 200 0 "-" "WordPress/7.0.4; https://glamourflooringla.com"
144.76.19.157 - - [18/Aug/2026:14:51:44 +0000] "GET /product/matisse-urb/?add_to_wishlist=15549&_wpnonce=44202cc6af HTTP/1.1" 200 44909 "-" "Mozilla/5.0 (compatible; SERankingBacklinksBot/1.0; +https://seranking.com/backlinks-crawler)"
103.221.235.202 - - [18/Aug/2026:14:51:45 +0000] "GET /wp-json/contact-form-7/v1/contact-forms/22308/feedback/schema HTTP/2" 200 322 "https://glamourflooringla.com/" "Mozilla/5.0 (Linux; Android 6.0; Nexus 5 Build/MRA58N) AppleWebKit/537.36 (KHTML, like Gecko) Chrome/59.0.9466.1026 Mobile Safari/537.36"
103.221.235.202 - - [18/Aug/2026:14:51:45 +0000] "GET /wp-json/contact-form-7/v1/contact-forms/22324/feedback/schema HTTP/2" 200 241 "https://glamourflooringla.com/" "Mozilla/5.0 (Linux; Android 6.0; Nexus 5 Build/MRA58N) AppleWebKit/537.36 (KHTML, like Gecko) Chrome/59.0.9466.1026 Mobile Safari/537.36"
216.73.216.14 - - [18/Aug/2026:14:51:45 +0000] "GET /product/cardiff-provenza-floors/?add_to_wishlist=15519 HTTP/2" 429 0 "-" "Mozilla/5.0 AppleWebKit/537.36 (KHTML, like Gecko; compatible; ClaudeBot/1.0; +claudebot@anthropic.com)"
103.221.235.202 - - [18/Aug/2026:14:51:45 +0000] "POST /?wc-ajax=get_refreshed_fragments HTTP/2" 200 916 "https://glamourflooringla.com/" "Mozilla/5.0 (Linux; Android 6.0; Nexus 5 Build/MRA58N) AppleWebKit/537.36 (KHTML, like Gecko) Chrome/59.0.9466.1026 Mobile Safari/537.36"
93.158.213.25 - - [18/Aug/2026:14:51:45 +0000] "GET /product-category/engineered-hardwood-floor/page/10/?add_to_wishlist=16247&_wpnonce=c28de8fee6 HTTP/1.1" 200 36473 "-" "Mozilla/5.0 (compatible; MJ12bot/v1.4.8; http://mj12bot.com/)"
103.221.235.202 - - [18/Aug/2026:14:51:47 +0000] "GET /wp-json/contact-form-7/v1/contact-forms/22308/refill HTTP/2" 200 6 "https://glamourflooringla.com/" "Mozilla/5.0 (Linux; Android 6.0; Nexus 5 Build/MRA58N) AppleWebKit/537.36 (KHTML, like Gecko) Chrome/59.0.9466.1026 Mobile Safari/537.36"
103.221.235.202 - - [18/Aug/2026:14:51:47 +0000] "GET /wp-json/contact-form-7/v1/contact-forms/22324/refill HTTP/2" 200 6 "https://glamourflooringla.com/" "Mozilla/5.0 (Linux; Android 6.0; Nexus 5 Build/MRA58N) AppleWebKit/537.36 (KHTML, like Gecko) Chrome/59.0.9466.1026 Mobile Safari/537.36"
18.205.213.231 - - [18/Aug/2026:14:51:48 +0000] "GET /product/european-oak-romantique/ HTTP/1.1" 403 1242 "-" "Mozilla/5.0 AppleWebKit/537.36 (KHTML, like Gecko; compatible; Amazonbot/0.1; +https://developer.amazon.com/support/amazonbot) Chrome/119.0.6045.214 Safari/537.36"
83.99.206.222 - - [18/Aug/2026:14:51:47 +0000] "GET /product/hollywood/ HTTP/1.1" 200 38882 "-" "Mozilla/5.0 (X11; Linux x86_64) AppleWebKit/537.36 (KHTML, like Gecko; GeedoShopProductFinder) Chrome/142.0.0.0 Safari/537.36"
144.76.19.157 - - [18/Aug/2026:14:51:49 +0000] "GET /product/matisse-urb/?add_to_wishlist=15549&_wpnonce=ee2ab5adbb HTTP/1.1" 301 0 "-" "Mozilla/5.0 (compatible; SERankingBacklinksBot/1.0; +https://seranking.com/backlinks-crawler)"
93.158.213.25 - - [18/Aug/2026:14:51:49 +0000] "GET /product-category/engineered-hardwood-floor/page/10/?add_to_wishlist=16248&_wpnonce=c28de8fee6 HTTP/1.1" 200 36481 "-" "Mozilla/5.0 (compatible; MJ12bot/v1.4.8; http://mj12bot.com/)"
3.227.180.70 - - [18/Aug/2026:14:51:50 +0000] "GET /product/walnut-antique-3/ HTTP/1.1" 403 1242 "-" "Mozilla/5.0 AppleWebKit/537.36 (KHTML, like Gecko; compatible; Amazonbot/0.1; +https://developer.amazon.com/support/amazonbot) Chrome/119.0.6045.214 Safari/537.36"
216.73.216.14 - - [18/Aug/2026:14:51:51 +0000] "GET /product/volare-provenza-floors/2 HTTP/2" 429 0 "-" "Mozilla/5.0 AppleWebKit/537.36 (KHTML, like Gecko; compatible; ClaudeBot/1.0; +claudebot@anthropic.com)"
144.76.19.157 - - [18/Aug/2026:14:51:51 +0000] "GET /product/matisse-urb/?add_to_wishlist=15549&_wpnonce=ee2ab5adbb HTTP/1.1" 200 44889 "-" "Mozilla/5.0 (compatible; SERankingBacklinksBot/1.0; +https://seranking.com/backlinks-crawler)"
93.158.213.25 - - [18/Aug/2026:14:51:53 +0000] "GET /product-category/engineered-hardwood-floor/page/10/?add_to_wishlist=16251&_wpnonce=c28de8fee6 HTTP/1.1" 200 36473 "-" "Mozilla/5.0 (compatible; MJ12bot/v1.4.8; http://mj12bot.com/)"
98.82.38.120 - - [18/Aug/2026:14:51:54 +0000] "GET /product/cumberland/ HTTP/1.1" 403 1242 "-" "Mozilla/5.0 AppleWebKit/537.36 (KHTML, like Gecko; compatible; Amazonbot/0.1; +https://developer.amazon.com/support/amazonbot) Chrome/119.0.6045.214 Safari/537.36"
216.73.216.14 - - [18/Aug/2026:14:51:56 +0000] "GET /product/terra-provenza-floors/2 HTTP/2" 429 0 "-" "Mozilla/5.0 AppleWebKit/537.36 (KHTML, like Gecko; compatible; ClaudeBot/1.0; +claudebot@anthropic.com)"
144.76.19.157 - - [18/Aug/2026:14:51:56 +0000] "GET /product/matisse-urb/?add_to_wishlist=15551&_wpnonce=ee2ab5adbb HTTP/1.1" 301 0 "-" "Mozilla/5.0 (compatible; SERankingBacklinksBot/1.0; +https://seranking.com/backlinks-crawler)"
93.158.213.25 - - [18/Aug/2026:14:51:57 +0000] "GET /product-category/engineered-hardwood-floor/page/10/?add_to_wishlist=16255&_wpnonce=c28de8fee6 HTTP/1.1" 200 36482 "-" "Mozilla/5.0 (compatible; MJ12bot/v1.4.8; http://mj12bot.com/)"
144.76.19.157 - - [18/Aug/2026:14:51:58 +0000] "GET /product/matisse-urb/?add_to_wishlist=15551&_wpnonce=ee2ab5adbb HTTP/1.1" 200 44959 "-" "Mozilla/5.0 (compatible; SERankingBacklinksBot/1.0; +https://seranking.com/backlinks-crawler)"
216.73.216.14 - - [18/Aug/2026:14:52:01 +0000] "GET /product/dovetail-provenza-floors/2 HTTP/2" 429 0 "-" "Mozilla/5.0 AppleWebKit/537.36 (KHTML, like Gecko; compatible; ClaudeBot/1.0; +claudebot@anthropic.com)"
93.158.213.25 - - [18/Aug/2026:14:52:00 +0000] "GET /product-category/engineered-hardwood-floor/page/10/?add_to_wishlist=16256&_wpnonce=c28de8fee6 HTTP/1.1" 200 36474 "-" "Mozilla/5.0 (compatible; MJ12bot/v1.4.8; http://mj12bot.com/)"
144.76.19.157 - - [18/Aug/2026:14:52:04 +0000] "GET /product/matisse-urb/?add_to_wishlist=15552&_wpnonce=ee2ab5adbb HTTP/1.1" 301 0 "-" "Mozilla/5.0 (compatible; SERankingBacklinksBot/1.0; +https://seranking.com/backlinks-crawler)"
93.158.213.25 - - [18/Aug/2026:14:52:04 +0000] "GET /product-category/engineered-hardwood-floor/page/10/?add_to_wishlist=16257&_wpnonce=c28de8fee6 HTTP/1.1" 200 36481 "-" "Mozilla/5.0 (compatible; MJ12bot/v1.4.8; http://mj12bot.com/)"
216.73.216.14 - - [18/Aug/2026:14:52:06 +0000] "GET /product/cardiff-provenza-floors/2 HTTP/2" 301 0 "-" "Mozilla/5.0 AppleWebKit/537.36 (KHTML, like Gecko; compatible; ClaudeBot/1.0; +claudebot@anthropic.com)"
144.76.19.157 - - [18/Aug/2026:14:52:06 +0000] "GET /product/matisse-urb/?add_to_wishlist=15552&_wpnonce=ee2ab5adbb HTTP/1.1" 200 45016 "-" "Mozilla/5.0 (compatible; SERankingBacklinksBot/1.0; +https://seranking.com/backlinks-crawler)"
83.99.206.222 - - [18/Aug/2026:14:52:08 +0000] "GET /product/valldemossa-california-classics/ HTTP/1.1" 200 38333 "-" "Mozilla/5.0 (X11; Linux x86_64) AppleWebKit/537.36 (KHTML, like Gecko; GeedoShopProductFinder) Chrome/142.0.0.0 Safari/537.36"
93.158.213.25 - - [18/Aug/2026:14:52:08 +0000] "GET /product-category/engineered-hardwood-floor/page/10/?add_to_wishlist=16258&_wpnonce=c28de8fee6 HTTP/1.1" 200 36480 "-" "Mozilla/5.0 (compatible; MJ12bot/v1.4.8; http://mj12bot.com/)"
216.73.216.14 - - [18/Aug/2026:14:52:11 +0000] "GET /product/bosco-provenza-floors/2 HTTP/2" 429 0 "-" "Mozilla/5.0 AppleWebKit/537.36 (KHTML, like Gecko; compatible; ClaudeBot/1.0; +claudebot@anthropic.com)"
144.76.19.157 - - [18/Aug/2026:14:52:11 +0000] "GET /product/matisse-urb/?add_to_wishlist=15555&_wpnonce=32cc803d74 HTTP/1.1" 301 0 "-" "Mozilla/5.0 (compatible; SERankingBacklinksBot/1.0; +https://seranking.com/backlinks-crawler)"
93.158.213.25 - - [18/Aug/2026:14:52:12 +0000] "GET /product-category/engineered-hardwood-floor/page/10/?add_to_wishlist=16259&_wpnonce=c28de8fee6 HTTP/1.1" 200 36472 "-" "Mozilla/5.0 (compatible; MJ12bot/v1.4.8; http://mj12bot.com/)"
144.76.19.157 - - [18/Aug/2026:14:52:13 +0000] "GET /product/matisse-urb/?add_to_wishlist=15555&_wpnonce=32cc803d74 HTTP/1.1" 200 44897 "-" "Mozilla/5.0 (compatible; SERankingBacklinksBot/1.0; +https://seranking.com/backlinks-crawler)"
216.73.216.14 - - [18/Aug/2026:14:52:16 +0000] "GET /?p=16681 HTTP/2" 429 0 "-" "Mozilla/5.0 AppleWebKit/537.36 (KHTML, like Gecko; compatible; ClaudeBot/1.0; +claudebot@anthropic.com)"
93.158.213.25 - - [18/Aug/2026:14:52:16 +0000] "GET /product-category/engineered-hardwood-floor/page/10/?add_to_wishlist=16265&_wpnonce=c28de8fee6 HTTP/1.1" 200 36463 "-" "Mozilla/5.0 (compatible; MJ12bot/v1.4.8; http://mj12bot.com/)"
57.141.4.38 - - [18/Aug/2026:14:52:17 +0000] "GET /detail/1807950020504 HTTP/2" 429 0 "-" "Mozilla/5.0 (Windows NT 10.0; Win64; x64) AppleWebKit/537.36 (KHTML, like Gecko) Chrome/145.0.0.0 Safari/537.36 (compatible; meta-externalagent/1.1 (+https://developers.facebook.com/docs/sharing/webmasters/crawler))"
144.76.19.157 - - [18/Aug/2026:14:52:19 +0000] "GET /product/matisse-urb/?add_to_wishlist=15555&_wpnonce=ee2ab5adbb HTTP/1.1" 301 0 "-" "Mozilla/5.0 (compatible; SERankingBacklinksBot/1.0; +https://seranking.com/backlinks-crawler)"
93.158.213.25 - - [18/Aug/2026:14:52:20 +0000] "GET /product-category/engineered-hardwood-floor/page/10/?add_to_wishlist=16267&_wpnonce=c28de8fee6 HTTP/1.1" 200 36470 "-" "Mozilla/5.0 (compatible; MJ12bot/v1.4.8; http://mj12bot.com/)"
216.73.216.14 - - [18/Aug/2026:14:52:21 +0000] "GET /?p=16653 HTTP/2" 429 0 "-" "Mozilla/5.0 AppleWebKit/537.36 (KHTML, like Gecko; compatible; ClaudeBot/1.0; +claudebot@anthropic.com)"
190.199.185.36 - - [18/Aug/2026:14:52:19 +0000] "GET /product/cypress-spc-oasis/2 HTTP/2" 301 0 "-" "Mozilla/5.0 (iPhone; CPU iPhone OS 11_0 like Mac OS X) AppleWebKit/537.36 (KHTML, like Gecko) Chrome/39.0.1528.1209 Mobile Safari/537.36"
190.199.185.36 - - [18/Aug/2026:14:52:21 +0000] "GET / HTTP/2" 200 46845 "-" "Mozilla/5.0 (iPhone; CPU iPhone OS 11_0 like Mac OS X) AppleWebKit/537.36 (KHTML, like Gecko) Chrome/39.0.1528.1209 Mobile Safari/537.36"
144.76.19.157 - - [18/Aug/2026:14:52:21 +0000] "GET /product/matisse-urb/?add_to_wishlist=15555&_wpnonce=ee2ab5adbb HTTP/1.1" 200 44999 "-" "Mozilla/5.0 (compatible; SERankingBacklinksBot/1.0; +https://seranking.com/backlinks-crawler)"
93.158.213.25 - - [18/Aug/2026:14:52:23 +0000] "GET /product-category/engineered-hardwood-floor/page/10/?add_to_wishlist=16268&_wpnonce=c28de8fee6 HTTP/1.1" 200 36470 "-" "Mozilla/5.0 (compatible; MJ12bot/v1.4.8; http://mj12bot.com/)"
216.73.216.14 - - [18/Aug/2026:14:52:26 +0000] "GET /?p=16652 HTTP/2" 429 0 "-" "Mozilla/5.0 AppleWebKit/537.36 (KHTML, like Gecko; compatible; ClaudeBot/1.0; +claudebot@anthropic.com)"
144.76.19.157 - - [18/Aug/2026:14:52:26 +0000] "GET /product/matisse-urb/?add_to_wishlist=15556&_wpnonce=ee2ab5adbb HTTP/1.1" 301 0 "-" "Mozilla/5.0 (compatible; SERankingBacklinksBot/1.0; +https://seranking.com/backlinks-crawler)"
185.251.251.159 - - [18/Aug/2026:14:52:28 +0000] "GET /wp-json/contact-form-7/v1/contact-forms/22308/feedback/schema HTTP/2" 200 322 "https://glamourflooringla.com/" "Mozilla/5.0 (iPhone; CPU iPhone OS 11_0 like Mac OS X) AppleWebKit/537.36 (KHTML, like Gecko) Chrome/39.0.1528.1209 Mobile Safari/537.36"
185.251.251.159 - - [18/Aug/2026:14:52:28 +0000] "GET /wp-json/contact-form-7/v1/contact-forms/22324/feedback/schema HTTP/2" 200 241 "https://glamourflooringla.com/" "Mozilla/5.0 (iPhone; CPU iPhone OS 11_0 like Mac OS X) AppleWebKit/537.36 (KHTML, like Gecko) Chrome/39.0.1528.1209 Mobile Safari/537.36"
83.99.206.222 - - [18/Aug/2026:14:52:27 +0000] "GET /tag/hardwood-flooring-in-thousand-oaks/ HTTP/1.1" 200 30335 "-" "Mozilla/5.0 (X11; Linux x86_64) AppleWebKit/537.36 (KHTML, like Gecko; GeedoShopProductFinder) Chrome/142.0.0.0 Safari/537.36"
93.158.213.25 - - [18/Aug/2026:14:52:27 +0000] "GET /product-category/engineered-hardwood-floor/page/10/?add_to_wishlist=16269&_wpnonce=c28de8fee6 HTTP/1.1" 200 36472 "-" "Mozilla/5.0 (compatible; MJ12bot/v1.4.8; http://mj12bot.com/)"
185.251.251.159 - - [18/Aug/2026:14:52:28 +0000] "POST /?wc-ajax=get_refreshed_fragments HTTP/2" 200 916 "https://glamourflooringla.com/" "Mozilla/5.0 (iPhone; CPU iPhone OS 11_0 like Mac OS X) AppleWebKit/537.36 (KHTML, like Gecko) Chrome/39.0.1528.1209 Mobile Safari/537.36"
144.76.19.157 - - [18/Aug/2026:14:52:28 +0000] "GET /product/matisse-urb/?add_to_wishlist=15556&_wpnonce=ee2ab5adbb HTTP/1.1" 200 45033 "-" "Mozilla/5.0 (compatible; SERankingBacklinksBot/1.0; +https://seranking.com/backlinks-crawler)"
216.73.216.14 - - [18/Aug/2026:14:52:31 +0000] "GET /product-category/engineered-hardwood-floor/provenza-floors/?add_to_wishlist=16146 HTTP/2" 429 0 "-" "Mozilla/5.0 AppleWebKit/537.36 (KHTML, like Gecko; compatible; ClaudeBot/1.0; +claudebot@anthropic.com)"
192.250.227.238 - - [18/Aug/2026:14:52:32 +0000] "POST /wp-cron.php?doing_wp_cron=1787064752.4517109394073486328125 HTTP/1.1" 200 0 "-" "WordPress/7.0.4; https://glamourflooringla.com"
93.158.213.25 - - [18/Aug/2026:14:52:31 +0000] "GET /product-category/engineered-hardwood-floor/page/10/?add_to_wishlist=16271&_wpnonce=c28de8fee6 HTTP/1.1" 200 36468 "-" "Mozilla/5.0 (compatible; MJ12bot/v1.4.8; http://mj12bot.com/)"
144.76.19.157 - - [18/Aug/2026:14:52:34 +0000] "GET /product/matisse-urb/?add_to_wishlist=15559&_wpnonce=ee2ab5adbb HTTP/1.1" 301 0 "-" "Mozilla/5.0 (compatible; SERankingBacklinksBot/1.0; +https://seranking.com/backlinks-crawler)"
185.251.251.159 - - [18/Aug/2026:14:52:35 +0000] "GET /wp-json/contact-form-7/v1/contact-forms/22324/refill HTTP/2" 200 6 "https://glamourflooringla.com/" "Mozilla/5.0 (iPhone; CPU iPhone OS 11_0 like Mac OS X) AppleWebKit/537.36 (KHTML, like Gecko) Chrome/39.0.1528.1209 Mobile Safari/537.36"
185.251.251.159 - - [18/Aug/2026:14:52:35 +0000] "GET /wp-json/contact-form-7/v1/contact-forms/22308/refill HTTP/2" 200 6 "https://glamourflooringla.com/" "Mozilla/5.0 (iPhone; CPU iPhone OS 11_0 like Mac OS X) AppleWebKit/537.36 (KHTML, like Gecko) Chrome/39.0.1528.1209 Mobile Safari/537.36"
216.73.216.14 - - [18/Aug/2026:14:52:36 +0000] "GET /product-category/engineered-hardwood-floor/provenza-floors/?add_to_wishlist=16196 HTTP/2" 429 0 "-" "Mozilla/5.0 AppleWebKit/537.36 (KHTML, like Gecko; compatible; ClaudeBot/1.0; +claudebot@anthropic.com)"
93.158.213.25 - - [18/Aug/2026:14:52:35 +0000] "GET /product-category/engineered-hardwood-floor/page/10/?add_to_wishlist=16273&_wpnonce=c28de8fee6 HTTP/1.1" 200 36548 "-" "Mozilla/5.0 (compatible; MJ12bot/v1.4.8; http://mj12bot.com/)"
144.76.19.157 - - [18/Aug/2026:14:52:35 +0000] "GET /product/matisse-urb/?add_to_wishlist=15559&_wpnonce=ee2ab5adbb HTTP/1.1" 200 44970 "-" "Mozilla/5.0 (compatible; SERankingBacklinksBot/1.0; +https://seranking.com/backlinks-crawler)"
93.158.213.25 - - [18/Aug/2026:14:52:39 +0000] "GET /product-category/engineered-hardwood-floor/page/10/?add_to_wishlist=16274&_wpnonce=c28de8fee6 HTTP/1.1" 200 36467 "-" "Mozilla/5.0 (compatible; MJ12bot/v1.4.8; http://mj12bot.com/)"
216.73.216.14 - - [18/Aug/2026:14:52:41 +0000] "GET /product/nolana-provenza-floors/?add_to_wishlist=15484 HTTP/2" 429 0 "-" "Mozilla/5.0 AppleWebKit/537.36 (KHTML, like Gecko; compatible; ClaudeBot/1.0; +claudebot@anthropic.com)"
144.76.19.157 - - [18/Aug/2026:14:52:41 +0000] "GET /product/matisse-urb/?add_to_wishlist=15560&_wpnonce=32cc803d74 HTTP/1.1" 301 0 "-" "Mozilla/5.0 (compatible; SERankingBacklinksBot/1.0; +https://seranking.com/backlinks-crawler)"
192.250.227.238 - - [18/Aug/2026:14:52:44 +0000] "POST /wp-cron.php?doing_wp_cron=1787064764.1122729778289794921875 HTTP/1.1" 200 0 "-" "WordPress/7.0.4; https://glamourflooringla.com"
93.158.213.25 - - [18/Aug/2026:14:52:42 +0000] "GET /product-category/engineered-hardwood-floor/page/10/?add_to_wishlist=16558&_wpnonce=370c12ca7e HTTP/1.1" 200 36489 "-" "Mozilla/5.0 (compatible; MJ12bot/v1.4.8; http://mj12bot.com/)"
144.76.19.157 - - [18/Aug/2026:14:52:43 +0000] "GET /product/matisse-urb/?add_to_wishlist=15560&_wpnonce=32cc803d74 HTTP/1.1" 200 45016 "-" "Mozilla/5.0 (compatible; SERankingBacklinksBot/1.0; +https://seranking.com/backlinks-crawler)"
216.73.216.14 - - [18/Aug/2026:14:52:46 +0000] "GET /product/tempo-provenza-floors/feed/ HTTP/2" 429 0 "-" "Mozilla/5.0 AppleWebKit/537.36 (KHTML, like Gecko; compatible; ClaudeBot/1.0; +claudebot@anthropic.com)"
93.158.213.25 - - [18/Aug/2026:14:52:46 +0000] "GET /product-category/engineered-hardwood-floor/page/10/?add_to_wishlist=16566&_wpnonce=370c12ca7e HTTP/1.1" 200 36505 "-" "Mozilla/5.0 (compatible; MJ12bot/v1.4.8; http://mj12bot.com/)"
83.99.206.222 - - [18/Aug/2026:14:52:48 +0000] "GET /product/fortezza-pro/ HTTP/1.1" 200 38525 "-" "Mozilla/5.0 (X11; Linux x86_64) AppleWebKit/537.36 (KHTML, like Gecko; GeedoShopProductFinder) Chrome/142.0.0.0 Safari/537.36"
144.76.19.157 - - [18/Aug/2026:14:52:48 +0000] "GET /product/matisse-urb/?add_to_wishlist=15561&_wpnonce=ee2ab5adbb HTTP/1.1" 301 0 "-" "Mozilla/5.0 (compatible; SERankingBacklinksBot/1.0; +https://seranking.com/backlinks-crawler)"
93.158.213.25 - - [18/Aug/2026:14:52:50 +0000] "GET /product-category/engineered-hardwood-floor/page/10/?add_to_wishlist=16567&_wpnonce=370c12ca7e HTTP/1.1" 200 36573 "-" "Mozilla/5.0 (compatible; MJ12bot/v1.4.8; http://mj12bot.com/)"
144.76.19.157 - - [18/Aug/2026:14:52:50 +0000] "GET /product/matisse-urb/?add_to_wishlist=15561&_wpnonce=ee2ab5adbb HTTP/1.1" 200 44921 "-" "Mozilla/5.0 (compatible; SERankingBacklinksBot/1.0; +https://seranking.com/backlinks-crawler)"
216.73.216.14 - - [18/Aug/2026:14:52:51 +0000] "GET /product/stone-grey-provenza-floors/feed/ HTTP/2" 200 403 "-" "Mozilla/5.0 AppleWebKit/537.36 (KHTML, like Gecko; compatible; ClaudeBot/1.0; +claudebot@anthropic.com)"
93.158.213.25 - - [18/Aug/2026:14:52:54 +0000] "GET /product-category/engineered-hardwood-floor/page/10/?add_to_wishlist=16568&_wpnonce=370c12ca7e HTTP/1.1" 200 36494 "-" "Mozilla/5.0 (compatible; MJ12bot/v1.4.8; http://mj12bot.com/)"
192.250.227.238 - - [18/Aug/2026:14:52:55 +0000] "POST /wp-cron.php?doing_wp_cron=1787064775.1660640239715576171875 HTTP/1.1" 200 0 "-" "WordPress/7.0.4; https://glamourflooringla.com"
103.150.19.142 - - [18/Aug/2026:14:52:54 +0000] "GET /product/statuario-celano-interlocking-6mm HTTP/1.1" 301 0 "https://www.glamourflooringla.com/product/statuario-celano-interlocking-6mm" "Mozilla/5.0 (Linux; Android 12; OPPO PCLM9) AppleWebKit/537.36 (KHTML, like Gecko) Chrome/142.0.5936.68 Mobile Safari/537.36 MicroMessenger/8.0.41(0x18001B3F) NetType/WIFI Language/zh_CN"
216.73.216.14 - - [18/Aug/2026:14:52:56 +0000] "GET /product/york-provenza-floors/feed/ HTTP/2" 429 0 "-" "Mozilla/5.0 AppleWebKit/537.36 (KHTML, like Gecko; compatible; ClaudeBot/1.0; +claudebot@anthropic.com)"
144.76.19.157 - - [18/Aug/2026:14:52:56 +0000] "GET /product/matisse-urb/?add_to_wishlist=15565&_wpnonce=ee2ab5adbb HTTP/1.1" 301 0 "-" "Mozilla/5.0 (compatible; SERankingBacklinksBot/1.0; +https://seranking.com/backlinks-crawler)"
93.158.213.25 - - [18/Aug/2026:14:52:58 +0000] "GET /product-category/engineered-hardwood-floor/page/10/?add_to_wishlist=16569&_wpnonce=370c12ca7e HTTP/1.1" 200 36488 "-" "Mozilla/5.0 (compatible; MJ12bot/v1.4.8; http://mj12bot.com/)"
168.197.245.128 - - [18/Aug/2026:14:52:58 +0000] "GET / HTTP/1.1" 301 0 "https://www.glamourflooringla.com/product/statuario-celano-interlocking-6mm" "Mozilla/5.0 (Linux; Android 12; OPPO PCLM9) AppleWebKit/537.36 (KHTML, like Gecko) Chrome/142.0.5936.68 Mobile Safari/537.36 MicroMessenger/8.0.41(0x18001B3F) NetType/WIFI Language/zh_CN"
144.76.19.157 - - [18/Aug/2026:14:52:58 +0000] "GET /product/matisse-urb/?add_to_wishlist=15565&_wpnonce=ee2ab5adbb HTTP/1.1" 200 44987 "-" "Mozilla/5.0 (compatible; SERankingBacklinksBot/1.0; +https://seranking.com/backlinks-crawler)"
216.73.216.14 - - [18/Aug/2026:14:53:01 +0000] "GET /product/volare-provenza-floors/feed/ HTTP/2" 429 0 "-" "Mozilla/5.0 AppleWebKit/537.36 (KHTML, like Gecko; compatible; ClaudeBot/1.0; +claudebot@anthropic.com)"
46.153.254.197 - - [18/Aug/2026:14:53:01 +0000] "GET / HTTP/1.1" 200 46845 "https://www.glamourflooringla.com/product/statuario-celano-interlocking-6mm" "Mozilla/5.0 (Linux; Android 12; OPPO PCLM9) AppleWebKit/537.36 (KHTML, like Gecko) Chrome/142.0.5936.68 Mobile Safari/537.36 MicroMessenger/8.0.41(0x18001B3F) NetType/WIFI Language/zh_CN"
112.203.131.178 - - [18/Aug/2026:14:53:00 +0000] "GET /product-category/tavertine/ HTTP/2" 200 29377 "-" "Mozilla/5.0 (Linux; Android 8.0; Pixel 2 Build/OPD3.170816.012) AppleWebKit/537.36 (KHTML, like Gecko) Chrome/40.0.6324.1140 Mobile Safari/537.36"
93.158.213.25 - - [18/Aug/2026:14:53:02 +0000] "GET /product-category/engineered-hardwood-floor/page/10/?add_to_wishlist=16575&_wpnonce=370c12ca7e HTTP/1.1" 200 36504 "-" "Mozilla/5.0 (compatible; MJ12bot/v1.4.8; http://mj12bot.com/)"
144.76.19.157 - - [18/Aug/2026:14:53:04 +0000] "GET /product/matisse-urb/?add_to_wishlist=15566&_wpnonce=32cc803d74 HTTP/1.1" 301 0 "-" "Mozilla/5.0 (compatible; SERankingBacklinksBot/1.0; +https://seranking.com/backlinks-crawler)"
216.73.216.14 - - [18/Aug/2026:14:53:06 +0000] "GET /product/terra-provenza-floors/feed/ HTTP/2" 429 0 "-" "Mozilla/5.0 AppleWebKit/537.36 (KHTML, like Gecko; compatible; ClaudeBot/1.0; +claudebot@anthropic.com)"
223.109.252.221 - - [18/Aug/2026:14:53:05 +0000] "GET /product-category/spc/?add_to_wishlist=18461&_wpnonce=aa7319b747 HTTP/1.1" 200 51184 "-" "Sogou web spider/4.0(+http://www.sogou.com/docs/help/webmasters.htm#07)"
144.76.19.157 - - [18/Aug/2026:14:53:06 +0000] "GET /product/matisse-urb/?add_to_wishlist=15566&_wpnonce=32cc803d74 HTTP/1.1" 200 44881 "-" "Mozilla/5.0 (compatible; SERankingBacklinksBot/1.0; +https://seranking.com/backlinks-crawler)"
93.158.213.25 - - [18/Aug/2026:14:53:06 +0000] "GET /product-category/engineered-hardwood-floor/page/10/?add_to_wishlist=16576&_wpnonce=370c12ca7e HTTP/1.1" 200 36496 "-" "Mozilla/5.0 (compatible; MJ12bot/v1.4.8; http://mj12bot.com/)"
216.173.89.153 - - [18/Aug/2026:14:53:07 +0000] "POST /?wc-ajax=get_refreshed_fragments HTTP/2" 200 916 "https://glamourflooringla.com/product-category/tavertine/" "Mozilla/5.0 (Linux; Android 8.0; Pixel 2 Build/OPD3.170816.012) AppleWebKit/537.36 (KHTML, like Gecko) Chrome/40.0.6324.1140 Mobile Safari/537.36"
216.73.216.14 - - [18/Aug/2026:14:53:11 +0000] "GET /product/dovetail-provenza-floors/feed/ HTTP/2" 429 0 "-" "Mozilla/5.0 AppleWebKit/537.36 (KHTML, like Gecko; compatible; ClaudeBot/1.0; +claudebot@anthropic.com)"
93.158.213.25 - - [18/Aug/2026:14:53:10 +0000] "GET /product-category/engineered-hardwood-floor/page/10/?add_to_wishlist=16577&_wpnonce=370c12ca7e HTTP/1.1" 200 36500 "-" "Mozilla/5.0 (compatible; MJ12bot/v1.4.8; http://mj12bot.com/)"
144.76.19.157 - - [18/Aug/2026:14:53:12 +0000] "GET /product/matisse-urb/?add_to_wishlist=15566&_wpnonce=44202cc6af HTTP/1.1" 301 0 "-" "Mozilla/5.0 (compatible; SERankingBacklinksBot/1.0; +https://seranking.com/backlinks-crawler)"
103.56.163.133 - - [18/Aug/2026:14:53:13 +0000] "GET /wp-login.php HTTP/1.1" 403 170 "-" "Mozilla/5.0 (Windows NT 10.0; Win64; x64) AppleWebKit/537.36 (KHTML, like Gecko) Chrome/149.0.0.0 Safari/537.36"
144.76.19.157 - - [18/Aug/2026:14:53:14 +0000] "GET /product/matisse-urb/?add_to_wishlist=15566&_wpnonce=44202cc6af HTTP/1.1" 200 44934 "-" "Mozilla/5.0 (compatible; SERankingBacklinksBot/1.0; +https://seranking.com/backlinks-crawler)"
93.158.213.25 - - [18/Aug/2026:14:53:14 +0000] "GET /product-category/engineered-hardwood-floor/page/10/?add_to_wishlist=16578&_wpnonce=370c12ca7e HTTP/1.1" 200 36488 "-" "Mozilla/5.0 (compatible; MJ12bot/v1.4.8; http://mj12bot.com/)"
216.73.216.14 - - [18/Aug/2026:14:53:16 +0000] "GET /product/cardiff-provenza-floors/feed/ HTTP/2" 429 0 "-" "Mozilla/5.0 AppleWebKit/537.36 (KHTML, like Gecko; compatible; ClaudeBot/1.0; +claudebot@anthropic.com)"
93.158.213.25 - - [18/Aug/2026:14:53:18 +0000] "GET /product-category/engineered-hardwood-floor/page/10/?add_to_wishlist=16580&_wpnonce=370c12ca7e HTTP/1.1" 200 36487 "-" "Mozilla/5.0 (compatible; MJ12bot/v1.4.8; http://mj12bot.com/)"
144.76.19.157 - - [18/Aug/2026:14:53:19 +0000] "GET /product/matisse-urb/?add_to_wishlist=15566&_wpnonce=ee2ab5adbb HTTP/1.1" 301 0 "-" "Mozilla/5.0 (compatible; SERankingBacklinksBot/1.0; +https://seranking.com/backlinks-crawler)"
216.73.216.14 - - [18/Aug/2026:14:53:21 +0000] "GET /product/bosco-provenza-floors/feed/ HTTP/2" 429 0 "-" "Mozilla/5.0 AppleWebKit/537.36 (KHTML, like Gecko; compatible; ClaudeBot/1.0; +claudebot@anthropic.com)"
144.76.19.157 - - [18/Aug/2026:14:53:21 +0000] "GET /product/matisse-urb/?add_to_wishlist=15566&_wpnonce=ee2ab5adbb HTTP/1.1" 200 44978 "-" "Mozilla/5.0 (compatible; SERankingBacklinksBot/1.0; +https://seranking.com/backlinks-crawler)"
93.158.213.25 - - [18/Aug/2026:14:53:22 +0000] "GET /product-category/engineered-hardwood-floor/page/10/?add_to_wishlist=16582&_wpnonce=370c12ca7e HTTP/1.1" 200 36498 "-" "Mozilla/5.0 (compatible; MJ12bot/v1.4.8; http://mj12bot.com/)"
57.141.4.23 - - [18/Aug/2026:14:53:25 +0000] "GET /detail/2183197823681 HTTP/2" 429 0 "-" "Mozilla/5.0 (Windows NT 10.0; Win64; x64) AppleWebKit/537.36 (KHTML, like Gecko) Chrome/145.0.0.0 Safari/537.36 (compatible; meta-externalagent/1.1 (+https://developers.facebook.com/docs/sharing/webmasters/crawler))"
216.73.216.14 - - [18/Aug/2026:14:53:26 +0000] "GET /product/stone-grey-provenza-floors/2 HTTP/2" 429 0 "-" "Mozilla/5.0 AppleWebKit/537.36 (KHTML, like Gecko; compatible; ClaudeBot/1.0; +claudebot@anthropic.com)"
93.158.213.25 - - [18/Aug/2026:14:53:25 +0000] "GET /product-category/engineered-hardwood-floor/page/10/?add_to_wishlist=16584&_wpnonce=370c12ca7e HTTP/1.1" 200 36498 "-" "Mozilla/5.0 (compatible; MJ12bot/v1.4.8; http://mj12bot.com/)"
144.76.19.157 - - [18/Aug/2026:14:53:27 +0000] "GET /product/matisse-urb/?add_to_wishlist=15569&_wpnonce=ee2ab5adbb HTTP/1.1" 301 0 "-" "Mozilla/5.0 (compatible; SERankingBacklinksBot/1.0; +https://seranking.com/backlinks-crawler)"
192.250.227.238 - - [18/Aug/2026:14:53:30 +0000] "POST /wp-cron.php?doing_wp_cron=1787064810.1230289936065673828125 HTTP/1.1" 200 0 "-" "WordPress/7.0.4; https://glamourflooringla.com"
144.76.19.157 - - [18/Aug/2026:14:53:29 +0000] "GET /product/matisse-urb/?add_to_wishlist=15569&_wpnonce=ee2ab5adbb HTTP/1.1" 200 44957 "-" "Mozilla/5.0 (compatible; SERankingBacklinksBot/1.0; +https://seranking.com/backlinks-crawler)"
93.158.213.25 - - [18/Aug/2026:14:53:29 +0000] "GET /product-category/engineered-hardwood-floor/page/10/?add_to_wishlist=16586&_wpnonce=370c12ca7e HTTP/1.1" 200 36491 "-" "Mozilla/5.0 (compatible; MJ12bot/v1.4.8; http://mj12bot.com/)"
216.73.216.14 - - [18/Aug/2026:14:53:31 +0000] "GET /product/york-provenza-floors/2 HTTP/2" 429 0 "-" "Mozilla/5.0 AppleWebKit/537.36 (KHTML, like Gecko; compatible; ClaudeBot/1.0; +claudebot@anthropic.com)"
93.158.213.25 - - [18/Aug/2026:14:53:33 +0000] "GET /product-category/engineered-hardwood-floor/page/10/?add_to_wishlist=16589&_wpnonce=370c12ca7e HTTP/1.1" 200 36486 "-" "Mozilla/5.0 (compatible; MJ12bot/v1.4.8; http://mj12bot.com/)"
144.76.19.157 - - [18/Aug/2026:14:53:34 +0000] "GET /product/matisse-urb/?add_to_wishlist=15570&_wpnonce=32cc803d74 HTTP/1.1" 301 0 "-" "Mozilla/5.0 (compatible; SERankingBacklinksBot/1.0; +https://seranking.com/backlinks-crawler)"
216.73.216.14 - - [18/Aug/2026:14:53:36 +0000] "GET /product-category/engineered-hardwood-floor/provenza-floors/?add_to_wishlist=16137 HTTP/2" 200 36000 "-" "Mozilla/5.0 AppleWebKit/537.36 (KHTML, like Gecko; compatible; ClaudeBot/1.0; +claudebot@anthropic.com)"
144.76.19.157 - - [18/Aug/2026:14:53:36 +0000] "GET /product/matisse-urb/?add_to_wishlist=15570&_wpnonce=32cc803d74 HTTP/1.1" 200 44918 "-" "Mozilla/5.0 (compatible; SERankingBacklinksBot/1.0; +https://seranking.com/backlinks-crawler)"
93.158.213.25 - - [18/Aug/2026:14:53:37 +0000] "GET /product-category/engineered-hardwood-floor/page/10/?add_to_wishlist=16591&_wpnonce=370c12ca7e HTTP/1.1" 200 36497 "-" "Mozilla/5.0 (compatible; MJ12bot/v1.4.8; http://mj12bot.com/)"
216.73.216.14 - - [18/Aug/2026:14:53:41 +0000] "GET /product-category/engineered-hardwood-floor/provenza-floors/?add_to_wishlist=16133 HTTP/2" 429 0 "-" "Mozilla/5.0 AppleWebKit/537.36 (KHTML, like Gecko; compatible; ClaudeBot/1.0; +claudebot@anthropic.com)"
93.158.213.25 - - [18/Aug/2026:14:53:41 +0000] "GET /product-category/engineered-hardwood-floor/page/10/?add_to_wishlist=16593&_wpnonce=370c12ca7e HTTP/1.1" 200 36494 "-" "Mozilla/5.0 (compatible; MJ12bot/v1.4.8; http://mj12bot.com/)"
144.76.19.157 - - [18/Aug/2026:14:53:42 +0000] "GET /product/matisse-urb/?add_to_wishlist=15570&_wpnonce=ee2ab5adbb HTTP/1.1" 301 0 "-" "Mozilla/5.0 (compatible; SERankingBacklinksBot/1.0; +https://seranking.com/backlinks-crawler)"
45.179.169.195 - - [18/Aug/2026:14:53:44 +0000] "GET /color/arabescato-carrara/2 HTTP/2" 301 0 "-" "Mozilla/5.0 (Linux; Android 8.0; Pixel 2 Build/OPD3.170816.012) AppleWebKit/537.36 (KHTML, like Gecko) Chrome/57.0.8690.1051 Mobile Safari/537.36"
144.76.19.157 - - [18/Aug/2026:14:53:44 +0000] "GET /product/matisse-urb/?add_to_wishlist=15570&_wpnonce=ee2ab5adbb HTTP/1.1" 200 44939 "-" "Mozilla/5.0 (compatible; SERankingBacklinksBot/1.0; +https://seranking.com/backlinks-crawler)"
45.179.169.195 - - [18/Aug/2026:14:53:45 +0000] "GET / HTTP/2" 200 46845 "-" "Mozilla/5.0 (Linux; Android 8.0; Pixel 2 Build/OPD3.170816.012) AppleWebKit/537.36 (KHTML, like Gecko) Chrome/57.0.8690.1051 Mobile Safari/537.36"
93.158.213.25 - - [18/Aug/2026:14:53:45 +0000] "GET /product-category/engineered-hardwood-floor/page/10/?add_to_wishlist=16600&_wpnonce=370c12ca7e HTTP/1.1" 200 36488 "-" "Mozilla/5.0 (compatible; MJ12bot/v1.4.8; http://mj12bot.com/)"
216.73.216.14 - - [18/Aug/2026:14:53:46 +0000] "GET /product-category/engineered-hardwood-floor/provenza-floors/?add_to_wishlist=16288 HTTP/2" 429 0 "-" "Mozilla/5.0 AppleWebKit/537.36 (KHTML, like Gecko; compatible; ClaudeBot/1.0; +claudebot@anthropic.com)"
151.245.71.199 - - [18/Aug/2026:14:53:49 +0000] "GET /wp-json/contact-form-7/v1/contact-forms/22308/feedback/schema HTTP/2" 200 322 "https://glamourflooringla.com/" "Mozilla/5.0 (Linux; Android 8.0; Pixel 2 Build/OPD3.170816.012) AppleWebKit/537.36 (KHTML, like Gecko) Chrome/57.0.8690.1051 Mobile Safari/537.36"
151.245.71.199 - - [18/Aug/2026:14:53:49 +0000] "GET /wp-json/contact-form-7/v1/contact-forms/22324/feedback/schema HTTP/2" 200 241 "https://glamourflooringla.com/" "Mozilla/5.0 (Linux; Android 8.0; Pixel 2 Build/OPD3.170816.012) AppleWebKit/537.36 (KHTML, like Gecko) Chrome/57.0.8690.1051 Mobile Safari/537.36"
93.158.213.25 - - [18/Aug/2026:14:53:49 +0000] "GET /product-category/engineered-hardwood-floor/page/10/?add_to_wishlist=16601&_wpnonce=370c12ca7e HTTP/1.1" 200 36494 "-" "Mozilla/5.0 (compatible; MJ12bot/v1.4.8; http://mj12bot.com/)"
144.76.19.157 - - [18/Aug/2026:14:53:50 +0000] "GET /product/matisse-urb/?add_to_wishlist=15573&_wpnonce=ee2ab5adbb HTTP/1.1" 301 0 "-" "Mozilla/5.0 (compatible; SERankingBacklinksBot/1.0; +https://seranking.com/backlinks-crawler)"
151.245.71.199 - - [18/Aug/2026:14:53:50 +0000] "GET /wp-json/contact-form-7/v1/contact-forms/22308/refill HTTP/2" 200 6 "https://glamourflooringla.com/" "Mozilla/5.0 (Linux; Android 8.0; Pixel 2 Build/OPD3.170816.012) AppleWebKit/537.36 (KHTML, like Gecko) Chrome/57.0.8690.1051 Mobile Safari/537.36"
144.76.19.157 - - [18/Aug/2026:14:54:05 +0000] "GET /product/matisse-urb/?add_to_wishlist=16028&_wpnonce=44202cc6af HTTP/1.1" 200 44924 "-" "Mozilla/5.0 (compatible; SERankingBacklinksBot/1.0; +https://seranking.com/backlinks-crawler)"
216.73.216.14 - - [18/Aug/2026:14:54:06 +0000] "GET /product-category/engineered-hardwood-floor/provenza-floors/?add_to_wishlist=16204 HTTP/2" 200 35996 "-" "Mozilla/5.0 AppleWebKit/537.36 (KHTML, like Gecko; compatible; ClaudeBot/1.0; +claudebot@anthropic.com)"
93.158.213.25 - - [18/Aug/2026:14:54:08 +0000] "GET /product-category/engineered-hardwood-floor/page/11/?add_to_wishlist=15484&_wpnonce=929ad3e035 HTTP/1.1" 200 36588 "-" "Mozilla/5.0 (compatible; MJ12bot/v1.4.8; http://mj12bot.com/)"
144.76.19.157 - - [18/Aug/2026:14:54:10 +0000] "GET /product/matisse-urb/?add_to_wishlist=16028&_wpnonce=ee2ab5adbb HTTP/1.1" 301 0 "-" "Mozilla/5.0 (compatible; SERankingBacklinksBot/1.0; +https://seranking.com/backlinks-crawler)"
144.76.19.157 - - [18/Aug/2026:14:54:11 +0000] "GET /product/matisse-urb/?add_to_wishlist=16028&_wpnonce=ee2ab5adbb HTTP/1.1" 200 45136 "-" "Mozilla/5.0 (compatible; SERankingBacklinksBot/1.0; +https://seranking.com/backlinks-crawler)"
216.73.216.14 - - [18/Aug/2026:14:54:11 +0000] "GET /product-category/engineered-hardwood-floor/provenza-floors/?add_to_wishlist=16265 HTTP/2" 200 35970 "-" "Mozilla/5.0 AppleWebKit/537.36 (KHTML, like Gecko; compatible; ClaudeBot/1.0; +claudebot@anthropic.com)"
93.158.213.25 - - [18/Aug/2026:14:54:12 +0000] "GET /product-category/engineered-hardwood-floor/page/11/?add_to_wishlist=15487&_wpnonce=370c12ca7e HTTP/1.1" 200 36582 "-" "Mozilla/5.0 (compatible; MJ12bot/v1.4.8; http://mj12bot.com/)"
144.76.19.157 - - [18/Aug/2026:14:54:16 +0000] "GET /product/mauritius-her-urb/ HTTP/1.1" 301 0 "-" "Mozilla/5.0 (compatible; SERankingBacklinksBot/1.0; +https://seranking.com/backlinks-crawler)"
93.158.213.25 - - [18/Aug/2026:14:54:16 +0000] "GET /product-category/engineered-hardwood-floor/page/11/?add_to_wishlist=15487&_wpnonce=69a0d79bb6 HTTP/1.1" 200 36582 "-" "Mozilla/5.0 (compatible; MJ12bot/v1.4.8; http://mj12bot.com/)"
216.73.216.14 - - [18/Aug/2026:14:54:16 +0000] "GET /product-category/engineered-hardwood-floor/provenza-floors/?add_to_wishlist=16229 HTTP/2" 200 35996 "-" "Mozilla/5.0 AppleWebKit/537.36 (KHTML, like Gecko; compatible; ClaudeBot/1.0; +claudebot@anthropic.com)"
144.76.19.157 - - [18/Aug/2026:14:54:17 +0000] "GET /product/mauritius-her-urb/ HTTP/1.1" 200 45059 "-" "Mozilla/5.0 (compatible; SERankingBacklinksBot/1.0; +https://seranking.com/backlinks-crawler)"
93.158.213.25 - - [18/Aug/2026:14:54:20 +0000] "GET /product-category/engineered-hardwood-floor/page/11/?add_to_wishlist=15489&_wpnonce=370c12ca7e HTTP/1.1" 200 36640 "-" "Mozilla/5.0 (compatible; MJ12bot/v1.4.8; http://mj12bot.com/)"
216.73.216.14 - - [18/Aug/2026:14:54:21 +0000] "GET /product-category/engineered-hardwood-floor/provenza-floors/?add_to_wishlist=16185 HTTP/2" 200 35995 "-" "Mozilla/5.0 AppleWebKit/537.36 (KHTML, like Gecko; compatible; ClaudeBot/1.0; +claudebot@anthropic.com)"
102.31.152.226 - - [18/Aug/2026:14:54:22 +0000] "GET /tag/enhanced-vinyl-plank/2 HTTP/2" 301 0 "-" "Mozilla/5.0 (Linux; Android 8.0; Pixel 2 Build/OPD3.170816.012) AppleWebKit/537.36 (KHTML, like Gecko) Chrome/43.0.1092.1944 Mobile Safari/537.36"
102.31.152.226 - - [18/Aug/2026:14:54:24 +0000] "GET / HTTP/2" 200 46845 "-" "Mozilla/5.0 (Linux; Android 8.0; Pixel 2 Build/OPD3.170816.012) AppleWebKit/537.36 (KHTML, like Gecko) Chrome/43.0.1092.1944 Mobile Safari/537.36"
144.76.19.157 - - [18/Aug/2026:14:54:23 +0000] "GET /product/mauritius-her-urb/?add_to_wishlist=15495&_wpnonce=32cc803d74 HTTP/1.1" 301 0 "-" "Mozilla/5.0 (compatible; SERankingBacklinksBot/1.0; +https://seranking.com/backlinks-crawler)"
93.158.213.25 - - [18/Aug/2026:14:54:24 +0000] "GET /product-category/engineered-hardwood-floor/page/11/?add_to_wishlist=15489&_wpnonce=929ad3e035 HTTP/1.1" 200 36596 "-" "Mozilla/5.0 (compatible; MJ12bot/v1.4.8; http://mj12bot.com/)"
144.76.19.157 - - [18/Aug/2026:14:54:25 +0000] "GET /product/mauritius-her-urb/?add_to_wishlist=15495&_wpnonce=32cc803d74 HTTP/1.1" 200 45041 "-" "Mozilla/5.0 (compatible; SERankingBacklinksBot/1.0; +https://seranking.com/backlinks-crawler)"
216.73.217.177 - - [18/Aug/2026:14:54:26 +0000] "GET /product/rondo-pro/?add_to_wishlist=15547 HTTP/2" 200 38503 "-" "Mozilla/5.0 AppleWebKit/537.36 (KHTML, like Gecko; compatible; ClaudeBot/1.0; +claudebot@anthropic.com)"
93.158.213.25 - - [18/Aug/2026:14:54:28 +0000] "GET /product-category/engineered-hardwood-floor/page/11/?add_to_wishlist=15492&_wpnonce=6c2d5ff27d HTTP/1.1" 200 36574 "-" "Mozilla/5.0 (compatible; MJ12bot/v1.4.8; http://mj12bot.com/)"
198.55.117.223 - - [18/Aug/2026:14:54:29 +0000] "GET /wp-json/contact-form-7/v1/contact-forms/22308/feedback/schema HTTP/2" 200 322 "https://glamourflooringla.com/" "Mozilla/5.0 (Linux; Android 8.0; Pixel 2 Build/OPD3.170816.012) AppleWebKit/537.36 (KHTML, like Gecko) Chrome/43.0.1092.1944 Mobile Safari/537.36"
198.55.117.223 - - [18/Aug/2026:14:54:29 +0000] "GET /wp-json/contact-form-7/v1/contact-forms/22324/feedback/schema HTTP/2" 200 241 "https://glamourflooringla.com/" "Mozilla/5.0 (Linux; Android 8.0; Pixel 2 Build/OPD3.170816.012) AppleWebKit/537.36 (KHTML, like Gecko) Chrome/43.0.1092.1944 Mobile Safari/537.36"
192.250.227.238 - - [18/Aug/2026:14:54:30 +0000] "POST /wp-cron.php?doing_wp_cron=1787064870.2379059791564941406250 HTTP/1.1" 200 0 "-" "WordPress/7.0.4; https://glamourflooringla.com"
198.55.117.223 - - [18/Aug/2026:14:54:29 +0000] "POST /?wc-ajax=get_refreshed_fragments HTTP/2" 200 916 "https://glamourflooringla.com/" "Mozilla/5.0 (Linux; Android 8.0; Pixel 2 Build/OPD3.170816.012) AppleWebKit/537.36 (KHTML, like Gecko) Chrome/43.0.1092.1944 Mobile Safari/537.36"
57.141.4.57 - - [18/Aug/2026:14:54:30 +0000] "GET /detail/303191602871 HTTP/2" 301 0 "-" "Mozilla/5.0 (Windows NT 10.0; Win64; x64) AppleWebKit/537.36 (KHTML, like Gecko) Chrome/145.0.0.0 Safari/537.36 Edg/145.0.0.0 (compatible; meta-externalagent/1.1 (+https://developers.facebook.com/docs/sharing/webmasters/crawler))"
144.76.19.157 - - [18/Aug/2026:14:54:31 +0000] "GET /product/mauritius-her-urb/?add_to_wishlist=15538&_wpnonce=32cc803d74 HTTP/1.1" 301 0 "-" "Mozilla/5.0 (compatible; SERankingBacklinksBot/1.0; +https://seranking.com/backlinks-crawler)"
57.141.4.59 - - [18/Aug/2026:14:54:32 +0000] "GET / HTTP/2" 200 54063 "-" "Mozilla/5.0 (Windows NT 10.0; Win64; x64) AppleWebKit/537.36 (KHTML, like Gecko) Chrome/145.0.0.0 Safari/537.36 Edg/145.0.0.0 (compatible; meta-externalagent/1.1 (+https://developers.facebook.com/docs/sharing/webmasters/crawler))"
216.73.217.177 - - [18/Aug/2026:14:54:31 +0000] "GET /product/rondo-pro/?add_to_wishlist=15569 HTTP/2" 200 38416 "-" "Mozilla/5.0 AppleWebKit/537.36 (KHTML, like Gecko; compatible; ClaudeBot/1.0; +claudebot@anthropic.com)"
93.158.213.25 - - [18/Aug/2026:14:54:31 +0000] "GET /product-category/engineered-hardwood-floor/page/11/?add_to_wishlist=15492&_wpnonce=929ad3e035 HTTP/1.1" 200 36583 "-" "Mozilla/5.0 (compatible; MJ12bot/v1.4.8; http://mj12bot.com/)"
198.55.117.223 - - [18/Aug/2026:14:54:33 +0000] "GET /wp-json/contact-form-7/v1/contact-forms/22308/refill HTTP/2" 200 6 "https://glamourflooringla.com/" "Mozilla/5.0 (Linux; Android 8.0; Pixel 2 Build/OPD3.170816.012) AppleWebKit/537.36 (KHTML, like Gecko) Chrome/43.0.1092.1944 Mobile Safari/537.36"
198.55.117.223 - - [18/Aug/2026:14:54:33 +0000] "GET /wp-json/contact-form-7/v1/contact-forms/22324/refill HTTP/2" 200 6 "https://glamourflooringla.com/" "Mozilla/5.0 (Linux; Android 8.0; Pixel 2 Build/OPD3.170816.012) AppleWebKit/537.36 (KHTML, like Gecko) Chrome/43.0.1092.1944 Mobile Safari/537.36"
144.76.19.157 - - [18/Aug/2026:14:54:32 +0000] "GET /product/mauritius-her-urb/?add_to_wishlist=15538&_wpnonce=32cc803d74 HTTP/1.1" 200 45109 "-" "Mozilla/5.0 (compatible; SERankingBacklinksBot/1.0; +https://seranking.com/backlinks-crawler)"
93.158.213.25 - - [18/Aug/2026:14:54:35 +0000] "GET /product-category/engineered-hardwood-floor/page/11/?add_to_wishlist=15573&_wpnonce=370c12ca7e HTTP/1.1" 200 36578 "-" "Mozilla/5.0 (compatible; MJ12bot/v1.4.8; http://mj12bot.com/)"
216.73.217.177 - - [18/Aug/2026:14:54:36 +0000] "GET /product/rondo-pro/?add_to_wishlist=15519 HTTP/2" 200 38495 "-" "Mozilla/5.0 AppleWebKit/537.36 (KHTML, like Gecko; compatible; ClaudeBot/1.0; +claudebot@anthropic.com)"
144.76.19.157 - - [18/Aug/2026:14:54:38 +0000] "GET /product/mauritius-her-urb/?add_to_wishlist=15544&_wpnonce=32cc803d74 HTTP/1.1" 301 0 "-" "Mozilla/5.0 (compatible; SERankingBacklinksBot/1.0; +https://seranking.com/backlinks-crawler)"
93.158.213.25 - - [18/Aug/2026:14:54:39 +0000] "GET /product-category/engineered-hardwood-floor/page/11/?add_to_wishlist=15581&_wpnonce=929ad3e035 HTTP/1.1" 200 36582 "-" "Mozilla/5.0 (compatible; MJ12bot/v1.4.8; http://mj12bot.com/)"
144.76.19.157 - - [18/Aug/2026:14:54:40 +0000] "GET /product/mauritius-her-urb/?add_to_wishlist=15544&_wpnonce=32cc803d74 HTTP/1.1" 200 45002 "-" "Mozilla/5.0 (compatible; SERankingBacklinksBot/1.0; +https://seranking.com/backlinks-crawler)"
93.158.213.25 - - [18/Aug/2026:14:54:43 +0000] "GET /product-category/engineered-hardwood-floor/page/11/?add_to_wishlist=15582&_wpnonce=370c12ca7e HTTP/1.1" 200 36594 "-" "Mozilla/5.0 (compatible; MJ12bot/v1.4.8; http://mj12bot.com/)"
216.73.217.177 - - [18/Aug/2026:14:54:44 +0000] "GET /product/rondo-pro/?add_to_wishlist=15487 HTTP/2" 200 38523 "-" "Mozilla/5.0 AppleWebKit/537.36 (KHTML, like Gecko; compatible; ClaudeBot/1.0; +claudebot@anthropic.com)"
144.76.19.157 - - [18/Aug/2026:14:54:46 +0000] "GET /product/mauritius-her-urb/?add_to_wishlist=15556&_wpnonce=32cc803d74 HTTP/1.1" 301 0 "-" "Mozilla/5.0 (compatible; SERankingBacklinksBot/1.0; +https://seranking.com/backlinks-crawler)"
