83.99.206.245 - - [18/Aug/2026:14:40:57 +0000] "GET / HTTP/1.1" 200 46842 "-" "Mozilla/5.0 (X11; Linux x86_64) AppleWebKit/537.36 (KHTML, like Gecko; GeedoShopProductFinder) Chrome/142.0.0.0 Safari/537.36"
57.141.4.44 - - [18/Aug/2026:14:41:01 +0000] "GET /detail/1075957898536 HTTP/2" 429 0 "-" "Mozilla/5.0 (Windows NT 10.0; Win64; x64) AppleWebKit/537.36 (KHTML, like Gecko) Chrome/145.0.0.0 Safari/537.36 (compatible; meta-externalagent/1.1 (+https://developers.facebook.com/docs/sharing/webmasters/crawler))"
144.76.19.157 - - [18/Aug/2026:14:41:01 +0000] "GET /product/marquee/?add_to_wishlist=18572&_wpnonce=3b8935374b HTTP/1.1" 301 0 "-" "Mozilla/5.0 (compatible; SERankingBacklinksBot/1.0; +https://seranking.com/backlinks-crawler)"
144.76.19.157 - - [18/Aug/2026:14:41:03 +0000] "GET /product/marquee/?add_to_wishlist=18572&_wpnonce=3b8935374b HTTP/1.1" 200 44964 "-" "Mozilla/5.0 (compatible; SERankingBacklinksBot/1.0; +https://seranking.com/backlinks-crawler)"
57.141.4.51 - - [18/Aug/2026:14:41:07 +0000] "GET /detail/1736980817721 HTTP/2" 429 0 "-" "Mozilla/5.0 (Macintosh; Intel Mac OS X 10_15_7) AppleWebKit/537.36 (KHTML, like Gecko) Chrome/145.0.0.0 Safari/537.36 (compatible; meta-externalagent/1.1 (+https://developers.facebook.com/docs/sharing/webmasters/crawler))"
144.76.19.157 - - [18/Aug/2026:14:41:09 +0000] "GET /product/marquee/?add_to_wishlist=18572&_wpnonce=ee2ab5adbb HTTP/1.1" 301 0 "-" "Mozilla/5.0 (compatible; SERankingBacklinksBot/1.0; +https://seranking.com/backlinks-crawler)"
57.141.4.46 - - [18/Aug/2026:14:41:11 +0000] "GET /detail/257288486151 HTTP/2" 429 0 "-" "Mozilla/5.0 (Macintosh; Intel Mac OS X 10_15_7) AppleWebKit/537.36 (KHTML, like Gecko) Chrome/145.0.0.0 Safari/537.36 (compatible; meta-externalagent/1.1 (+https://developers.facebook.com/docs/sharing/webmasters/crawler))"
144.76.19.157 - - [18/Aug/2026:14:41:10 +0000] "GET /product/marquee/?add_to_wishlist=18572&_wpnonce=ee2ab5adbb HTTP/1.1" 200 44925 "-" "Mozilla/5.0 (compatible; SERankingBacklinksBot/1.0; +https://seranking.com/backlinks-crawler)"
83.99.206.245 - - [18/Aug/2026:14:41:13 +0000] "GET /product/acacia-carnelian-artisan/ HTTP/1.1" 200 38561 "-" "Mozilla/5.0 (X11; Linux x86_64) AppleWebKit/537.36 (KHTML, like Gecko; GeedoShopProductFinder) Chrome/142.0.0.0 Safari/537.36"
144.76.19.157 - - [18/Aug/2026:14:41:16 +0000] "GET /product/marquee/?add_to_wishlist=18577&_wpnonce=32cc803d74 HTTP/1.1" 301 0 "-" "Mozilla/5.0 (compatible; SERankingBacklinksBot/1.0; +https://seranking.com/backlinks-crawler)"
144.76.19.157 - - [18/Aug/2026:14:41:18 +0000] "GET /product/marquee/?add_to_wishlist=18577&_wpnonce=32cc803d74 HTTP/1.1" 200 44868 "-" "Mozilla/5.0 (compatible; SERankingBacklinksBot/1.0; +https://seranking.com/backlinks-crawler)"
144.76.19.157 - - [18/Aug/2026:14:41:23 +0000] "GET /product/shoreline-decor/?add_to_wishlist=18454&_wpnonce=32cc803d74 HTTP/1.1" 301 0 "-" "Mozilla/5.0 (compatible; SERankingBacklinksBot/1.0; +https://seranking.com/backlinks-crawler)"
144.76.19.157 - - [18/Aug/2026:14:41:25 +0000] "GET /product/shoreline-decor/?add_to_wishlist=18454&_wpnonce=32cc803d74 HTTP/1.1" 200 45182 "-" "Mozilla/5.0 (compatible; SERankingBacklinksBot/1.0; +https://seranking.com/backlinks-crawler)"
144.76.19.157 - - [18/Aug/2026:14:41:31 +0000] "GET /product/marquee/?add_to_wishlist=18577&_wpnonce=3b8935374b HTTP/1.1" 301 0 "-" "Mozilla/5.0 (compatible; SERankingBacklinksBot/1.0; +https://seranking.com/backlinks-crawler)"
83.99.206.134 - - [18/Aug/2026:14:41:33 +0000] "GET /santa-monica/2 HTTP/1.1" 301 0 "-" "Mozilla/5.0 (X11; Linux x86_64) AppleWebKit/537.36 (KHTML, like Gecko; GeedoShopProductFinder) Chrome/142.0.0.0 Safari/537.36"
144.76.19.157 - - [18/Aug/2026:14:41:34 +0000] "GET /product/marquee/?add_to_wishlist=18577&_wpnonce=3b8935374b HTTP/1.1" 200 44912 "-" "Mozilla/5.0 (compatible; SERankingBacklinksBot/1.0; +https://seranking.com/backlinks-crawler)"
83.99.206.134 - - [18/Aug/2026:14:41:38 +0000] "GET / HTTP/1.1" 200 46842 "-" "Mozilla/5.0 (X11; Linux x86_64) AppleWebKit/537.36 (KHTML, like Gecko; GeedoShopProductFinder) Chrome/142.0.0.0 Safari/537.36"
144.76.19.157 - - [18/Aug/2026:14:41:39 +0000] "GET /product/marquee/?add_to_wishlist=18577&_wpnonce=e7a007f243 HTTP/1.1" 301 0 "-" "Mozilla/5.0 (compatible; SERankingBacklinksBot/1.0; +https://seranking.com/backlinks-crawler)"
121.229.156.22 - - [18/Aug/2026:14:41:41 +0000] "GET /product/stabiane-provenza-floors/?add_to_wishlist=15484&_wpnonce=b56db83e72 HTTP/1.1" 200 44953 "-" "Sogou web spider/4.0(+http://www.sogou.com/docs/help/webmasters.htm#07)"
144.76.19.157 - - [18/Aug/2026:14:41:41 +0000] "GET /product/marquee/?add_to_wishlist=18577&_wpnonce=e7a007f243 HTTP/1.1" 200 44917 "-" "Mozilla/5.0 (compatible; SERankingBacklinksBot/1.0; +https://seranking.com/backlinks-crawler)"
144.76.19.157 - - [18/Aug/2026:14:41:47 +0000] "GET /product/marquee/?add_to_wishlist=18577&_wpnonce=ee2ab5adbb HTTP/1.1" 301 0 "-" "Mozilla/5.0 (compatible; SERankingBacklinksBot/1.0; +https://seranking.com/backlinks-crawler)"
144.76.19.157 - - [18/Aug/2026:14:41:49 +0000] "GET /product/marquee/?add_to_wishlist=18577&_wpnonce=ee2ab5adbb HTTP/1.1" 200 44921 "-" "Mozilla/5.0 (compatible; SERankingBacklinksBot/1.0; +https://seranking.com/backlinks-crawler)"
144.76.19.157 - - [18/Aug/2026:14:41:54 +0000] "GET /product/marquee/?add_to_wishlist=18583&_wpnonce=32cc803d74 HTTP/1.1" 301 0 "-" "Mozilla/5.0 (compatible; SERankingBacklinksBot/1.0; +https://seranking.com/backlinks-crawler)"
144.76.19.157 - - [18/Aug/2026:14:41:56 +0000] "GET /product/marquee/?add_to_wishlist=18583&_wpnonce=32cc803d74 HTTP/1.1" 200 44854 "-" "Mozilla/5.0 (compatible; SERankingBacklinksBot/1.0; +https://seranking.com/backlinks-crawler)"
144.76.19.157 - - [18/Aug/2026:14:42:02 +0000] "GET /product/marquee/?add_to_wishlist=18583&_wpnonce=3b8935374b HTTP/1.1" 301 0 "-" "Mozilla/5.0 (compatible; SERankingBacklinksBot/1.0; +https://seranking.com/backlinks-crawler)"
144.76.19.157 - - [18/Aug/2026:14:42:04 +0000] "GET /product/marquee/?add_to_wishlist=18583&_wpnonce=3b8935374b HTTP/1.1" 200 44860 "-" "Mozilla/5.0 (compatible; SERankingBacklinksBot/1.0; +https://seranking.com/backlinks-crawler)"
144.76.19.157 - - [18/Aug/2026:14:42:10 +0000] "GET /product/marquee/?add_to_wishlist=18583&_wpnonce=7fc678ce79 HTTP/1.1" 301 0 "-" "Mozilla/5.0 (compatible; SERankingBacklinksBot/1.0; +https://seranking.com/backlinks-crawler)"
144.76.19.157 - - [18/Aug/2026:14:42:11 +0000] "GET /product/marquee/?add_to_wishlist=18583&_wpnonce=7fc678ce79 HTTP/1.1" 200 44824 "-" "Mozilla/5.0 (compatible; SERankingBacklinksBot/1.0; +https://seranking.com/backlinks-crawler)"
144.76.19.157 - - [18/Aug/2026:14:42:17 +0000] "GET /product/marquee/?add_to_wishlist=18583&_wpnonce=e7a007f243 HTTP/1.1" 301 0 "-" "Mozilla/5.0 (compatible; SERankingBacklinksBot/1.0; +https://seranking.com/backlinks-crawler)"
57.141.4.58 - - [18/Aug/2026:14:42:18 +0000] "GET /detail/2245353748075 HTTP/2" 429 0 "-" "Mozilla/5.0 (Windows NT 10.0; Win64; x64) AppleWebKit/537.36 (KHTML, like Gecko) Chrome/145.0.0.0 Safari/537.36 (compatible; meta-externalagent/1.1 (+https://developers.facebook.com/docs/sharing/webmasters/crawler))"
144.76.19.157 - - [18/Aug/2026:14:42:19 +0000] "GET /product/marquee/?add_to_wishlist=18583&_wpnonce=e7a007f243 HTTP/1.1" 200 44844 "-" "Mozilla/5.0 (compatible; SERankingBacklinksBot/1.0; +https://seranking.com/backlinks-crawler)"
144.76.19.157 - - [18/Aug/2026:14:42:25 +0000] "GET /product/marquee/?add_to_wishlist=18583&_wpnonce=ee2ab5adbb HTTP/1.1" 301 0 "-" "Mozilla/5.0 (compatible; SERankingBacklinksBot/1.0; +https://seranking.com/backlinks-crawler)"
144.76.19.157 - - [18/Aug/2026:14:42:27 +0000] "GET /product/marquee/?add_to_wishlist=18583&_wpnonce=ee2ab5adbb HTTP/1.1" 200 44867 "-" "Mozilla/5.0 (compatible; SERankingBacklinksBot/1.0; +https://seranking.com/backlinks-crawler)"
192.250.227.238 - - [18/Aug/2026:14:42:33 +0000] "POST /wp-cron.php?doing_wp_cron=1787064153.0253589153289794921875 HTTP/1.1" 200 0 "-" "WordPress/7.0.4; https://glamourflooringla.com"
144.76.19.157 - - [18/Aug/2026:14:42:32 +0000] "GET /product/marquee/?add_to_wishlist=18588&_wpnonce=32cc803d74 HTTP/1.1" 301 0 "-" "Mozilla/5.0 (compatible; SERankingBacklinksBot/1.0; +https://seranking.com/backlinks-crawler)"
144.76.19.157 - - [18/Aug/2026:14:42:34 +0000] "GET /product/marquee/?add_to_wishlist=18588&_wpnonce=32cc803d74 HTTP/1.1" 200 44884 "-" "Mozilla/5.0 (compatible; SERankingBacklinksBot/1.0; +https://seranking.com/backlinks-crawler)"
144.76.19.157 - - [18/Aug/2026:14:42:40 +0000] "GET /product/marquee/?add_to_wishlist=18588&_wpnonce=3b8935374b HTTP/1.1" 301 0 "-" "Mozilla/5.0 (compatible; SERankingBacklinksBot/1.0; +https://seranking.com/backlinks-crawler)"
144.76.19.157 - - [18/Aug/2026:14:42:41 +0000] "GET /product/marquee/?add_to_wishlist=18588&_wpnonce=3b8935374b HTTP/1.1" 200 44892 "-" "Mozilla/5.0 (compatible; SERankingBacklinksBot/1.0; +https://seranking.com/backlinks-crawler)"
144.76.19.157 - - [18/Aug/2026:14:42:47 +0000] "GET /product/marquee/?add_to_wishlist=18588&_wpnonce=ee2ab5adbb HTTP/1.1" 301 0 "-" "Mozilla/5.0 (compatible; SERankingBacklinksBot/1.0; +https://seranking.com/backlinks-crawler)"
144.76.19.157 - - [18/Aug/2026:14:42:49 +0000] "GET /product/marquee/?add_to_wishlist=18588&_wpnonce=ee2ab5adbb HTTP/1.1" 200 44874 "-" "Mozilla/5.0 (compatible; SERankingBacklinksBot/1.0; +https://seranking.com/backlinks-crawler)"
144.76.19.157 - - [18/Aug/2026:14:42:55 +0000] "GET /product/marquee/?add_to_wishlist=18593&_wpnonce=32cc803d74 HTTP/1.1" 301 0 "-" "Mozilla/5.0 (compatible; SERankingBacklinksBot/1.0; +https://seranking.com/backlinks-crawler)"
144.76.19.157 - - [18/Aug/2026:14:42:57 +0000] "GET /product/marquee/?add_to_wishlist=18593&_wpnonce=32cc803d74 HTTP/1.1" 200 44902 "-" "Mozilla/5.0 (compatible; SERankingBacklinksBot/1.0; +https://seranking.com/backlinks-crawler)"
144.76.19.157 - - [18/Aug/2026:14:43:03 +0000] "GET /product/marquee/?add_to_wishlist=18593&_wpnonce=3b8935374b HTTP/1.1" 301 0 "-" "Mozilla/5.0 (compatible; SERankingBacklinksBot/1.0; +https://seranking.com/backlinks-crawler)"
144.76.19.157 - - [18/Aug/2026:14:43:05 +0000] "GET /product/marquee/?add_to_wishlist=18593&_wpnonce=3b8935374b HTTP/1.1" 200 45061 "-" "Mozilla/5.0 (compatible; SERankingBacklinksBot/1.0; +https://seranking.com/backlinks-crawler)"
144.76.19.157 - - [18/Aug/2026:14:43:10 +0000] "GET /product/marquee/?add_to_wishlist=18593&_wpnonce=7fc678ce79 HTTP/1.1" 301 0 "-" "Mozilla/5.0 (compatible; SERankingBacklinksBot/1.0; +https://seranking.com/backlinks-crawler)"
185.244.152.150 - - [18/Aug/2026:14:43:12 +0000] "GET /product/terazza/ HTTP/1.1" 301 0 "https://www.glamourflooringla.com/product-category/laminate/manufacturer-laminate/page/6/" "Mozilla/5.0 (iPhone; CPU iPhone OS 18_2 like Mac OS X) AppleWebKit/605.1.15 (KHTML, like Gecko) Version/18.2 Mobile/15E148 Safari/604.1"
144.76.19.157 - - [18/Aug/2026:14:43:12 +0000] "GET /product/marquee/?add_to_wishlist=18593&_wpnonce=7fc678ce79 HTTP/1.1" 200 44901 "-" "Mozilla/5.0 (compatible; SERankingBacklinksBot/1.0; +https://seranking.com/backlinks-crawler)"
180.75.232.200 - - [18/Aug/2026:14:43:16 +0000] "GET / HTTP/1.1" 301 0 "https://www.glamourflooringla.com/product-category/laminate/manufacturer-laminate/page/6/" "Mozilla/5.0 (iPhone; CPU iPhone OS 18_2 like Mac OS X) AppleWebKit/605.1.15 (KHTML, like Gecko) Version/18.2 Mobile/15E148 Safari/604.1"
144.76.19.157 - - [18/Aug/2026:14:43:18 +0000] "GET /product/marquee/?add_to_wishlist=18593&_wpnonce=ee2ab5adbb HTTP/1.1" 301 0 "-" "Mozilla/5.0 (compatible; SERankingBacklinksBot/1.0; +https://seranking.com/backlinks-crawler)"
87.116.135.24 - - [18/Aug/2026:14:43:20 +0000] "GET / HTTP/1.1" 200 46842 "https://www.glamourflooringla.com/product-category/laminate/manufacturer-laminate/page/6/" "Mozilla/5.0 (iPhone; CPU iPhone OS 18_2 like Mac OS X) AppleWebKit/605.1.15 (KHTML, like Gecko) Version/18.2 Mobile/15E148 Safari/604.1"
144.76.19.157 - - [18/Aug/2026:14:43:20 +0000] "GET /product/marquee/?add_to_wishlist=18593&_wpnonce=ee2ab5adbb HTTP/1.1" 200 44880 "-" "Mozilla/5.0 (compatible; SERankingBacklinksBot/1.0; +https://seranking.com/backlinks-crawler)"
57.141.4.9 - - [18/Aug/2026:14:43:25 +0000] "GET /detail/351427811150 HTTP/2" 429 0 "-" "Mozilla/5.0 (Windows NT 10.0; Win64; x64) AppleWebKit/537.36 (KHTML, like Gecko) Chrome/145.0.0.0 Safari/537.36 (compatible; meta-externalagent/1.1 (+https://developers.facebook.com/docs/sharing/webmasters/crawler))"
144.76.19.157 - - [18/Aug/2026:14:43:25 +0000] "GET /product/marquee/?add_to_wishlist=18601&_wpnonce=32cc803d74 HTTP/1.1" 301 0 "-" "Mozilla/5.0 (compatible; SERankingBacklinksBot/1.0; +https://seranking.com/backlinks-crawler)"
144.76.19.157 - - [18/Aug/2026:14:43:27 +0000] "GET /product/marquee/?add_to_wishlist=18601&_wpnonce=32cc803d74 HTTP/1.1" 200 44887 "-" "Mozilla/5.0 (compatible; SERankingBacklinksBot/1.0; +https://seranking.com/backlinks-crawler)"
192.250.227.238 - - [18/Aug/2026:14:43:33 +0000] "POST /wp-cron.php?doing_wp_cron=1787064213.4059889316558837890625 HTTP/1.1" 200 0 "-" "WordPress/7.0.4; https://glamourflooringla.com"
144.76.19.157 - - [18/Aug/2026:14:43:32 +0000] "GET /product/marquee/?add_to_wishlist=18601&_wpnonce=3b8935374b HTTP/1.1" 301 0 "-" "Mozilla/5.0 (compatible; SERankingBacklinksBot/1.0; +https://seranking.com/backlinks-crawler)"
144.76.19.157 - - [18/Aug/2026:14:43:34 +0000] "GET /product/marquee/?add_to_wishlist=18601&_wpnonce=3b8935374b HTTP/1.1" 200 44877 "-" "Mozilla/5.0 (compatible; SERankingBacklinksBot/1.0; +https://seranking.com/backlinks-crawler)"
144.76.19.157 - - [18/Aug/2026:14:43:40 +0000] "GET /product/marquee/?add_to_wishlist=18601&_wpnonce=e7a007f243 HTTP/1.1" 301 0 "-" "Mozilla/5.0 (compatible; SERankingBacklinksBot/1.0; +https://seranking.com/backlinks-crawler)"
144.76.19.157 - - [18/Aug/2026:14:43:42 +0000] "GET /product/marquee/?add_to_wishlist=18601&_wpnonce=e7a007f243 HTTP/1.1" 200 44893 "-" "Mozilla/5.0 (compatible; SERankingBacklinksBot/1.0; +https://seranking.com/backlinks-crawler)"
112.200.202.111 - - [18/Aug/2026:14:43:45 +0000] "GET /product-category/spc/ HTTP/2" 200 38998 "-" "Mozilla/5.0 (Macintosh; Intel Mac OS X 10_15_7) AppleWebKit/537.36 (KHTML, like Gecko) Chrome/133.0.0.0 Safari/537.36"
144.76.19.157 - - [18/Aug/2026:14:43:47 +0000] "GET /product/marquee/?add_to_wishlist=18601&_wpnonce=ee2ab5adbb HTTP/1.1" 301 0 "-" "Mozilla/5.0 (compatible; SERankingBacklinksBot/1.0; +https://seranking.com/backlinks-crawler)"
83.99.206.2 - - [18/Aug/2026:14:43:48 +0000] "GET /product/beverly-hills-2/ HTTP/1.1" 200 38480 "-" "Mozilla/5.0 (X11; Linux x86_64) AppleWebKit/537.36 (KHTML, like Gecko; GeedoShopProductFinder) Chrome/142.0.0.0 Safari/537.36"
144.76.19.157 - - [18/Aug/2026:14:43:49 +0000] "GET /product/marquee/?add_to_wishlist=18601&_wpnonce=ee2ab5adbb HTTP/1.1" 200 44991 "-" "Mozilla/5.0 (compatible; SERankingBacklinksBot/1.0; +https://seranking.com/backlinks-crawler)"
144.76.19.157 - - [18/Aug/2026:14:43:55 +0000] "GET /product/marquee/?add_to_wishlist=18606&_wpnonce=32cc803d74 HTTP/1.1" 301 0 "-" "Mozilla/5.0 (compatible; SERankingBacklinksBot/1.0; +https://seranking.com/backlinks-crawler)"
144.76.19.157 - - [18/Aug/2026:14:43:57 +0000] "GET /product/marquee/?add_to_wishlist=18606&_wpnonce=32cc803d74 HTTP/1.1" 200 44823 "-" "Mozilla/5.0 (compatible; SERankingBacklinksBot/1.0; +https://seranking.com/backlinks-crawler)"
144.76.19.157 - - [18/Aug/2026:14:44:02 +0000] "GET /product/marquee/?add_to_wishlist=18606&_wpnonce=3b8935374b HTTP/1.1" 301 0 "-" "Mozilla/5.0 (compatible; SERankingBacklinksBot/1.0; +https://seranking.com/backlinks-crawler)"
144.76.19.157 - - [18/Aug/2026:14:44:04 +0000] "GET /product/marquee/?add_to_wishlist=18606&_wpnonce=3b8935374b HTTP/1.1" 200 44983 "-" "Mozilla/5.0 (compatible; SERankingBacklinksBot/1.0; +https://seranking.com/backlinks-crawler)"
83.99.206.223 - - [18/Aug/2026:14:44:07 +0000] "GET /tag/hardwood-floorslos-angeles-hardwood-flooring/2 HTTP/1.1" 301 0 "-" "Mozilla/5.0 (X11; Linux x86_64) AppleWebKit/537.36 (KHTML, like Gecko; GeedoShopProductFinder) Chrome/142.0.0.0 Safari/537.36"
83.99.206.223 - - [18/Aug/2026:14:44:09 +0000] "GET / HTTP/1.1" 200 46842 "-" "Mozilla/5.0 (X11; Linux x86_64) AppleWebKit/537.36 (KHTML, like Gecko; GeedoShopProductFinder) Chrome/142.0.0.0 Safari/537.36"
144.76.19.157 - - [18/Aug/2026:14:44:09 +0000] "GET /product/marquee/?add_to_wishlist=18606&_wpnonce=ee2ab5adbb HTTP/1.1" 301 0 "-" "Mozilla/5.0 (compatible; SERankingBacklinksBot/1.0; +https://seranking.com/backlinks-crawler)"
144.76.19.157 - - [18/Aug/2026:14:44:11 +0000] "GET /product/marquee/?add_to_wishlist=18606&_wpnonce=ee2ab5adbb HTTP/1.1" 200 45041 "-" "Mozilla/5.0 (compatible; SERankingBacklinksBot/1.0; +https://seranking.com/backlinks-crawler)"
144.76.19.157 - - [18/Aug/2026:14:44:17 +0000] "GET /product/marquee/?add_to_wishlist=18610&_wpnonce=32cc803d74 HTTP/1.1" 301 0 "-" "Mozilla/5.0 (compatible; SERankingBacklinksBot/1.0; +https://seranking.com/backlinks-crawler)"
144.76.19.157 - - [18/Aug/2026:14:44:19 +0000] "GET /product/marquee/?add_to_wishlist=18610&_wpnonce=32cc803d74 HTTP/1.1" 200 44872 "-" "Mozilla/5.0 (compatible; SERankingBacklinksBot/1.0; +https://seranking.com/backlinks-crawler)"
144.76.19.157 - - [18/Aug/2026:14:44:24 +0000] "GET /product/marquee/?add_to_wishlist=18610&_wpnonce=3b8935374b HTTP/1.1" 301 0 "-" "Mozilla/5.0 (compatible; SERankingBacklinksBot/1.0; +https://seranking.com/backlinks-crawler)"
144.76.19.157 - - [18/Aug/2026:14:44:26 +0000] "GET /product/marquee/?add_to_wishlist=18610&_wpnonce=3b8935374b HTTP/1.1" 200 44937 "-" "Mozilla/5.0 (compatible; SERankingBacklinksBot/1.0; +https://seranking.com/backlinks-crawler)"
83.99.206.212 - - [18/Aug/2026:14:44:27 +0000] "GET /product/messina-pro/ HTTP/1.1" 200 38547 "-" "Mozilla/5.0 (X11; Linux x86_64) AppleWebKit/537.36 (KHTML, like Gecko; GeedoShopProductFinder) Chrome/142.0.0.0 Safari/537.36"
57.141.4.40 - - [18/Aug/2026:14:44:31 +0000] "GET /detail/756397374005 HTTP/2" 429 0 "-" "Mozilla/5.0 (Windows NT 10.0; Win64; x64) AppleWebKit/537.36 (KHTML, like Gecko) Chrome/145.0.0.0 Safari/537.36 Edg/145.0.0.0 (compatible; meta-externalagent/1.1 (+https://developers.facebook.com/docs/sharing/webmasters/crawler))"
192.250.227.238 - - [18/Aug/2026:14:44:32 +0000] "POST /wp-cron.php?doing_wp_cron=1787064272.7987248897552490234375 HTTP/1.1" 200 0 "-" "WordPress/7.0.4; https://glamourflooringla.com"
144.76.19.157 - - [18/Aug/2026:14:44:32 +0000] "GET /product/marquee/?add_to_wishlist=18610&_wpnonce=7fc678ce79 HTTP/1.1" 301 0 "-" "Mozilla/5.0 (compatible; SERankingBacklinksBot/1.0; +https://seranking.com/backlinks-crawler)"
144.76.19.157 - - [18/Aug/2026:14:44:34 +0000] "GET /product/marquee/?add_to_wishlist=18610&_wpnonce=7fc678ce79 HTTP/1.1" 200 44811 "-" "Mozilla/5.0 (compatible; SERankingBacklinksBot/1.0; +https://seranking.com/backlinks-crawler)"
144.76.19.157 - - [18/Aug/2026:14:44:39 +0000] "GET /product/marquee/?add_to_wishlist=18610&_wpnonce=e7a007f243 HTTP/1.1" 301 0 "-" "Mozilla/5.0 (compatible; SERankingBacklinksBot/1.0; +https://seranking.com/backlinks-crawler)"
144.76.19.157 - - [18/Aug/2026:14:44:41 +0000] "GET /product/marquee/?add_to_wishlist=18610&_wpnonce=e7a007f243 HTTP/1.1" 200 44798 "-" "Mozilla/5.0 (compatible; SERankingBacklinksBot/1.0; +https://seranking.com/backlinks-crawler)"
144.76.19.157 - - [18/Aug/2026:14:44:47 +0000] "GET /product/marquee/?add_to_wishlist=18610&_wpnonce=ee2ab5adbb HTTP/1.1" 301 0 "-" "Mozilla/5.0 (compatible; SERankingBacklinksBot/1.0; +https://seranking.com/backlinks-crawler)"
83.99.206.2 - - [18/Aug/2026:14:44:47 +0000] "GET /product/bayonne-california-classics/ HTTP/1.1" 200 38556 "-" "Mozilla/5.0 (X11; Linux x86_64) AppleWebKit/537.36 (KHTML, like Gecko; GeedoShopProductFinder) Chrome/142.0.0.0 Safari/537.36"
144.76.19.157 - - [18/Aug/2026:14:44:49 +0000] "GET /product/marquee/?add_to_wishlist=18610&_wpnonce=ee2ab5adbb HTTP/1.1" 200 44842 "-" "Mozilla/5.0 (compatible; SERankingBacklinksBot/1.0; +https://seranking.com/backlinks-crawler)"
144.76.19.157 - - [18/Aug/2026:14:44:54 +0000] "GET /product/marquee/?add_to_wishlist=18613&_wpnonce=32cc803d74 HTTP/1.1" 301 0 "-" "Mozilla/5.0 (compatible; SERankingBacklinksBot/1.0; +https://seranking.com/backlinks-crawler)"
93.158.213.25 - - [18/Aug/2026:14:44:56 +0000] "GET /robots.txt HTTP/1.1" 200 449 "-" "Mozilla/5.0 (compatible; MJ12bot/v1.4.8; http://mj12bot.com/)"
144.76.19.157 - - [18/Aug/2026:14:44:56 +0000] "GET /product/marquee/?add_to_wishlist=18613&_wpnonce=32cc803d74 HTTP/1.1" 200 44870 "-" "Mozilla/5.0 (compatible; SERankingBacklinksBot/1.0; +https://seranking.com/backlinks-crawler)"
93.158.213.25 - - [18/Aug/2026:14:44:59 +0000] "GET /product-category/engineered-hardwood-floor/?add_to_wishlist=15484&_wpnonce=c28de8fee6 HTTP/1.1" 200 36894 "-" "Mozilla/5.0 (compatible; MJ12bot/v1.4.8; http://mj12bot.com/)"
144.76.19.157 - - [18/Aug/2026:14:45:02 +0000] "GET /product/marquee/?add_to_wishlist=18613&_wpnonce=3b8935374b HTTP/1.1" 301 0 "-" "Mozilla/5.0 (compatible; SERankingBacklinksBot/1.0; +https://seranking.com/backlinks-crawler)"
93.158.213.25 - - [18/Aug/2026:14:45:03 +0000] "GET /product-category/engineered-hardwood-floor/?add_to_wishlist=15555&_wpnonce=89ced086a4 HTTP/1.1" 200 36911 "-" "Mozilla/5.0 (compatible; MJ12bot/v1.4.8; http://mj12bot.com/)"
144.76.19.157 - - [18/Aug/2026:14:45:04 +0000] "GET /product/marquee/?add_to_wishlist=18613&_wpnonce=3b8935374b HTTP/1.1" 200 44928 "-" "Mozilla/5.0 (compatible; SERankingBacklinksBot/1.0; +https://seranking.com/backlinks-crawler)"
83.99.206.2 - - [18/Aug/2026:14:45:06 +0000] "GET /featured_item/mammoth-lakes-16/ HTTP/1.1" 200 31579 "-" "Mozilla/5.0 (X11; Linux x86_64) AppleWebKit/537.36 (KHTML, like Gecko; GeedoShopProductFinder) Chrome/142.0.0.0 Safari/537.36"
93.158.213.25 - - [18/Aug/2026:14:45:08 +0000] "GET /product-category/engineered-hardwood-floor/?add_to_wishlist=15566&_wpnonce=00f8ca1b7b HTTP/1.1" 200 37011 "-" "Mozilla/5.0 (compatible; MJ12bot/v1.4.8; http://mj12bot.com/)"
144.76.19.157 - - [18/Aug/2026:14:45:10 +0000] "GET /product/marquee/?add_to_wishlist=18613&_wpnonce=ee2ab5adbb HTTP/1.1" 301 0 "-" "Mozilla/5.0 (compatible; SERankingBacklinksBot/1.0; +https://seranking.com/backlinks-crawler)"
144.76.19.157 - - [18/Aug/2026:14:45:12 +0000] "GET /product/marquee/?add_to_wishlist=18613&_wpnonce=ee2ab5adbb HTTP/1.1" 200 44858 "-" "Mozilla/5.0 (compatible; SERankingBacklinksBot/1.0; +https://seranking.com/backlinks-crawler)"
93.158.213.25 - - [18/Aug/2026:14:45:12 +0000] "GET /product-category/engineered-hardwood-floor/?add_to_wishlist=15566&_wpnonce=041b5da6fa HTTP/1.1" 200 36910 "-" "Mozilla/5.0 (compatible; MJ12bot/v1.4.8; http://mj12bot.com/)"
93.158.213.25 - - [18/Aug/2026:14:45:16 +0000] "GET /product-category/engineered-hardwood-floor/?add_to_wishlist=15566&_wpnonce=37612bd5c8 HTTP/1.1" 200 36919 "-" "Mozilla/5.0 (compatible; MJ12bot/v1.4.8; http://mj12bot.com/)"
144.76.19.157 - - [18/Aug/2026:14:45:17 +0000] "GET /product/marquee/?add_to_wishlist=18617&_wpnonce=3b8935374b HTTP/1.1" 301 0 "-" "Mozilla/5.0 (compatible; SERankingBacklinksBot/1.0; +https://seranking.com/backlinks-crawler)"
144.76.19.157 - - [18/Aug/2026:14:45:19 +0000] "GET /product/marquee/?add_to_wishlist=18617&_wpnonce=3b8935374b HTTP/1.1" 200 44970 "-" "Mozilla/5.0 (compatible; SERankingBacklinksBot/1.0; +https://seranking.com/backlinks-crawler)"
93.158.213.25 - - [18/Aug/2026:14:45:20 +0000] "GET /product-category/engineered-hardwood-floor/?add_to_wishlist=15566&_wpnonce=3ae32be2d8 HTTP/1.1" 200 36914 "-" "Mozilla/5.0 (compatible; MJ12bot/v1.4.8; http://mj12bot.com/)"
216.73.216.14 - - [18/Aug/2026:14:45:21 +0000] "GET /robots.txt HTTP/2" 200 206 "-" "Mozilla/5.0 AppleWebKit/537.36 (KHTML, like Gecko; compatible; ClaudeBot/1.0; +claudebot@anthropic.com)"
216.73.216.14 - - [18/Aug/2026:14:45:21 +0000] "GET /product/nolana-provenza-floors/?add_to_wishlist=15573 HTTP/2" 200 38360 "-" "Mozilla/5.0 AppleWebKit/537.36 (KHTML, like Gecko; compatible; ClaudeBot/1.0; +claudebot@anthropic.com)"
216.73.216.14 - - [18/Aug/2026:14:45:22 +0000] "GET /product/cambridge-provenza-floors/?add_to_wishlist=15555 HTTP/2" 200 38561 "-" "Mozilla/5.0 AppleWebKit/537.36 (KHTML, like Gecko; compatible; ClaudeBot/1.0; +claudebot@anthropic.com)"
216.73.216.14 - - [18/Aug/2026:14:45:22 +0000] "GET /product/cambridge-provenza-floors/?add_to_wishlist=15566 HTTP/2" 200 38506 "-" "Mozilla/5.0 AppleWebKit/537.36 (KHTML, like Gecko; compatible; ClaudeBot/1.0; +claudebot@anthropic.com)"
192.250.227.238 - - [18/Aug/2026:14:45:24 +0000] "POST /wp-cron.php?doing_wp_cron=1787064324.0029399394989013671875 HTTP/1.1" 200 0 "-" "WordPress/7.0.4; https://glamourflooringla.com"
216.73.216.14 - - [18/Aug/2026:14:45:23 +0000] "GET /product/nolana-provenza-floors/?add_to_wishlist=15519 HTTP/2" 200 38562 "-" "Mozilla/5.0 AppleWebKit/537.36 (KHTML, like Gecko; compatible; ClaudeBot/1.0; +claudebot@anthropic.com)"
216.73.216.14 - - [18/Aug/2026:14:45:23 +0000] "GET /product/rondo-pro/?add_to_wishlist=15555 HTTP/2" 200 38548 "-" "Mozilla/5.0 AppleWebKit/537.36 (KHTML, like Gecko; compatible; ClaudeBot/1.0; +claudebot@anthropic.com)"
93.158.213.25 - - [18/Aug/2026:14:45:24 +0000] "GET /product-category/engineered-hardwood-floor/?add_to_wishlist=15566&_wpnonce=4b9eda89d3 HTTP/1.1" 200 36911 "-" "Mozilla/5.0 (compatible; MJ12bot/v1.4.8; http://mj12bot.com/)"
144.76.19.157 - - [18/Aug/2026:14:45:25 +0000] "GET /product/marquee/?add_to_wishlist=18617&_wpnonce=ee2ab5adbb HTTP/1.1" 301 0 "-" "Mozilla/5.0 (compatible; SERankingBacklinksBot/1.0; +https://seranking.com/backlinks-crawler)"
83.99.206.2 - - [18/Aug/2026:14:45:26 +0000] "GET /product/marsanne-urb/ HTTP/1.1" 200 38539 "-" "Mozilla/5.0 (X11; Linux x86_64) AppleWebKit/537.36 (KHTML, like Gecko; GeedoShopProductFinder) Chrome/142.0.0.0 Safari/537.36"
144.76.19.157 - - [18/Aug/2026:14:45:27 +0000] "GET /product/marquee/?add_to_wishlist=18617&_wpnonce=ee2ab5adbb HTTP/1.1" 200 44941 "-" "Mozilla/5.0 (compatible; SERankingBacklinksBot/1.0; +https://seranking.com/backlinks-crawler)"
93.158.213.25 - - [18/Aug/2026:14:45:28 +0000] "GET /product-category/engineered-hardwood-floor/?add_to_wishlist=15566&_wpnonce=557481fb70 HTTP/1.1" 200 36916 "-" "Mozilla/5.0 (compatible; MJ12bot/v1.4.8; http://mj12bot.com/)"
144.76.19.157 - - [18/Aug/2026:14:45:32 +0000] "GET /product/marsanne-urb/?add_to_wishlist=15484&_wpnonce=bbb71dd7ae HTTP/1.1" 301 0 "-" "Mozilla/5.0 (compatible; SERankingBacklinksBot/1.0; +https://seranking.com/backlinks-crawler)"
192.250.227.238 - - [18/Aug/2026:14:45:33 +0000] "POST /wp-cron.php?doing_wp_cron=1787064333.3821349143981933593750 HTTP/1.1" 200 0 "-" "WordPress/7.0.4; https://glamourflooringla.com"
93.158.213.25 - - [18/Aug/2026:14:45:32 +0000] "GET /product-category/engineered-hardwood-floor/?add_to_wishlist=15566&_wpnonce=5972cd46fe HTTP/1.1" 200 36912 "-" "Mozilla/5.0 (compatible; MJ12bot/v1.4.8; http://mj12bot.com/)"
144.76.19.157 - - [18/Aug/2026:14:45:34 +0000] "GET /product/marsanne-urb/?add_to_wishlist=15484&_wpnonce=bbb71dd7ae HTTP/1.1" 200 44955 "-" "Mozilla/5.0 (compatible; SERankingBacklinksBot/1.0; +https://seranking.com/backlinks-crawler)"
93.158.213.25 - - [18/Aug/2026:14:45:36 +0000] "GET /product-category/engineered-hardwood-floor/?add_to_wishlist=15566&_wpnonce=60c02cb940 HTTP/1.1" 200 36921 "-" "Mozilla/5.0 (compatible; MJ12bot/v1.4.8; http://mj12bot.com/)"
57.141.4.59 - - [18/Aug/2026:14:45:37 +0000] "GET /detail/186393068144 HTTP/2" 429 0 "-" "Mozilla/5.0 (Windows NT 10.0; Win64; x64) AppleWebKit/537.36 (KHTML, like Gecko) Chrome/145.0.0.0 Safari/537.36 (compatible; meta-externalagent/1.1 (+https://developers.facebook.com/docs/sharing/webmasters/crawler))"
144.76.19.157 - - [18/Aug/2026:14:45:40 +0000] "GET /product/marsanne-urb/?add_to_wishlist=15489&_wpnonce=bbb71dd7ae HTTP/1.1" 301 0 "-" "Mozilla/5.0 (compatible; SERankingBacklinksBot/1.0; +https://seranking.com/backlinks-crawler)"
93.158.213.25 - - [18/Aug/2026:14:45:40 +0000] "GET /product-category/engineered-hardwood-floor/?add_to_wishlist=15566&_wpnonce=69a0d79bb6 HTTP/1.1" 200 36910 "-" "Mozilla/5.0 (compatible; MJ12bot/v1.4.8; http://mj12bot.com/)"
144.76.19.157 - - [18/Aug/2026:14:45:42 +0000] "GET /product/marsanne-urb/?add_to_wishlist=15489&_wpnonce=bbb71dd7ae HTTP/1.1" 200 44930 "-" "Mozilla/5.0 (compatible; SERankingBacklinksBot/1.0; +https://seranking.com/backlinks-crawler)"
216.73.216.14 - - [18/Aug/2026:14:45:44 +0000] "GET /product/rondo-pro/feed/ HTTP/2" 200 378 "-" "Mozilla/5.0 AppleWebKit/537.36 (KHTML, like Gecko; compatible; ClaudeBot/1.0; +claudebot@anthropic.com)"
93.158.213.25 - - [18/Aug/2026:14:45:44 +0000] "GET /product-category/engineered-hardwood-floor/?add_to_wishlist=15566&_wpnonce=6c2d5ff27d HTTP/1.1" 200 36915 "-" "Mozilla/5.0 (compatible; MJ12bot/v1.4.8; http://mj12bot.com/)"
216.73.216.14 - - [18/Aug/2026:14:45:45 +0000] "GET /product/savona-pro/ HTTP/2" 200 38571 "-" "Mozilla/5.0 AppleWebKit/537.36 (KHTML, like Gecko; compatible; ClaudeBot/1.0; +claudebot@anthropic.com)"
216.73.216.14 - - [18/Aug/2026:14:45:45 +0000] "GET /product/rondo-pro/2 HTTP/2" 301 0 "-" "Mozilla/5.0 AppleWebKit/537.36 (KHTML, like Gecko; compatible; ClaudeBot/1.0; +claudebot@anthropic.com)"
216.73.216.14 - - [18/Aug/2026:14:45:46 +0000] "GET /?p=16255 HTTP/2" 301 0 "-" "Mozilla/5.0 AppleWebKit/537.36 (KHTML, like Gecko; compatible; ClaudeBot/1.0; +claudebot@anthropic.com)"
216.73.216.14 - - [18/Aug/2026:14:45:46 +0000] "GET / HTTP/2" 200 46842 "https://glamourflooringla.com/?p=16255" "Mozilla/5.0 AppleWebKit/537.36 (KHTML, like Gecko; compatible; ClaudeBot/1.0; +claudebot@anthropic.com)"
216.73.216.14 - - [18/Aug/2026:14:45:47 +0000] "GET /?p=16643 HTTP/2" 301 0 "-" "Mozilla/5.0 AppleWebKit/537.36 (KHTML, like Gecko; compatible; ClaudeBot/1.0; +claudebot@anthropic.com)"
216.73.216.14 - - [18/Aug/2026:14:45:47 +0000] "GET / HTTP/2" 200 46842 "https://glamourflooringla.com/?p=16643" "Mozilla/5.0 AppleWebKit/537.36 (KHTML, like Gecko; compatible; ClaudeBot/1.0; +claudebot@anthropic.com)"
144.76.19.157 - - [18/Aug/2026:14:45:47 +0000] "GET /product/marsanne-urb/?add_to_wishlist=15521&_wpnonce=bbb71dd7ae HTTP/1.1" 301 0 "-" "Mozilla/5.0 (compatible; SERankingBacklinksBot/1.0; +https://seranking.com/backlinks-crawler)"
93.158.213.25 - - [18/Aug/2026:14:45:48 +0000] "GET /product-category/engineered-hardwood-floor/?add_to_wishlist=15566&_wpnonce=80ad880ef7 HTTP/1.1" 200 36912 "-" "Mozilla/5.0 (compatible; MJ12bot/v1.4.8; http://mj12bot.com/)"
54.39.6.217 - - [18/Aug/2026:14:45:49 +0000] "GET /shadow.php/?detail/4201904412700 HTTP/2" 301 0 "-" "Mozilla/5.0 (compatible; AhrefsBot/7.0; +http://ahrefs.com/robot/)"
144.76.19.157 - - [18/Aug/2026:14:45:49 +0000] "GET /product/marsanne-urb/?add_to_wishlist=15521&_wpnonce=bbb71dd7ae HTTP/1.1" 200 44989 "-" "Mozilla/5.0 (compatible; SERankingBacklinksBot/1.0; +https://seranking.com/backlinks-crawler)"
216.73.216.14 - - [18/Aug/2026:14:45:51 +0000] "GET /product/forma-provenza-floors/ HTTP/2" 200 38535 "-" "Mozilla/5.0 AppleWebKit/537.36 (KHTML, like Gecko; compatible; ClaudeBot/1.0; +claudebot@anthropic.com)"
216.73.216.14 - - [18/Aug/2026:14:45:51 +0000] "GET /product/apollo-provenza-floors/ HTTP/2" 200 38511 "-" "Mozilla/5.0 AppleWebKit/537.36 (KHTML, like Gecko; compatible; ClaudeBot/1.0; +claudebot@anthropic.com)"
93.158.213.25 - - [18/Aug/2026:14:45:52 +0000] "GET /product-category/engineered-hardwood-floor/?add_to_wishlist=15566&_wpnonce=89ced086a4 HTTP/1.1" 200 37005 "-" "Mozilla/5.0 (compatible; MJ12bot/v1.4.8; http://mj12bot.com/)"
216.73.216.14 - - [18/Aug/2026:14:45:52 +0000] "GET /product/como-provenza-floors/ HTTP/2" 200 38134 "-" "Mozilla/5.0 AppleWebKit/537.36 (KHTML, like Gecko; compatible; ClaudeBot/1.0; +claudebot@anthropic.com)"
216.73.216.14 - - [18/Aug/2026:14:45:53 +0000] "GET /product/symphonie-pro/ HTTP/2" 200 38478 "-" "Mozilla/5.0 AppleWebKit/537.36 (KHTML, like Gecko; compatible; ClaudeBot/1.0; +claudebot@anthropic.com)"
216.73.216.14 - - [18/Aug/2026:14:45:53 +0000] "GET /product/medici-pro/ HTTP/2" 200 38468 "-" "Mozilla/5.0 AppleWebKit/537.36 (KHTML, like Gecko; compatible; ClaudeBot/1.0; +claudebot@anthropic.com)"
144.76.19.157 - - [18/Aug/2026:14:45:55 +0000] "GET /product/marsanne-urb/?add_to_wishlist=15540&_wpnonce=bbb71dd7ae HTTP/1.1" 301 0 "-" "Mozilla/5.0 (compatible; SERankingBacklinksBot/1.0; +https://seranking.com/backlinks-crawler)"
93.158.213.25 - - [18/Aug/2026:14:45:56 +0000] "GET /product-category/engineered-hardwood-floor/?add_to_wishlist=15566&_wpnonce=929ad3e035 HTTP/1.1" 200 36921 "-" "Mozilla/5.0 (compatible; MJ12bot/v1.4.8; http://mj12bot.com/)"
144.76.19.157 - - [18/Aug/2026:14:45:56 +0000] "GET /product/marsanne-urb/?add_to_wishlist=15540&_wpnonce=bbb71dd7ae HTTP/1.1" 200 45005 "-" "Mozilla/5.0 (compatible; SERankingBacklinksBot/1.0; +https://seranking.com/backlinks-crawler)"
93.158.213.25 - - [18/Aug/2026:14:46:00 +0000] "GET /product-category/engineered-hardwood-floor/?add_to_wishlist=15566&_wpnonce=a2965fc487 HTTP/1.1" 200 36921 "-" "Mozilla/5.0 (compatible; MJ12bot/v1.4.8; http://mj12bot.com/)"
144.76.19.157 - - [18/Aug/2026:14:46:02 +0000] "GET /product/marsanne-urb/?add_to_wishlist=15544&_wpnonce=bbb71dd7ae HTTP/1.1" 301 0 "-" "Mozilla/5.0 (compatible; SERankingBacklinksBot/1.0; +https://seranking.com/backlinks-crawler)"
93.158.213.25 - - [18/Aug/2026:14:46:04 +0000] "GET /product-category/engineered-hardwood-floor/?add_to_wishlist=15566&_wpnonce=b237dee058 HTTP/1.1" 200 36914 "-" "Mozilla/5.0 (compatible; MJ12bot/v1.4.8; http://mj12bot.com/)"
144.76.19.157 - - [18/Aug/2026:14:46:04 +0000] "GET /product/marsanne-urb/?add_to_wishlist=15544&_wpnonce=bbb71dd7ae HTTP/1.1" 200 44986 "-" "Mozilla/5.0 (compatible; SERankingBacklinksBot/1.0; +https://seranking.com/backlinks-crawler)"
93.158.213.25 - - [18/Aug/2026:14:46:08 +0000] "GET /product-category/engineered-hardwood-floor/?add_to_wishlist=15566&_wpnonce=bbea1cadf7 HTTP/1.1" 200 36913 "-" "Mozilla/5.0 (compatible; MJ12bot/v1.4.8; http://mj12bot.com/)"
144.76.19.157 - - [18/Aug/2026:14:46:09 +0000] "GET /product/marsanne-urb/?add_to_wishlist=15547&_wpnonce=bbb71dd7ae HTTP/1.1" 301 0 "-" "Mozilla/5.0 (compatible; SERankingBacklinksBot/1.0; +https://seranking.com/backlinks-crawler)"
144.76.19.157 - - [18/Aug/2026:14:46:11 +0000] "GET /product/marsanne-urb/?add_to_wishlist=15547&_wpnonce=bbb71dd7ae HTTP/1.1" 200 44979 "-" "Mozilla/5.0 (compatible; SERankingBacklinksBot/1.0; +https://seranking.com/backlinks-crawler)"
93.158.213.25 - - [18/Aug/2026:14:46:12 +0000] "GET /product-category/engineered-hardwood-floor/?add_to_wishlist=15566&_wpnonce=c28de8fee6 HTTP/1.1" 200 36890 "-" "Mozilla/5.0 (compatible; MJ12bot/v1.4.8; http://mj12bot.com/)"
93.158.213.25 - - [18/Aug/2026:14:46:16 +0000] "GET /product-category/engineered-hardwood-floor/?add_to_wishlist=15569&_wpnonce=370c12ca7e HTTP/1.1" 200 36910 "-" "Mozilla/5.0 (compatible; MJ12bot/v1.4.8; http://mj12bot.com/)"
144.76.19.157 - - [18/Aug/2026:14:46:17 +0000] "GET /product/marsanne-urb/?add_to_wishlist=15549&_wpnonce=bbb71dd7ae HTTP/1.1" 301 0 "-" "Mozilla/5.0 (compatible; SERankingBacklinksBot/1.0; +https://seranking.com/backlinks-crawler)"
216.73.216.14 - - [18/Aug/2026:14:46:18 +0000] "GET /product/felice-provenza-floors/ HTTP/2" 200 38552 "-" "Mozilla/5.0 AppleWebKit/537.36 (KHTML, like Gecko; compatible; ClaudeBot/1.0; +claudebot@anthropic.com)"
216.73.216.14 - - [18/Aug/2026:14:46:18 +0000] "GET /product/loreto-provenza-floors/ HTTP/2" 200 38522 "-" "Mozilla/5.0 AppleWebKit/537.36 (KHTML, like Gecko; compatible; ClaudeBot/1.0; +claudebot@anthropic.com)"
144.76.19.157 - - [18/Aug/2026:14:46:19 +0000] "GET /product/marsanne-urb/?add_to_wishlist=15549&_wpnonce=bbb71dd7ae HTTP/1.1" 200 44955 "-" "Mozilla/5.0 (compatible; SERankingBacklinksBot/1.0; +https://seranking.com/backlinks-crawler)"
216.73.216.14 - - [18/Aug/2026:14:46:19 +0000] "GET /product/bella-provenza-floors/2 HTTP/2" 301 0 "-" "Mozilla/5.0 AppleWebKit/537.36 (KHTML, like Gecko; compatible; ClaudeBot/1.0; +claudebot@anthropic.com)"
216.73.216.14 - - [18/Aug/2026:14:46:20 +0000] "GET /product/pebble-island-oasis/2 HTTP/2" 301 0 "-" "Mozilla/5.0 AppleWebKit/537.36 (KHTML, like Gecko; compatible; ClaudeBot/1.0; +claudebot@anthropic.com)"
93.158.213.25 - - [18/Aug/2026:14:46:20 +0000] "GET /product-category/engineered-hardwood-floor/?add_to_wishlist=15569&_wpnonce=4b9eda89d3 HTTP/1.1" 200 36911 "-" "Mozilla/5.0 (compatible; MJ12bot/v1.4.8; http://mj12bot.com/)"
216.73.216.14 - - [18/Aug/2026:14:46:20 +0000] "GET /product/strada-provenza-floors/ HTTP/2" 200 38385 "-" "Mozilla/5.0 AppleWebKit/537.36 (KHTML, like Gecko; compatible; ClaudeBot/1.0; +claudebot@anthropic.com)"
93.158.213.25 - - [18/Aug/2026:14:46:23 +0000] "GET /product-category/engineered-hardwood-floor/?add_to_wishlist=15569&_wpnonce=69a0d79bb6 HTTP/1.1" 200 36919 "-" "Mozilla/5.0 (compatible; MJ12bot/v1.4.8; http://mj12bot.com/)"
201.32.184.230 - - [18/Aug/2026:14:46:23 +0000] "GET /product/amarone-urb/ HTTP/2" 200 38500 "-" "Mozilla/5.0 (Macintosh; Intel Mac OS X 10_15_7) AppleWebKit/537.36 (KHTML, like Gecko) Chrome/133.0.0.0 Safari/537.36"
144.76.19.157 - - [18/Aug/2026:14:46:24 +0000] "GET /product/marsanne-urb/?add_to_wishlist=15569&_wpnonce=bbb71dd7ae HTTP/1.1" 301 0 "-" "Mozilla/5.0 (compatible; SERankingBacklinksBot/1.0; +https://seranking.com/backlinks-crawler)"
144.76.19.157 - - [18/Aug/2026:14:46:26 +0000] "GET /product/marsanne-urb/?add_to_wishlist=15569&_wpnonce=bbb71dd7ae HTTP/1.1" 200 44984 "-" "Mozilla/5.0 (compatible; SERankingBacklinksBot/1.0; +https://seranking.com/backlinks-crawler)"
93.158.213.25 - - [18/Aug/2026:14:46:27 +0000] "GET /product-category/engineered-hardwood-floor/?add_to_wishlist=15569&_wpnonce=6c2d5ff27d HTTP/1.1" 200 36905 "-" "Mozilla/5.0 (compatible; MJ12bot/v1.4.8; http://mj12bot.com/)"
144.76.19.157 - - [18/Aug/2026:14:46:32 +0000] "GET /product/marsanne-urb/?add_to_wishlist=16076&_wpnonce=bbb71dd7ae HTTP/1.1" 301 0 "-" "Mozilla/5.0 (compatible; SERankingBacklinksBot/1.0; +https://seranking.com/backlinks-crawler)"
192.250.227.238 - - [18/Aug/2026:14:46:32 +0000] "POST /wp-cron.php?doing_wp_cron=1787064392.5507490634918212890625 HTTP/1.1" 200 0 "-" "WordPress/7.0.4; https://glamourflooringla.com"
93.158.213.25 - - [18/Aug/2026:14:46:31 +0000] "GET /product-category/engineered-hardwood-floor/?add_to_wishlist=15569&_wpnonce=929ad3e035 HTTP/1.1" 200 36909 "-" "Mozilla/5.0 (compatible; MJ12bot/v1.4.8; http://mj12bot.com/)"
144.76.19.157 - - [18/Aug/2026:14:46:34 +0000] "GET /product/marsanne-urb/?add_to_wishlist=16076&_wpnonce=bbb71dd7ae HTTP/1.1" 200 44978 "-" "Mozilla/5.0 (compatible; SERankingBacklinksBot/1.0; +https://seranking.com/backlinks-crawler)"
93.158.213.25 - - [18/Aug/2026:14:46:35 +0000] "GET /product-category/engineered-hardwood-floor/?add_to_wishlist=15569&_wpnonce=c28de8fee6 HTTP/1.1" 200 36900 "-" "Mozilla/5.0 (compatible; MJ12bot/v1.4.8; http://mj12bot.com/)"
144.76.19.157 - - [18/Aug/2026:14:46:39 +0000] "GET /product/marseille-vellichor/?add_to_wishlist=15492&_wpnonce=32cc803d74 HTTP/1.1" 301 0 "-" "Mozilla/5.0 (compatible; SERankingBacklinksBot/1.0; +https://seranking.com/backlinks-crawler)"
216.73.216.14 - - [18/Aug/2026:14:46:39 +0000] "GET /product/cambridge-provenza-floors/feed/ HTTP/2" 200 390 "-" "Mozilla/5.0 AppleWebKit/537.36 (KHTML, like Gecko; compatible; ClaudeBot/1.0; +claudebot@anthropic.com)"
216.73.216.14 - - [18/Aug/2026:14:46:39 +0000] "GET /product/storia-provenza-floors/ HTTP/2" 200 38415 "-" "Mozilla/5.0 AppleWebKit/537.36 (KHTML, like Gecko; compatible; ClaudeBot/1.0; +claudebot@anthropic.com)"
93.158.213.25 - - [18/Aug/2026:14:46:39 +0000] "GET /product-category/engineered-hardwood-floor/?add_to_wishlist=15570&_wpnonce=c28de8fee6 HTTP/1.1" 200 36899 "-" "Mozilla/5.0 (compatible; MJ12bot/v1.4.8; http://mj12bot.com/)"
216.73.216.14 - - [18/Aug/2026:14:46:40 +0000] "GET /product/bristol-provenza-floors/ HTTP/2" 200 38538 "-" "Mozilla/5.0 AppleWebKit/537.36 (KHTML, like Gecko; compatible; ClaudeBot/1.0; +claudebot@anthropic.com)"
216.73.216.14 - - [18/Aug/2026:14:46:41 +0000] "GET /product/wells-provenza-floors/ HTTP/2" 200 38603 "-" "Mozilla/5.0 AppleWebKit/537.36 (KHTML, like Gecko; compatible; ClaudeBot/1.0; +claudebot@anthropic.com)"
144.76.19.157 - - [18/Aug/2026:14:46:41 +0000] "GET /product/marseille-vellichor/?add_to_wishlist=15492&_wpnonce=32cc803d74 HTTP/1.1" 200 44901 "-" "Mozilla/5.0 (compatible; SERankingBacklinksBot/1.0; +https://seranking.com/backlinks-crawler)"
216.73.216.14 - - [18/Aug/2026:14:46:42 +0000] "GET /product/cambridge-provenza-floors/2 HTTP/2" 301 0 "-" "Mozilla/5.0 AppleWebKit/537.36 (KHTML, like Gecko; compatible; ClaudeBot/1.0; +claudebot@anthropic.com)"
57.141.4.70 - - [18/Aug/2026:14:46:43 +0000] "GET /detail/2516631445665 HTTP/2" 429 0 "-" "Mozilla/5.0 (Windows NT 10.0; Win64; x64) AppleWebKit/537.36 (KHTML, like Gecko) Chrome/145.0.0.0 Safari/537.36 (compatible; meta-externalagent/1.1 (+https://developers.facebook.com/docs/sharing/webmasters/crawler))"
216.73.216.14 - - [18/Aug/2026:14:46:43 +0000] "GET /product/nolana-provenza-floors/2 HTTP/2" 301 0 "-" "Mozilla/5.0 AppleWebKit/537.36 (KHTML, like Gecko; compatible; ClaudeBot/1.0; +claudebot@anthropic.com)"
216.73.216.14 - - [18/Aug/2026:14:46:43 +0000] "GET /product/genre-provenza-floors/ HTTP/2" 200 38556 "-" "Mozilla/5.0 AppleWebKit/537.36 (KHTML, like Gecko; compatible; ClaudeBot/1.0; +claudebot@anthropic.com)"
216.73.216.14 - - [18/Aug/2026:14:46:44 +0000] "GET /product/autunno-provenza-floors/ HTTP/2" 200 38506 "-" "Mozilla/5.0 AppleWebKit/537.36 (KHTML, like Gecko; compatible; ClaudeBot/1.0; +claudebot@anthropic.com)"
93.158.213.25 - - [18/Aug/2026:14:46:43 +0000] "GET /product-category/engineered-hardwood-floor/?add_to_wishlist=15573&_wpnonce=c28de8fee6 HTTP/1.1" 200 36891 "-" "Mozilla/5.0 (compatible; MJ12bot/v1.4.8; http://mj12bot.com/)"
216.73.216.14 - - [18/Aug/2026:14:46:45 +0000] "GET /product/norwich-provenza-floors/ HTTP/2" 200 38510 "-" "Mozilla/5.0 AppleWebKit/537.36 (KHTML, like Gecko; compatible; ClaudeBot/1.0; +claudebot@anthropic.com)"
216.73.216.14 - - [18/Aug/2026:14:46:45 +0000] "GET /product/ashford-provenza-floors/ HTTP/2" 200 38541 "-" "Mozilla/5.0 AppleWebKit/537.36 (KHTML, like Gecko; compatible; ClaudeBot/1.0; +claudebot@anthropic.com)"
144.76.19.157 - - [18/Aug/2026:14:46:47 +0000] "GET /product/marseille-vellichor/?add_to_wishlist=15507&_wpnonce=32cc803d74 HTTP/1.1" 301 0 "-" "Mozilla/5.0 (compatible; SERankingBacklinksBot/1.0; +https://seranking.com/backlinks-crawler)"
93.158.213.25 - - [18/Aug/2026:14:46:48 +0000] "GET /product-category/engineered-hardwood-floor/?add_to_wishlist=15574&_wpnonce=c28de8fee6 HTTP/1.1" 200 36892 "-" "Mozilla/5.0 (compatible; MJ12bot/v1.4.8; http://mj12bot.com/)"
144.76.19.157 - - [18/Aug/2026:14:46:49 +0000] "GET /product/marseille-vellichor/?add_to_wishlist=15507&_wpnonce=32cc803d74 HTTP/1.1" 200 44975 "-" "Mozilla/5.0 (compatible; SERankingBacklinksBot/1.0; +https://seranking.com/backlinks-crawler)"
216.73.216.14 - - [18/Aug/2026:14:46:52 +0000] "GET /product/anchor-oasis/?add_to_wishlist=15542 HTTP/2" 429 0 "-" "Mozilla/5.0 AppleWebKit/537.36 (KHTML, like Gecko; compatible; ClaudeBot/1.0; +claudebot@anthropic.com)"
216.73.216.14 - - [18/Aug/2026:14:46:52 +0000] "GET /product/nolana-provenza-floors/feed/ HTTP/2" 429 0 "-" "Mozilla/5.0 AppleWebKit/537.36 (KHTML, like Gecko; compatible; ClaudeBot/1.0; +claudebot@anthropic.com)"
216.73.216.14 - - [18/Aug/2026:14:46:52 +0000] "GET /product/sienna-sand-provenza-floors/ HTTP/2" 429 0 "-" "Mozilla/5.0 AppleWebKit/537.36 (KHTML, like Gecko; compatible; ClaudeBot/1.0; +claudebot@anthropic.com)"
93.158.213.25 - - [18/Aug/2026:14:46:51 +0000] "GET /product-category/engineered-hardwood-floor/?add_to_wishlist=15574&_wpnonce=d5a66d583e HTTP/1.1" 200 36907 "-" "Mozilla/5.0 (compatible; MJ12bot/v1.4.8; http://mj12bot.com/)"
216.73.216.14 - - [18/Aug/2026:14:46:53 +0000] "GET /product/liverpool-provenza-floors/ HTTP/2" 429 0 "-" "Mozilla/5.0 AppleWebKit/537.36 (KHTML, like Gecko; compatible; ClaudeBot/1.0; +claudebot@anthropic.com)"
216.73.216.14 - - [18/Aug/2026:14:46:53 +0000] "GET /product/rising-star-provenza-floors/ HTTP/2" 429 0 "-" "Mozilla/5.0 AppleWebKit/537.36 (KHTML, like Gecko; compatible; ClaudeBot/1.0; +claudebot@anthropic.com)"
144.76.19.157 - - [18/Aug/2026:14:46:54 +0000] "GET /product/marseille-vellichor/?add_to_wishlist=15510&_wpnonce=32cc803d74 HTTP/1.1" 301 0 "-" "Mozilla/5.0 (compatible; SERankingBacklinksBot/1.0; +https://seranking.com/backlinks-crawler)"
93.158.213.25 - - [18/Aug/2026:14:46:55 +0000] "GET /product-category/engineered-hardwood-floor/?add_to_wishlist=15575&_wpnonce=c28de8fee6 HTTP/1.1" 200 36895 "-" "Mozilla/5.0 (compatible; MJ12bot/v1.4.8; http://mj12bot.com/)"
144.76.19.157 - - [18/Aug/2026:14:46:56 +0000] "GET /product/marseille-vellichor/?add_to_wishlist=15510&_wpnonce=32cc803d74 HTTP/1.1" 200 44988 "-" "Mozilla/5.0 (compatible; SERankingBacklinksBot/1.0; +https://seranking.com/backlinks-crawler)"
93.158.213.25 - - [18/Aug/2026:14:46:59 +0000] "GET /product-category/engineered-hardwood-floor/?add_to_wishlist=15575&_wpnonce=d5a66d583e HTTP/1.1" 200 36910 "-" "Mozilla/5.0 (compatible; MJ12bot/v1.4.8; http://mj12bot.com/)"
144.76.19.157 - - [18/Aug/2026:14:47:02 +0000] "GET /product/marseille-vellichor/?add_to_wishlist=15540&_wpnonce=32cc803d74 HTTP/1.1" 301 0 "-" "Mozilla/5.0 (compatible; SERankingBacklinksBot/1.0; +https://seranking.com/backlinks-crawler)"
93.158.213.25 - - [18/Aug/2026:14:47:03 +0000] "GET /product-category/engineered-hardwood-floor/?add_to_wishlist=15579&_wpnonce=c28de8fee6 HTTP/1.1" 200 36887 "-" "Mozilla/5.0 (compatible; MJ12bot/v1.4.8; http://mj12bot.com/)"
144.76.19.157 - - [18/Aug/2026:14:47:04 +0000] "GET /product/marseille-vellichor/?add_to_wishlist=15540&_wpnonce=32cc803d74 HTTP/1.1" 200 44901 "-" "Mozilla/5.0 (compatible; SERankingBacklinksBot/1.0; +https://seranking.com/backlinks-crawler)"
93.158.213.25 - - [18/Aug/2026:14:47:07 +0000] "GET /product-category/engineered-hardwood-floor/?add_to_wishlist=15581&_wpnonce=c28de8fee6 HTTP/1.1" 200 36892 "-" "Mozilla/5.0 (compatible; MJ12bot/v1.4.8; http://mj12bot.com/)"
144.76.19.157 - - [18/Aug/2026:14:47:10 +0000] "GET /product/marseille-vellichor/?add_to_wishlist=15549&_wpnonce=32cc803d74 HTTP/1.1" 301 0 "-" "Mozilla/5.0 (compatible; SERankingBacklinksBot/1.0; +https://seranking.com/backlinks-crawler)"
93.158.213.25 - - [18/Aug/2026:14:47:11 +0000] "GET /product-category/engineered-hardwood-floor/?add_to_wishlist=15582&_wpnonce=c28de8fee6 HTTP/1.1" 200 36897 "-" "Mozilla/5.0 (compatible; MJ12bot/v1.4.8; http://mj12bot.com/)"
144.76.19.157 - - [18/Aug/2026:14:47:12 +0000] "GET /product/marseille-vellichor/?add_to_wishlist=15549&_wpnonce=32cc803d74 HTTP/1.1" 200 44952 "-" "Mozilla/5.0 (compatible; SERankingBacklinksBot/1.0; +https://seranking.com/backlinks-crawler)"
93.158.213.25 - - [18/Aug/2026:14:47:15 +0000] "GET /product-category/engineered-hardwood-floor/?add_to_wishlist=15583&_wpnonce=c28de8fee6 HTTP/1.1" 200 36893 "-" "Mozilla/5.0 (compatible; MJ12bot/v1.4.8; http://mj12bot.com/)"
144.76.19.157 - - [18/Aug/2026:14:47:17 +0000] "GET /product/marseille-vellichor/?add_to_wishlist=15559&_wpnonce=32cc803d74 HTTP/1.1" 301 0 "-" "Mozilla/5.0 (compatible; SERankingBacklinksBot/1.0; +https://seranking.com/backlinks-crawler)"
93.158.213.25 - - [18/Aug/2026:14:47:19 +0000] "GET /product-category/engineered-hardwood-floor/?add_to_wishlist=15587&_wpnonce=c28de8fee6 HTTP/1.1" 200 36889 "-" "Mozilla/5.0 (compatible; MJ12bot/v1.4.8; http://mj12bot.com/)"
144.76.19.157 - - [18/Aug/2026:14:47:19 +0000] "GET /product/marseille-vellichor/?add_to_wishlist=15559&_wpnonce=32cc803d74 HTTP/1.1" 200 44930 "-" "Mozilla/5.0 (compatible; SERankingBacklinksBot/1.0; +https://seranking.com/backlinks-crawler)"
93.158.213.25 - - [18/Aug/2026:14:47:22 +0000] "GET /product-category/engineered-hardwood-floor/page/1/?add_to_wishlist=16204&_wpnonce=d5a66d583e HTTP/1.1" 301 0 "-" "Mozilla/5.0 (compatible; MJ12bot/v1.4.8; http://mj12bot.com/)"
144.76.19.157 - - [18/Aug/2026:14:47:25 +0000] "GET /product/marseille-vellichor/?add_to_wishlist=15566&_wpnonce=32cc803d74 HTTP/1.1" 301 0 "-" "Mozilla/5.0 (compatible; SERankingBacklinksBot/1.0; +https://seranking.com/backlinks-crawler)"
93.158.213.25 - - [18/Aug/2026:14:47:26 +0000] "GET /product-category/engineered-hardwood-floor/?add_to_wishlist=16204&_wpnonce=d5a66d583e HTTP/1.1" 200 36915 "-" "Mozilla/5.0 (compatible; MJ12bot/v1.4.8; http://mj12bot.com/)"
83.99.206.16 - - [18/Aug/2026:14:47:26 +0000] "GET /product/encore-pro/2 HTTP/1.1" 301 0 "-" "Mozilla/5.0 (X11; Linux x86_64) AppleWebKit/537.36 (KHTML, like Gecko; GeedoShopProductFinder) Chrome/142.0.0.0 Safari/537.36"
144.76.19.157 - - [18/Aug/2026:14:47:27 +0000] "GET /product/marseille-vellichor/?add_to_wishlist=15566&_wpnonce=32cc803d74 HTTP/1.1" 200 45029 "-" "Mozilla/5.0 (compatible; SERankingBacklinksBot/1.0; +https://seranking.com/backlinks-crawler)"
83.99.206.16 - - [18/Aug/2026:14:47:28 +0000] "GET / HTTP/1.1" 200 46842 "-" "Mozilla/5.0 (X11; Linux x86_64) AppleWebKit/537.36 (KHTML, like Gecko; GeedoShopProductFinder) Chrome/142.0.0.0 Safari/537.36"
216.73.216.14 - - [18/Aug/2026:14:47:28 +0000] "GET /product/jolie-pro/?add_to_wishlist=15566 HTTP/2" 429 0 "-" "Mozilla/5.0 AppleWebKit/537.36 (KHTML, like Gecko; compatible; ClaudeBot/1.0; +claudebot@anthropic.com)"
216.73.216.14 - - [18/Aug/2026:14:47:28 +0000] "GET /product/pebble-island-oasis/?add_to_wishlist=15519 HTTP/2" 429 0 "-" "Mozilla/5.0 AppleWebKit/537.36 (KHTML, like Gecko; compatible; ClaudeBot/1.0; +claudebot@anthropic.com)"
216.73.216.14 - - [18/Aug/2026:14:47:29 +0000] "GET /product/jolie-pro/?add_to_wishlist=15570 HTTP/2" 429 0 "-" "Mozilla/5.0 AppleWebKit/537.36 (KHTML, like Gecko; compatible; ClaudeBot/1.0; +claudebot@anthropic.com)"
