54.37.252.231 - - [18/Aug/2026:13:36:17 +0000] "GET /product-category/engineered-hardwood-floor/page/1/?add_to_wishlist=16273&_wpnonce=d5a66d583e HTTP/1.1" 301 0 "-" "Mozilla/5.0 (compatible; MJ12bot/v1.4.8; http://mj12bot.com/)"
54.37.252.231 - - [18/Aug/2026:13:36:20 +0000] "GET /product-category/engineered-hardwood-floor/?add_to_wishlist=16273&_wpnonce=d5a66d583e HTTP/1.1" 200 36912 "-" "Mozilla/5.0 (compatible; MJ12bot/v1.4.8; http://mj12bot.com/)"
144.76.19.157 - - [18/Aug/2026:13:36:20 +0000] "GET /product/lucca-urb/?add_to_wishlist=15547&_wpnonce=32cc803d74 HTTP/1.1" 301 0 "-" "Mozilla/5.0 (compatible; SERankingBacklinksBot/1.0; +https://seranking.com/backlinks-crawler)"
216.73.217.43 - - [18/Aug/2026:13:36:22 +0000] "GET /product/american-walnut-natural-oasis/ HTTP/2" 429 0 "-" "Mozilla/5.0 AppleWebKit/537.36 (KHTML, like Gecko; compatible; ClaudeBot/1.0; +claudebot@anthropic.com)"
54.37.252.231 - - [18/Aug/2026:13:36:22 +0000] "GET /product-category/engineered-hardwood-floor/page/1/?add_to_wishlist=16274&_wpnonce=d5a66d583e HTTP/1.1" 301 0 "-" "Mozilla/5.0 (compatible; MJ12bot/v1.4.8; http://mj12bot.com/)"
144.76.19.157 - - [18/Aug/2026:13:36:22 +0000] "GET /product/lucca-urb/?add_to_wishlist=15547&_wpnonce=32cc803d74 HTTP/1.1" 200 44965 "-" "Mozilla/5.0 (compatible; SERankingBacklinksBot/1.0; +https://seranking.com/backlinks-crawler)"
57.141.4.7 - - [18/Aug/2026:13:36:24 +0000] "GET /detail/1009042162722 HTTP/2" 429 0 "-" "Mozilla/5.0 (Windows NT 10.0; Win64; x64) AppleWebKit/537.36 (KHTML, like Gecko) Chrome/145.0.0.0 Safari/537.36 (compatible; meta-externalagent/1.1 (+https://developers.facebook.com/docs/sharing/webmasters/crawler))"
54.37.252.231 - - [18/Aug/2026:13:36:25 +0000] "GET /product-category/engineered-hardwood-floor/?add_to_wishlist=16274&_wpnonce=d5a66d583e HTTP/1.1" 200 36915 "-" "Mozilla/5.0 (compatible; MJ12bot/v1.4.8; http://mj12bot.com/)"
83.99.206.92 - - [18/Aug/2026:13:36:25 +0000] "GET /tag/hardwood-flooring-costs/ HTTP/1.1" 200 30664 "-" "Mozilla/5.0 (X11; Linux x86_64) AppleWebKit/537.36 (KHTML, like Gecko; GeedoShopProductFinder) Chrome/142.0.0.0 Safari/537.36"
216.73.217.43 - - [18/Aug/2026:13:36:27 +0000] "GET /product-category/engineered-hardwood-floor/tecsun-2/ HTTP/2" 429 0 "-" "Mozilla/5.0 AppleWebKit/537.36 (KHTML, like Gecko; compatible; ClaudeBot/1.0; +claudebot@anthropic.com)"
54.37.252.231 - - [18/Aug/2026:13:36:28 +0000] "GET /product-category/engineered-hardwood-floor/page/1/?add_to_wishlist=16275&_wpnonce=d5a66d583e HTTP/1.1" 301 0 "-" "Mozilla/5.0 (compatible; MJ12bot/v1.4.8; http://mj12bot.com/)"
144.76.19.157 - - [18/Aug/2026:13:36:28 +0000] "GET /product/lucca-urb/?add_to_wishlist=15547&_wpnonce=44202cc6af HTTP/1.1" 301 0 "-" "Mozilla/5.0 (compatible; SERankingBacklinksBot/1.0; +https://seranking.com/backlinks-crawler)"
192.250.227.238 - - [18/Aug/2026:13:36:31 +0000] "POST /wp-cron.php?doing_wp_cron=1787060191.0132670402526855468750 HTTP/1.1" 200 0 "-" "WordPress/7.0.4; https://glamourflooringla.com"
144.76.19.157 - - [18/Aug/2026:13:36:30 +0000] "GET /product/lucca-urb/?add_to_wishlist=15547&_wpnonce=44202cc6af HTTP/1.1" 200 45027 "-" "Mozilla/5.0 (compatible; SERankingBacklinksBot/1.0; +https://seranking.com/backlinks-crawler)"
54.37.252.231 - - [18/Aug/2026:13:36:30 +0000] "GET /product-category/engineered-hardwood-floor/?add_to_wishlist=16275&_wpnonce=d5a66d583e HTTP/1.1" 200 36909 "-" "Mozilla/5.0 (compatible; MJ12bot/v1.4.8; http://mj12bot.com/)"
216.73.217.43 - - [18/Aug/2026:13:36:32 +0000] "GET /product/star-yacht-oasis/ HTTP/2" 200 38433 "-" "Mozilla/5.0 AppleWebKit/537.36 (KHTML, like Gecko; compatible; ClaudeBot/1.0; +claudebot@anthropic.com)"
54.37.252.231 - - [18/Aug/2026:13:36:33 +0000] "GET /product-category/engineered-hardwood-floor/page/1/?add_to_wishlist=16277&_wpnonce=d5a66d583e HTTP/1.1" 301 0 "-" "Mozilla/5.0 (compatible; MJ12bot/v1.4.8; http://mj12bot.com/)"
144.76.19.157 - - [18/Aug/2026:13:36:35 +0000] "GET /product/lucca-urb/?add_to_wishlist=15549&_wpnonce=32cc803d74 HTTP/1.1" 301 0 "-" "Mozilla/5.0 (compatible; SERankingBacklinksBot/1.0; +https://seranking.com/backlinks-crawler)"
54.37.252.231 - - [18/Aug/2026:13:36:35 +0000] "GET /product-category/engineered-hardwood-floor/?add_to_wishlist=16277&_wpnonce=d5a66d583e HTTP/1.1" 200 36911 "-" "Mozilla/5.0 (compatible; MJ12bot/v1.4.8; http://mj12bot.com/)"
144.76.19.157 - - [18/Aug/2026:13:36:37 +0000] "GET /product/lucca-urb/?add_to_wishlist=15549&_wpnonce=32cc803d74 HTTP/1.1" 200 44937 "-" "Mozilla/5.0 (compatible; SERankingBacklinksBot/1.0; +https://seranking.com/backlinks-crawler)"
54.37.252.231 - - [18/Aug/2026:13:36:38 +0000] "GET /product-category/engineered-hardwood-floor/page/1/?add_to_wishlist=16284&_wpnonce=d5a66d583e HTTP/1.1" 301 0 "-" "Mozilla/5.0 (compatible; MJ12bot/v1.4.8; http://mj12bot.com/)"
216.73.217.43 - - [18/Aug/2026:13:36:41 +0000] "GET /product-category/engineered-hardwood-floor/page/2/ HTTP/2" 429 0 "-" "Mozilla/5.0 AppleWebKit/537.36 (KHTML, like Gecko; compatible; ClaudeBot/1.0; +claudebot@anthropic.com)"
54.37.252.231 - - [18/Aug/2026:13:36:40 +0000] "GET /product-category/engineered-hardwood-floor/?add_to_wishlist=16284&_wpnonce=d5a66d583e HTTP/1.1" 200 36913 "-" "Mozilla/5.0 (compatible; MJ12bot/v1.4.8; http://mj12bot.com/)"
144.76.19.157 - - [18/Aug/2026:13:36:43 +0000] "GET /product/lucca-urb/?add_to_wishlist=15549&_wpnonce=ee2ab5adbb HTTP/1.1" 301 0 "-" "Mozilla/5.0 (compatible; SERankingBacklinksBot/1.0; +https://seranking.com/backlinks-crawler)"
192.250.227.238 - - [18/Aug/2026:13:36:44 +0000] "POST /wp-cron.php?doing_wp_cron=1787060204.5739190578460693359375 HTTP/1.1" 200 0 "-" "WordPress/7.0.4; https://glamourflooringla.com"
54.37.252.231 - - [18/Aug/2026:13:36:44 +0000] "GET /product-category/engineered-hardwood-floor/page/1/?add_to_wishlist=16285&_wpnonce=d5a66d583e HTTP/1.1" 301 0 "-" "Mozilla/5.0 (compatible; MJ12bot/v1.4.8; http://mj12bot.com/)"
144.76.19.157 - - [18/Aug/2026:13:36:45 +0000] "GET /product/lucca-urb/?add_to_wishlist=15549&_wpnonce=ee2ab5adbb HTTP/1.1" 200 44988 "-" "Mozilla/5.0 (compatible; SERankingBacklinksBot/1.0; +https://seranking.com/backlinks-crawler)"
116.111.184.150 - - [18/Aug/2026:13:36:46 +0000] "GET /hidden-hills/2 HTTP/1.1" 301 0 "-" "Mozilla/5.0 (Linux; Android 5.0; SM-G900P Build/LRX21T) AppleWebKit/537.36 (KHTML, like Gecko) Chrome/56.0.7362.1180 Mobile Safari/537.36"
54.37.252.231 - - [18/Aug/2026:13:36:46 +0000] "GET /product-category/engineered-hardwood-floor/?add_to_wishlist=16285&_wpnonce=d5a66d583e HTTP/1.1" 200 36913 "-" "Mozilla/5.0 (compatible; MJ12bot/v1.4.8; http://mj12bot.com/)"
54.37.252.231 - - [18/Aug/2026:13:36:49 +0000] "GET /product-category/engineered-hardwood-floor/page/1/?add_to_wishlist=16286&_wpnonce=370c12ca7e HTTP/1.1" 301 0 "-" "Mozilla/5.0 (compatible; MJ12bot/v1.4.8; http://mj12bot.com/)"
83.99.206.1 - - [18/Aug/2026:13:36:48 +0000] "GET /product/yorktown-colonial/ HTTP/1.1" 200 38711 "-" "Mozilla/5.0 (X11; Linux x86_64) AppleWebKit/537.36 (KHTML, like Gecko; GeedoShopProductFinder) Chrome/142.0.0.0 Safari/537.36"
116.111.184.150 - - [18/Aug/2026:13:36:49 +0000] "GET / HTTP/1.1" 200 46910 "-" "Mozilla/5.0 (Linux; Android 5.0; SM-G900P Build/LRX21T) AppleWebKit/537.36 (KHTML, like Gecko) Chrome/56.0.7362.1180 Mobile Safari/537.36"
144.76.19.157 - - [18/Aug/2026:13:36:50 +0000] "GET /product/lucca-urb/?add_to_wishlist=15551&_wpnonce=32cc803d74 HTTP/1.1" 301 0 "-" "Mozilla/5.0 (compatible; SERankingBacklinksBot/1.0; +https://seranking.com/backlinks-crawler)"
54.37.252.231 - - [18/Aug/2026:13:36:51 +0000] "GET /product-category/engineered-hardwood-floor/?add_to_wishlist=16286&_wpnonce=370c12ca7e HTTP/1.1" 200 36911 "-" "Mozilla/5.0 (compatible; MJ12bot/v1.4.8; http://mj12bot.com/)"
144.76.19.157 - - [18/Aug/2026:13:36:52 +0000] "GET /product/lucca-urb/?add_to_wishlist=15551&_wpnonce=32cc803d74 HTTP/1.1" 200 44931 "-" "Mozilla/5.0 (compatible; SERankingBacklinksBot/1.0; +https://seranking.com/backlinks-crawler)"
54.37.252.231 - - [18/Aug/2026:13:36:54 +0000] "GET /product-category/engineered-hardwood-floor/page/1/?add_to_wishlist=16286&_wpnonce=d5a66d583e HTTP/1.1" 301 0 "-" "Mozilla/5.0 (compatible; MJ12bot/v1.4.8; http://mj12bot.com/)"
54.37.252.231 - - [18/Aug/2026:13:36:56 +0000] "GET /product-category/engineered-hardwood-floor/?add_to_wishlist=16286&_wpnonce=d5a66d583e HTTP/1.1" 200 36915 "-" "Mozilla/5.0 (compatible; MJ12bot/v1.4.8; http://mj12bot.com/)"
144.76.19.157 - - [18/Aug/2026:13:36:58 +0000] "GET /product/lucca-urb/?add_to_wishlist=15551&_wpnonce=44202cc6af HTTP/1.1" 301 0 "-" "Mozilla/5.0 (compatible; SERankingBacklinksBot/1.0; +https://seranking.com/backlinks-crawler)"
54.37.252.231 - - [18/Aug/2026:13:36:58 +0000] "GET /product-category/engineered-hardwood-floor/page/1/?add_to_wishlist=16292&_wpnonce=d5a66d583e HTTP/1.1" 301 0 "-" "Mozilla/5.0 (compatible; MJ12bot/v1.4.8; http://mj12bot.com/)"
144.76.19.157 - - [18/Aug/2026:13:37:00 +0000] "GET /product/lucca-urb/?add_to_wishlist=15551&_wpnonce=44202cc6af HTTP/1.1" 200 45008 "-" "Mozilla/5.0 (compatible; SERankingBacklinksBot/1.0; +https://seranking.com/backlinks-crawler)"
54.37.252.231 - - [18/Aug/2026:13:37:01 +0000] "GET /product-category/engineered-hardwood-floor/?add_to_wishlist=16292&_wpnonce=d5a66d583e HTTP/1.1" 200 36913 "-" "Mozilla/5.0 (compatible; MJ12bot/v1.4.8; http://mj12bot.com/)"
54.37.252.231 - - [18/Aug/2026:13:37:04 +0000] "GET /product-category/engineered-hardwood-floor/page/1/?add_to_wishlist=16296&_wpnonce=d5a66d583e HTTP/1.1" 301 0 "-" "Mozilla/5.0 (compatible; MJ12bot/v1.4.8; http://mj12bot.com/)"
144.76.19.157 - - [18/Aug/2026:13:37:05 +0000] "GET /product/lucca-urb/?add_to_wishlist=15551&_wpnonce=ee2ab5adbb HTTP/1.1" 301 0 "-" "Mozilla/5.0 (compatible; SERankingBacklinksBot/1.0; +https://seranking.com/backlinks-crawler)"
216.73.217.177 - - [18/Aug/2026:13:37:06 +0000] "GET /product-category/engineered-hardwood-floor/artisan-2/ HTTP/2" 429 0 "-" "Mozilla/5.0 AppleWebKit/537.36 (KHTML, like Gecko; compatible; ClaudeBot/1.0; +claudebot@anthropic.com)"
54.37.252.231 - - [18/Aug/2026:13:37:06 +0000] "GET /product-category/engineered-hardwood-floor/?add_to_wishlist=16296&_wpnonce=d5a66d583e HTTP/1.1" 200 36926 "-" "Mozilla/5.0 (compatible; MJ12bot/v1.4.8; http://mj12bot.com/)"
144.76.19.157 - - [18/Aug/2026:13:37:07 +0000] "GET /product/lucca-urb/?add_to_wishlist=15551&_wpnonce=ee2ab5adbb HTTP/1.1" 200 44927 "-" "Mozilla/5.0 (compatible; SERankingBacklinksBot/1.0; +https://seranking.com/backlinks-crawler)"
54.37.252.231 - - [18/Aug/2026:13:37:09 +0000] "GET /product-category/engineered-hardwood-floor/page/1/?add_to_wishlist=16297&_wpnonce=d5a66d583e HTTP/1.1" 301 0 "-" "Mozilla/5.0 (compatible; MJ12bot/v1.4.8; http://mj12bot.com/)"
54.37.252.231 - - [18/Aug/2026:13:37:11 +0000] "GET /product-category/engineered-hardwood-floor/?add_to_wishlist=16297&_wpnonce=d5a66d583e HTTP/1.1" 200 36918 "-" "Mozilla/5.0 (compatible; MJ12bot/v1.4.8; http://mj12bot.com/)"
144.76.19.157 - - [18/Aug/2026:13:37:13 +0000] "GET /product/lucca-urb/?add_to_wishlist=15552&_wpnonce=32cc803d74 HTTP/1.1" 301 0 "-" "Mozilla/5.0 (compatible; SERankingBacklinksBot/1.0; +https://seranking.com/backlinks-crawler)"
83.99.206.1 - - [18/Aug/2026:13:37:13 +0000] "GET /product/nolana-provenza-floors/ HTTP/1.1" 200 38491 "-" "Mozilla/5.0 (X11; Linux x86_64) AppleWebKit/537.36 (KHTML, like Gecko; GeedoShopProductFinder) Chrome/142.0.0.0 Safari/537.36"
54.37.252.231 - - [18/Aug/2026:13:37:14 +0000] "GET /product-category/engineered-hardwood-floor/page/1/?add_to_wishlist=16298&_wpnonce=d5a66d583e HTTP/1.1" 301 0 "-" "Mozilla/5.0 (compatible; MJ12bot/v1.4.8; http://mj12bot.com/)"
144.76.19.157 - - [18/Aug/2026:13:37:15 +0000] "GET /product/lucca-urb/?add_to_wishlist=15552&_wpnonce=32cc803d74 HTTP/1.1" 200 44882 "-" "Mozilla/5.0 (compatible; SERankingBacklinksBot/1.0; +https://seranking.com/backlinks-crawler)"
54.37.252.231 - - [18/Aug/2026:13:37:17 +0000] "GET /product-category/engineered-hardwood-floor/?add_to_wishlist=16298&_wpnonce=d5a66d583e HTTP/1.1" 200 36920 "-" "Mozilla/5.0 (compatible; MJ12bot/v1.4.8; http://mj12bot.com/)"
186.214.197.39 - - [18/Aug/2026:13:37:17 +0000] "GET /product/luisa-monarch/2 HTTP/2" 301 0 "-" "Mozilla/5.0 (iPhone; CPU iPhone OS 11_0 like Mac OS X) AppleWebKit/537.36 (KHTML, like Gecko) Chrome/46.0.8785.1494 Mobile Safari/537.36"
186.214.197.39 - - [18/Aug/2026:13:37:19 +0000] "GET / HTTP/2" 200 46910 "-" "Mozilla/5.0 (iPhone; CPU iPhone OS 11_0 like Mac OS X) AppleWebKit/537.36 (KHTML, like Gecko) Chrome/46.0.8785.1494 Mobile Safari/537.36"
54.37.252.231 - - [18/Aug/2026:13:37:20 +0000] "GET /product-category/engineered-hardwood-floor/page/1/?add_to_wishlist=16331&_wpnonce=d5a66d583e HTTP/1.1" 301 0 "-" "Mozilla/5.0 (compatible; MJ12bot/v1.4.8; http://mj12bot.com/)"
144.76.19.157 - - [18/Aug/2026:13:37:20 +0000] "GET /product/lucca-urb/?add_to_wishlist=15552&_wpnonce=ee2ab5adbb HTTP/1.1" 301 0 "-" "Mozilla/5.0 (compatible; SERankingBacklinksBot/1.0; +https://seranking.com/backlinks-crawler)"
54.37.252.231 - - [18/Aug/2026:13:37:22 +0000] "GET /product-category/engineered-hardwood-floor/?add_to_wishlist=16331&_wpnonce=d5a66d583e HTTP/1.1" 200 36910 "-" "Mozilla/5.0 (compatible; MJ12bot/v1.4.8; http://mj12bot.com/)"
144.76.19.157 - - [18/Aug/2026:13:37:22 +0000] "GET /product/lucca-urb/?add_to_wishlist=15552&_wpnonce=ee2ab5adbb HTTP/1.1" 200 44980 "-" "Mozilla/5.0 (compatible; SERankingBacklinksBot/1.0; +https://seranking.com/backlinks-crawler)"
54.37.252.231 - - [18/Aug/2026:13:37:25 +0000] "GET /product-category/engineered-hardwood-floor/page/1/?add_to_wishlist=16333&_wpnonce=d5a66d583e HTTP/1.1" 301 0 "-" "Mozilla/5.0 (compatible; MJ12bot/v1.4.8; http://mj12bot.com/)"
54.37.252.231 - - [18/Aug/2026:13:37:27 +0000] "GET /product-category/engineered-hardwood-floor/?add_to_wishlist=16333&_wpnonce=d5a66d583e HTTP/1.1" 200 36912 "-" "Mozilla/5.0 (compatible; MJ12bot/v1.4.8; http://mj12bot.com/)"
144.76.19.157 - - [18/Aug/2026:13:37:28 +0000] "GET /product/lucca-urb/?add_to_wishlist=15555&_wpnonce=ee2ab5adbb HTTP/1.1" 301 0 "-" "Mozilla/5.0 (compatible; SERankingBacklinksBot/1.0; +https://seranking.com/backlinks-crawler)"
57.141.4.4 - - [18/Aug/2026:13:37:30 +0000] "GET /detail/2734330941686 HTTP/2" 429 0 "-" "Mozilla/5.0 (Macintosh; Intel Mac OS X 10_15_7) AppleWebKit/537.36 (KHTML, like Gecko) Chrome/145.0.0.0 Safari/537.36 (compatible; meta-externalagent/1.1 (+https://developers.facebook.com/docs/sharing/webmasters/crawler))"
54.37.252.231 - - [18/Aug/2026:13:37:29 +0000] "GET /product-category/engineered-hardwood-floor/page/10/?add_to_wishlist=16311&_wpnonce=d5a66d583e HTTP/1.1" 200 36488 "-" "Mozilla/5.0 (compatible; MJ12bot/v1.4.8; http://mj12bot.com/)"
192.250.227.238 - - [18/Aug/2026:13:37:30 +0000] "POST /wp-cron.php?doing_wp_cron=1787060250.8224658966064453125000 HTTP/1.1" 200 0 "-" "WordPress/7.0.4; https://glamourflooringla.com"
144.76.19.157 - - [18/Aug/2026:13:37:30 +0000] "GET /product/lucca-urb/?add_to_wishlist=15555&_wpnonce=ee2ab5adbb HTTP/1.1" 200 44975 "-" "Mozilla/5.0 (compatible; SERankingBacklinksBot/1.0; +https://seranking.com/backlinks-crawler)"
122.161.76.89 - - [18/Aug/2026:13:37:31 +0000] "GET /product/jolie-pro/ HTTP/2" 200 38534 "-" "Mozilla/5.0 (Macintosh; Intel Mac OS X 10_15_7) AppleWebKit/537.36 (KHTML, like Gecko) Chrome/133.0.0.0 Safari/537.36"
83.99.206.1 - - [18/Aug/2026:13:37:32 +0000] "GET /product/canal-street-provenza-floors/ HTTP/1.1" 200 38403 "-" "Mozilla/5.0 (X11; Linux x86_64) AppleWebKit/537.36 (KHTML, like Gecko; GeedoShopProductFinder) Chrome/142.0.0.0 Safari/537.36"
216.73.217.177 - - [18/Aug/2026:13:37:32 +0000] "GET /product-category/engineered-hardwood-floor/bamboo/ HTTP/2" 200 30056 "-" "Mozilla/5.0 AppleWebKit/537.36 (KHTML, like Gecko; compatible; ClaudeBot/1.0; +claudebot@anthropic.com)"
54.37.252.231 - - [18/Aug/2026:13:37:33 +0000] "GET /product-category/engineered-hardwood-floor/page/10/?add_to_wishlist=16312&_wpnonce=d5a66d583e HTTP/1.1" 200 36501 "-" "Mozilla/5.0 (compatible; MJ12bot/v1.4.8; http://mj12bot.com/)"
144.76.19.157 - - [18/Aug/2026:13:37:35 +0000] "GET /product/lucca-urb/?add_to_wishlist=15556&_wpnonce=ee2ab5adbb HTTP/1.1" 301 0 "-" "Mozilla/5.0 (compatible; SERankingBacklinksBot/1.0; +https://seranking.com/backlinks-crawler)"
54.37.252.231 - - [18/Aug/2026:13:37:36 +0000] "GET /product-category/engineered-hardwood-floor/page/10/?add_to_wishlist=16313&_wpnonce=d5a66d583e HTTP/1.1" 200 36497 "-" "Mozilla/5.0 (compatible; MJ12bot/v1.4.8; http://mj12bot.com/)"
144.76.19.157 - - [18/Aug/2026:13:37:37 +0000] "GET /product/lucca-urb/?add_to_wishlist=15556&_wpnonce=ee2ab5adbb HTTP/1.1" 200 44949 "-" "Mozilla/5.0 (compatible; SERankingBacklinksBot/1.0; +https://seranking.com/backlinks-crawler)"
54.37.252.231 - - [18/Aug/2026:13:37:38 +0000] "GET /product-category/engineered-hardwood-floor/page/10/?add_to_wishlist=16314&_wpnonce=d5a66d583e HTTP/1.1" 200 36486 "-" "Mozilla/5.0 (compatible; MJ12bot/v1.4.8; http://mj12bot.com/)"
216.73.217.177 - - [18/Aug/2026:13:37:40 +0000] "GET /product-category/engineered-hardwood-floor/page/3/ HTTP/2" 429 0 "-" "Mozilla/5.0 AppleWebKit/537.36 (KHTML, like Gecko; compatible; ClaudeBot/1.0; +claudebot@anthropic.com)"
216.73.216.54 - - [18/Aug/2026:13:37:42 +0000] "GET /product-category/engineered-hardwood-floor/page/4/ HTTP/2" 429 0 "-" "Mozilla/5.0 AppleWebKit/537.36 (KHTML, like Gecko; compatible; ClaudeBot/1.0; +claudebot@anthropic.com)"
54.37.252.231 - - [18/Aug/2026:13:37:41 +0000] "GET /product-category/engineered-hardwood-floor/page/10/?add_to_wishlist=16315&_wpnonce=d5a66d583e HTTP/1.1" 200 36502 "-" "Mozilla/5.0 (compatible; MJ12bot/v1.4.8; http://mj12bot.com/)"
144.76.19.157 - - [18/Aug/2026:13:37:42 +0000] "GET /product/lucca-urb/?add_to_wishlist=15559&_wpnonce=44202cc6af HTTP/1.1" 301 0 "-" "Mozilla/5.0 (compatible; SERankingBacklinksBot/1.0; +https://seranking.com/backlinks-crawler)"
54.37.252.231 - - [18/Aug/2026:13:37:44 +0000] "GET /product-category/engineered-hardwood-floor/page/10/?add_to_wishlist=16316&_wpnonce=d5a66d583e HTTP/1.1" 200 36497 "-" "Mozilla/5.0 (compatible; MJ12bot/v1.4.8; http://mj12bot.com/)"
144.76.19.157 - - [18/Aug/2026:13:37:44 +0000] "GET /product/lucca-urb/?add_to_wishlist=15559&_wpnonce=44202cc6af HTTP/1.1" 200 44976 "-" "Mozilla/5.0 (compatible; SERankingBacklinksBot/1.0; +https://seranking.com/backlinks-crawler)"
54.37.252.231 - - [18/Aug/2026:13:37:47 +0000] "GET /product-category/engineered-hardwood-floor/page/10/?add_to_wishlist=16318&_wpnonce=d5a66d583e HTTP/1.1" 200 36500 "-" "Mozilla/5.0 (compatible; MJ12bot/v1.4.8; http://mj12bot.com/)"
144.76.19.157 - - [18/Aug/2026:13:37:50 +0000] "GET /product/lucca-urb/?add_to_wishlist=15559&_wpnonce=ee2ab5adbb HTTP/1.1" 301 0 "-" "Mozilla/5.0 (compatible; SERankingBacklinksBot/1.0; +https://seranking.com/backlinks-crawler)"
54.37.252.231 - - [18/Aug/2026:13:37:50 +0000] "GET /product-category/engineered-hardwood-floor/page/10/?add_to_wishlist=16323&_wpnonce=d5a66d583e HTTP/1.1" 200 36503 "-" "Mozilla/5.0 (compatible; MJ12bot/v1.4.8; http://mj12bot.com/)"
144.76.19.157 - - [18/Aug/2026:13:37:52 +0000] "GET /product/lucca-urb/?add_to_wishlist=15559&_wpnonce=ee2ab5adbb HTTP/1.1" 200 44946 "-" "Mozilla/5.0 (compatible; SERankingBacklinksBot/1.0; +https://seranking.com/backlinks-crawler)"
54.37.252.231 - - [18/Aug/2026:13:37:52 +0000] "GET /product-category/engineered-hardwood-floor/page/10/?add_to_wishlist=16327&_wpnonce=d5a66d583e HTTP/1.1" 200 36492 "-" "Mozilla/5.0 (compatible; MJ12bot/v1.4.8; http://mj12bot.com/)"
216.73.216.54 - - [18/Aug/2026:13:37:54 +0000] "GET /product-category/engineered-hardwood-floor/tom-duffy/ HTTP/2" 429 0 "-" "Mozilla/5.0 AppleWebKit/537.36 (KHTML, like Gecko; compatible; ClaudeBot/1.0; +claudebot@anthropic.com)"
54.37.252.231 - - [18/Aug/2026:13:37:55 +0000] "GET /product-category/engineered-hardwood-floor/page/10/?add_to_wishlist=16328&_wpnonce=d5a66d583e HTTP/1.1" 200 36496 "-" "Mozilla/5.0 (compatible; MJ12bot/v1.4.8; http://mj12bot.com/)"
144.76.19.157 - - [18/Aug/2026:13:37:57 +0000] "GET /product/lucca-urb/?add_to_wishlist=15560&_wpnonce=44202cc6af HTTP/1.1" 301 0 "-" "Mozilla/5.0 (compatible; SERankingBacklinksBot/1.0; +https://seranking.com/backlinks-crawler)"
116.179.32.200 - - [18/Aug/2026:13:37:58 +0000] "GET /product-category/flooring/tile-floors/page/5/ HTTP/2" 301 0 "-" "Mozilla/5.0 (compatible; Baiduspider/2.0; +http://www.baidu.com/search/spider.html)"
54.37.252.231 - - [18/Aug/2026:13:37:58 +0000] "GET /product-category/engineered-hardwood-floor/page/10/?add_to_wishlist=16329&_wpnonce=d5a66d583e HTTP/1.1" 200 36499 "-" "Mozilla/5.0 (compatible; MJ12bot/v1.4.8; http://mj12bot.com/)"
116.179.32.29 - - [18/Aug/2026:13:38:00 +0000] "GET / HTTP/2" 301 0 "-" "Mozilla/5.0 (compatible; Baiduspider/2.0; +http://www.baidu.com/search/spider.html)"
144.76.19.157 - - [18/Aug/2026:13:37:59 +0000] "GET /product/lucca-urb/?add_to_wishlist=15560&_wpnonce=44202cc6af HTTP/1.1" 200 44961 "-" "Mozilla/5.0 (compatible; SERankingBacklinksBot/1.0; +https://seranking.com/backlinks-crawler)"
116.179.32.30 - - [18/Aug/2026:13:38:01 +0000] "GET / HTTP/2" 200 54130 "-" "Mozilla/5.0 (compatible; Baiduspider/2.0; +http://www.baidu.com/search/spider.html)"
54.37.252.231 - - [18/Aug/2026:13:38:01 +0000] "GET /product-category/engineered-hardwood-floor/page/10/?add_to_wishlist=16330&_wpnonce=d5a66d583e HTTP/1.1" 200 36493 "-" "Mozilla/5.0 (compatible; MJ12bot/v1.4.8; http://mj12bot.com/)"
216.73.217.177 - - [18/Aug/2026:13:38:05 +0000] "GET /product-category/engineered-hardwood-floor/page/17/ HTTP/2" 429 0 "-" "Mozilla/5.0 AppleWebKit/537.36 (KHTML, like Gecko; compatible; ClaudeBot/1.0; +claudebot@anthropic.com)"
54.37.252.231 - - [18/Aug/2026:13:38:04 +0000] "GET /product-category/engineered-hardwood-floor/page/10/?add_to_wishlist=16331&_wpnonce=d5a66d583e HTTP/1.1" 200 36500 "-" "Mozilla/5.0 (compatible; MJ12bot/v1.4.8; http://mj12bot.com/)"
144.76.19.157 - - [18/Aug/2026:13:38:05 +0000] "GET /product/lucca-urb/?add_to_wishlist=15560&_wpnonce=ee2ab5adbb HTTP/1.1" 301 0 "-" "Mozilla/5.0 (compatible; SERankingBacklinksBot/1.0; +https://seranking.com/backlinks-crawler)"
103.103.89.133 - - [18/Aug/2026:13:38:05 +0000] "GET /product/great-rift-provenza-floors/2 HTTP/1.1" 301 0 "-" "Mozilla/5.0 (Linux; Android 5.0; SM-G900P Build/LRX21T) AppleWebKit/537.36 (KHTML, like Gecko) Chrome/47.0.6508.1752 Mobile Safari/537.36"
144.76.19.157 - - [18/Aug/2026:13:38:07 +0000] "GET /product/lucca-urb/?add_to_wishlist=15560&_wpnonce=ee2ab5adbb HTTP/1.1" 200 44938 "-" "Mozilla/5.0 (compatible; SERankingBacklinksBot/1.0; +https://seranking.com/backlinks-crawler)"
54.37.252.231 - - [18/Aug/2026:13:38:07 +0000] "GET /product-category/engineered-hardwood-floor/page/10/?add_to_wishlist=16333&_wpnonce=d5a66d583e HTTP/1.1" 200 36498 "-" "Mozilla/5.0 (compatible; MJ12bot/v1.4.8; http://mj12bot.com/)"
103.103.89.133 - - [18/Aug/2026:13:38:08 +0000] "GET / HTTP/1.1" 200 46910 "-" "Mozilla/5.0 (Linux; Android 5.0; SM-G900P Build/LRX21T) AppleWebKit/537.36 (KHTML, like Gecko) Chrome/47.0.6508.1752 Mobile Safari/537.36"
216.73.217.177 - - [18/Aug/2026:13:38:09 +0000] "GET /product-category/engineered-hardwood-floor/thick-veneer/ HTTP/2" 429 0 "-" "Mozilla/5.0 AppleWebKit/537.36 (KHTML, like Gecko; compatible; ClaudeBot/1.0; +claudebot@anthropic.com)"
54.37.252.231 - - [18/Aug/2026:13:38:09 +0000] "GET /product-category/engineered-hardwood-floor/page/10/?add_to_wishlist=16340&_wpnonce=d5a66d583e HTTP/1.1" 200 36495 "-" "Mozilla/5.0 (compatible; MJ12bot/v1.4.8; http://mj12bot.com/)"
144.76.19.157 - - [18/Aug/2026:13:38:12 +0000] "GET /product/lucca-urb/?add_to_wishlist=15561&_wpnonce=ee2ab5adbb HTTP/1.1" 301 0 "-" "Mozilla/5.0 (compatible; SERankingBacklinksBot/1.0; +https://seranking.com/backlinks-crawler)"
54.37.252.231 - - [18/Aug/2026:13:38:12 +0000] "GET /product-category/engineered-hardwood-floor/page/10/?add_to_wishlist=16345&_wpnonce=d5a66d583e HTTP/1.1" 200 36502 "-" "Mozilla/5.0 (compatible; MJ12bot/v1.4.8; http://mj12bot.com/)"
216.73.217.177 - - [18/Aug/2026:13:38:14 +0000] "GET /product-category/engineered-hardwood-floor/europa/ HTTP/2" 429 0 "-" "Mozilla/5.0 AppleWebKit/537.36 (KHTML, like Gecko; compatible; ClaudeBot/1.0; +claudebot@anthropic.com)"
144.76.19.157 - - [18/Aug/2026:13:38:14 +0000] "GET /product/lucca-urb/?add_to_wishlist=15561&_wpnonce=ee2ab5adbb HTTP/1.1" 200 44970 "-" "Mozilla/5.0 (compatible; SERankingBacklinksBot/1.0; +https://seranking.com/backlinks-crawler)"
54.37.252.231 - - [18/Aug/2026:13:38:15 +0000] "GET /product-category/engineered-hardwood-floor/page/10/?add_to_wishlist=16350&_wpnonce=d5a66d583e HTTP/1.1" 200 36495 "-" "Mozilla/5.0 (compatible; MJ12bot/v1.4.8; http://mj12bot.com/)"
54.37.252.231 - - [18/Aug/2026:13:38:18 +0000] "GET /product-category/engineered-hardwood-floor/page/10/?add_to_wishlist=16360&_wpnonce=d5a66d583e HTTP/1.1" 200 36494 "-" "Mozilla/5.0 (compatible; MJ12bot/v1.4.8; http://mj12bot.com/)"
144.76.19.157 - - [18/Aug/2026:13:38:19 +0000] "GET /product/lucca-urb/?add_to_wishlist=15565&_wpnonce=ee2ab5adbb HTTP/1.1" 301 0 "-" "Mozilla/5.0 (compatible; SERankingBacklinksBot/1.0; +https://seranking.com/backlinks-crawler)"
54.37.252.231 - - [18/Aug/2026:13:38:21 +0000] "GET /product-category/engineered-hardwood-floor/page/10/?add_to_wishlist=16366&_wpnonce=d5a66d583e HTTP/1.1" 200 36494 "-" "Mozilla/5.0 (compatible; MJ12bot/v1.4.8; http://mj12bot.com/)"
144.76.19.157 - - [18/Aug/2026:13:38:21 +0000] "GET /product/lucca-urb/?add_to_wishlist=15565&_wpnonce=ee2ab5adbb HTTP/1.1" 200 44907 "-" "Mozilla/5.0 (compatible; SERankingBacklinksBot/1.0; +https://seranking.com/backlinks-crawler)"
54.37.252.231 - - [18/Aug/2026:13:38:24 +0000] "GET /product-category/engineered-hardwood-floor/page/10/?add_to_wishlist=16367&_wpnonce=d5a66d583e HTTP/1.1" 200 36491 "-" "Mozilla/5.0 (compatible; MJ12bot/v1.4.8; http://mj12bot.com/)"
145.223.131.29 - - [18/Aug/2026:13:38:26 +0000] "GET /product/holiday-party-oasis/feed/ HTTP/1.1" 200 389 "-" "Mozilla/5.0 (Macintosh; Intel Mac OS X 10_15_7) AppleWebKit/537.36 (KHTML, like Gecko) Chrome/136.0.0.0 Safari/537.36"
144.76.19.157 - - [18/Aug/2026:13:38:27 +0000] "GET /product/lucca-urb/?add_to_wishlist=15566&_wpnonce=32cc803d74 HTTP/1.1" 301 0 "-" "Mozilla/5.0 (compatible; SERankingBacklinksBot/1.0; +https://seranking.com/backlinks-crawler)"
54.37.252.231 - - [18/Aug/2026:13:38:26 +0000] "GET /product-category/engineered-hardwood-floor/page/10/?add_to_wishlist=16373&_wpnonce=d5a66d583e HTTP/1.1" 200 36499 "-" "Mozilla/5.0 (compatible; MJ12bot/v1.4.8; http://mj12bot.com/)"
152.39.246.129 - - [18/Aug/2026:13:38:28 +0000] "GET /wp-json/contact-form-7/v1/contact-forms/22308/feedback/schema HTTP/2" 200 322 "https://glamourflooringla.com/" "Mozilla/5.0 (Linux; Android 5.0; SM-G900P Build/LRX21T) AppleWebKit/537.36 (KHTML, like Gecko) Chrome/47.0.6508.1752 Mobile Safari/537.36"
152.39.246.129 - - [18/Aug/2026:13:38:28 +0000] "GET /wp-json/contact-form-7/v1/contact-forms/22324/feedback/schema HTTP/2" 200 241 "https://glamourflooringla.com/" "Mozilla/5.0 (Linux; Android 5.0; SM-G900P Build/LRX21T) AppleWebKit/537.36 (KHTML, like Gecko) Chrome/47.0.6508.1752 Mobile Safari/537.36"
152.39.246.129 - - [18/Aug/2026:13:38:28 +0000] "POST /?wc-ajax=get_refreshed_fragments HTTP/2" 200 916 "https://glamourflooringla.com/" "Mozilla/5.0 (Linux; Android 5.0; SM-G900P Build/LRX21T) AppleWebKit/537.36 (KHTML, like Gecko) Chrome/47.0.6508.1752 Mobile Safari/537.36"
192.250.227.238 - - [18/Aug/2026:13:38:30 +0000] "POST /wp-cron.php?doing_wp_cron=1787060310.1066489219665527343750 HTTP/1.1" 200 0 "-" "WordPress/7.0.4; https://glamourflooringla.com"
144.76.19.157 - - [18/Aug/2026:13:38:29 +0000] "GET /product/lucca-urb/?add_to_wishlist=15566&_wpnonce=32cc803d74 HTTP/1.1" 200 45001 "-" "Mozilla/5.0 (compatible; SERankingBacklinksBot/1.0; +https://seranking.com/backlinks-crawler)"
192.250.227.238 - - [18/Aug/2026:13:38:30 +0000] "POST /wp-cron.php?doing_wp_cron=1787060310.7567000389099121093750 HTTP/1.1" 200 0 "-" "WordPress/7.0.4; https://glamourflooringla.com"
54.37.252.231 - - [18/Aug/2026:13:38:29 +0000] "GET /product-category/engineered-hardwood-floor/page/10/?add_to_wishlist=16374&_wpnonce=d5a66d583e HTTP/1.1" 200 36489 "-" "Mozilla/5.0 (compatible; MJ12bot/v1.4.8; http://mj12bot.com/)"
54.37.252.231 - - [18/Aug/2026:13:38:32 +0000] "GET /product-category/engineered-hardwood-floor/page/10/?add_to_wishlist=16375&_wpnonce=d5a66d583e HTTP/1.1" 200 36498 "-" "Mozilla/5.0 (compatible; MJ12bot/v1.4.8; http://mj12bot.com/)"
144.76.19.157 - - [18/Aug/2026:13:38:34 +0000] "GET /product/lucca-urb/?add_to_wishlist=15566&_wpnonce=ee2ab5adbb HTTP/1.1" 301 0 "-" "Mozilla/5.0 (compatible; SERankingBacklinksBot/1.0; +https://seranking.com/backlinks-crawler)"
54.37.252.231 - - [18/Aug/2026:13:38:35 +0000] "GET /product-category/engineered-hardwood-floor/page/10/?add_to_wishlist=16376&_wpnonce=d5a66d583e HTTP/1.1" 200 36502 "-" "Mozilla/5.0 (compatible; MJ12bot/v1.4.8; http://mj12bot.com/)"
216.73.217.177 - - [18/Aug/2026:13:38:35 +0000] "GET /product-category/engineered-hardwood-floor/herringbone-engineered-hardwood/ HTTP/2" 200 30210 "-" "Mozilla/5.0 AppleWebKit/537.36 (KHTML, like Gecko; compatible; ClaudeBot/1.0; +claudebot@anthropic.com)"
57.141.4.22 - - [18/Aug/2026:13:38:37 +0000] "GET /detail/1981270111639 HTTP/2" 429 0 "-" "Mozilla/5.0 (X11; Linux x86_64) AppleWebKit/537.36 (KHTML, like Gecko) Chrome/145.0.0.0 Safari/537.36 (compatible; meta-externalagent/1.1 (+https://developers.facebook.com/docs/sharing/webmasters/crawler))"
144.76.19.157 - - [18/Aug/2026:13:38:36 +0000] "GET /product/lucca-urb/?add_to_wishlist=15566&_wpnonce=ee2ab5adbb HTTP/1.1" 200 44926 "-" "Mozilla/5.0 (compatible; SERankingBacklinksBot/1.0; +https://seranking.com/backlinks-crawler)"
54.37.252.231 - - [18/Aug/2026:13:38:38 +0000] "GET /product-category/engineered-hardwood-floor/page/10/?add_to_wishlist=16383&_wpnonce=d5a66d583e HTTP/1.1" 200 36502 "-" "Mozilla/5.0 (compatible; MJ12bot/v1.4.8; http://mj12bot.com/)"
216.73.217.177 - - [18/Aug/2026:13:38:40 +0000] "GET /product-category/engineered-hardwood-floor/urban-floors/ HTTP/2" 429 0 "-" "Mozilla/5.0 AppleWebKit/537.36 (KHTML, like Gecko; compatible; ClaudeBot/1.0; +claudebot@anthropic.com)"
164.163.36.91 - - [18/Aug/2026:13:38:40 +0000] "GET /carpet-flooring/2 HTTP/2" 301 0 "-" "Mozilla/5.0 (Linux; Android 5.0; SM-G900P Build/LRX21T) AppleWebKit/537.36 (KHTML, like Gecko) Chrome/44.0.9066.1486 Mobile Safari/537.36"
54.37.252.231 - - [18/Aug/2026:13:38:40 +0000] "GET /product-category/engineered-hardwood-floor/page/10/?add_to_wishlist=16384&_wpnonce=d5a66d583e HTTP/1.1" 200 36501 "-" "Mozilla/5.0 (compatible; MJ12bot/v1.4.8; http://mj12bot.com/)"
164.163.36.91 - - [18/Aug/2026:13:38:42 +0000] "GET / HTTP/2" 200 46910 "-" "Mozilla/5.0 (Linux; Android 5.0; SM-G900P Build/LRX21T) AppleWebKit/537.36 (KHTML, like Gecko) Chrome/44.0.9066.1486 Mobile Safari/537.36"
144.76.19.157 - - [18/Aug/2026:13:38:42 +0000] "GET /product/lucca-urb/?add_to_wishlist=15569&_wpnonce=32cc803d74 HTTP/1.1" 301 0 "-" "Mozilla/5.0 (compatible; SERankingBacklinksBot/1.0; +https://seranking.com/backlinks-crawler)"
144.76.19.157 - - [18/Aug/2026:13:38:44 +0000] "GET /product/lucca-urb/?add_to_wishlist=15569&_wpnonce=32cc803d74 HTTP/1.1" 200 44918 "-" "Mozilla/5.0 (compatible; SERankingBacklinksBot/1.0; +https://seranking.com/backlinks-crawler)"
54.37.252.231 - - [18/Aug/2026:13:38:44 +0000] "GET /product-category/engineered-hardwood-floor/page/10/?add_to_wishlist=16385&_wpnonce=d5a66d583e HTTP/1.1" 200 36492 "-" "Mozilla/5.0 (compatible; MJ12bot/v1.4.8; http://mj12bot.com/)"
116.179.37.59 - - [18/Aug/2026:13:38:46 +0000] "GET /wp-content/plugins/contact-form-7/includes/swv/js/index.js?ver=6.1.7 HTTP/1.1" 200 3523 "https://glamourflooringla.com/" "Mozilla/5.0 (compatible; Baiduspider-render/2.0; +http://www.baidu.com/search/spider.html)"
116.179.37.48 - - [18/Aug/2026:13:38:46 +0000] "GET /wp-content/plugins/contact-form-7/includes/js/index.js?ver=6.1.7 HTTP/1.1" 200 4236 "https://glamourflooringla.com/" "Mozilla/5.0 (compatible; Baiduspider-render/2.0; +http://www.baidu.com/search/spider.html)"
116.179.37.160 - - [18/Aug/2026:13:38:47 +0000] "GET /?wmcAction=wmcTrack&action_name=Hardwood%20Flooring%20Store%20Woodland%20Hills%20%7C%20Glamour%20Flooring%20LA&siteId=1&rec=1&rand=625121&h=21&m=38&s=46&url=https%3A%2F%2Fglamourflooringla.com%2F&uid=0&pid=17829&visitorId=4492476f3e3e286b&fvts=1787060326&vc=1&idn=0&refts=0&lvts=1787060326&fullRef=glamourflooringla.com%2F&send_image=1&cookie=1&res=1600x1600>ms=14&pvId=ISAUiD&browser=+http://www.baidu.com/search_5&os=-_-&device=Desktop HTTP/1.1" 200 36 "https://glamourflooringla.com/" "Mozilla/5.0 (compatible; Baiduspider-render/2.0; +http://www.baidu.com/search/spider.html)"
54.37.252.231 - - [18/Aug/2026:13:38:47 +0000] "GET /product-category/engineered-hardwood-floor/page/10/?add_to_wishlist=16387&_wpnonce=d5a66d583e HTTP/1.1" 200 36504 "-" "Mozilla/5.0 (compatible; MJ12bot/v1.4.8; http://mj12bot.com/)"
116.179.37.82 - - [18/Aug/2026:13:38:47 +0000] "POST /?wc-ajax=get_refreshed_fragments HTTP/1.1" 200 955 "https://glamourflooringla.com/" "Mozilla/5.0 (compatible; Baiduspider-render/2.0; +http://www.baidu.com/search/spider.html)"
116.179.37.26 - - [18/Aug/2026:13:38:48 +0000] "GET /wp-json/contact-form-7/v1/contact-forms/22308/feedback/schema HTTP/1.1" 200 353 "https://glamourflooringla.com/" "Mozilla/5.0 (compatible; Baiduspider-render/2.0; +http://www.baidu.com/search/spider.html)"
116.179.37.50 - - [18/Aug/2026:13:38:49 +0000] "GET /wp-json/contact-form-7/v1/contact-forms/22324/feedback/schema HTTP/1.1" 200 270 "https://glamourflooringla.com/" "Mozilla/5.0 (compatible; Baiduspider-render/2.0; +http://www.baidu.com/search/spider.html)"
144.76.19.157 - - [18/Aug/2026:13:38:49 +0000] "GET /product/lucca-urb/?add_to_wishlist=15569&_wpnonce=ee2ab5adbb HTTP/1.1" 301 0 "-" "Mozilla/5.0 (compatible; SERankingBacklinksBot/1.0; +https://seranking.com/backlinks-crawler)"
54.37.252.231 - - [18/Aug/2026:13:38:49 +0000] "GET /product-category/engineered-hardwood-floor/page/10/?add_to_wishlist=16388&_wpnonce=d5a66d583e HTTP/1.1" 200 36500 "-" "Mozilla/5.0 (compatible; MJ12bot/v1.4.8; http://mj12bot.com/)"
152.39.246.129 - - [18/Aug/2026:13:38:51 +0000] "GET /wp-json/contact-form-7/v1/contact-forms/22308/refill HTTP/2" 200 6 "https://glamourflooringla.com/" "Mozilla/5.0 (Linux; Android 5.0; SM-G900P Build/LRX21T) AppleWebKit/537.36 (KHTML, like Gecko) Chrome/47.0.6508.1752 Mobile Safari/537.36"
152.39.246.129 - - [18/Aug/2026:13:38:51 +0000] "GET /wp-json/contact-form-7/v1/contact-forms/22324/refill HTTP/2" 200 6 "https://glamourflooringla.com/" "Mozilla/5.0 (Linux; Android 5.0; SM-G900P Build/LRX21T) AppleWebKit/537.36 (KHTML, like Gecko) Chrome/47.0.6508.1752 Mobile Safari/537.36"
144.76.19.157 - - [18/Aug/2026:13:38:51 +0000] "GET /product/lucca-urb/?add_to_wishlist=15569&_wpnonce=ee2ab5adbb HTTP/1.1" 200 45054 "-" "Mozilla/5.0 (compatible; SERankingBacklinksBot/1.0; +https://seranking.com/backlinks-crawler)"
54.37.252.231 - - [18/Aug/2026:13:38:52 +0000] "GET /product-category/engineered-hardwood-floor/page/10/?add_to_wishlist=16392&_wpnonce=d5a66d583e HTTP/1.1" 200 36485 "-" "Mozilla/5.0 (compatible; MJ12bot/v1.4.8; http://mj12bot.com/)"
116.179.37.94 - - [18/Aug/2026:13:38:54 +0000] "GET /wp-json/contact-form-7/v1/contact-forms/22324/refill HTTP/1.1" 200 22 "https://glamourflooringla.com/" "Mozilla/5.0 (compatible; Baiduspider-render/2.0; +http://www.baidu.com/search/spider.html)"
116.179.37.220 - - [18/Aug/2026:13:38:54 +0000] "GET /wp-json/contact-form-7/v1/contact-forms/22308/refill HTTP/1.1" 200 22 "https://glamourflooringla.com/" "Mozilla/5.0 (compatible; Baiduspider-render/2.0; +http://www.baidu.com/search/spider.html)"
54.37.252.231 - - [18/Aug/2026:13:38:55 +0000] "GET /product-category/engineered-hardwood-floor/page/10/?add_to_wishlist=16393&_wpnonce=d5a66d583e HTTP/1.1" 200 36483 "-" "Mozilla/5.0 (compatible; MJ12bot/v1.4.8; http://mj12bot.com/)"
144.76.19.157 - - [18/Aug/2026:13:38:56 +0000] "GET /product/lucca-urb/?add_to_wishlist=15570&_wpnonce=44202cc6af HTTP/1.1" 301 0 "-" "Mozilla/5.0 (compatible; SERankingBacklinksBot/1.0; +https://seranking.com/backlinks-crawler)"
144.76.19.157 - - [18/Aug/2026:13:38:58 +0000] "GET /product/lucca-urb/?add_to_wishlist=15570&_wpnonce=44202cc6af HTTP/1.1" 200 44972 "-" "Mozilla/5.0 (compatible; SERankingBacklinksBot/1.0; +https://seranking.com/backlinks-crawler)"
54.37.252.231 - - [18/Aug/2026:13:38:58 +0000] "GET /product-category/engineered-hardwood-floor/page/10/?add_to_wishlist=16394&_wpnonce=d5a66d583e HTTP/1.1" 200 36499 "-" "Mozilla/5.0 (compatible; MJ12bot/v1.4.8; http://mj12bot.com/)"
54.37.252.231 - - [18/Aug/2026:13:39:01 +0000] "GET /product-category/engineered-hardwood-floor/page/10/?add_to_wishlist=16399&_wpnonce=d5a66d583e HTTP/1.1" 200 36489 "-" "Mozilla/5.0 (compatible; MJ12bot/v1.4.8; http://mj12bot.com/)"
216.73.217.177 - - [18/Aug/2026:13:39:04 +0000] "GET /product/spanish-bay-c-oasis/?add_to_wishlist=15569 HTTP/2" 429 0 "-" "Mozilla/5.0 AppleWebKit/537.36 (KHTML, like Gecko; compatible; ClaudeBot/1.0; +claudebot@anthropic.com)"
144.76.19.157 - - [18/Aug/2026:13:39:04 +0000] "GET /product/lucca-urb/?add_to_wishlist=15570&_wpnonce=ee2ab5adbb HTTP/1.1" 301 0 "-" "Mozilla/5.0 (compatible; SERankingBacklinksBot/1.0; +https://seranking.com/backlinks-crawler)"
216.73.217.177 - - [18/Aug/2026:13:39:05 +0000] "GET /product/spanish-bay-c-oasis/?add_to_wishlist=15540 HTTP/2" 429 0 "-" "Mozilla/5.0 AppleWebKit/537.36 (KHTML, like Gecko; compatible; ClaudeBot/1.0; +claudebot@anthropic.com)"
54.37.252.231 - - [18/Aug/2026:13:39:04 +0000] "GET /product-category/engineered-hardwood-floor/page/10/?add_to_wishlist=16400&_wpnonce=d5a66d583e HTTP/1.1" 200 36495 "-" "Mozilla/5.0 (compatible; MJ12bot/v1.4.8; http://mj12bot.com/)"
144.76.19.157 - - [18/Aug/2026:13:39:06 +0000] "GET /product/lucca-urb/?add_to_wishlist=15570&_wpnonce=ee2ab5adbb HTTP/1.1" 200 44983 "-" "Mozilla/5.0 (compatible; SERankingBacklinksBot/1.0; +https://seranking.com/backlinks-crawler)"
54.37.252.231 - - [18/Aug/2026:13:39:07 +0000] "GET /product-category/engineered-hardwood-floor/page/10/?add_to_wishlist=16401&_wpnonce=d5a66d583e HTTP/1.1" 200 36493 "-" "Mozilla/5.0 (compatible; MJ12bot/v1.4.8; http://mj12bot.com/)"
54.37.252.231 - - [18/Aug/2026:13:39:10 +0000] "GET /product-category/engineered-hardwood-floor/page/10/?add_to_wishlist=16403&_wpnonce=d5a66d583e HTTP/1.1" 200 36485 "-" "Mozilla/5.0 (compatible; MJ12bot/v1.4.8; http://mj12bot.com/)"
144.76.19.157 - - [18/Aug/2026:13:39:11 +0000] "GET /product/lucca-urb/?add_to_wishlist=15573&_wpnonce=ee2ab5adbb HTTP/1.1" 301 0 "-" "Mozilla/5.0 (compatible; SERankingBacklinksBot/1.0; +https://seranking.com/backlinks-crawler)"
54.37.252.231 - - [18/Aug/2026:13:39:13 +0000] "GET /product-category/engineered-hardwood-floor/page/10/?add_to_wishlist=16407&_wpnonce=d5a66d583e HTTP/1.1" 200 36497 "-" "Mozilla/5.0 (compatible; MJ12bot/v1.4.8; http://mj12bot.com/)"
144.76.19.157 - - [18/Aug/2026:13:39:13 +0000] "GET /product/lucca-urb/?add_to_wishlist=15573&_wpnonce=ee2ab5adbb HTTP/1.1" 200 44931 "-" "Mozilla/5.0 (compatible; SERankingBacklinksBot/1.0; +https://seranking.com/backlinks-crawler)"
54.37.252.231 - - [18/Aug/2026:13:39:16 +0000] "GET /product-category/engineered-hardwood-floor/page/10/?add_to_wishlist=16408&_wpnonce=d5a66d583e HTTP/1.1" 200 36499 "-" "Mozilla/5.0 (compatible; MJ12bot/v1.4.8; http://mj12bot.com/)"
144.76.19.157 - - [18/Aug/2026:13:39:19 +0000] "GET /product/lucca-urb/?add_to_wishlist=16007&_wpnonce=32cc803d74 HTTP/1.1" 301 0 "-" "Mozilla/5.0 (compatible; SERankingBacklinksBot/1.0; +https://seranking.com/backlinks-crawler)"
54.37.252.231 - - [18/Aug/2026:13:39:19 +0000] "GET /product-category/engineered-hardwood-floor/page/10/?add_to_wishlist=16409&_wpnonce=d5a66d583e HTTP/1.1" 200 36493 "-" "Mozilla/5.0 (compatible; MJ12bot/v1.4.8; http://mj12bot.com/)"
144.76.19.157 - - [18/Aug/2026:13:39:21 +0000] "GET /product/lucca-urb/?add_to_wishlist=16007&_wpnonce=32cc803d74 HTTP/1.1" 200 44974 "-" "Mozilla/5.0 (compatible; SERankingBacklinksBot/1.0; +https://seranking.com/backlinks-crawler)"
54.37.252.231 - - [18/Aug/2026:13:39:21 +0000] "GET /product-category/engineered-hardwood-floor/page/10/?add_to_wishlist=16410&_wpnonce=d5a66d583e HTTP/1.1" 200 36493 "-" "Mozilla/5.0 (compatible; MJ12bot/v1.4.8; http://mj12bot.com/)"
211.20.143.37 - - [18/Aug/2026:13:39:21 +0000] "GET /product/cottage-view-oasis/2 HTTP/2" 301 0 "-" "Mozilla/5.0 (Linux; Android 8.0; Pixel 2 Build/OPD3.170816.012) AppleWebKit/537.36 (KHTML, like Gecko) Chrome/54.0.3684.1615 Mobile Safari/537.36"
211.20.143.37 - - [18/Aug/2026:13:39:23 +0000] "GET / HTTP/2" 200 46910 "-" "Mozilla/5.0 (Linux; Android 8.0; Pixel 2 Build/OPD3.170816.012) AppleWebKit/537.36 (KHTML, like Gecko) Chrome/54.0.3684.1615 Mobile Safari/537.36"
54.37.252.231 - - [18/Aug/2026:13:39:24 +0000] "GET /product-category/engineered-hardwood-floor/page/10/?add_to_wishlist=16416&_wpnonce=d5a66d583e HTTP/1.1" 200 36490 "-" "Mozilla/5.0 (compatible; MJ12bot/v1.4.8; http://mj12bot.com/)"
192.204.139.99 - - [18/Aug/2026:13:39:26 +0000] "GET /wp-content/plugins/elementskit-lite/modules/elementskit-icon-pack/assets/css/ekiticons.css?ver=4.0.1 HTTP/2" 200 9831 "https://glamourflooringla.com/" "Mozilla/5.0 (Linux; Android 8.0; Pixel 2 Build/OPD3.170816.012) AppleWebKit/537.36 (KHTML, like Gecko) Chrome/54.0.3684.1615 Mobile Safari/537.36"
192.204.139.99 - - [18/Aug/2026:13:39:27 +0000] "GET /wp-content/plugins/elementor-pro/assets/js/webpack-pro.runtime.min.js?ver=4.2.1 HTTP/2" 200 2610 "https://glamourflooringla.com/" "Mozilla/5.0 (Linux; Android 8.0; Pixel 2 Build/OPD3.170816.012) AppleWebKit/537.36 (KHTML, like Gecko) Chrome/54.0.3684.1615 Mobile Safari/537.36"
192.204.139.99 - - [18/Aug/2026:13:39:27 +0000] "GET /wp-content/plugins/elementor-pro/assets/js/frontend.min.js?ver=4.2.1 HTTP/2" 200 6193 "https://glamourflooringla.com/" "Mozilla/5.0 (Linux; Android 8.0; Pixel 2 Build/OPD3.170816.012) AppleWebKit/537.36 (KHTML, like Gecko) Chrome/54.0.3684.1615 Mobile Safari/537.36"
192.204.139.99 - - [18/Aug/2026:13:39:27 +0000] "GET /wp-content/plugins/elementor-pro/assets/js/elements-handlers.min.js?ver=4.2.1 HTTP/2" 200 10079 "https://glamourflooringla.com/" "Mozilla/5.0 (Linux; Android 8.0; Pixel 2 Build/OPD3.170816.012) AppleWebKit/537.36 (KHTML, like Gecko) Chrome/54.0.3684.1615 Mobile Safari/537.36"
144.76.19.157 - - [18/Aug/2026:13:39:26 +0000] "GET /product/lucca-urb/?add_to_wishlist=16007&_wpnonce=44202cc6af HTTP/1.1" 301 0 "-" "Mozilla/5.0 (compatible; SERankingBacklinksBot/1.0; +https://seranking.com/backlinks-crawler)"
216.73.217.177 - - [18/Aug/2026:13:39:26 +0000] "GET /product/spanish-bay-c-oasis/?add_to_wishlist=15574 HTTP/2" 200 38398 "-" "Mozilla/5.0 AppleWebKit/537.36 (KHTML, like Gecko; compatible; ClaudeBot/1.0; +claudebot@anthropic.com)"
54.37.252.231 - - [18/Aug/2026:13:39:27 +0000] "GET /product-category/engineered-hardwood-floor/page/10/?add_to_wishlist=16417&_wpnonce=d5a66d583e HTTP/1.1" 200 36491 "-" "Mozilla/5.0 (compatible; MJ12bot/v1.4.8; http://mj12bot.com/)"
144.76.19.157 - - [18/Aug/2026:13:39:28 +0000] "GET /product/lucca-urb/?add_to_wishlist=16007&_wpnonce=44202cc6af HTTP/1.1" 200 44934 "-" "Mozilla/5.0 (compatible; SERankingBacklinksBot/1.0; +https://seranking.com/backlinks-crawler)"
216.73.217.177 - - [18/Aug/2026:13:39:30 +0000] "GET /product/spanish-bay-c-oasis/?add_to_wishlist=15484 HTTP/2" 429 0 "-" "Mozilla/5.0 AppleWebKit/537.36 (KHTML, like Gecko; compatible; ClaudeBot/1.0; +claudebot@anthropic.com)"
192.204.139.99 - - [18/Aug/2026:13:39:31 +0000] "GET /wp-json/contact-form-7/v1/contact-forms/22308/feedback/schema HTTP/2" 200 322 "https://glamourflooringla.com/" "Mozilla/5.0 (Linux; Android 8.0; Pixel 2 Build/OPD3.170816.012) AppleWebKit/537.36 (KHTML, like Gecko) Chrome/54.0.3684.1615 Mobile Safari/537.36"
192.204.139.99 - - [18/Aug/2026:13:39:31 +0000] "GET /wp-json/contact-form-7/v1/contact-forms/22324/feedback/schema HTTP/2" 200 241 "https://glamourflooringla.com/" "Mozilla/5.0 (Linux; Android 8.0; Pixel 2 Build/OPD3.170816.012) AppleWebKit/537.36 (KHTML, like Gecko) Chrome/54.0.3684.1615 Mobile Safari/537.36"
192.250.227.238 - - [18/Aug/2026:13:39:31 +0000] "POST /wp-cron.php?doing_wp_cron=1787060371.6274940967559814453125 HTTP/1.1" 200 0 "-" "WordPress/7.0.4; https://glamourflooringla.com"
54.37.252.231 - - [18/Aug/2026:13:39:30 +0000] "GET /product-category/engineered-hardwood-floor/page/10/?add_to_wishlist=16418&_wpnonce=d5a66d583e HTTP/1.1" 200 36487 "-" "Mozilla/5.0 (compatible; MJ12bot/v1.4.8; http://mj12bot.com/)"
192.204.139.99 - - [18/Aug/2026:13:39:32 +0000] "GET /wp-content/plugins/elementor/assets/js/shared-frontend-handlers.03caa53373b56d3bab67.bundle.min.js HTTP/2" 200 2511 "https://glamourflooringla.com/" "Mozilla/5.0 (Linux; Android 8.0; Pixel 2 Build/OPD3.170816.012) AppleWebKit/537.36 (KHTML, like Gecko) Chrome/54.0.3684.1615 Mobile Safari/537.36"
192.250.227.238 - - [18/Aug/2026:13:39:32 +0000] "POST /wp-cron.php?doing_wp_cron=1787060372.4761979579925537109375 HTTP/1.1" 200 0 "-" "WordPress/7.0.4; https://glamourflooringla.com"
192.204.139.99 - - [18/Aug/2026:13:39:31 +0000] "POST /?wc-ajax=get_refreshed_fragments HTTP/2" 200 916 "https://glamourflooringla.com/" "Mozilla/5.0 (Linux; Android 8.0; Pixel 2 Build/OPD3.170816.012) AppleWebKit/537.36 (KHTML, like Gecko) Chrome/54.0.3684.1615 Mobile Safari/537.36"
145.223.134.115 - - [18/Aug/2026:13:39:33 +0000] "GET /product/spanish-bay-c-oasis/feed/ HTTP/1.1" 200 391 "-" "Mozilla/5.0 (Macintosh; Intel Mac OS X 10_15_7) AppleWebKit/537.36 (KHTML, like Gecko) Chrome/136.0.0.0 Safari/537.36"
54.37.252.231 - - [18/Aug/2026:13:39:33 +0000] "GET /product-category/engineered-hardwood-floor/page/10/?add_to_wishlist=16422&_wpnonce=d5a66d583e HTTP/1.1" 200 36487 "-" "Mozilla/5.0 (compatible; MJ12bot/v1.4.8; http://mj12bot.com/)"
144.76.19.157 - - [18/Aug/2026:13:39:35 +0000] "GET /product/lucca-urb/?add_to_wishlist=16007&_wpnonce=ee2ab5adbb HTTP/1.1" 301 0 "-" "Mozilla/5.0 (compatible; SERankingBacklinksBot/1.0; +https://seranking.com/backlinks-crawler)"
54.37.252.231 - - [18/Aug/2026:13:39:36 +0000] "GET /product-category/engineered-hardwood-floor/page/10/?add_to_wishlist=16423&_wpnonce=d5a66d583e HTTP/1.1" 200 36493 "-" "Mozilla/5.0 (compatible; MJ12bot/v1.4.8; http://mj12bot.com/)"
144.76.19.157 - - [18/Aug/2026:13:39:37 +0000] "GET /product/lucca-urb/?add_to_wishlist=16007&_wpnonce=ee2ab5adbb HTTP/1.1" 200 45004 "-" "Mozilla/5.0 (compatible; SERankingBacklinksBot/1.0; +https://seranking.com/backlinks-crawler)"
54.37.252.231 - - [18/Aug/2026:13:39:39 +0000] "GET /product-category/engineered-hardwood-floor/page/10/?add_to_wishlist=16424&_wpnonce=d5a66d583e HTTP/1.1" 200 36567 "-" "Mozilla/5.0 (compatible; MJ12bot/v1.4.8; http://mj12bot.com/)"
54.37.252.231 - - [18/Aug/2026:13:39:41 +0000] "GET /product-category/engineered-hardwood-floor/page/10/?add_to_wishlist=16428&_wpnonce=d5a66d583e HTTP/1.1" 200 36486 "-" "Mozilla/5.0 (compatible; MJ12bot/v1.4.8; http://mj12bot.com/)"
144.76.19.157 - - [18/Aug/2026:13:39:42 +0000] "GET /product/lumber-yard/ HTTP/1.1" 301 0 "-" "Mozilla/5.0 (compatible; SERankingBacklinksBot/1.0; +https://seranking.com/backlinks-crawler)"
192.204.139.99 - - [18/Aug/2026:13:39:43 +0000] "GET /wp-json/contact-form-7/v1/contact-forms/22308/refill HTTP/2" 200 6 "https://glamourflooringla.com/" "Mozilla/5.0 (Linux; Android 8.0; Pixel 2 Build/OPD3.170816.012) AppleWebKit/537.36 (KHTML, like Gecko) Chrome/54.0.3684.1615 Mobile Safari/537.36"
192.204.139.99 - - [18/Aug/2026:13:39:43 +0000] "GET /wp-json/contact-form-7/v1/contact-forms/22324/refill HTTP/2" 200 6 "https://glamourflooringla.com/" "Mozilla/5.0 (Linux; Android 8.0; Pixel 2 Build/OPD3.170816.012) AppleWebKit/537.36 (KHTML, like Gecko) Chrome/54.0.3684.1615 Mobile Safari/537.36"
57.141.4.35 - - [18/Aug/2026:13:39:44 +0000] "GET /detail/1288050362554 HTTP/2" 301 0 "-" "Mozilla/5.0 (Windows NT 10.0; Win64; x64) AppleWebKit/537.36 (KHTML, like Gecko) Chrome/145.0.0.0 Safari/537.36 (compatible; meta-externalagent/1.1 (+https://developers.facebook.com/docs/sharing/webmasters/crawler))"
144.76.19.157 - - [18/Aug/2026:13:39:44 +0000] "GET /product/lumber-yard/ HTTP/1.1" 200 45094 "-" "Mozilla/5.0 (compatible; SERankingBacklinksBot/1.0; +https://seranking.com/backlinks-crawler)"
54.37.252.231 - - [18/Aug/2026:13:39:44 +0000] "GET /product-category/engineered-hardwood-floor/page/10/?add_to_wishlist=16429&_wpnonce=d5a66d583e HTTP/1.1" 200 36505 "-" "Mozilla/5.0 (compatible; MJ12bot/v1.4.8; http://mj12bot.com/)"
57.141.4.5 - - [18/Aug/2026:13:39:46 +0000] "GET / HTTP/2" 200 54130 "-" "Mozilla/5.0 (Windows NT 10.0; Win64; x64) AppleWebKit/537.36 (KHTML, like Gecko) Chrome/145.0.0.0 Safari/537.36 (compatible; meta-externalagent/1.1 (+https://developers.facebook.com/docs/sharing/webmasters/crawler))"
54.37.252.231 - - [18/Aug/2026:13:39:47 +0000] "GET /product-category/engineered-hardwood-floor/page/10/?add_to_wishlist=16430&_wpnonce=d5a66d583e HTTP/1.1" 200 36488 "-" "Mozilla/5.0 (compatible; MJ12bot/v1.4.8; http://mj12bot.com/)"
144.76.19.157 - - [18/Aug/2026:13:39:50 +0000] "GET /product/lumber-yard/?add_to_wishlist=18326&_wpnonce=32cc803d74 HTTP/1.1" 301 0 "-" "Mozilla/5.0 (compatible; SERankingBacklinksBot/1.0; +https://seranking.com/backlinks-crawler)"
54.37.252.231 - - [18/Aug/2026:13:39:50 +0000] "GET /product-category/engineered-hardwood-floor/page/10/?add_to_wishlist=16431&_wpnonce=d5a66d583e HTTP/1.1" 200 36498 "-" "Mozilla/5.0 (compatible; MJ12bot/v1.4.8; http://mj12bot.com/)"
216.73.217.177 - - [18/Aug/2026:13:39:52 +0000] "GET /product/spanish-bay-c-oasis/?add_to_wishlist=15561 HTTP/2" 429 0 "-" "Mozilla/5.0 AppleWebKit/537.36 (KHTML, like Gecko; compatible; ClaudeBot/1.0; +claudebot@anthropic.com)"
