144.76.19.157 - - [18/Aug/2026:13:54:58 +0000] "GET /product/macadamia-tecsun/?add_to_wishlist=15499&_wpnonce=32cc803d74 HTTP/1.1" 301 0 "-" "Mozilla/5.0 (compatible; SERankingBacklinksBot/1.0; +https://seranking.com/backlinks-crawler)"
144.76.19.157 - - [18/Aug/2026:13:55:00 +0000] "GET /product/macadamia-tecsun/?add_to_wishlist=15499&_wpnonce=32cc803d74 HTTP/1.1" 200 44312 "-" "Mozilla/5.0 (compatible; SERankingBacklinksBot/1.0; +https://seranking.com/backlinks-crawler)"
83.99.206.4 - - [18/Aug/2026:13:55:00 +0000] "GET /product/raffia-provenza-floors/ HTTP/1.1" 200 38553 "-" "Mozilla/5.0 (X11; Linux x86_64) AppleWebKit/537.36 (KHTML, like Gecko; GeedoShopProductFinder) Chrome/142.0.0.0 Safari/537.36"
112.86.225.220 - - [18/Aug/2026:13:55:04 +0000] "GET /product/antique-gold-brushed-and-chiseled-edge-french-pattern-2/ HTTP/1.1" 301 0 "-" "Sogou web spider/4.0(+http://www.sogou.com/docs/help/webmasters.htm#07)"
144.76.19.157 - - [18/Aug/2026:13:55:05 +0000] "GET /product/macadamia-tecsun/?add_to_wishlist=15499&_wpnonce=ee2ab5adbb HTTP/1.1" 301 0 "-" "Mozilla/5.0 (compatible; SERankingBacklinksBot/1.0; +https://seranking.com/backlinks-crawler)"
112.86.225.220 - - [18/Aug/2026:13:55:06 +0000] "GET / HTTP/1.1" 301 0 "-" "Sogou web spider/4.0(+http://www.sogou.com/docs/help/webmasters.htm#07)"
112.86.225.220 - - [18/Aug/2026:13:55:07 +0000] "GET / HTTP/1.1" 200 54063 "-" "Sogou web spider/4.0(+http://www.sogou.com/docs/help/webmasters.htm#07)"
144.76.19.157 - - [18/Aug/2026:13:55:07 +0000] "GET /product/macadamia-tecsun/?add_to_wishlist=15499&_wpnonce=ee2ab5adbb HTTP/1.1" 200 44179 "-" "Mozilla/5.0 (compatible; SERankingBacklinksBot/1.0; +https://seranking.com/backlinks-crawler)"
144.76.19.157 - - [18/Aug/2026:13:55:11 +0000] "GET /product/macadamia-tecsun/?add_to_wishlist=15506&_wpnonce=32cc803d74 HTTP/1.1" 301 0 "-" "Mozilla/5.0 (compatible; SERankingBacklinksBot/1.0; +https://seranking.com/backlinks-crawler)"
144.76.19.157 - - [18/Aug/2026:13:55:12 +0000] "GET /product/macadamia-tecsun/?add_to_wishlist=15506&_wpnonce=32cc803d74 HTTP/1.1" 200 44181 "-" "Mozilla/5.0 (compatible; SERankingBacklinksBot/1.0; +https://seranking.com/backlinks-crawler)"
144.76.19.157 - - [18/Aug/2026:13:55:17 +0000] "GET /product/macadamia-tecsun/?add_to_wishlist=15506&_wpnonce=ee2ab5adbb HTTP/1.1" 301 0 "-" "Mozilla/5.0 (compatible; SERankingBacklinksBot/1.0; +https://seranking.com/backlinks-crawler)"
57.141.4.48 - - [18/Aug/2026:13:55:18 +0000] "GET /detail/1910646734295 HTTP/2" 429 0 "-" "Mozilla/5.0 (Macintosh; Intel Mac OS X 10.15; rv:147.0) Gecko/20100101 Firefox/147.0 (compatible; meta-externalagent/1.1 (+https://developers.facebook.com/docs/sharing/webmasters/crawler))"
144.76.19.157 - - [18/Aug/2026:13:55:18 +0000] "GET /product/macadamia-tecsun/?add_to_wishlist=15506&_wpnonce=ee2ab5adbb HTTP/1.1" 200 44176 "-" "Mozilla/5.0 (compatible; SERankingBacklinksBot/1.0; +https://seranking.com/backlinks-crawler)"
83.99.206.4 - - [18/Aug/2026:13:55:21 +0000] "GET /product/naples-parfum/ HTTP/1.1" 200 38716 "-" "Mozilla/5.0 (X11; Linux x86_64) AppleWebKit/537.36 (KHTML, like Gecko; GeedoShopProductFinder) Chrome/142.0.0.0 Safari/537.36"
144.76.19.157 - - [18/Aug/2026:13:55:23 +0000] "GET /product/macadamia-tecsun/?add_to_wishlist=15508&_wpnonce=32cc803d74 HTTP/1.1" 301 0 "-" "Mozilla/5.0 (compatible; SERankingBacklinksBot/1.0; +https://seranking.com/backlinks-crawler)"
144.76.19.157 - - [18/Aug/2026:13:55:25 +0000] "GET /product/macadamia-tecsun/?add_to_wishlist=15508&_wpnonce=32cc803d74 HTTP/1.1" 200 44173 "-" "Mozilla/5.0 (compatible; SERankingBacklinksBot/1.0; +https://seranking.com/backlinks-crawler)"
192.250.227.238 - - [18/Aug/2026:13:55:31 +0000] "POST /wp-cron.php?doing_wp_cron=1787061331.7192718982696533203125 HTTP/1.1" 200 0 "-" "WordPress/7.0.4; https://glamourflooringla.com"
144.76.19.157 - - [18/Aug/2026:13:55:31 +0000] "GET /product/macadamia-tecsun/?add_to_wishlist=15508&_wpnonce=ee2ab5adbb HTTP/1.1" 301 0 "-" "Mozilla/5.0 (compatible; SERankingBacklinksBot/1.0; +https://seranking.com/backlinks-crawler)"
144.76.19.157 - - [18/Aug/2026:13:55:33 +0000] "GET /product/macadamia-tecsun/?add_to_wishlist=15508&_wpnonce=ee2ab5adbb HTTP/1.1" 200 44196 "-" "Mozilla/5.0 (compatible; SERankingBacklinksBot/1.0; +https://seranking.com/backlinks-crawler)"
144.76.19.157 - - [18/Aug/2026:13:55:38 +0000] "GET /product/macadamia-tecsun/?add_to_wishlist=15516&_wpnonce=ee2ab5adbb HTTP/1.1" 301 0 "-" "Mozilla/5.0 (compatible; SERankingBacklinksBot/1.0; +https://seranking.com/backlinks-crawler)"
144.76.19.157 - - [18/Aug/2026:13:55:40 +0000] "GET /product/macadamia-tecsun/?add_to_wishlist=15516&_wpnonce=ee2ab5adbb HTTP/1.1" 200 44205 "-" "Mozilla/5.0 (compatible; SERankingBacklinksBot/1.0; +https://seranking.com/backlinks-crawler)"
83.99.206.4 - - [18/Aug/2026:13:55:41 +0000] "GET /product/carmel/ HTTP/1.1" 200 38603 "-" "Mozilla/5.0 (X11; Linux x86_64) AppleWebKit/537.36 (KHTML, like Gecko; GeedoShopProductFinder) Chrome/142.0.0.0 Safari/537.36"
144.76.19.157 - - [18/Aug/2026:13:55:46 +0000] "GET /product/macadamia-tecsun/?add_to_wishlist=15523&_wpnonce=ee2ab5adbb HTTP/1.1" 301 0 "-" "Mozilla/5.0 (compatible; SERankingBacklinksBot/1.0; +https://seranking.com/backlinks-crawler)"
144.76.19.157 - - [18/Aug/2026:13:55:48 +0000] "GET /product/macadamia-tecsun/?add_to_wishlist=15523&_wpnonce=ee2ab5adbb HTTP/1.1" 200 44190 "-" "Mozilla/5.0 (compatible; SERankingBacklinksBot/1.0; +https://seranking.com/backlinks-crawler)"
144.76.19.157 - - [18/Aug/2026:13:55:53 +0000] "GET /product/macadamia-tecsun/?add_to_wishlist=15525&_wpnonce=ee2ab5adbb HTTP/1.1" 301 0 "-" "Mozilla/5.0 (compatible; SERankingBacklinksBot/1.0; +https://seranking.com/backlinks-crawler)"
144.76.19.157 - - [18/Aug/2026:13:55:55 +0000] "GET /product/macadamia-tecsun/?add_to_wishlist=15525&_wpnonce=ee2ab5adbb HTTP/1.1" 200 44255 "-" "Mozilla/5.0 (compatible; SERankingBacklinksBot/1.0; +https://seranking.com/backlinks-crawler)"
144.76.19.157 - - [18/Aug/2026:13:56:01 +0000] "GET /product/macadamia-tecsun/?add_to_wishlist=15527&_wpnonce=ee2ab5adbb HTTP/1.1" 301 0 "-" "Mozilla/5.0 (compatible; SERankingBacklinksBot/1.0; +https://seranking.com/backlinks-crawler)"
83.99.206.4 - - [18/Aug/2026:13:56:00 +0000] "GET /product/paola-california-classics/ HTTP/1.1" 200 38601 "-" "Mozilla/5.0 (X11; Linux x86_64) AppleWebKit/537.36 (KHTML, like Gecko; GeedoShopProductFinder) Chrome/142.0.0.0 Safari/537.36"
144.76.19.157 - - [18/Aug/2026:13:56:03 +0000] "GET /product/macadamia-tecsun/?add_to_wishlist=15527&_wpnonce=ee2ab5adbb HTTP/1.1" 200 44158 "-" "Mozilla/5.0 (compatible; SERankingBacklinksBot/1.0; +https://seranking.com/backlinks-crawler)"
144.76.19.157 - - [18/Aug/2026:13:56:09 +0000] "GET /product/macadamia-tecsun/?add_to_wishlist=15528&_wpnonce=32cc803d74 HTTP/1.1" 301 0 "-" "Mozilla/5.0 (compatible; SERankingBacklinksBot/1.0; +https://seranking.com/backlinks-crawler)"
144.76.19.157 - - [18/Aug/2026:13:56:11 +0000] "GET /product/macadamia-tecsun/?add_to_wishlist=15528&_wpnonce=32cc803d74 HTTP/1.1" 200 44250 "-" "Mozilla/5.0 (compatible; SERankingBacklinksBot/1.0; +https://seranking.com/backlinks-crawler)"
144.76.19.157 - - [18/Aug/2026:13:56:16 +0000] "GET /product/macadamia-tecsun/?add_to_wishlist=15528&_wpnonce=ee2ab5adbb HTTP/1.1" 301 0 "-" "Mozilla/5.0 (compatible; SERankingBacklinksBot/1.0; +https://seranking.com/backlinks-crawler)"
144.76.19.157 - - [18/Aug/2026:13:56:18 +0000] "GET /product/macadamia-tecsun/?add_to_wishlist=15528&_wpnonce=ee2ab5adbb HTTP/1.1" 200 44209 "-" "Mozilla/5.0 (compatible; SERankingBacklinksBot/1.0; +https://seranking.com/backlinks-crawler)"
83.99.206.161 - - [18/Aug/2026:13:56:21 +0000] "GET /product/stone-anchor/ HTTP/1.1" 200 38662 "-" "Mozilla/5.0 (X11; Linux x86_64) AppleWebKit/537.36 (KHTML, like Gecko; GeedoShopProductFinder) Chrome/142.0.0.0 Safari/537.36"
57.141.4.10 - - [18/Aug/2026:13:56:24 +0000] "GET /product-category/engineered-hardwood-floor/page/6/?add_to_wishlist=16700&_wpnonce=4d5e74419e HTTP/2" 429 0 "-" "Mozilla/5.0 (Windows NT 10.0; Win64; x64) AppleWebKit/537.36 (KHTML, like Gecko) Chrome/145.0.0.0 Safari/537.36 (compatible; meta-externalagent/1.1 (+https://developers.facebook.com/docs/sharing/webmasters/crawler))"
144.76.19.157 - - [18/Aug/2026:13:56:24 +0000] "GET /product/macadamia-tecsun/?add_to_wishlist=15533&_wpnonce=ee2ab5adbb HTTP/1.1" 301 0 "-" "Mozilla/5.0 (compatible; SERankingBacklinksBot/1.0; +https://seranking.com/backlinks-crawler)"
144.76.19.157 - - [18/Aug/2026:13:56:26 +0000] "GET /product/macadamia-tecsun/?add_to_wishlist=15533&_wpnonce=ee2ab5adbb HTTP/1.1" 200 44385 "-" "Mozilla/5.0 (compatible; SERankingBacklinksBot/1.0; +https://seranking.com/backlinks-crawler)"
77.75.76.165 - - [18/Aug/2026:13:56:28 +0000] "GET /bathroom-remodel-los-angeles/ HTTP/1.1" 200 39129 "-" "Mozilla/5.0 (compatible; SeznamBot/4.0; +https://o-seznam.cz/napoveda/vyhledavani/en/seznambot-crawler/)"
192.250.227.238 - - [18/Aug/2026:13:56:32 +0000] "POST /wp-cron.php?doing_wp_cron=1787061392.2049551010131835937500 HTTP/1.1" 200 0 "-" "WordPress/7.0.4; https://glamourflooringla.com"
144.76.19.157 - - [18/Aug/2026:13:56:31 +0000] "GET /product/macadamia-tecsun/?add_to_wishlist=15535&_wpnonce=ee2ab5adbb HTTP/1.1" 301 0 "-" "Mozilla/5.0 (compatible; SERankingBacklinksBot/1.0; +https://seranking.com/backlinks-crawler)"
144.76.19.157 - - [18/Aug/2026:13:56:33 +0000] "GET /product/macadamia-tecsun/?add_to_wishlist=15535&_wpnonce=ee2ab5adbb HTTP/1.1" 200 44270 "-" "Mozilla/5.0 (compatible; SERankingBacklinksBot/1.0; +https://seranking.com/backlinks-crawler)"
84.75.150.166 - - [18/Aug/2026:13:56:36 +0000] "GET /wp-json/wp/v2/tags/8295 HTTP/1.1" 200 1235 "-" "Mozilla/5.0 (Macintosh; Intel Mac OS X 10_15_7) AppleWebKit/537.36 (KHTML, like Gecko) Chrome/131.0.0.0 Safari/537.36"
203.99.146.53 - - [18/Aug/2026:13:56:37 +0000] "GET /wp-login.php HTTP/1.1" 403 9678 "-" "Mozilla/5.0 (Windows NT 10.0; Win64; x64) AppleWebKit/537.36 (KHTML, like Gecko) Chrome/149.0.0.0 Safari/537.36"
144.76.19.157 - - [18/Aug/2026:13:56:39 +0000] "GET /product/macadamia-tecsun/?add_to_wishlist=16343&_wpnonce=ee2ab5adbb HTTP/1.1" 301 0 "-" "Mozilla/5.0 (compatible; SERankingBacklinksBot/1.0; +https://seranking.com/backlinks-crawler)"
144.76.19.157 - - [18/Aug/2026:13:56:41 +0000] "GET /product/macadamia-tecsun/?add_to_wishlist=16343&_wpnonce=ee2ab5adbb HTTP/1.1" 200 44184 "-" "Mozilla/5.0 (compatible; SERankingBacklinksBot/1.0; +https://seranking.com/backlinks-crawler)"
83.99.206.5 - - [18/Aug/2026:13:56:40 +0000] "GET /product/birch-spice-artisan/ HTTP/1.1" 200 38492 "-" "Mozilla/5.0 (X11; Linux x86_64) AppleWebKit/537.36 (KHTML, like Gecko; GeedoShopProductFinder) Chrome/142.0.0.0 Safari/537.36"
144.76.19.157 - - [18/Aug/2026:13:56:46 +0000] "GET /product/macadamia-tecsun/?add_to_wishlist=16344&_wpnonce=32cc803d74 HTTP/1.1" 301 0 "-" "Mozilla/5.0 (compatible; SERankingBacklinksBot/1.0; +https://seranking.com/backlinks-crawler)"
144.76.19.157 - - [18/Aug/2026:13:56:48 +0000] "GET /product/macadamia-tecsun/?add_to_wishlist=16344&_wpnonce=32cc803d74 HTTP/1.1" 200 44207 "-" "Mozilla/5.0 (compatible; SERankingBacklinksBot/1.0; +https://seranking.com/backlinks-crawler)"
144.76.19.157 - - [18/Aug/2026:13:56:54 +0000] "GET /product/macadamia-tecsun/?add_to_wishlist=16344&_wpnonce=ee2ab5adbb HTTP/1.1" 301 0 "-" "Mozilla/5.0 (compatible; SERankingBacklinksBot/1.0; +https://seranking.com/backlinks-crawler)"
144.76.19.157 - - [18/Aug/2026:13:56:56 +0000] "GET /product/macadamia-tecsun/?add_to_wishlist=16344&_wpnonce=ee2ab5adbb HTTP/1.1" 200 44169 "-" "Mozilla/5.0 (compatible; SERankingBacklinksBot/1.0; +https://seranking.com/backlinks-crawler)"
144.76.19.157 - - [18/Aug/2026:13:57:01 +0000] "GET /product/macadamia-tecsun/?add_to_wishlist=16351&_wpnonce=32cc803d74 HTTP/1.1" 301 0 "-" "Mozilla/5.0 (compatible; SERankingBacklinksBot/1.0; +https://seranking.com/backlinks-crawler)"
144.76.19.157 - - [18/Aug/2026:13:57:03 +0000] "GET /product/macadamia-tecsun/?add_to_wishlist=16351&_wpnonce=32cc803d74 HTTP/1.1" 200 44186 "-" "Mozilla/5.0 (compatible; SERankingBacklinksBot/1.0; +https://seranking.com/backlinks-crawler)"
144.76.19.157 - - [18/Aug/2026:13:57:08 +0000] "GET /product/macadamia-tecsun/?add_to_wishlist=16351&_wpnonce=ee2ab5adbb HTTP/1.1" 301 0 "-" "Mozilla/5.0 (compatible; SERankingBacklinksBot/1.0; +https://seranking.com/backlinks-crawler)"
144.76.19.157 - - [18/Aug/2026:13:57:09 +0000] "GET /product/macadamia-tecsun/?add_to_wishlist=16351&_wpnonce=ee2ab5adbb HTTP/1.1" 200 44164 "-" "Mozilla/5.0 (compatible; SERankingBacklinksBot/1.0; +https://seranking.com/backlinks-crawler)"
144.76.19.157 - - [18/Aug/2026:13:57:14 +0000] "GET /product/macadamia-tecsun/?add_to_wishlist=16352&_wpnonce=ee2ab5adbb HTTP/1.1" 301 0 "-" "Mozilla/5.0 (compatible; SERankingBacklinksBot/1.0; +https://seranking.com/backlinks-crawler)"
144.76.19.157 - - [18/Aug/2026:13:57:15 +0000] "GET /product/macadamia-tecsun/?add_to_wishlist=16352&_wpnonce=ee2ab5adbb HTTP/1.1" 200 44351 "-" "Mozilla/5.0 (compatible; SERankingBacklinksBot/1.0; +https://seranking.com/backlinks-crawler)"
144.76.19.157 - - [18/Aug/2026:13:57:19 +0000] "GET /product/macadamia-tecsun/?add_to_wishlist=16353&_wpnonce=ee2ab5adbb HTTP/1.1" 301 0 "-" "Mozilla/5.0 (compatible; SERankingBacklinksBot/1.0; +https://seranking.com/backlinks-crawler)"
144.76.19.157 - - [18/Aug/2026:13:57:21 +0000] "GET /product/macadamia-tecsun/?add_to_wishlist=16353&_wpnonce=ee2ab5adbb HTTP/1.1" 200 44204 "-" "Mozilla/5.0 (compatible; SERankingBacklinksBot/1.0; +https://seranking.com/backlinks-crawler)"
144.76.19.157 - - [18/Aug/2026:13:57:27 +0000] "GET /product/macadamia-tecsun/?add_to_wishlist=16355&_wpnonce=32cc803d74 HTTP/1.1" 301 0 "-" "Mozilla/5.0 (compatible; SERankingBacklinksBot/1.0; +https://seranking.com/backlinks-crawler)"
192.250.227.238 - - [18/Aug/2026:13:57:30 +0000] "POST /wp-cron.php?doing_wp_cron=1787061450.3573689460754394531250 HTTP/1.1" 200 0 "-" "WordPress/7.0.4; https://glamourflooringla.com"
144.76.19.157 - - [18/Aug/2026:13:57:29 +0000] "GET /product/macadamia-tecsun/?add_to_wishlist=16355&_wpnonce=32cc803d74 HTTP/1.1" 200 44200 "-" "Mozilla/5.0 (compatible; SERankingBacklinksBot/1.0; +https://seranking.com/backlinks-crawler)"
57.141.4.1 - - [18/Aug/2026:13:57:32 +0000] "GET /detail/915493637780 HTTP/2" 429 0 "-" "Mozilla/5.0 (Windows NT 10.0; Win64; x64) AppleWebKit/537.36 (KHTML, like Gecko) Chrome/145.0.0.0 Safari/537.36 (compatible; meta-externalagent/1.1 (+https://developers.facebook.com/docs/sharing/webmasters/crawler))"
144.76.19.157 - - [18/Aug/2026:13:57:35 +0000] "GET /product/macadamia-tecsun/?add_to_wishlist=16355&_wpnonce=ee2ab5adbb HTTP/1.1" 301 0 "-" "Mozilla/5.0 (compatible; SERankingBacklinksBot/1.0; +https://seranking.com/backlinks-crawler)"
144.76.19.157 - - [18/Aug/2026:13:57:36 +0000] "GET /product/macadamia-tecsun/?add_to_wishlist=16355&_wpnonce=ee2ab5adbb HTTP/1.1" 200 44277 "-" "Mozilla/5.0 (compatible; SERankingBacklinksBot/1.0; +https://seranking.com/backlinks-crawler)"
144.76.19.157 - - [18/Aug/2026:13:57:42 +0000] "GET /product/macadamia-tecsun/?add_to_wishlist=16361&_wpnonce=ee2ab5adbb HTTP/1.1" 301 0 "-" "Mozilla/5.0 (compatible; SERankingBacklinksBot/1.0; +https://seranking.com/backlinks-crawler)"
144.76.19.157 - - [18/Aug/2026:13:57:44 +0000] "GET /product/macadamia-tecsun/?add_to_wishlist=16361&_wpnonce=ee2ab5adbb HTTP/1.1" 200 44256 "-" "Mozilla/5.0 (compatible; SERankingBacklinksBot/1.0; +https://seranking.com/backlinks-crawler)"
144.76.19.157 - - [18/Aug/2026:13:57:49 +0000] "GET /product/macadamia-tecsun/?add_to_wishlist=16362&_wpnonce=32cc803d74 HTTP/1.1" 301 0 "-" "Mozilla/5.0 (compatible; SERankingBacklinksBot/1.0; +https://seranking.com/backlinks-crawler)"
144.76.19.157 - - [18/Aug/2026:13:57:51 +0000] "GET /product/macadamia-tecsun/?add_to_wishlist=16362&_wpnonce=32cc803d74 HTTP/1.1" 200 44267 "-" "Mozilla/5.0 (compatible; SERankingBacklinksBot/1.0; +https://seranking.com/backlinks-crawler)"
144.76.19.157 - - [18/Aug/2026:13:57:57 +0000] "GET /product/macadamia-tecsun/?add_to_wishlist=16362&_wpnonce=ee2ab5adbb HTTP/1.1" 301 0 "-" "Mozilla/5.0 (compatible; SERankingBacklinksBot/1.0; +https://seranking.com/backlinks-crawler)"
144.76.19.157 - - [18/Aug/2026:13:57:59 +0000] "GET /product/macadamia-tecsun/?add_to_wishlist=16362&_wpnonce=ee2ab5adbb HTTP/1.1" 200 44281 "-" "Mozilla/5.0 (compatible; SERankingBacklinksBot/1.0; +https://seranking.com/backlinks-crawler)"
192.250.227.238 - - [18/Aug/2026:13:58:05 +0000] "POST /wp-cron.php?doing_wp_cron=1787061485.3933389186859130859375 HTTP/1.1" 200 0 "-" "WordPress/7.0.4; https://glamourflooringla.com"
144.76.19.157 - - [18/Aug/2026:13:58:04 +0000] "GET /product/macadamia-tecsun/?add_to_wishlist=16363&_wpnonce=ee2ab5adbb HTTP/1.1" 301 0 "-" "Mozilla/5.0 (compatible; SERankingBacklinksBot/1.0; +https://seranking.com/backlinks-crawler)"
144.76.19.157 - - [18/Aug/2026:13:58:06 +0000] "GET /product/macadamia-tecsun/?add_to_wishlist=16363&_wpnonce=ee2ab5adbb HTTP/1.1" 200 44213 "-" "Mozilla/5.0 (compatible; SERankingBacklinksBot/1.0; +https://seranking.com/backlinks-crawler)"
144.76.19.157 - - [18/Aug/2026:13:58:12 +0000] "GET /product/macadamia-tecsun/?add_to_wishlist=16364&_wpnonce=ee2ab5adbb HTTP/1.1" 301 0 "-" "Mozilla/5.0 (compatible; SERankingBacklinksBot/1.0; +https://seranking.com/backlinks-crawler)"
144.76.19.157 - - [18/Aug/2026:13:58:14 +0000] "GET /product/macadamia-tecsun/?add_to_wishlist=16364&_wpnonce=ee2ab5adbb HTTP/1.1" 200 44206 "-" "Mozilla/5.0 (compatible; SERankingBacklinksBot/1.0; +https://seranking.com/backlinks-crawler)"
144.76.19.157 - - [18/Aug/2026:13:58:19 +0000] "GET /product/malbec-urb/?add_to_wishlist=15492&_wpnonce=bbb71dd7ae HTTP/1.1" 301 0 "-" "Mozilla/5.0 (compatible; SERankingBacklinksBot/1.0; +https://seranking.com/backlinks-crawler)"
144.76.19.157 - - [18/Aug/2026:13:58:21 +0000] "GET /product/malbec-urb/?add_to_wishlist=15492&_wpnonce=bbb71dd7ae HTTP/1.1" 200 44951 "-" "Mozilla/5.0 (compatible; SERankingBacklinksBot/1.0; +https://seranking.com/backlinks-crawler)"
144.76.19.157 - - [18/Aug/2026:13:58:27 +0000] "GET /product/malbec-urb/?add_to_wishlist=15507&_wpnonce=bbb71dd7ae HTTP/1.1" 301 0 "-" "Mozilla/5.0 (compatible; SERankingBacklinksBot/1.0; +https://seranking.com/backlinks-crawler)"
192.250.227.238 - - [18/Aug/2026:13:58:30 +0000] "POST /wp-cron.php?doing_wp_cron=1787061510.0396530628204345703125 HTTP/1.1" 200 0 "-" "WordPress/7.0.4; https://glamourflooringla.com"
144.76.19.157 - - [18/Aug/2026:13:58:29 +0000] "GET /product/malbec-urb/?add_to_wishlist=15507&_wpnonce=bbb71dd7ae HTTP/1.1" 200 44925 "-" "Mozilla/5.0 (compatible; SERankingBacklinksBot/1.0; +https://seranking.com/backlinks-crawler)"
144.76.19.157 - - [18/Aug/2026:13:58:34 +0000] "GET /product/malbec-urb/?add_to_wishlist=15510&_wpnonce=bbb71dd7ae HTTP/1.1" 301 0 "-" "Mozilla/5.0 (compatible; SERankingBacklinksBot/1.0; +https://seranking.com/backlinks-crawler)"
144.76.19.157 - - [18/Aug/2026:13:58:36 +0000] "GET /product/malbec-urb/?add_to_wishlist=15510&_wpnonce=bbb71dd7ae HTTP/1.1" 200 44955 "-" "Mozilla/5.0 (compatible; SERankingBacklinksBot/1.0; +https://seranking.com/backlinks-crawler)"
57.141.4.34 - - [18/Aug/2026:13:58:37 +0000] "GET /detail/1289363536530 HTTP/2" 429 0 "-" "Mozilla/5.0 (Macintosh; Intel Mac OS X 10_15_7) AppleWebKit/537.36 (KHTML, like Gecko) Chrome/145.0.0.0 Safari/537.36 (compatible; meta-externalagent/1.1 (+https://developers.facebook.com/docs/sharing/webmasters/crawler))"
144.76.19.157 - - [18/Aug/2026:13:58:42 +0000] "GET /product/malbec-urb/?add_to_wishlist=15538&_wpnonce=bbb71dd7ae HTTP/1.1" 301 0 "-" "Mozilla/5.0 (compatible; SERankingBacklinksBot/1.0; +https://seranking.com/backlinks-crawler)"
144.76.19.157 - - [18/Aug/2026:13:58:44 +0000] "GET /product/malbec-urb/?add_to_wishlist=15538&_wpnonce=bbb71dd7ae HTTP/1.1" 200 44876 "-" "Mozilla/5.0 (compatible; SERankingBacklinksBot/1.0; +https://seranking.com/backlinks-crawler)"
83.99.206.222 - - [18/Aug/2026:13:58:45 +0000] "GET /laminate-flooring/ HTTP/1.1" 200 29710 "-" "Mozilla/5.0 (X11; Linux x86_64) AppleWebKit/537.36 (KHTML, like Gecko; GeedoShopProductFinder) Chrome/142.0.0.0 Safari/537.36"
144.76.19.157 - - [18/Aug/2026:13:58:49 +0000] "GET /product/malbec-urb/?add_to_wishlist=15547&_wpnonce=bbb71dd7ae HTTP/1.1" 301 0 "-" "Mozilla/5.0 (compatible; SERankingBacklinksBot/1.0; +https://seranking.com/backlinks-crawler)"
144.76.19.157 - - [18/Aug/2026:13:58:51 +0000] "GET /product/malbec-urb/?add_to_wishlist=15547&_wpnonce=bbb71dd7ae HTTP/1.1" 200 44910 "-" "Mozilla/5.0 (compatible; SERankingBacklinksBot/1.0; +https://seranking.com/backlinks-crawler)"
144.76.19.157 - - [18/Aug/2026:13:58:57 +0000] "GET /product/malbec-urb/?add_to_wishlist=15560&_wpnonce=bbb71dd7ae HTTP/1.1" 301 0 "-" "Mozilla/5.0 (compatible; SERankingBacklinksBot/1.0; +https://seranking.com/backlinks-crawler)"
144.76.19.157 - - [18/Aug/2026:13:58:58 +0000] "GET /product/malbec-urb/?add_to_wishlist=15560&_wpnonce=bbb71dd7ae HTTP/1.1" 200 45008 "-" "Mozilla/5.0 (compatible; SERankingBacklinksBot/1.0; +https://seranking.com/backlinks-crawler)"
144.76.19.157 - - [18/Aug/2026:13:59:03 +0000] "GET /product/malbec-urb/?add_to_wishlist=15565&_wpnonce=bbb71dd7ae HTTP/1.1" 301 0 "-" "Mozilla/5.0 (compatible; SERankingBacklinksBot/1.0; +https://seranking.com/backlinks-crawler)"
144.76.19.157 - - [18/Aug/2026:13:59:04 +0000] "GET /product/malbec-urb/?add_to_wishlist=15565&_wpnonce=bbb71dd7ae HTTP/1.1" 200 44974 "-" "Mozilla/5.0 (compatible; SERankingBacklinksBot/1.0; +https://seranking.com/backlinks-crawler)"
83.99.206.109 - - [18/Aug/2026:13:59:05 +0000] "GET /featured_item/beverly-hills-11/ HTTP/1.1" 200 31737 "-" "Mozilla/5.0 (X11; Linux x86_64) AppleWebKit/537.36 (KHTML, like Gecko; GeedoShopProductFinder) Chrome/142.0.0.0 Safari/537.36"
212.115.243.164 - - [18/Aug/2026:13:59:07 +0000] "GET /product/pebble-shimmer/2 HTTP/2" 301 0 "-" "Mozilla/5.0 (Macintosh; Intel Mac OS X 10_15_7) AppleWebKit/537.36 (KHTML, like Gecko) Chrome/133.0.0.0 Safari/537.36"
144.76.19.157 - - [18/Aug/2026:13:59:09 +0000] "GET /product/malbec-urb/?add_to_wishlist=15569&_wpnonce=bbb71dd7ae HTTP/1.1" 301 0 "-" "Mozilla/5.0 (compatible; SERankingBacklinksBot/1.0; +https://seranking.com/backlinks-crawler)"
212.115.243.164 - - [18/Aug/2026:13:59:09 +0000] "GET / HTTP/2" 200 46843 "-" "Mozilla/5.0 (Macintosh; Intel Mac OS X 10_15_7) AppleWebKit/537.36 (KHTML, like Gecko) Chrome/133.0.0.0 Safari/537.36"
144.76.19.157 - - [18/Aug/2026:13:59:10 +0000] "GET /product/malbec-urb/?add_to_wishlist=15569&_wpnonce=bbb71dd7ae HTTP/1.1" 200 44967 "-" "Mozilla/5.0 (compatible; SERankingBacklinksBot/1.0; +https://seranking.com/backlinks-crawler)"
129.121.74.194 - - [18/Aug/2026:13:59:12 +0000] "GET /wp-login.php HTTP/2" 403 169 "-" "Mozilla/5.0 (Windows NT 10.0; Win64; x64) AppleWebKit/537.36 (KHTML, like Gecko) Chrome/149.0.0.0 Safari/537.36"
144.76.19.157 - - [18/Aug/2026:13:59:14 +0000] "GET /product/malbec-urb/?add_to_wishlist=16071&_wpnonce=bbb71dd7ae HTTP/1.1" 301 0 "-" "Mozilla/5.0 (compatible; SERankingBacklinksBot/1.0; +https://seranking.com/backlinks-crawler)"
144.76.19.157 - - [18/Aug/2026:13:59:15 +0000] "GET /product/malbec-urb/?add_to_wishlist=16071&_wpnonce=bbb71dd7ae HTTP/1.1" 200 45030 "-" "Mozilla/5.0 (compatible; SERankingBacklinksBot/1.0; +https://seranking.com/backlinks-crawler)"
206.204.39.80 - - [18/Aug/2026:13:59:18 +0000] "GET /product/jingle-bell-oasis/?_wpnonce=305f5d0752&add_to_wishlist=15566 HTTP/2" 200 38435 "-" "Mozilla/5.0 (Macintosh; Intel Mac OS X 10_15_7) AppleWebKit/537.36 (KHTML, like Gecko) Chrome/146.0.0.0 Safari/537.36"
144.76.19.157 - - [18/Aug/2026:13:59:21 +0000] "GET /product/malibu-2/ HTTP/1.1" 301 0 "-" "Mozilla/5.0 (compatible; SERankingBacklinksBot/1.0; +https://seranking.com/backlinks-crawler)"
144.76.19.157 - - [18/Aug/2026:13:59:22 +0000] "GET /product/malibu-2/ HTTP/1.1" 200 44936 "-" "Mozilla/5.0 (compatible; SERankingBacklinksBot/1.0; +https://seranking.com/backlinks-crawler)"
83.99.206.107 - - [18/Aug/2026:13:59:25 +0000] "GET /flooring-installation-los-angeles-ca/ HTTP/1.1" 200 36419 "-" "Mozilla/5.0 (X11; Linux x86_64) AppleWebKit/537.36 (KHTML, like Gecko; GeedoShopProductFinder) Chrome/142.0.0.0 Safari/537.36"
144.76.19.157 - - [18/Aug/2026:13:59:28 +0000] "GET /product/malibu-2/?add_to_wishlist=18123&_wpnonce=32cc803d74 HTTP/1.1" 301 0 "-" "Mozilla/5.0 (compatible; SERankingBacklinksBot/1.0; +https://seranking.com/backlinks-crawler)"
192.250.227.238 - - [18/Aug/2026:13:59:31 +0000] "POST /wp-cron.php?doing_wp_cron=1787061571.4435720443725585937500 HTTP/1.1" 200 0 "-" "WordPress/7.0.4; https://glamourflooringla.com"
144.76.19.157 - - [18/Aug/2026:13:59:30 +0000] "GET /product/malibu-2/?add_to_wishlist=18123&_wpnonce=32cc803d74 HTTP/1.1" 200 44892 "-" "Mozilla/5.0 (compatible; SERankingBacklinksBot/1.0; +https://seranking.com/backlinks-crawler)"
144.76.19.157 - - [18/Aug/2026:13:59:36 +0000] "GET /product/malibu-2/?add_to_wishlist=18123&_wpnonce=3b8935374b HTTP/1.1" 301 0 "-" "Mozilla/5.0 (compatible; SERankingBacklinksBot/1.0; +https://seranking.com/backlinks-crawler)"
144.76.19.157 - - [18/Aug/2026:13:59:37 +0000] "GET /product/malibu-2/?add_to_wishlist=18123&_wpnonce=3b8935374b HTTP/1.1" 200 44913 "-" "Mozilla/5.0 (compatible; SERankingBacklinksBot/1.0; +https://seranking.com/backlinks-crawler)"
144.76.19.157 - - [18/Aug/2026:13:59:43 +0000] "GET /product/malibu-2/?add_to_wishlist=18123&_wpnonce=ee2ab5adbb HTTP/1.1" 301 0 "-" "Mozilla/5.0 (compatible; SERankingBacklinksBot/1.0; +https://seranking.com/backlinks-crawler)"
57.141.4.61 - - [18/Aug/2026:13:59:44 +0000] "GET /detail/2554402084594 HTTP/2" 429 0 "-" "Mozilla/5.0 (Macintosh; Intel Mac OS X 10_15_7) AppleWebKit/537.36 (KHTML, like Gecko) Chrome/145.0.0.0 Safari/537.36 (compatible; meta-externalagent/1.1 (+https://developers.facebook.com/docs/sharing/webmasters/crawler))"
144.76.19.157 - - [18/Aug/2026:13:59:45 +0000] "GET /product/malibu-2/?add_to_wishlist=18123&_wpnonce=ee2ab5adbb HTTP/1.1" 200 44980 "-" "Mozilla/5.0 (compatible; SERankingBacklinksBot/1.0; +https://seranking.com/backlinks-crawler)"
83.99.206.222 - - [18/Aug/2026:13:59:45 +0000] "GET /product/suffolk-monarch/ HTTP/1.1" 200 38557 "-" "Mozilla/5.0 (X11; Linux x86_64) AppleWebKit/537.36 (KHTML, like Gecko; GeedoShopProductFinder) Chrome/142.0.0.0 Safari/537.36"
84.75.155.13 - - [18/Aug/2026:13:59:46 +0000] "GET /wp-json/wp/v2/product_cat/9839 HTTP/1.1" 200 1342 "-" "Mozilla/5.0 (Macintosh; Intel Mac OS X 10_15_7) AppleWebKit/537.36 (KHTML, like Gecko) Chrome/131.0.0.0 Safari/537.36"
144.76.19.157 - - [18/Aug/2026:13:59:50 +0000] "GET /product/malibu-2/?add_to_wishlist=18131&_wpnonce=32cc803d74 HTTP/1.1" 301 0 "-" "Mozilla/5.0 (compatible; SERankingBacklinksBot/1.0; +https://seranking.com/backlinks-crawler)"
144.76.19.157 - - [18/Aug/2026:13:59:52 +0000] "GET /product/malibu-2/?add_to_wishlist=18131&_wpnonce=32cc803d74 HTTP/1.1" 200 44909 "-" "Mozilla/5.0 (compatible; SERankingBacklinksBot/1.0; +https://seranking.com/backlinks-crawler)"
144.76.19.157 - - [18/Aug/2026:13:59:58 +0000] "GET /product/malibu-2/?add_to_wishlist=18131&_wpnonce=3b8935374b HTTP/1.1" 301 0 "-" "Mozilla/5.0 (compatible; SERankingBacklinksBot/1.0; +https://seranking.com/backlinks-crawler)"
144.76.19.157 - - [18/Aug/2026:14:00:00 +0000] "GET /product/malibu-2/?add_to_wishlist=18131&_wpnonce=3b8935374b HTTP/1.1" 200 44953 "-" "Mozilla/5.0 (compatible; SERankingBacklinksBot/1.0; +https://seranking.com/backlinks-crawler)"
144.76.19.157 - - [18/Aug/2026:14:00:05 +0000] "GET /product/malibu-2/?add_to_wishlist=18131&_wpnonce=ee2ab5adbb HTTP/1.1" 301 0 "-" "Mozilla/5.0 (compatible; SERankingBacklinksBot/1.0; +https://seranking.com/backlinks-crawler)"
83.99.206.222 - - [18/Aug/2026:14:00:06 +0000] "GET /product/hickory-dark-brown-artisan/ HTTP/1.1" 200 38486 "-" "Mozilla/5.0 (X11; Linux x86_64) AppleWebKit/537.36 (KHTML, like Gecko; GeedoShopProductFinder) Chrome/142.0.0.0 Safari/537.36"
144.76.19.157 - - [18/Aug/2026:14:00:08 +0000] "GET /product/malibu-2/?add_to_wishlist=18131&_wpnonce=ee2ab5adbb HTTP/1.1" 200 44912 "-" "Mozilla/5.0 (compatible; SERankingBacklinksBot/1.0; +https://seranking.com/backlinks-crawler)"
77.247.126.191 - - [18/Aug/2026:14:00:10 +0000] "GET /wp-content/uploads/2019/02/European-Oak-Pavia-280x280.jpg HTTP/1.1" 200 9552 "-" "Mozilla/5.0 (X11; Ubuntu; Linux x86_64; rv:72.0) Gecko/20100101 Firefox/72.0"
144.76.19.157 - - [18/Aug/2026:14:00:13 +0000] "GET /product/malibu-2/?add_to_wishlist=18136&_wpnonce=32cc803d74 HTTP/1.1" 301 0 "-" "Mozilla/5.0 (compatible; SERankingBacklinksBot/1.0; +https://seranking.com/backlinks-crawler)"
144.76.19.157 - - [18/Aug/2026:14:00:15 +0000] "GET /product/malibu-2/?add_to_wishlist=18136&_wpnonce=32cc803d74 HTTP/1.1" 200 45064 "-" "Mozilla/5.0 (compatible; SERankingBacklinksBot/1.0; +https://seranking.com/backlinks-crawler)"
180.102.110.160 - - [18/Aug/2026:14:00:21 +0000] "GET /product/hudson-birch-6x24/ HTTP/1.1" 301 0 "-" "Sogou web spider/4.0(+http://www.sogou.com/docs/help/webmasters.htm#07)"
144.76.19.157 - - [18/Aug/2026:14:00:21 +0000] "GET /product/malibu-2/?add_to_wishlist=18136&_wpnonce=3b8935374b HTTP/1.1" 301 0 "-" "Mozilla/5.0 (compatible; SERankingBacklinksBot/1.0; +https://seranking.com/backlinks-crawler)"
144.76.19.157 - - [18/Aug/2026:14:00:23 +0000] "GET /product/malibu-2/?add_to_wishlist=18136&_wpnonce=3b8935374b HTTP/1.1" 200 44981 "-" "Mozilla/5.0 (compatible; SERankingBacklinksBot/1.0; +https://seranking.com/backlinks-crawler)"
180.102.110.160 - - [18/Aug/2026:14:00:23 +0000] "GET / HTTP/1.1" 301 0 "-" "Sogou web spider/4.0(+http://www.sogou.com/docs/help/webmasters.htm#07)"
180.102.110.160 - - [18/Aug/2026:14:00:26 +0000] "GET / HTTP/1.1" 200 54063 "-" "Sogou web spider/4.0(+http://www.sogou.com/docs/help/webmasters.htm#07)"
83.99.206.222 - - [18/Aug/2026:14:00:25 +0000] "GET /product/pine-ridge/ HTTP/1.1" 200 38682 "-" "Mozilla/5.0 (X11; Linux x86_64) AppleWebKit/537.36 (KHTML, like Gecko; GeedoShopProductFinder) Chrome/142.0.0.0 Safari/537.36"
144.76.19.157 - - [18/Aug/2026:14:00:29 +0000] "GET /product/shoreline-decor/?add_to_wishlist=18441&_wpnonce=44202cc6af HTTP/1.1" 301 0 "-" "Mozilla/5.0 (compatible; SERankingBacklinksBot/1.0; +https://seranking.com/backlinks-crawler)"
192.250.227.238 - - [18/Aug/2026:14:00:31 +0000] "POST /wp-cron.php?doing_wp_cron=1787061631.8200340270996093750000 HTTP/1.1" 200 0 "-" "WordPress/7.0.4; https://glamourflooringla.com"
144.76.19.157 - - [18/Aug/2026:14:00:30 +0000] "GET /product/shoreline-decor/?add_to_wishlist=18441&_wpnonce=44202cc6af HTTP/1.1" 200 45188 "-" "Mozilla/5.0 (compatible; SERankingBacklinksBot/1.0; +https://seranking.com/backlinks-crawler)"
144.76.19.157 - - [18/Aug/2026:14:00:36 +0000] "GET /product/malibu-2/?add_to_wishlist=18136&_wpnonce=ee2ab5adbb HTTP/1.1" 301 0 "-" "Mozilla/5.0 (compatible; SERankingBacklinksBot/1.0; +https://seranking.com/backlinks-crawler)"
144.76.19.157 - - [18/Aug/2026:14:00:38 +0000] "GET /product/malibu-2/?add_to_wishlist=18136&_wpnonce=ee2ab5adbb HTTP/1.1" 200 44929 "-" "Mozilla/5.0 (compatible; SERankingBacklinksBot/1.0; +https://seranking.com/backlinks-crawler)"
144.76.19.157 - - [18/Aug/2026:14:00:43 +0000] "GET /product/malibu-2/?add_to_wishlist=18140&_wpnonce=3b8935374b HTTP/1.1" 301 0 "-" "Mozilla/5.0 (compatible; SERankingBacklinksBot/1.0; +https://seranking.com/backlinks-crawler)"
144.76.19.157 - - [18/Aug/2026:14:00:45 +0000] "GET /product/malibu-2/?add_to_wishlist=18140&_wpnonce=3b8935374b HTTP/1.1" 200 44888 "-" "Mozilla/5.0 (compatible; SERankingBacklinksBot/1.0; +https://seranking.com/backlinks-crawler)"
57.141.4.45 - - [18/Aug/2026:14:00:50 +0000] "GET /detail/1679091446504 HTTP/2" 429 0 "-" "Mozilla/5.0 (Macintosh; Intel Mac OS X 10_15_7) AppleWebKit/537.36 (KHTML, like Gecko) Chrome/145.0.0.0 Safari/537.36 (compatible; meta-externalagent/1.1 (+https://developers.facebook.com/docs/sharing/webmasters/crawler))"
144.76.19.157 - - [18/Aug/2026:14:00:51 +0000] "GET /product/malibu-2/?add_to_wishlist=18144&_wpnonce=32cc803d74 HTTP/1.1" 301 0 "-" "Mozilla/5.0 (compatible; SERankingBacklinksBot/1.0; +https://seranking.com/backlinks-crawler)"
112.86.225.216 - - [18/Aug/2026:14:00:51 +0000] "GET /product-category/engineered-hardwood-floor/artisan-2/?add_to_wishlist=15661&_wpnonce=67ecc438f7 HTTP/1.1" 200 45378 "-" "Sogou web spider/4.0(+http://www.sogou.com/docs/help/webmasters.htm#07)"
144.76.19.157 - - [18/Aug/2026:14:00:53 +0000] "GET /product/malibu-2/?add_to_wishlist=18144&_wpnonce=32cc803d74 HTTP/1.1" 200 44949 "-" "Mozilla/5.0 (compatible; SERankingBacklinksBot/1.0; +https://seranking.com/backlinks-crawler)"
144.76.19.157 - - [18/Aug/2026:14:00:58 +0000] "GET /product/malibu-2/?add_to_wishlist=18144&_wpnonce=ee2ab5adbb HTTP/1.1" 301 0 "-" "Mozilla/5.0 (compatible; SERankingBacklinksBot/1.0; +https://seranking.com/backlinks-crawler)"
144.76.19.157 - - [18/Aug/2026:14:01:00 +0000] "GET /product/malibu-2/?add_to_wishlist=18144&_wpnonce=ee2ab5adbb HTTP/1.1" 200 44913 "-" "Mozilla/5.0 (compatible; SERankingBacklinksBot/1.0; +https://seranking.com/backlinks-crawler)"
144.76.19.157 - - [18/Aug/2026:14:01:06 +0000] "GET /product/malibu-2/?add_to_wishlist=18148&_wpnonce=3b8935374b HTTP/1.1" 301 0 "-" "Mozilla/5.0 (compatible; SERankingBacklinksBot/1.0; +https://seranking.com/backlinks-crawler)"
144.76.19.157 - - [18/Aug/2026:14:01:08 +0000] "GET /product/malibu-2/?add_to_wishlist=18148&_wpnonce=3b8935374b HTTP/1.1" 200 44884 "-" "Mozilla/5.0 (compatible; SERankingBacklinksBot/1.0; +https://seranking.com/backlinks-crawler)"
144.76.19.157 - - [18/Aug/2026:14:01:14 +0000] "GET /product/malibu-2/?add_to_wishlist=18148&_wpnonce=ee2ab5adbb HTTP/1.1" 301 0 "-" "Mozilla/5.0 (compatible; SERankingBacklinksBot/1.0; +https://seranking.com/backlinks-crawler)"
144.76.19.157 - - [18/Aug/2026:14:01:15 +0000] "GET /product/malibu-2/?add_to_wishlist=18148&_wpnonce=ee2ab5adbb HTTP/1.1" 200 44916 "-" "Mozilla/5.0 (compatible; SERankingBacklinksBot/1.0; +https://seranking.com/backlinks-crawler)"
144.76.19.157 - - [18/Aug/2026:14:01:21 +0000] "GET /product/malibu-2/?add_to_wishlist=18152&_wpnonce=ee2ab5adbb HTTP/1.1" 301 0 "-" "Mozilla/5.0 (compatible; SERankingBacklinksBot/1.0; +https://seranking.com/backlinks-crawler)"
144.76.19.157 - - [18/Aug/2026:14:01:23 +0000] "GET /product/malibu-2/?add_to_wishlist=18152&_wpnonce=ee2ab5adbb HTTP/1.1" 200 44946 "-" "Mozilla/5.0 (compatible; SERankingBacklinksBot/1.0; +https://seranking.com/backlinks-crawler)"
144.76.19.157 - - [18/Aug/2026:14:01:28 +0000] "GET /product/malibu-2/?add_to_wishlist=18156&_wpnonce=32cc803d74 HTTP/1.1" 301 0 "-" "Mozilla/5.0 (compatible; SERankingBacklinksBot/1.0; +https://seranking.com/backlinks-crawler)"
192.250.227.238 - - [18/Aug/2026:14:01:31 +0000] "POST /wp-cron.php?doing_wp_cron=1787061691.3101480007171630859375 HTTP/1.1" 200 0 "-" "WordPress/7.0.4; https://glamourflooringla.com"
65.181.112.155 - - [18/Aug/2026:14:01:30 +0000] "GET /wp-login.php HTTP/1.1" 403 9678 "-" "Mozilla/5.0 (Windows NT 10.0; Win64; x64) AppleWebKit/537.36 (KHTML, like Gecko) Chrome/149.0.0.0 Safari/537.36"
144.76.19.157 - - [18/Aug/2026:14:01:30 +0000] "GET /product/malibu-2/?add_to_wishlist=18156&_wpnonce=32cc803d74 HTTP/1.1" 200 44983 "-" "Mozilla/5.0 (compatible; SERankingBacklinksBot/1.0; +https://seranking.com/backlinks-crawler)"
144.76.19.157 - - [18/Aug/2026:14:01:36 +0000] "GET /product/malibu-2/?add_to_wishlist=18156&_wpnonce=3b8935374b HTTP/1.1" 301 0 "-" "Mozilla/5.0 (compatible; SERankingBacklinksBot/1.0; +https://seranking.com/backlinks-crawler)"
144.76.19.157 - - [18/Aug/2026:14:01:38 +0000] "GET /product/malibu-2/?add_to_wishlist=18156&_wpnonce=3b8935374b HTTP/1.1" 200 44928 "-" "Mozilla/5.0 (compatible; SERankingBacklinksBot/1.0; +https://seranking.com/backlinks-crawler)"
144.76.19.157 - - [18/Aug/2026:14:01:44 +0000] "GET /product/malibu-2/?add_to_wishlist=18156&_wpnonce=ee2ab5adbb HTTP/1.1" 301 0 "-" "Mozilla/5.0 (compatible; SERankingBacklinksBot/1.0; +https://seranking.com/backlinks-crawler)"
144.76.19.157 - - [18/Aug/2026:14:01:45 +0000] "GET /product/malibu-2/?add_to_wishlist=18156&_wpnonce=ee2ab5adbb HTTP/1.1" 200 44931 "-" "Mozilla/5.0 (compatible; SERankingBacklinksBot/1.0; +https://seranking.com/backlinks-crawler)"
43.162.122.59 - - [18/Aug/2026:14:01:48 +0000] "POST /wp-json/gutenkit/v1/install-active-plugin HTTP/1.1" 403 6989 "-" "Mozilla/5.0 (Macintosh; Intel Mac OS X 10_15_7) AppleWebKit/605.1.15 (KHTML, like Gecko) Version/17.10 Safari/605.1.15"
192.250.227.238 - - [18/Aug/2026:14:01:49 +0000] "POST /?wordfence_syncAttackData=1787061709.3248 HTTP/1.1" 200 0 "-" "WordPress/7.0.4; https://glamourflooringla.com"
192.250.227.238 - - [18/Aug/2026:14:01:49 +0000] "POST /?wordfence_syncAttackData=1787061709.3704 HTTP/1.1" 200 22412 "-" "WordPress/7.0.4; https://glamourflooringla.com"
179.49.51.138 - - [18/Aug/2026:14:01:49 +0000] "GET /product/sequoia/?_wpnonce=305f5d0752&add_to_wishlist=18428 HTTP/2" 200 38728 "-" "Mozilla/5.0 (Macintosh; Intel Mac OS X 10_15_7) AppleWebKit/537.36 (KHTML, like Gecko) Chrome/146.0.0.0 Safari/537.36"
45.163.174.197 - - [18/Aug/2026:14:01:49 +0000] "GET /product/naples-parfum/?_wpnonce=305f5d0752&add_to_wishlist=18343 HTTP/2" 200 38821 "-" "Mozilla/5.0 (Macintosh; Intel Mac OS X 10_15_7) AppleWebKit/537.36 (KHTML, like Gecko) Chrome/146.0.0.0 Safari/537.36"
144.76.19.157 - - [18/Aug/2026:14:01:51 +0000] "GET /product/malibu-2/?add_to_wishlist=18160&_wpnonce=32cc803d74 HTTP/1.1" 301 0 "-" "Mozilla/5.0 (compatible; SERankingBacklinksBot/1.0; +https://seranking.com/backlinks-crawler)"
144.76.19.157 - - [18/Aug/2026:14:01:53 +0000] "GET /product/malibu-2/?add_to_wishlist=18160&_wpnonce=32cc803d74 HTTP/1.1" 200 44919 "-" "Mozilla/5.0 (compatible; SERankingBacklinksBot/1.0; +https://seranking.com/backlinks-crawler)"
112.86.225.188 - - [18/Aug/2026:14:01:54 +0000] "GET /product-category/laminate/color-laminate/medium-color-laminate/?add_to_wishlist=10116 HTTP/1.1" 301 0 "-" "Sogou web spider/4.0(+http://www.sogou.com/docs/help/webmasters.htm#07)"
112.86.225.188 - - [18/Aug/2026:14:01:56 +0000] "GET /product-category/laminate/color-laminate/medium-color-laminate/?add_to_wishlist=10116 HTTP/1.1" 200 34860 "-" "Sogou web spider/4.0(+http://www.sogou.com/docs/help/webmasters.htm#07)"
57.141.4.64 - - [18/Aug/2026:14:01:57 +0000] "GET /detail/2601159856469 HTTP/2" 429 0 "-" "Mozilla/5.0 (Macintosh; Intel Mac OS X 10_15_7) AppleWebKit/537.36 (KHTML, like Gecko) Chrome/145.0.0.0 Safari/537.36 (compatible; meta-externalagent/1.1 (+https://developers.facebook.com/docs/sharing/webmasters/crawler))"
144.76.19.157 - - [18/Aug/2026:14:01:58 +0000] "GET /product/malibu-2/?add_to_wishlist=18160&_wpnonce=ee2ab5adbb HTTP/1.1" 301 0 "-" "Mozilla/5.0 (compatible; SERankingBacklinksBot/1.0; +https://seranking.com/backlinks-crawler)"
144.76.19.157 - - [18/Aug/2026:14:02:00 +0000] "GET /product/malibu-2/?add_to_wishlist=18160&_wpnonce=ee2ab5adbb HTTP/1.1" 200 45011 "-" "Mozilla/5.0 (compatible; SERankingBacklinksBot/1.0; +https://seranking.com/backlinks-crawler)"
144.76.19.157 - - [18/Aug/2026:14:02:06 +0000] "GET /product/malibu-2/?add_to_wishlist=18165&_wpnonce=3b8935374b HTTP/1.1" 301 0 "-" "Mozilla/5.0 (compatible; SERankingBacklinksBot/1.0; +https://seranking.com/backlinks-crawler)"
144.76.19.157 - - [18/Aug/2026:14:02:08 +0000] "GET /product/malibu-2/?add_to_wishlist=18165&_wpnonce=3b8935374b HTTP/1.1" 200 44931 "-" "Mozilla/5.0 (compatible; SERankingBacklinksBot/1.0; +https://seranking.com/backlinks-crawler)"
144.76.19.157 - - [18/Aug/2026:14:02:14 +0000] "GET /product/malibu-2/?add_to_wishlist=18165&_wpnonce=ee2ab5adbb HTTP/1.1" 301 0 "-" "Mozilla/5.0 (compatible; SERankingBacklinksBot/1.0; +https://seranking.com/backlinks-crawler)"
144.76.19.157 - - [18/Aug/2026:14:02:16 +0000] "GET /product/malibu-2/?add_to_wishlist=18165&_wpnonce=ee2ab5adbb HTTP/1.1" 200 45050 "-" "Mozilla/5.0 (compatible; SERankingBacklinksBot/1.0; +https://seranking.com/backlinks-crawler)"
144.76.19.157 - - [18/Aug/2026:14:02:21 +0000] "GET /product/malibu/ HTTP/1.1" 301 0 "-" "Mozilla/5.0 (compatible; SERankingBacklinksBot/1.0; +https://seranking.com/backlinks-crawler)"
144.76.19.157 - - [18/Aug/2026:14:02:23 +0000] "GET /product/malibu/ HTTP/1.1" 200 46300 "-" "Mozilla/5.0 (compatible; SERankingBacklinksBot/1.0; +https://seranking.com/backlinks-crawler)"
144.76.19.157 - - [18/Aug/2026:14:02:29 +0000] "GET /product/malibu/?add_to_wishlist=15484&_wpnonce=32cc803d74 HTTP/1.1" 301 0 "-" "Mozilla/5.0 (compatible; SERankingBacklinksBot/1.0; +https://seranking.com/backlinks-crawler)"
144.76.19.157 - - [18/Aug/2026:14:02:30 +0000] "GET /product/malibu/?add_to_wishlist=15484&_wpnonce=32cc803d74 HTTP/1.1" 200 46268 "-" "Mozilla/5.0 (compatible; SERankingBacklinksBot/1.0; +https://seranking.com/backlinks-crawler)"
83.99.206.80 - - [18/Aug/2026:14:02:32 +0000] "GET /featured_item/sherman-oaks-3/ HTTP/1.1" 200 31574 "-" "Mozilla/5.0 (X11; Linux x86_64) AppleWebKit/537.36 (KHTML, like Gecko; GeedoShopProductFinder) Chrome/142.0.0.0 Safari/537.36"
144.76.19.157 - - [18/Aug/2026:14:02:36 +0000] "GET /product/malibu/?add_to_wishlist=15484&_wpnonce=3b8935374b HTTP/1.1" 301 0 "-" "Mozilla/5.0 (compatible; SERankingBacklinksBot/1.0; +https://seranking.com/backlinks-crawler)"
144.76.19.157 - - [18/Aug/2026:14:02:38 +0000] "GET /product/malibu/?add_to_wishlist=15484&_wpnonce=3b8935374b HTTP/1.1" 200 46305 "-" "Mozilla/5.0 (compatible; SERankingBacklinksBot/1.0; +https://seranking.com/backlinks-crawler)"
144.76.19.157 - - [18/Aug/2026:14:02:43 +0000] "GET /product/malibu/?add_to_wishlist=15487&_wpnonce=3b8935374b HTTP/1.1" 301 0 "-" "Mozilla/5.0 (compatible; SERankingBacklinksBot/1.0; +https://seranking.com/backlinks-crawler)"
144.76.19.157 - - [18/Aug/2026:14:02:45 +0000] "GET /product/malibu/?add_to_wishlist=15487&_wpnonce=3b8935374b HTTP/1.1" 200 46276 "-" "Mozilla/5.0 (compatible; SERankingBacklinksBot/1.0; +https://seranking.com/backlinks-crawler)"
144.76.19.157 - - [18/Aug/2026:14:02:51 +0000] "GET /product/malibu/?add_to_wishlist=15487&_wpnonce=ee2ab5adbb HTTP/1.1" 301 0 "-" "Mozilla/5.0 (compatible; SERankingBacklinksBot/1.0; +https://seranking.com/backlinks-crawler)"
144.76.19.157 - - [18/Aug/2026:14:02:53 +0000] "GET /product/malibu/?add_to_wishlist=15487&_wpnonce=ee2ab5adbb HTTP/1.1" 200 46287 "-" "Mozilla/5.0 (compatible; SERankingBacklinksBot/1.0; +https://seranking.com/backlinks-crawler)"
83.99.206.210 - - [18/Aug/2026:14:02:53 +0000] "GET /featured_item/still-14/2 HTTP/1.1" 301 0 "-" "Mozilla/5.0 (X11; Linux x86_64) AppleWebKit/537.36 (KHTML, like Gecko; GeedoShopProductFinder) Chrome/142.0.0.0 Safari/537.36"
83.99.206.210 - - [18/Aug/2026:14:02:54 +0000] "GET / HTTP/1.1" 200 46843 "-" "Mozilla/5.0 (X11; Linux x86_64) AppleWebKit/537.36 (KHTML, like Gecko; GeedoShopProductFinder) Chrome/142.0.0.0 Safari/537.36"
144.76.19.157 - - [18/Aug/2026:14:02:58 +0000] "GET /product/malibu/?add_to_wishlist=15489&_wpnonce=3b8935374b HTTP/1.1" 301 0 "-" "Mozilla/5.0 (compatible; SERankingBacklinksBot/1.0; +https://seranking.com/backlinks-crawler)"
144.76.19.157 - - [18/Aug/2026:14:03:00 +0000] "GET /product/malibu/?add_to_wishlist=15489&_wpnonce=3b8935374b HTTP/1.1" 200 46272 "-" "Mozilla/5.0 (compatible; SERankingBacklinksBot/1.0; +https://seranking.com/backlinks-crawler)"
57.141.4.13 - - [18/Aug/2026:14:03:04 +0000] "GET /detail/566071603993 HTTP/2" 429 0 "-" "Mozilla/5.0 (Windows NT 10.0; Win64; x64) AppleWebKit/537.36 (KHTML, like Gecko) Chrome/145.0.0.0 Safari/537.36 (compatible; meta-externalagent/1.1 (+https://developers.facebook.com/docs/sharing/webmasters/crawler))"
144.76.19.157 - - [18/Aug/2026:14:03:06 +0000] "GET /product/malibu/?add_to_wishlist=15489&_wpnonce=44202cc6af HTTP/1.1" 301 0 "-" "Mozilla/5.0 (compatible; SERankingBacklinksBot/1.0; +https://seranking.com/backlinks-crawler)"
144.76.19.157 - - [18/Aug/2026:14:03:08 +0000] "GET /product/malibu/?add_to_wishlist=15489&_wpnonce=44202cc6af HTTP/1.1" 200 46321 "-" "Mozilla/5.0 (compatible; SERankingBacklinksBot/1.0; +https://seranking.com/backlinks-crawler)"
83.99.206.80 - - [18/Aug/2026:14:03:13 +0000] "GET /featured_item/still-4/ HTTP/1.1" 200 31984 "-" "Mozilla/5.0 (X11; Linux x86_64) AppleWebKit/537.36 (KHTML, like Gecko; GeedoShopProductFinder) Chrome/142.0.0.0 Safari/537.36"
144.76.19.157 - - [18/Aug/2026:14:03:13 +0000] "GET /product/malibu/?add_to_wishlist=15489&_wpnonce=ee2ab5adbb HTTP/1.1" 301 0 "-" "Mozilla/5.0 (compatible; SERankingBacklinksBot/1.0; +https://seranking.com/backlinks-crawler)"
144.76.19.157 - - [18/Aug/2026:14:03:15 +0000] "GET /product/malibu/?add_to_wishlist=15489&_wpnonce=ee2ab5adbb HTTP/1.1" 200 46231 "-" "Mozilla/5.0 (compatible; SERankingBacklinksBot/1.0; +https://seranking.com/backlinks-crawler)"
144.76.19.157 - - [18/Aug/2026:14:03:21 +0000] "GET /product/malibu/?add_to_wishlist=15492&_wpnonce=3b8935374b HTTP/1.1" 301 0 "-" "Mozilla/5.0 (compatible; SERankingBacklinksBot/1.0; +https://seranking.com/backlinks-crawler)"
144.76.19.157 - - [18/Aug/2026:14:03:23 +0000] "GET /product/malibu/?add_to_wishlist=15492&_wpnonce=3b8935374b HTTP/1.1" 200 46263 "-" "Mozilla/5.0 (compatible; SERankingBacklinksBot/1.0; +https://seranking.com/backlinks-crawler)"
144.76.19.157 - - [18/Aug/2026:14:03:28 +0000] "GET /product/malibu/?add_to_wishlist=15492&_wpnonce=ee2ab5adbb HTTP/1.1" 301 0 "-" "Mozilla/5.0 (compatible; SERankingBacklinksBot/1.0; +https://seranking.com/backlinks-crawler)"
192.250.227.238 - - [18/Aug/2026:14:03:31 +0000] "POST /wp-cron.php?doing_wp_cron=1787061811.2856369018554687500000 HTTP/1.1" 200 0 "-" "WordPress/7.0.4; https://glamourflooringla.com"
144.76.19.157 - - [18/Aug/2026:14:03:30 +0000] "GET /product/malibu/?add_to_wishlist=15492&_wpnonce=ee2ab5adbb HTTP/1.1" 200 46255 "-" "Mozilla/5.0 (compatible; SERankingBacklinksBot/1.0; +https://seranking.com/backlinks-crawler)"
83.99.206.80 - - [18/Aug/2026:14:03:32 +0000] "GET /product/country-aura/ HTTP/1.1" 200 38814 "-" "Mozilla/5.0 (X11; Linux x86_64) AppleWebKit/537.36 (KHTML, like Gecko; GeedoShopProductFinder) Chrome/142.0.0.0 Safari/537.36"
144.76.19.157 - - [18/Aug/2026:14:03:35 +0000] "GET /product/malibu/?add_to_wishlist=15495&_wpnonce=32cc803d74 HTTP/1.1" 301 0 "-" "Mozilla/5.0 (compatible; SERankingBacklinksBot/1.0; +https://seranking.com/backlinks-crawler)"
144.76.19.157 - - [18/Aug/2026:14:03:37 +0000] "GET /product/malibu/?add_to_wishlist=15495&_wpnonce=32cc803d74 HTTP/1.1" 200 46245 "-" "Mozilla/5.0 (compatible; SERankingBacklinksBot/1.0; +https://seranking.com/backlinks-crawler)"
144.76.19.157 - - [18/Aug/2026:14:03:43 +0000] "GET /product/malibu/?add_to_wishlist=15495&_wpnonce=3b8935374b HTTP/1.1" 301 0 "-" "Mozilla/5.0 (compatible; SERankingBacklinksBot/1.0; +https://seranking.com/backlinks-crawler)"
144.76.19.157 - - [18/Aug/2026:14:03:45 +0000] "GET /product/malibu/?add_to_wishlist=15495&_wpnonce=3b8935374b HTTP/1.1" 200 46278 "-" "Mozilla/5.0 (compatible; SERankingBacklinksBot/1.0; +https://seranking.com/backlinks-crawler)"
144.76.19.157 - - [18/Aug/2026:14:03:50 +0000] "GET /product/malibu/?add_to_wishlist=15495&_wpnonce=ee2ab5adbb HTTP/1.1" 301 0 "-" "Mozilla/5.0 (compatible; SERankingBacklinksBot/1.0; +https://seranking.com/backlinks-crawler)"
144.76.19.157 - - [18/Aug/2026:14:03:52 +0000] "GET /product/malibu/?add_to_wishlist=15495&_wpnonce=ee2ab5adbb HTTP/1.1" 200 46272 "-" "Mozilla/5.0 (compatible; SERankingBacklinksBot/1.0; +https://seranking.com/backlinks-crawler)"
83.99.206.80 - - [18/Aug/2026:14:03:53 +0000] "GET /product/oak-sherwood-artisan/ HTTP/1.1" 200 38583 "-" "Mozilla/5.0 (X11; Linux x86_64) AppleWebKit/537.36 (KHTML, like Gecko; GeedoShopProductFinder) Chrome/142.0.0.0 Safari/537.36"
144.76.19.157 - - [18/Aug/2026:14:03:58 +0000] "GET /product/malibu/?add_to_wishlist=15507&_wpnonce=3b8935374b HTTP/1.1" 301 0 "-" "Mozilla/5.0 (compatible; SERankingBacklinksBot/1.0; +https://seranking.com/backlinks-crawler)"
144.76.19.157 - - [18/Aug/2026:14:04:00 +0000] "GET /product/malibu/?add_to_wishlist=15507&_wpnonce=3b8935374b HTTP/1.1" 200 46301 "-" "Mozilla/5.0 (compatible; SERankingBacklinksBot/1.0; +https://seranking.com/backlinks-crawler)"
144.76.19.157 - - [18/Aug/2026:14:04:04 +0000] "GET /product/malibu/?add_to_wishlist=15507&_wpnonce=ee2ab5adbb HTTP/1.1" 301 0 "-" "Mozilla/5.0 (compatible; SERankingBacklinksBot/1.0; +https://seranking.com/backlinks-crawler)"
144.76.19.157 - - [18/Aug/2026:14:04:05 +0000] "GET /product/malibu/?add_to_wishlist=15507&_wpnonce=ee2ab5adbb HTTP/1.1" 200 46254 "-" "Mozilla/5.0 (compatible; SERankingBacklinksBot/1.0; +https://seranking.com/backlinks-crawler)"
144.76.19.157 - - [18/Aug/2026:14:04:09 +0000] "GET /product/malibu/?add_to_wishlist=15510&_wpnonce=3b8935374b HTTP/1.1" 301 0 "-" "Mozilla/5.0 (compatible; SERankingBacklinksBot/1.0; +https://seranking.com/backlinks-crawler)"
57.141.4.62 - - [18/Aug/2026:14:04:10 +0000] "GET /detail/2584291268481 HTTP/2" 429 0 "-" "Mozilla/5.0 (Macintosh; Intel Mac OS X 10_15_7) AppleWebKit/537.36 (KHTML, like Gecko) Chrome/145.0.0.0 Safari/537.36 (compatible; meta-externalagent/1.1 (+https://developers.facebook.com/docs/sharing/webmasters/crawler))"
144.76.19.157 - - [18/Aug/2026:14:04:10 +0000] "GET /product/malibu/?add_to_wishlist=15510&_wpnonce=3b8935374b HTTP/1.1" 200 46286 "-" "Mozilla/5.0 (compatible; SERankingBacklinksBot/1.0; +https://seranking.com/backlinks-crawler)"
83.99.206.134 - - [18/Aug/2026:14:04:12 +0000] "GET /product/ozarks-naf/ HTTP/1.1" 200 38534 "-" "Mozilla/5.0 (X11; Linux x86_64) AppleWebKit/537.36 (KHTML, like Gecko; GeedoShopProductFinder) Chrome/142.0.0.0 Safari/537.36"
144.76.19.157 - - [18/Aug/2026:14:04:15 +0000] "GET /product/malibu/?add_to_wishlist=15510&_wpnonce=ee2ab5adbb HTTP/1.1" 301 0 "-" "Mozilla/5.0 (compatible; SERankingBacklinksBot/1.0; +https://seranking.com/backlinks-crawler)"
