149.57.191.17 - - [18/Aug/2026:14:12:16 +0000] "GET /wp-content/plugins/elementor/assets/lib/animations/styles/slideInUp.min.css?ver=4.2.2 HTTP/2" 200 146 "https://glamourflooringla.com/" "Mozilla/5.0 (X11; Linux x86_64) AppleWebKit/537.36 (KHTML, like Gecko) Chrome/148.0.0.0 Safari/537.36"
149.57.191.17 - - [18/Aug/2026:14:12:16 +0000] "GET /wp-content/plugins/elementskit-lite/widgets/init/assets/css/header-offcanvas.css?ver=4.0.1 HTTP/2" 200 634 "https://glamourflooringla.com/" "Mozilla/5.0 (X11; Linux x86_64) AppleWebKit/537.36 (KHTML, like Gecko) Chrome/148.0.0.0 Safari/537.36"
149.57.191.17 - - [18/Aug/2026:14:12:16 +0000] "GET /wp-content/plugins/elementskit-lite/widgets/init/assets/css/header-search.css?ver=4.0.1 HTTP/2" 200 663 "https://glamourflooringla.com/" "Mozilla/5.0 (X11; Linux x86_64) AppleWebKit/537.36 (KHTML, like Gecko) Chrome/148.0.0.0 Safari/537.36"
149.57.191.17 - - [18/Aug/2026:14:12:16 +0000] "GET /wp-content/plugins/elementor/assets/css/conditionals/e-swiper.min.css?ver=4.2.2 HTTP/2" 200 699 "https://glamourflooringla.com/" "Mozilla/5.0 (X11; Linux x86_64) AppleWebKit/537.36 (KHTML, like Gecko) Chrome/148.0.0.0 Safari/537.36"
149.57.191.17 - - [18/Aug/2026:14:12:16 +0000] "GET /wp-content/plugins/woocommerce/assets/js/jquery-blockui/jquery.blockUI.min.js?ver=2.7.0-wc.11.0.1 HTTP/2" 200 3277 "https://glamourflooringla.com/" "Mozilla/5.0 (X11; Linux x86_64) AppleWebKit/537.36 (KHTML, like Gecko) Chrome/148.0.0.0 Safari/537.36"
149.57.191.17 - - [18/Aug/2026:14:12:16 +0000] "GET /wp-content/plugins/elementskit-lite/widgets/init/assets/css/nav-menu.css?ver=4.0.1 HTTP/2" 200 2974 "https://glamourflooringla.com/" "Mozilla/5.0 (X11; Linux x86_64) AppleWebKit/537.36 (KHTML, like Gecko) Chrome/148.0.0.0 Safari/537.36"
149.57.191.17 - - [18/Aug/2026:14:12:16 +0000] "GET /wp-content/plugins/woocommerce/assets/js/js-cookie/js.cookie.min.js?ver=2.1.4-wc.11.0.1 HTTP/2" 200 760 "https://glamourflooringla.com/" "Mozilla/5.0 (X11; Linux x86_64) AppleWebKit/537.36 (KHTML, like Gecko) Chrome/148.0.0.0 Safari/537.36"
149.57.191.17 - - [18/Aug/2026:14:12:16 +0000] "GET /wp-content/plugins/elementskit-lite/widgets/init/assets/css/header-info.css?ver=4.0.1 HTTP/2" 200 163 "https://glamourflooringla.com/" "Mozilla/5.0 (X11; Linux x86_64) AppleWebKit/537.36 (KHTML, like Gecko) Chrome/148.0.0.0 Safari/537.36"
149.57.191.17 - - [18/Aug/2026:14:12:16 +0000] "GET /wp-content/plugins/elementor/assets/css/widget-heading.min.css?ver=4.2.2 HTTP/2" 200 126 "https://glamourflooringla.com/" "Mozilla/5.0 (X11; Linux x86_64) AppleWebKit/537.36 (KHTML, like Gecko) Chrome/148.0.0.0 Safari/537.36"
149.57.191.17 - - [18/Aug/2026:14:12:16 +0000] "GET /wp-content/uploads/elementor/css/post-17606.css?ver=1786988062 HTTP/2" 200 458 "https://glamourflooringla.com/" "Mozilla/5.0 (X11; Linux x86_64) AppleWebKit/537.36 (KHTML, like Gecko) Chrome/148.0.0.0 Safari/537.36"
149.57.191.17 - - [18/Aug/2026:14:12:16 +0000] "GET /wp-content/uploads/so-css/so-css-flatsome.css?ver=1784265116 HTTP/2" 200 1511 "https://glamourflooringla.com/" "Mozilla/5.0 (X11; Linux x86_64) AppleWebKit/537.36 (KHTML, like Gecko) Chrome/148.0.0.0 Safari/537.36"
149.57.191.17 - - [18/Aug/2026:14:12:16 +0000] "GET /wp-content/plugins/wp-live-chat-software-for-wordpress/includes/js/textConnect.js?ver=5.0.12 HTTP/2" 200 319 "https://glamourflooringla.com/" "Mozilla/5.0 (X11; Linux x86_64) AppleWebKit/537.36 (KHTML, like Gecko) Chrome/148.0.0.0 Safari/537.36"
149.57.191.17 - - [18/Aug/2026:14:12:16 +0000] "GET /wp-content/plugins/woocommerce/assets/client/blocks/wc-blocks.css?ver=wc-11.0.1 HTTP/2" 200 2393 "https://glamourflooringla.com/" "Mozilla/5.0 (X11; Linux x86_64) AppleWebKit/537.36 (KHTML, like Gecko) Chrome/148.0.0.0 Safari/537.36"
149.57.191.17 - - [18/Aug/2026:14:12:16 +0000] "GET /wp-content/plugins/elementor/assets/lib/swiper/v8/css/swiper.min.css?ver=8.4.5 HTTP/2" 200 4248 "https://glamourflooringla.com/" "Mozilla/5.0 (X11; Linux x86_64) AppleWebKit/537.36 (KHTML, like Gecko) Chrome/148.0.0.0 Safari/537.36"
149.57.191.17 - - [18/Aug/2026:14:12:16 +0000] "GET /wp-content/plugins/variation-swatches-for-woocommerce/assets/css/frontend.css?ver=2.2.7 HTTP/2" 200 6201 "https://glamourflooringla.com/" "Mozilla/5.0 (X11; Linux x86_64) AppleWebKit/537.36 (KHTML, like Gecko) Chrome/148.0.0.0 Safari/537.36"
149.57.191.17 - - [18/Aug/2026:14:12:16 +0000] "GET /wp-content/uploads/elementor/css/post-17829.css?ver=1787034666 HTTP/2" 200 5899 "https://glamourflooringla.com/" "Mozilla/5.0 (X11; Linux x86_64) AppleWebKit/537.36 (KHTML, like Gecko) Chrome/148.0.0.0 Safari/537.36"
149.57.191.17 - - [18/Aug/2026:14:12:16 +0000] "GET /wp-content/plugins/elementskit-lite/widgets/init/assets/css/common.css?ver=4.0.1 HTTP/2" 200 17916 "https://glamourflooringla.com/" "Mozilla/5.0 (X11; Linux x86_64) AppleWebKit/537.36 (KHTML, like Gecko) Chrome/148.0.0.0 Safari/537.36"
149.57.191.17 - - [18/Aug/2026:14:12:16 +0000] "GET /wp-content/themes/flatsome/assets/css/flatsome.css?ver=3.20.5 HTTP/2" 200 28866 "https://glamourflooringla.com/" "Mozilla/5.0 (X11; Linux x86_64) AppleWebKit/537.36 (KHTML, like Gecko) Chrome/148.0.0.0 Safari/537.36"
149.57.191.17 - - [18/Aug/2026:14:12:16 +0000] "GET /wp-includes/js/jquery/jquery-migrate.min.js?ver=3.4.1 HTTP/2" 200 4678 "https://glamourflooringla.com/" "Mozilla/5.0 (X11; Linux x86_64) AppleWebKit/537.36 (KHTML, like Gecko) Chrome/148.0.0.0 Safari/537.36"
149.57.191.17 - - [18/Aug/2026:14:12:16 +0000] "GET /wp-content/themes/flatsome/assets/css/flatsome-shop.css?ver=3.20.5 HTTP/2" 200 6758 "https://glamourflooringla.com/" "Mozilla/5.0 (X11; Linux x86_64) AppleWebKit/537.36 (KHTML, like Gecko) Chrome/148.0.0.0 Safari/537.36"
149.57.191.17 - - [18/Aug/2026:14:12:16 +0000] "GET /wp-content/themes/flatsome/assets/js/chunk.slider.js?ver=3.20.5 HTTP/2" 200 12971 "https://glamourflooringla.com/" "Mozilla/5.0 (X11; Linux x86_64) AppleWebKit/537.36 (KHTML, like Gecko) Chrome/148.0.0.0 Safari/537.36"
149.57.191.17 - - [18/Aug/2026:14:12:16 +0000] "GET /wp-includes/js/jquery/jquery.min.js?ver=3.7.1 HTTP/2" 200 29744 "https://glamourflooringla.com/" "Mozilla/5.0 (X11; Linux x86_64) AppleWebKit/537.36 (KHTML, like Gecko) Chrome/148.0.0.0 Safari/537.36"
149.57.191.17 - - [18/Aug/2026:14:12:16 +0000] "GET /wp-content/themes/flatsome/assets/js/flatsome.js?ver=e2eddd6c228105dac048 HTTP/2" 200 18337 "https://glamourflooringla.com/" "Mozilla/5.0 (X11; Linux x86_64) AppleWebKit/537.36 (KHTML, like Gecko) Chrome/148.0.0.0 Safari/537.36"
149.57.191.17 - - [18/Aug/2026:14:12:17 +0000] "GET /wp-includes/js/dist/hooks.min.js?ver=7496969728ca0f95732d HTTP/2" 200 1734 "https://glamourflooringla.com/" "Mozilla/5.0 (X11; Linux x86_64) AppleWebKit/537.36 (KHTML, like Gecko) Chrome/148.0.0.0 Safari/537.36"
149.57.191.17 - - [18/Aug/2026:14:12:17 +0000] "GET /wp-content/plugins/elementskit-lite/modules/elementskit-icon-pack/assets/css/ekiticons.css?ver=4.0.1 HTTP/2" 200 9831 "https://glamourflooringla.com/" "Mozilla/5.0 (X11; Linux x86_64) AppleWebKit/537.36 (KHTML, like Gecko) Chrome/148.0.0.0 Safari/537.36"
149.57.191.17 - - [18/Aug/2026:14:12:17 +0000] "GET /wp-includes/js/dist/i18n.min.js?ver=781d11515ad3d91786ec HTTP/2" 200 2354 "https://glamourflooringla.com/" "Mozilla/5.0 (X11; Linux x86_64) AppleWebKit/537.36 (KHTML, like Gecko) Chrome/148.0.0.0 Safari/537.36"
149.57.191.17 - - [18/Aug/2026:14:12:17 +0000] "GET /wp-content/plugins/contact-form-7/includes/swv/js/index.js?ver=6.1.7 HTTP/2" 200 3369 "https://glamourflooringla.com/" "Mozilla/5.0 (X11; Linux x86_64) AppleWebKit/537.36 (KHTML, like Gecko) Chrome/148.0.0.0 Safari/537.36"
149.57.191.17 - - [18/Aug/2026:14:12:17 +0000] "GET /wp-content/plugins/contact-form-7/includes/js/index.js?ver=6.1.7 HTTP/2" 200 4008 "https://glamourflooringla.com/" "Mozilla/5.0 (X11; Linux x86_64) AppleWebKit/537.36 (KHTML, like Gecko) Chrome/148.0.0.0 Safari/537.36"
149.57.191.17 - - [18/Aug/2026:14:12:17 +0000] "GET /wp-content/plugins/date-time-picker-for-contact-form-7/assets/js/datetimepicker.js?ver=1.0.0 HTTP/2" 200 556 "https://glamourflooringla.com/" "Mozilla/5.0 (X11; Linux x86_64) AppleWebKit/537.36 (KHTML, like Gecko) Chrome/148.0.0.0 Safari/537.36"
149.57.191.17 - - [18/Aug/2026:14:12:17 +0000] "GET /wp-content/plugins/woocommerce/assets/js/frontend/woocommerce.min.js?ver=11.0.1 HTTP/2" 200 1384 "https://glamourflooringla.com/" "Mozilla/5.0 (X11; Linux x86_64) AppleWebKit/537.36 (KHTML, like Gecko) Chrome/148.0.0.0 Safari/537.36"
149.57.191.17 - - [18/Aug/2026:14:12:17 +0000] "GET /wp-content/plugins/date-time-picker-for-contact-form-7/assets/js/jquery.datetimepicker.full.min.js?ver=7.0.4 HTTP/2" 200 18741 "https://glamourflooringla.com/" "Mozilla/5.0 (X11; Linux x86_64) AppleWebKit/537.36 (KHTML, like Gecko) Chrome/148.0.0.0 Safari/537.36"
149.57.191.17 - - [18/Aug/2026:14:12:17 +0000] "GET /wp-content/themes/flatsome/assets/css/icons/fl-icons.woff2?v=3.20.5 HTTP/2" 200 7560 "https://glamourflooringla.com/" "Mozilla/5.0 (X11; Linux x86_64) AppleWebKit/537.36 (KHTML, like Gecko) Chrome/148.0.0.0 Safari/537.36"
149.57.191.17 - - [18/Aug/2026:14:12:17 +0000] "GET /wp-content/fonts/lato/S6uyw4BMUTPHjx4wXg.woff2 HTTP/2" 200 23580 "https://glamourflooringla.com/" "Mozilla/5.0 (X11; Linux x86_64) AppleWebKit/537.36 (KHTML, like Gecko) Chrome/148.0.0.0 Safari/537.36"
149.57.191.17 - - [18/Aug/2026:14:12:17 +0000] "GET /wp-content/fonts/lato/S6u9w4BMUTPHh6UVSwiPGQ.woff2 HTTP/2" 200 23040 "https://glamourflooringla.com/" "Mozilla/5.0 (X11; Linux x86_64) AppleWebKit/537.36 (KHTML, like Gecko) Chrome/148.0.0.0 Safari/537.36"
149.57.191.17 - - [18/Aug/2026:14:12:17 +0000] "GET /wp-content/themes/flatsome/assets/js/flatsome.js?ver=e2eddd6c228105dac048 HTTP/2" 200 18337 "https://glamourflooringla.com/" "Mozilla/5.0 (X11; Linux x86_64) AppleWebKit/537.36 (KHTML, like Gecko) Chrome/148.0.0.0 Safari/537.36"
149.57.191.17 - - [18/Aug/2026:14:12:17 +0000] "GET /wp-includes/js/hoverIntent.min.js?ver=1.10.2 HTTP/2" 200 668 "https://glamourflooringla.com/" "Mozilla/5.0 (X11; Linux x86_64) AppleWebKit/537.36 (KHTML, like Gecko) Chrome/148.0.0.0 Safari/537.36"
149.57.191.17 - - [18/Aug/2026:14:12:17 +0000] "GET /wp-content/themes/flatsome/inc/integrations/wc-yith-wishlist/wishlist.js?ver=3.20.5 HTTP/2" 200 638 "https://glamourflooringla.com/" "Mozilla/5.0 (X11; Linux x86_64) AppleWebKit/537.36 (KHTML, like Gecko) Chrome/148.0.0.0 Safari/537.36"
149.57.191.17 - - [18/Aug/2026:14:12:17 +0000] "GET /wp-content/plugins/elementor/assets/js/webpack.runtime.min.js?ver=4.2.2 HTTP/2" 200 2335 "https://glamourflooringla.com/" "Mozilla/5.0 (X11; Linux x86_64) AppleWebKit/537.36 (KHTML, like Gecko) Chrome/148.0.0.0 Safari/537.36"
149.57.191.17 - - [18/Aug/2026:14:12:17 +0000] "GET /wp-includes/js/jquery/ui/core.min.js?ver=1.13.3 HTTP/2" 200 6812 "https://glamourflooringla.com/" "Mozilla/5.0 (X11; Linux x86_64) AppleWebKit/537.36 (KHTML, like Gecko) Chrome/148.0.0.0 Safari/537.36"
149.57.191.17 - - [18/Aug/2026:14:12:17 +0000] "GET /wp-content/plugins/elementor/assets/js/frontend-modules.min.js?ver=4.2.2 HTTP/2" 200 15445 "https://glamourflooringla.com/" "Mozilla/5.0 (X11; Linux x86_64) AppleWebKit/537.36 (KHTML, like Gecko) Chrome/148.0.0.0 Safari/537.36"
149.57.191.17 - - [18/Aug/2026:14:12:17 +0000] "GET /wp-content/themes/flatsome/assets/js/extensions/flatsome-live-search.js?ver=3.20.5 HTTP/2" 200 4422 "https://glamourflooringla.com/" "Mozilla/5.0 (X11; Linux x86_64) AppleWebKit/537.36 (KHTML, like Gecko) Chrome/148.0.0.0 Safari/537.36"
149.57.191.17 - - [18/Aug/2026:14:12:17 +0000] "GET /wp-content/plugins/elementor/assets/js/frontend.min.js?ver=4.2.2 HTTP/2" 200 10124 "https://glamourflooringla.com/" "Mozilla/5.0 (X11; Linux x86_64) AppleWebKit/537.36 (KHTML, like Gecko) Chrome/148.0.0.0 Safari/537.36"
149.57.191.17 - - [18/Aug/2026:14:12:17 +0000] "GET /wp-content/plugins/testimonial-slider-and-showcase/assets/vendor/swiper/swiper.min.js?ver=2.4.2 HTTP/2" 200 37996 "https://glamourflooringla.com/" "Mozilla/5.0 (X11; Linux x86_64) AppleWebKit/537.36 (KHTML, like Gecko) Chrome/148.0.0.0 Safari/537.36"
149.57.191.17 - - [18/Aug/2026:14:12:17 +0000] "GET /wp-content/plugins/elementskit-lite/widgets/init/assets/js/widgets/core.js?ver=4.0.1 HTTP/2" 200 1157 "https://glamourflooringla.com/" "Mozilla/5.0 (X11; Linux x86_64) AppleWebKit/537.36 (KHTML, like Gecko) Chrome/148.0.0.0 Safari/537.36"
149.57.191.17 - - [18/Aug/2026:14:12:17 +0000] "GET /wp-content/plugins/woocommerce/assets/js/frontend/order-attribution.min.js?ver=11.0.1 HTTP/2" 200 1020 "https://glamourflooringla.com/" "Mozilla/5.0 (X11; Linux x86_64) AppleWebKit/537.36 (KHTML, like Gecko) Chrome/148.0.0.0 Safari/537.36"
149.57.191.17 - - [18/Aug/2026:14:12:17 +0000] "GET /wp-content/plugins/variation-swatches-for-woocommerce/assets/js/frontend.js?ver=2.2.7 HTTP/2" 200 3417 "https://glamourflooringla.com/" "Mozilla/5.0 (X11; Linux x86_64) AppleWebKit/537.36 (KHTML, like Gecko) Chrome/148.0.0.0 Safari/537.36"
149.57.191.17 - - [18/Aug/2026:14:12:17 +0000] "GET /wp-content/plugins/elementskit-lite/widgets/init/assets/js/widgets/nav-menu.js?ver=4.0.1 HTTP/2" 200 848 "https://glamourflooringla.com/" "Mozilla/5.0 (X11; Linux x86_64) AppleWebKit/537.36 (KHTML, like Gecko) Chrome/148.0.0.0 Safari/537.36"
149.57.191.17 - - [18/Aug/2026:14:12:17 +0000] "GET /wp-content/plugins/elementskit-lite/widgets/init/assets/js/nav-menu.js?ver=4.0.1 HTTP/2" 200 607 "https://glamourflooringla.com/" "Mozilla/5.0 (X11; Linux x86_64) AppleWebKit/537.36 (KHTML, like Gecko) Chrome/148.0.0.0 Safari/537.36"
149.57.191.17 - - [18/Aug/2026:14:12:17 +0000] "GET /wp-content/plugins/woocommerce/assets/js/sourcebuster/sourcebuster.min.js?ver=11.0.1 HTTP/2" 200 4609 "https://glamourflooringla.com/" "Mozilla/5.0 (X11; Linux x86_64) AppleWebKit/537.36 (KHTML, like Gecko) Chrome/148.0.0.0 Safari/537.36"
149.57.191.17 - - [18/Aug/2026:14:12:17 +0000] "GET /wp-content/plugins/elementskit-lite/assets/libs/magnific-popup/jquery.magnific-popup.min.js?ver=4.0.1 HTTP/2" 200 7252 "https://glamourflooringla.com/" "Mozilla/5.0 (X11; Linux x86_64) AppleWebKit/537.36 (KHTML, like Gecko) Chrome/148.0.0.0 Safari/537.36"
149.57.191.17 - - [18/Aug/2026:14:12:17 +0000] "GET /wp-content/plugins/elementskit-lite/widgets/init/assets/js/widgets/header-offcanvas.js?ver=4.0.1 HTTP/2" 200 236 "https://glamourflooringla.com/" "Mozilla/5.0 (X11; Linux x86_64) AppleWebKit/537.36 (KHTML, like Gecko) Chrome/148.0.0.0 Safari/537.36"
149.57.191.17 - - [18/Aug/2026:14:12:17 +0000] "GET /wp-content/plugins/elementor-pro/assets/js/elements-handlers.min.js?ver=4.2.1 HTTP/2" 200 10079 "https://glamourflooringla.com/" "Mozilla/5.0 (X11; Linux x86_64) AppleWebKit/537.36 (KHTML, like Gecko) Chrome/148.0.0.0 Safari/537.36"
149.57.191.17 - - [18/Aug/2026:14:12:17 +0000] "GET /wp-content/plugins/elementor-pro/assets/js/frontend.min.js?ver=4.2.1 HTTP/2" 200 6193 "https://glamourflooringla.com/" "Mozilla/5.0 (X11; Linux x86_64) AppleWebKit/537.36 (KHTML, like Gecko) Chrome/148.0.0.0 Safari/537.36"
149.57.191.17 - - [18/Aug/2026:14:12:17 +0000] "GET /wp-content/themes/flatsome/assets/js/woocommerce.js?ver=1c9be63d628ff7c3ff4c HTTP/2" 200 7932 "https://glamourflooringla.com/" "Mozilla/5.0 (X11; Linux x86_64) AppleWebKit/537.36 (KHTML, like Gecko) Chrome/148.0.0.0 Safari/537.36"
149.57.191.17 - - [18/Aug/2026:14:12:17 +0000] "GET /wp-content/plugins/elementor-pro/assets/js/webpack-pro.runtime.min.js?ver=4.2.1 HTTP/2" 200 2610 "https://glamourflooringla.com/" "Mozilla/5.0 (X11; Linux x86_64) AppleWebKit/537.36 (KHTML, like Gecko) Chrome/148.0.0.0 Safari/537.36"
149.57.191.17 - - [18/Aug/2026:14:12:17 +0000] "GET /wp-content/plugins/elementskit-lite/widgets/init/assets/js/widgets/header-search.js?ver=4.0.1 HTTP/2" 200 298 "https://glamourflooringla.com/" "Mozilla/5.0 (X11; Linux x86_64) AppleWebKit/537.36 (KHTML, like Gecko) Chrome/148.0.0.0 Safari/537.36"
149.57.191.17 - - [18/Aug/2026:14:12:17 +0000] "GET /wp-content/plugins/woocommerce/assets/js/frontend/add-to-cart.min.js?ver=11.0.1 HTTP/2" 200 1296 "https://glamourflooringla.com/" "Mozilla/5.0 (X11; Linux x86_64) AppleWebKit/537.36 (KHTML, like Gecko) Chrome/148.0.0.0 Safari/537.36"
149.57.191.17 - - [18/Aug/2026:14:12:17 +0000] "GET /wp-content/plugins/wpcf7-recaptcha/assets/js/wpcf7-recaptcha-controls.js?ver=1.2 HTTP/2" 200 590 "https://glamourflooringla.com/" "Mozilla/5.0 (X11; Linux x86_64) AppleWebKit/537.36 (KHTML, like Gecko) Chrome/148.0.0.0 Safari/537.36"
144.76.19.157 - - [18/Aug/2026:14:12:17 +0000] "GET /product/manta-ray-gray-tecsun/?add_to_wishlist=16362&_wpnonce=32cc803d74 HTTP/1.1" 301 0 "-" "Mozilla/5.0 (compatible; SERankingBacklinksBot/1.0; +https://seranking.com/backlinks-crawler)"
149.57.191.17 - - [18/Aug/2026:14:12:18 +0000] "GET /wp-content/themes/flatsome/assets/js/woocommerce.js?ver=1c9be63d628ff7c3ff4c HTTP/2" 200 7932 "https://glamourflooringla.com/" "Mozilla/5.0 (X11; Linux x86_64) AppleWebKit/537.36 (KHTML, like Gecko) Chrome/148.0.0.0 Safari/537.36"
149.57.191.17 - - [18/Aug/2026:14:12:18 +0000] "GET /wp-content/plugins/woocommerce/assets/js/frontend/cart-fragments.min.js?ver=11.0.1 HTTP/2" 200 943 "https://glamourflooringla.com/" "Mozilla/5.0 (X11; Linux x86_64) AppleWebKit/537.36 (KHTML, like Gecko) Chrome/148.0.0.0 Safari/537.36"
149.57.191.17 - - [18/Aug/2026:14:12:18 +0000] "GET /wp-content/plugins/wp-stats-manager/js/wsm_new.js HTTP/2" 200 17679 "https://glamourflooringla.com/" "Mozilla/5.0 (X11; Linux x86_64) AppleWebKit/537.36 (KHTML, like Gecko) Chrome/148.0.0.0 Safari/537.36"
149.57.191.17 - - [18/Aug/2026:14:12:18 +0000] "GET /wp-content/themes/flatsome/assets/js/chunk.tooltips.js?ver=3.20.5 HTTP/2" 200 9743 "https://glamourflooringla.com/" "Mozilla/5.0 (X11; Linux x86_64) AppleWebKit/537.36 (KHTML, like Gecko) Chrome/148.0.0.0 Safari/537.36"
149.57.191.17 - - [18/Aug/2026:14:12:18 +0000] "GET /wp-content/themes/flatsome/assets/js/chunk.popups.js?ver=3.20.5 HTTP/2" 200 7210 "https://glamourflooringla.com/" "Mozilla/5.0 (X11; Linux x86_64) AppleWebKit/537.36 (KHTML, like Gecko) Chrome/148.0.0.0 Safari/537.36"
149.57.191.17 - - [18/Aug/2026:14:12:18 +0000] "GET /wp-content/plugins/elementor/assets/js/397f2d183c19202777d6.bundle.min.js HTTP/2" 200 8468 "https://glamourflooringla.com/" "Mozilla/5.0 (X11; Linux x86_64) AppleWebKit/537.36 (KHTML, like Gecko) Chrome/148.0.0.0 Safari/537.36"
149.57.191.17 - - [18/Aug/2026:14:12:18 +0000] "GET /wp-content/plugins/elementor/assets/css/conditionals/dialog.min.css?ver=4.2.2 HTTP/2" 200 1428 "https://glamourflooringla.com/" "Mozilla/5.0 (X11; Linux x86_64) AppleWebKit/537.36 (KHTML, like Gecko) Chrome/148.0.0.0 Safari/537.36"
149.57.191.17 - - [18/Aug/2026:14:12:18 +0000] "GET /wp-content/plugins/elementor/assets/lib/dialog/dialog.min.js?ver=4.9.3 HTTP/2" 200 3593 "https://glamourflooringla.com/" "Mozilla/5.0 (X11; Linux x86_64) AppleWebKit/537.36 (KHTML, like Gecko) Chrome/148.0.0.0 Safari/537.36"
149.57.191.17 - - [18/Aug/2026:14:12:18 +0000] "GET /wp-content/plugins/elementor/assets/css/conditionals/lightbox.min.css?ver=4.2.2 HTTP/2" 200 1757 "https://glamourflooringla.com/" "Mozilla/5.0 (X11; Linux x86_64) AppleWebKit/537.36 (KHTML, like Gecko) Chrome/148.0.0.0 Safari/537.36"
149.57.191.17 - - [18/Aug/2026:14:12:18 +0000] "GET /wp-content/plugins/elementor/assets/lib/share-link/share-link.min.js?ver=4.2.2 HTTP/2" 200 1072 "https://glamourflooringla.com/" "Mozilla/5.0 (X11; Linux x86_64) AppleWebKit/537.36 (KHTML, like Gecko) Chrome/148.0.0.0 Safari/537.36"
149.57.191.17 - - [18/Aug/2026:14:12:18 +0000] "GET /wp-content/plugins/elementor/assets/js/lightbox.3f9b3a051b2336dd5372.bundle.min.js HTTP/2" 200 9252 "https://glamourflooringla.com/" "Mozilla/5.0 (X11; Linux x86_64) AppleWebKit/537.36 (KHTML, like Gecko) Chrome/148.0.0.0 Safari/537.36"
149.57.191.17 - - [18/Aug/2026:14:12:18 +0000] "GET /wp-content/plugins/elementor/assets/js/shared-frontend-handlers.03caa53373b56d3bab67.bundle.min.js HTTP/2" 200 2511 "https://glamourflooringla.com/" "Mozilla/5.0 (X11; Linux x86_64) AppleWebKit/537.36 (KHTML, like Gecko) Chrome/148.0.0.0 Safari/537.36"
149.57.191.17 - - [18/Aug/2026:14:12:18 +0000] "GET /wp-content/plugins/elementor-pro/assets/js/popup.61d4fcab8891b2e07802.bundle.min.js HTTP/2" 200 390 "https://glamourflooringla.com/" "Mozilla/5.0 (X11; Linux x86_64) AppleWebKit/537.36 (KHTML, like Gecko) Chrome/148.0.0.0 Safari/537.36"
149.57.191.17 - - [18/Aug/2026:14:12:18 +0000] "GET /wp-content/plugins/elementor-pro/assets/js/form.cfd61a9174be80f835c6.bundle.min.js HTTP/2" 200 4944 "https://glamourflooringla.com/" "Mozilla/5.0 (X11; Linux x86_64) AppleWebKit/537.36 (KHTML, like Gecko) Chrome/148.0.0.0 Safari/537.36"
149.57.191.17 - - [18/Aug/2026:14:12:18 +0000] "GET /wp-content/plugins/elementor/assets/js/text-editor.45609661e409413f1cef.bundle.min.js HTTP/2" 200 592 "https://glamourflooringla.com/" "Mozilla/5.0 (X11; Linux x86_64) AppleWebKit/537.36 (KHTML, like Gecko) Chrome/148.0.0.0 Safari/537.36"
149.57.191.17 - - [18/Aug/2026:14:12:18 +0000] "GET /wp-content/plugins/elementor/assets/js/image-carousel.6167d20b95b33386757b.bundle.min.js HTTP/2" 200 229 "https://glamourflooringla.com/" "Mozilla/5.0 (X11; Linux x86_64) AppleWebKit/537.36 (KHTML, like Gecko) Chrome/148.0.0.0 Safari/537.36"
149.57.191.17 - - [18/Aug/2026:14:12:18 +0000] "GET /wp-content/plugins/elementor/assets/js/video.86d44e46e43d0807e708.bundle.min.js HTTP/2" 200 1186 "https://glamourflooringla.com/" "Mozilla/5.0 (X11; Linux x86_64) AppleWebKit/537.36 (KHTML, like Gecko) Chrome/148.0.0.0 Safari/537.36"
149.57.191.17 - - [18/Aug/2026:14:12:18 +0000] "GET /wp-content/fonts/Porcelain/Porcelain.ttf HTTP/2" 301 0 "https://glamourflooringla.com/" "Mozilla/5.0 (X11; Linux x86_64) AppleWebKit/537.36 (KHTML, like Gecko) Chrome/148.0.0.0 Safari/537.36"
149.57.191.17 - - [18/Aug/2026:14:12:19 +0000] "GET /wp-includes/js/wp-emoji-release.min.js?ver=7.0.4 HTTP/2" 200 4974 "https://glamourflooringla.com/" "Mozilla/5.0 (X11; Linux x86_64) AppleWebKit/537.36 (KHTML, like Gecko) Chrome/148.0.0.0 Safari/537.36"
149.57.191.17 - - [18/Aug/2026:14:12:19 +0000] "GET / HTTP/2" 200 46843 "https://glamourflooringla.com/" "Mozilla/5.0 (X11; Linux x86_64) AppleWebKit/537.36 (KHTML, like Gecko) Chrome/148.0.0.0 Safari/537.36"
149.57.191.17 - - [18/Aug/2026:14:12:18 +0000] "GET /wp-json/contact-form-7/v1/contact-forms/22308/feedback/schema HTTP/2" 200 322 "https://glamourflooringla.com/" "Mozilla/5.0 (X11; Linux x86_64) AppleWebKit/537.36 (KHTML, like Gecko) Chrome/148.0.0.0 Safari/537.36"
149.57.191.17 - - [18/Aug/2026:14:12:18 +0000] "GET /wp-json/contact-form-7/v1/contact-forms/22324/feedback/schema HTTP/2" 200 241 "https://glamourflooringla.com/" "Mozilla/5.0 (X11; Linux x86_64) AppleWebKit/537.36 (KHTML, like Gecko) Chrome/148.0.0.0 Safari/537.36"
149.57.191.17 - - [18/Aug/2026:14:12:18 +0000] "POST /?wc-ajax=get_refreshed_fragments HTTP/2" 200 916 "https://glamourflooringla.com/" "Mozilla/5.0 (X11; Linux x86_64) AppleWebKit/537.36 (KHTML, like Gecko) Chrome/148.0.0.0 Safari/537.36"
144.76.19.157 - - [18/Aug/2026:14:12:19 +0000] "GET /product/manta-ray-gray-tecsun/?add_to_wishlist=16362&_wpnonce=32cc803d74 HTTP/1.1" 200 44230 "-" "Mozilla/5.0 (compatible; SERankingBacklinksBot/1.0; +https://seranking.com/backlinks-crawler)"
149.57.191.17 - - [18/Aug/2026:14:12:23 +0000] "GET /favicon.ico HTTP/2" 302 0 "https://glamourflooringla.com/" "Mozilla/5.0 (X11; Linux x86_64) AppleWebKit/537.36 (KHTML, like Gecko) Chrome/148.0.0.0 Safari/537.36"
149.57.191.17 - - [18/Aug/2026:14:12:23 +0000] "GET /wp-json/contact-form-7/v1/contact-forms/22308/refill HTTP/2" 200 6 "https://glamourflooringla.com/" "Mozilla/5.0 (X11; Linux x86_64) AppleWebKit/537.36 (KHTML, like Gecko) Chrome/148.0.0.0 Safari/537.36"
149.57.191.17 - - [18/Aug/2026:14:12:23 +0000] "GET /wp-json/contact-form-7/v1/contact-forms/22324/refill HTTP/2" 200 6 "https://glamourflooringla.com/" "Mozilla/5.0 (X11; Linux x86_64) AppleWebKit/537.36 (KHTML, like Gecko) Chrome/148.0.0.0 Safari/537.36"
216.73.217.177 - - [18/Aug/2026:14:12:26 +0000] "GET /product/cambridge-provenza-floors/ HTTP/2" 200 38389 "-" "Mozilla/5.0 AppleWebKit/537.36 (KHTML, like Gecko; compatible; ClaudeBot/1.0; +claudebot@anthropic.com)"
144.76.19.157 - - [18/Aug/2026:14:12:26 +0000] "GET /product/manta-ray-gray-tecsun/?add_to_wishlist=16363&_wpnonce=32cc803d74 HTTP/1.1" 200 44295 "-" "Mozilla/5.0 (compatible; SERankingBacklinksBot/1.0; +https://seranking.com/backlinks-crawler)"
192.250.227.238 - - [18/Aug/2026:14:12:31 +0000] "POST /wp-cron.php?doing_wp_cron=1787062351.6540839672088623046875 HTTP/1.1" 200 0 "-" "WordPress/7.0.4; https://glamourflooringla.com"
216.73.217.177 - - [18/Aug/2026:14:12:31 +0000] "GET /product/bella-provenza-floors/feed/ HTTP/2" 200 392 "-" "Mozilla/5.0 AppleWebKit/537.36 (KHTML, like Gecko; compatible; ClaudeBot/1.0; +claudebot@anthropic.com)"
144.76.19.157 - - [18/Aug/2026:14:12:32 +0000] "GET /product/manta-ray-gray-tecsun/?add_to_wishlist=16364&_wpnonce=32cc803d74 HTTP/1.1" 301 0 "-" "Mozilla/5.0 (compatible; SERankingBacklinksBot/1.0; +https://seranking.com/backlinks-crawler)"
144.76.19.157 - - [18/Aug/2026:14:12:34 +0000] "GET /product/manta-ray-gray-tecsun/?add_to_wishlist=16364&_wpnonce=32cc803d74 HTTP/1.1" 200 44267 "-" "Mozilla/5.0 (compatible; SERankingBacklinksBot/1.0; +https://seranking.com/backlinks-crawler)"
216.73.216.45 - - [18/Aug/2026:14:12:35 +0000] "GET /product/tempo-provenza-floors/ HTTP/2" 200 38567 "-" "Mozilla/5.0 AppleWebKit/537.36 (KHTML, like Gecko; compatible; ClaudeBot/1.0; +claudebot@anthropic.com)"
144.76.19.157 - - [18/Aug/2026:14:12:40 +0000] "GET /product/maple-d-amazon-oasis/ HTTP/1.1" 301 0 "-" "Mozilla/5.0 (compatible; SERankingBacklinksBot/1.0; +https://seranking.com/backlinks-crawler)"
216.73.216.45 - - [18/Aug/2026:14:12:40 +0000] "GET /product/stone-grey-provenza-floors/ HTTP/2" 200 38424 "-" "Mozilla/5.0 AppleWebKit/537.36 (KHTML, like Gecko; compatible; ClaudeBot/1.0; +claudebot@anthropic.com)"
144.76.19.157 - - [18/Aug/2026:14:12:41 +0000] "GET /product/maple-d-amazon-oasis/ HTTP/1.1" 200 45009 "-" "Mozilla/5.0 (compatible; SERankingBacklinksBot/1.0; +https://seranking.com/backlinks-crawler)"
216.73.216.45 - - [18/Aug/2026:14:12:44 +0000] "GET /product/bella-provenza-floors/?add_to_wishlist=15510 HTTP/2" 200 38566 "-" "Mozilla/5.0 AppleWebKit/537.36 (KHTML, like Gecko; compatible; ClaudeBot/1.0; +claudebot@anthropic.com)"
144.76.19.157 - - [18/Aug/2026:14:12:47 +0000] "GET /product/maple-d-amazon-oasis/?add_to_wishlist=15507&_wpnonce=4b29608f60 HTTP/1.1" 301 0 "-" "Mozilla/5.0 (compatible; SERankingBacklinksBot/1.0; +https://seranking.com/backlinks-crawler)"
144.76.19.157 - - [18/Aug/2026:14:12:49 +0000] "GET /product/maple-d-amazon-oasis/?add_to_wishlist=15507&_wpnonce=4b29608f60 HTTP/1.1" 200 45040 "-" "Mozilla/5.0 (compatible; SERankingBacklinksBot/1.0; +https://seranking.com/backlinks-crawler)"
216.73.216.45 - - [18/Aug/2026:14:12:52 +0000] "GET /product/york-provenza-floors/ HTTP/2" 200 38530 "-" "Mozilla/5.0 AppleWebKit/537.36 (KHTML, like Gecko; compatible; ClaudeBot/1.0; +claudebot@anthropic.com)"
51.161.37.142 - - [18/Aug/2026:14:12:54 +0000] "GET /sitemap_index.xml HTTP/2" 200 352 "-" "Mozilla/5.0 (compatible; AhrefsBot/7.0; +http://ahrefs.com/robot/)"
144.76.19.157 - - [18/Aug/2026:14:12:54 +0000] "GET /product/maple-d-amazon-oasis/?add_to_wishlist=15510&_wpnonce=4b29608f60 HTTP/1.1" 301 0 "-" "Mozilla/5.0 (compatible; SERankingBacklinksBot/1.0; +https://seranking.com/backlinks-crawler)"
142.44.220.12 - - [18/Aug/2026:14:12:55 +0000] "GET /post-sitemap.xml HTTP/2" 200 3108 "-" "Mozilla/5.0 (compatible; AhrefsBot/7.0; +http://ahrefs.com/robot/)"
144.76.19.157 - - [18/Aug/2026:14:12:56 +0000] "GET /product/maple-d-amazon-oasis/?add_to_wishlist=15510&_wpnonce=4b29608f60 HTTP/1.1" 200 45086 "-" "Mozilla/5.0 (compatible; SERankingBacklinksBot/1.0; +https://seranking.com/backlinks-crawler)"
216.73.216.45 - - [18/Aug/2026:14:12:56 +0000] "GET /product/volare-provenza-floors/ HTTP/2" 200 38473 "-" "Mozilla/5.0 AppleWebKit/537.36 (KHTML, like Gecko; compatible; ClaudeBot/1.0; +claudebot@anthropic.com)"
54.39.89.67 - - [18/Aug/2026:14:12:57 +0000] "GET /page-sitemap.xml HTTP/2" 200 5694 "-" "Mozilla/5.0 (compatible; AhrefsBot/7.0; +http://ahrefs.com/robot/)"
54.39.210.210 - - [18/Aug/2026:14:12:59 +0000] "GET /elementskit_template-sitemap.xml HTTP/2" 200 353 "-" "Mozilla/5.0 (compatible; AhrefsBot/7.0; +http://ahrefs.com/robot/)"
157.245.255.189 - - [18/Aug/2026:14:13:00 +0000] "GET /wp-content/uploads/2020/08/Still-43-2048x1536.jpg HTTP/1.1" 301 0 "https://www.glamourflooringla.com/" "Mozilla/5.0 (Windows NT 10.0; Win64; x64) AppleWebKit/537.36 (KHTML, like Gecko) Chrome/109.0.0.0 Safari/537.36"
144.76.19.157 - - [18/Aug/2026:14:13:02 +0000] "GET /product/maple-d-amazon-oasis/?add_to_wishlist=15521&_wpnonce=4b29608f60 HTTP/1.1" 301 0 "-" "Mozilla/5.0 (compatible; SERankingBacklinksBot/1.0; +https://seranking.com/backlinks-crawler)"
51.161.65.154 - - [18/Aug/2026:14:13:01 +0000] "GET /product-sitemap.xml HTTP/2" 200 14136 "-" "Mozilla/5.0 (compatible; AhrefsBot/7.0; +http://ahrefs.com/robot/)"
216.73.216.45 - - [18/Aug/2026:14:13:01 +0000] "GET /product/terra-provenza-floors/ HTTP/2" 200 38515 "-" "Mozilla/5.0 AppleWebKit/537.36 (KHTML, like Gecko; compatible; ClaudeBot/1.0; +claudebot@anthropic.com)"
157.245.255.189 - - [18/Aug/2026:14:13:03 +0000] "GET / HTTP/1.1" 301 0 "https://www.glamourflooringla.com/" "Mozilla/5.0 (Windows NT 10.0; Win64; x64) AppleWebKit/537.36 (KHTML, like Gecko) Chrome/109.0.0.0 Safari/537.36"
57.141.4.67 - - [18/Aug/2026:14:13:03 +0000] "GET /detail/1931223567752 HTTP/2" 301 0 "-" "Mozilla/5.0 (X11; Linux x86_64) AppleWebKit/537.36 (KHTML, like Gecko) Chrome/145.0.0.0 Safari/537.36 (compatible; meta-externalagent/1.1 (+https://developers.facebook.com/docs/sharing/webmasters/crawler))"
157.245.255.189 - - [18/Aug/2026:14:13:04 +0000] "GET / HTTP/1.1" 200 54062 "https://www.glamourflooringla.com/" "Mozilla/5.0 (Windows NT 10.0; Win64; x64) AppleWebKit/537.36 (KHTML, like Gecko) Chrome/109.0.0.0 Safari/537.36"
144.76.19.157 - - [18/Aug/2026:14:13:04 +0000] "GET /product/maple-d-amazon-oasis/?add_to_wishlist=15521&_wpnonce=4b29608f60 HTTP/1.1" 200 45059 "-" "Mozilla/5.0 (compatible; SERankingBacklinksBot/1.0; +https://seranking.com/backlinks-crawler)"
51.222.168.72 - - [18/Aug/2026:14:13:04 +0000] "GET /featured_item-sitemap.xml HTTP/2" 200 1547 "-" "Mozilla/5.0 (compatible; AhrefsBot/7.0; +http://ahrefs.com/robot/)"
57.141.4.6 - - [18/Aug/2026:14:13:05 +0000] "GET / HTTP/2" 200 54062 "-" "Mozilla/5.0 (X11; Linux x86_64) AppleWebKit/537.36 (KHTML, like Gecko) Chrome/145.0.0.0 Safari/537.36 (compatible; meta-externalagent/1.1 (+https://developers.facebook.com/docs/sharing/webmasters/crawler))"
216.73.216.45 - - [18/Aug/2026:14:13:06 +0000] "GET /product/dovetail-provenza-floors/ HTTP/2" 200 38534 "-" "Mozilla/5.0 AppleWebKit/537.36 (KHTML, like Gecko; compatible; ClaudeBot/1.0; +claudebot@anthropic.com)"
144.76.19.157 - - [18/Aug/2026:14:13:08 +0000] "GET /product/maple-d-amazon-oasis/?add_to_wishlist=15555&_wpnonce=4b29608f60 HTTP/1.1" 301 0 "-" "Mozilla/5.0 (compatible; SERankingBacklinksBot/1.0; +https://seranking.com/backlinks-crawler)"
144.76.19.157 - - [18/Aug/2026:14:13:09 +0000] "GET /product/maple-d-amazon-oasis/?add_to_wishlist=15555&_wpnonce=4b29608f60 HTTP/1.1" 200 45004 "-" "Mozilla/5.0 (compatible; SERankingBacklinksBot/1.0; +https://seranking.com/backlinks-crawler)"
216.73.216.45 - - [18/Aug/2026:14:13:11 +0000] "GET /product/cardiff-provenza-floors/ HTTP/2" 200 38457 "-" "Mozilla/5.0 AppleWebKit/537.36 (KHTML, like Gecko; compatible; ClaudeBot/1.0; +claudebot@anthropic.com)"
144.76.19.157 - - [18/Aug/2026:14:13:13 +0000] "GET /product/maple-d-amazon-oasis/?add_to_wishlist=15556&_wpnonce=4b29608f60 HTTP/1.1" 301 0 "-" "Mozilla/5.0 (compatible; SERankingBacklinksBot/1.0; +https://seranking.com/backlinks-crawler)"
144.76.19.157 - - [18/Aug/2026:14:13:14 +0000] "GET /product/maple-d-amazon-oasis/?add_to_wishlist=15556&_wpnonce=4b29608f60 HTTP/1.1" 200 45130 "-" "Mozilla/5.0 (compatible; SERankingBacklinksBot/1.0; +https://seranking.com/backlinks-crawler)"
216.73.216.45 - - [18/Aug/2026:14:13:16 +0000] "GET /product/bosco-provenza-floors/ HTTP/2" 200 38454 "-" "Mozilla/5.0 AppleWebKit/537.36 (KHTML, like Gecko; compatible; ClaudeBot/1.0; +claudebot@anthropic.com)"
152.42.137.70 - - [18/Aug/2026:14:13:18 +0000] "GET /wp-login.php HTTP/2" 200 2218 "-" "Mozilla/5.0 (Windows NT 10.0; Win64; x64) AppleWebKit/537.36 (KHTML, like Gecko) Chrome/149.0.0.0 Safari/537.36"
152.42.137.70 - - [18/Aug/2026:14:13:18 +0000] "POST /wp-login.php HTTP/2" 403 168 "-" "Mozilla/5.0 (Windows NT 10.0; Win64; x64) AppleWebKit/537.36 (KHTML, like Gecko) Chrome/149.0.0.0 Safari/537.36"
144.76.19.157 - - [18/Aug/2026:14:13:20 +0000] "GET /product/maple-d-amazon-oasis/?add_to_wishlist=15559&_wpnonce=4b29608f60 HTTP/1.1" 301 0 "-" "Mozilla/5.0 (compatible; SERankingBacklinksBot/1.0; +https://seranking.com/backlinks-crawler)"
216.73.216.14 - - [18/Aug/2026:14:13:22 +0000] "GET /product/pebble-island-oasis/?add_to_wishlist=15569 HTTP/2" 200 38472 "-" "Mozilla/5.0 AppleWebKit/537.36 (KHTML, like Gecko; compatible; ClaudeBot/1.0; +claudebot@anthropic.com)"
144.76.19.157 - - [18/Aug/2026:14:13:22 +0000] "GET /product/maple-d-amazon-oasis/?add_to_wishlist=15559&_wpnonce=4b29608f60 HTTP/1.1" 200 45149 "-" "Mozilla/5.0 (compatible; SERankingBacklinksBot/1.0; +https://seranking.com/backlinks-crawler)"
216.73.216.14 - - [18/Aug/2026:14:13:26 +0000] "GET /product/pebble-island-oasis/?add_to_wishlist=15547 HTTP/2" 200 38486 "-" "Mozilla/5.0 AppleWebKit/537.36 (KHTML, like Gecko; compatible; ClaudeBot/1.0; +claudebot@anthropic.com)"
144.76.19.157 - - [18/Aug/2026:14:13:27 +0000] "GET /product/maple-d-amazon-oasis/?add_to_wishlist=15560&_wpnonce=4b29608f60 HTTP/1.1" 301 0 "-" "Mozilla/5.0 (compatible; SERankingBacklinksBot/1.0; +https://seranking.com/backlinks-crawler)"
192.250.227.238 - - [18/Aug/2026:14:13:30 +0000] "POST /wp-cron.php?doing_wp_cron=1787062410.6327788829803466796875 HTTP/1.1" 200 0 "-" "WordPress/7.0.4; https://glamourflooringla.com"
144.76.19.157 - - [18/Aug/2026:14:13:29 +0000] "GET /product/maple-d-amazon-oasis/?add_to_wishlist=15560&_wpnonce=4b29608f60 HTTP/1.1" 200 45147 "-" "Mozilla/5.0 (compatible; SERankingBacklinksBot/1.0; +https://seranking.com/backlinks-crawler)"
216.73.216.14 - - [18/Aug/2026:14:13:30 +0000] "GET /product/nolana-provenza-floors/?add_to_wishlist=15489 HTTP/2" 200 38530 "-" "Mozilla/5.0 AppleWebKit/537.36 (KHTML, like Gecko; compatible; ClaudeBot/1.0; +claudebot@anthropic.com)"
144.76.19.157 - - [18/Aug/2026:14:13:35 +0000] "GET /product/maple-d-amazon-oasis/?add_to_wishlist=15566&_wpnonce=4b29608f60 HTTP/1.1" 301 0 "-" "Mozilla/5.0 (compatible; SERankingBacklinksBot/1.0; +https://seranking.com/backlinks-crawler)"
216.73.216.14 - - [18/Aug/2026:14:13:35 +0000] "GET /product/nolana-provenza-floors/?add_to_wishlist=15515 HTTP/2" 200 38507 "-" "Mozilla/5.0 AppleWebKit/537.36 (KHTML, like Gecko; compatible; ClaudeBot/1.0; +claudebot@anthropic.com)"
144.76.19.157 - - [18/Aug/2026:14:13:37 +0000] "GET /product/maple-d-amazon-oasis/?add_to_wishlist=15566&_wpnonce=4b29608f60 HTTP/1.1" 200 45049 "-" "Mozilla/5.0 (compatible; SERankingBacklinksBot/1.0; +https://seranking.com/backlinks-crawler)"
216.73.216.14 - - [18/Aug/2026:14:13:38 +0000] "GET /product-category/engineered-hardwood-floor/provenza-floors/?add_to_wishlist=16219 HTTP/2" 200 36002 "-" "Mozilla/5.0 AppleWebKit/537.36 (KHTML, like Gecko; compatible; ClaudeBot/1.0; +claudebot@anthropic.com)"
190.5.211.46 - - [18/Aug/2026:14:13:38 +0000] "GET /product/caravaggio-tecsun/ HTTP/2" 200 38218 "-" "Mozilla/5.0 (Macintosh; Intel Mac OS X 10_15_7) AppleWebKit/537.36 (KHTML, like Gecko) Chrome/133.0.0.0 Safari/537.36"
144.76.19.157 - - [18/Aug/2026:14:13:42 +0000] "GET /product/maple-d-old-english-oasis/ HTTP/1.1" 301 0 "-" "Mozilla/5.0 (compatible; SERankingBacklinksBot/1.0; +https://seranking.com/backlinks-crawler)"
216.73.216.14 - - [18/Aug/2026:14:13:43 +0000] "GET /product-category/engineered-hardwood-floor/provenza-floors/?add_to_wishlist=16237 HTTP/2" 200 35998 "-" "Mozilla/5.0 AppleWebKit/537.36 (KHTML, like Gecko; compatible; ClaudeBot/1.0; +claudebot@anthropic.com)"
83.99.206.222 - - [18/Aug/2026:14:13:44 +0000] "GET /tag/monarch-plank-hardwood-flooring/2 HTTP/1.1" 301 0 "-" "Mozilla/5.0 (X11; Linux x86_64) AppleWebKit/537.36 (KHTML, like Gecko; GeedoShopProductFinder) Chrome/142.0.0.0 Safari/537.36"
83.99.206.222 - - [18/Aug/2026:14:13:44 +0000] "GET / HTTP/1.1" 200 46843 "-" "Mozilla/5.0 (X11; Linux x86_64) AppleWebKit/537.36 (KHTML, like Gecko; GeedoShopProductFinder) Chrome/142.0.0.0 Safari/537.36"
144.76.19.157 - - [18/Aug/2026:14:13:44 +0000] "GET /product/maple-d-old-english-oasis/ HTTP/1.1" 200 45182 "-" "Mozilla/5.0 (compatible; SERankingBacklinksBot/1.0; +https://seranking.com/backlinks-crawler)"
216.73.216.14 - - [18/Aug/2026:14:13:48 +0000] "GET /product-category/engineered-hardwood-floor/page/3/?add_to_wishlist=15581 HTTP/2" 200 36586 "-" "Mozilla/5.0 AppleWebKit/537.36 (KHTML, like Gecko; compatible; ClaudeBot/1.0; +claudebot@anthropic.com)"
84.75.148.202 - - [18/Aug/2026:14:13:47 +0000] "GET /granite/ HTTP/1.1" 200 33576 "-" "Mozilla/5.0 (Macintosh; Intel Mac OS X 10_15_7) AppleWebKit/537.36 (KHTML, like Gecko) Chrome/131.0.0.0 Safari/537.36"
144.76.19.157 - - [18/Aug/2026:14:13:50 +0000] "GET /product/maple-d-old-english-oasis/?add_to_wishlist=15484&_wpnonce=4b29608f60 HTTP/1.1" 301 0 "-" "Mozilla/5.0 (compatible; SERankingBacklinksBot/1.0; +https://seranking.com/backlinks-crawler)"
144.76.19.157 - - [18/Aug/2026:14:13:52 +0000] "GET /product/maple-d-old-english-oasis/?add_to_wishlist=15484&_wpnonce=4b29608f60 HTTP/1.1" 200 45267 "-" "Mozilla/5.0 (compatible; SERankingBacklinksBot/1.0; +https://seranking.com/backlinks-crawler)"
216.73.216.14 - - [18/Aug/2026:14:13:53 +0000] "GET /product/pebble-island-oasis/?add_to_wishlist=15495 HTTP/2" 200 38493 "-" "Mozilla/5.0 AppleWebKit/537.36 (KHTML, like Gecko; compatible; ClaudeBot/1.0; +claudebot@anthropic.com)"
144.76.19.157 - - [18/Aug/2026:14:13:57 +0000] "GET /product/shoreline-decor/?add_to_wishlist=18441&_wpnonce=bbb71dd7ae HTTP/1.1" 301 0 "-" "Mozilla/5.0 (compatible; SERankingBacklinksBot/1.0; +https://seranking.com/backlinks-crawler)"
216.73.216.14 - - [18/Aug/2026:14:13:58 +0000] "GET /product/pebble-island-oasis/?add_to_wishlist=15551 HTTP/2" 200 38491 "-" "Mozilla/5.0 AppleWebKit/537.36 (KHTML, like Gecko; compatible; ClaudeBot/1.0; +claudebot@anthropic.com)"
212.237.120.207 - - [18/Aug/2026:14:13:59 +0000] "GET /product/pomino HTTP/1.1" 301 0 "https://www.glamourflooringla.com/product/pomino" "Mozilla/5.0 (Linux; Android 14; V2182) AppleWebKit/537.36 (KHTML, like Gecko) Chrome/142.0.5147.35 Mobile Safari/537.36"
144.76.19.157 - - [18/Aug/2026:14:13:59 +0000] "GET /product/shoreline-decor/?add_to_wishlist=18441&_wpnonce=bbb71dd7ae HTTP/1.1" 200 45176 "-" "Mozilla/5.0 (compatible; SERankingBacklinksBot/1.0; +https://seranking.com/backlinks-crawler)"
104.166.40.105 - - [18/Aug/2026:14:14:01 +0000] "GET / HTTP/1.1" 301 0 "https://www.glamourflooringla.com/product/pomino" "Mozilla/5.0 (Linux; Android 14; V2182) AppleWebKit/537.36 (KHTML, like Gecko) Chrome/142.0.5147.35 Mobile Safari/537.36"
54.39.6.171 - - [18/Aug/2026:14:14:01 +0000] "GET /product/bianco-monarch/ HTTP/2" 200 38590 "-" "Mozilla/5.0 (compatible; AhrefsBot/7.0; +http://ahrefs.com/robot/)"
72.50.3.229 - - [18/Aug/2026:14:14:03 +0000] "GET / HTTP/1.1" 200 46843 "https://www.glamourflooringla.com/product/pomino" "Mozilla/5.0 (Linux; Android 14; V2182) AppleWebKit/537.36 (KHTML, like Gecko) Chrome/142.0.5147.35 Mobile Safari/537.36"
216.73.216.14 - - [18/Aug/2026:14:14:03 +0000] "GET /product/pebble-island-oasis/?add_to_wishlist=15484 HTTP/2" 200 38510 "-" "Mozilla/5.0 AppleWebKit/537.36 (KHTML, like Gecko; compatible; ClaudeBot/1.0; +claudebot@anthropic.com)"
83.99.206.222 - - [18/Aug/2026:14:14:03 +0000] "GET /product/paola-california-classics/2 HTTP/1.1" 301 0 "-" "Mozilla/5.0 (X11; Linux x86_64) AppleWebKit/537.36 (KHTML, like Gecko; GeedoShopProductFinder) Chrome/142.0.0.0 Safari/537.36"
83.99.206.222 - - [18/Aug/2026:14:14:04 +0000] "GET / HTTP/1.1" 200 46843 "-" "Mozilla/5.0 (X11; Linux x86_64) AppleWebKit/537.36 (KHTML, like Gecko; GeedoShopProductFinder) Chrome/142.0.0.0 Safari/537.36"
144.76.19.157 - - [18/Aug/2026:14:14:03 +0000] "GET /product/maple-d-old-english-oasis/?add_to_wishlist=15510&_wpnonce=4b29608f60 HTTP/1.1" 301 0 "-" "Mozilla/5.0 (compatible; SERankingBacklinksBot/1.0; +https://seranking.com/backlinks-crawler)"
144.76.19.157 - - [18/Aug/2026:14:14:04 +0000] "GET /product/maple-d-old-english-oasis/?add_to_wishlist=15510&_wpnonce=4b29608f60 HTTP/1.1" 200 45239 "-" "Mozilla/5.0 (compatible; SERankingBacklinksBot/1.0; +https://seranking.com/backlinks-crawler)"
216.73.216.14 - - [18/Aug/2026:14:14:08 +0000] "GET /product/pebble-island-oasis/?add_to_wishlist=15552 HTTP/2" 200 38579 "-" "Mozilla/5.0 AppleWebKit/537.36 (KHTML, like Gecko; compatible; ClaudeBot/1.0; +claudebot@anthropic.com)"
144.76.19.157 - - [18/Aug/2026:14:14:09 +0000] "GET /product/maple-d-old-english-oasis/?add_to_wishlist=15540&_wpnonce=4b29608f60 HTTP/1.1" 301 0 "-" "Mozilla/5.0 (compatible; SERankingBacklinksBot/1.0; +https://seranking.com/backlinks-crawler)"
57.141.4.48 - - [18/Aug/2026:14:14:10 +0000] "GET /detail/2528347641870 HTTP/2" 301 0 "-" "Mozilla/5.0 (Windows NT 10.0; Win64; x64) AppleWebKit/537.36 (KHTML, like Gecko) Chrome/145.0.0.0 Safari/537.36 (compatible; meta-externalagent/1.1 (+https://developers.facebook.com/docs/sharing/webmasters/crawler))"
144.76.19.157 - - [18/Aug/2026:14:14:10 +0000] "GET /product/maple-d-old-english-oasis/?add_to_wishlist=15540&_wpnonce=4b29608f60 HTTP/1.1" 200 45180 "-" "Mozilla/5.0 (compatible; SERankingBacklinksBot/1.0; +https://seranking.com/backlinks-crawler)"
57.141.4.25 - - [18/Aug/2026:14:14:12 +0000] "GET / HTTP/2" 200 54062 "-" "Mozilla/5.0 (Windows NT 10.0; Win64; x64) AppleWebKit/537.36 (KHTML, like Gecko) Chrome/145.0.0.0 Safari/537.36 (compatible; meta-externalagent/1.1 (+https://developers.facebook.com/docs/sharing/webmasters/crawler))"
216.73.216.14 - - [18/Aug/2026:14:14:13 +0000] "GET /product/pebble-island-oasis/?add_to_wishlist=15515 HTTP/2" 200 38516 "-" "Mozilla/5.0 AppleWebKit/537.36 (KHTML, like Gecko; compatible; ClaudeBot/1.0; +claudebot@anthropic.com)"
144.76.19.157 - - [18/Aug/2026:14:14:14 +0000] "GET /product/maple-d-old-english-oasis/?add_to_wishlist=15542&_wpnonce=4b29608f60 HTTP/1.1" 301 0 "-" "Mozilla/5.0 (compatible; SERankingBacklinksBot/1.0; +https://seranking.com/backlinks-crawler)"
144.76.19.157 - - [18/Aug/2026:14:14:15 +0000] "GET /product/maple-d-old-english-oasis/?add_to_wishlist=15542&_wpnonce=4b29608f60 HTTP/1.1" 200 45310 "-" "Mozilla/5.0 (compatible; SERankingBacklinksBot/1.0; +https://seranking.com/backlinks-crawler)"
216.73.216.151 - - [18/Aug/2026:14:14:19 +0000] "GET /product/birch-saddle-artisan/ HTTP/2" 200 38523 "-" "Mozilla/5.0 AppleWebKit/537.36 (KHTML, like Gecko; compatible; ClaudeBot/1.0; +claudebot@anthropic.com)"
144.76.19.157 - - [18/Aug/2026:14:14:21 +0000] "GET /product/maple-d-old-english-oasis/?add_to_wishlist=15547&_wpnonce=4b29608f60 HTTP/1.1" 301 0 "-" "Mozilla/5.0 (compatible; SERankingBacklinksBot/1.0; +https://seranking.com/backlinks-crawler)"
144.76.19.157 - - [18/Aug/2026:14:14:23 +0000] "GET /product/maple-d-old-english-oasis/?add_to_wishlist=15547&_wpnonce=4b29608f60 HTTP/1.1" 200 45151 "-" "Mozilla/5.0 (compatible; SERankingBacklinksBot/1.0; +https://seranking.com/backlinks-crawler)"
216.73.216.151 - - [18/Aug/2026:14:14:23 +0000] "GET /product/oak-lakeside-artisan/ HTTP/2" 200 38513 "-" "Mozilla/5.0 AppleWebKit/537.36 (KHTML, like Gecko; compatible; ClaudeBot/1.0; +claudebot@anthropic.com)"
83.99.206.222 - - [18/Aug/2026:14:14:24 +0000] "GET /product/tanin-honey/ HTTP/1.1" 200 38794 "-" "Mozilla/5.0 (X11; Linux x86_64) AppleWebKit/537.36 (KHTML, like Gecko; GeedoShopProductFinder) Chrome/142.0.0.0 Safari/537.36"
144.76.19.157 - - [18/Aug/2026:14:14:28 +0000] "GET /product/maple-d-old-english-oasis/?add_to_wishlist=15555&_wpnonce=4b29608f60 HTTP/1.1" 301 0 "-" "Mozilla/5.0 (compatible; SERankingBacklinksBot/1.0; +https://seranking.com/backlinks-crawler)"
216.73.216.151 - - [18/Aug/2026:14:14:28 +0000] "GET /product/shadyt-naf/ HTTP/2" 200 38449 "-" "Mozilla/5.0 AppleWebKit/537.36 (KHTML, like Gecko; compatible; ClaudeBot/1.0; +claudebot@anthropic.com)"
192.250.227.238 - - [18/Aug/2026:14:14:31 +0000] "POST /wp-cron.php?doing_wp_cron=1787062471.5588750839233398437500 HTTP/1.1" 200 0 "-" "WordPress/7.0.4; https://glamourflooringla.com"
144.76.19.157 - - [18/Aug/2026:14:14:30 +0000] "GET /product/maple-d-old-english-oasis/?add_to_wishlist=15555&_wpnonce=4b29608f60 HTTP/1.1" 200 45208 "-" "Mozilla/5.0 (compatible; SERankingBacklinksBot/1.0; +https://seranking.com/backlinks-crawler)"
192.250.227.238 - - [18/Aug/2026:14:14:35 +0000] "POST /wp-cron.php?doing_wp_cron=1787062474.8540749549865722656250 HTTP/1.1" 200 0 "-" "WordPress/7.0.4; https://glamourflooringla.com"
216.73.216.151 - - [18/Aug/2026:14:14:33 +0000] "GET /product/decordova-opus/ HTTP/2" 200 38450 "-" "Mozilla/5.0 AppleWebKit/537.36 (KHTML, like Gecko; compatible; ClaudeBot/1.0; +claudebot@anthropic.com)"
144.76.19.157 - - [18/Aug/2026:14:14:36 +0000] "GET /product/maple-d-old-english-oasis/?add_to_wishlist=15560&_wpnonce=4b29608f60 HTTP/1.1" 301 0 "-" "Mozilla/5.0 (compatible; SERankingBacklinksBot/1.0; +https://seranking.com/backlinks-crawler)"
216.73.216.151 - - [18/Aug/2026:14:14:36 +0000] "GET /product-category/engineered-hardwood-floor/provenza-floors/?add_to_wishlist=16296 HTTP/2" 200 35991 "-" "Mozilla/5.0 AppleWebKit/537.36 (KHTML, like Gecko; compatible; ClaudeBot/1.0; +claudebot@anthropic.com)"
144.76.19.157 - - [18/Aug/2026:14:14:38 +0000] "GET /product/maple-d-old-english-oasis/?add_to_wishlist=15560&_wpnonce=4b29608f60 HTTP/1.1" 200 45323 "-" "Mozilla/5.0 (compatible; SERankingBacklinksBot/1.0; +https://seranking.com/backlinks-crawler)"
216.73.216.151 - - [18/Aug/2026:14:14:41 +0000] "GET /product-category/engineered-hardwood-floor/provenza-floors/?add_to_wishlist=16216 HTTP/2" 200 35996 "-" "Mozilla/5.0 AppleWebKit/537.36 (KHTML, like Gecko; compatible; ClaudeBot/1.0; +claudebot@anthropic.com)"
144.76.19.157 - - [18/Aug/2026:14:14:43 +0000] "GET /product/maple-d-old-english-oasis/?add_to_wishlist=15570&_wpnonce=4b29608f60 HTTP/1.1" 301 0 "-" "Mozilla/5.0 (compatible; SERankingBacklinksBot/1.0; +https://seranking.com/backlinks-crawler)"
216.73.217.43 - - [18/Aug/2026:14:14:43 +0000] "GET /product/rondo-pro/?add_to_wishlist=16255 HTTP/2" 200 38514 "-" "Mozilla/5.0 AppleWebKit/537.36 (KHTML, like Gecko; compatible; ClaudeBot/1.0; +claudebot@anthropic.com)"
83.99.206.222 - - [18/Aug/2026:14:14:44 +0000] "GET /product-category/engineered-hardwood-floor/solid-wood/manufacturer-solid/elegance-manufacturer-solid/ HTTP/1.1" 200 30086 "-" "Mozilla/5.0 (X11; Linux x86_64) AppleWebKit/537.36 (KHTML, like Gecko; GeedoShopProductFinder) Chrome/142.0.0.0 Safari/537.36"
144.76.19.157 - - [18/Aug/2026:14:14:45 +0000] "GET /product/maple-d-old-english-oasis/?add_to_wishlist=15570&_wpnonce=4b29608f60 HTTP/1.1" 200 45232 "-" "Mozilla/5.0 (compatible; SERankingBacklinksBot/1.0; +https://seranking.com/backlinks-crawler)"
216.73.217.43 - - [18/Aug/2026:14:14:48 +0000] "GET /product-category/engineered-hardwood-floor/page/3/2 HTTP/2" 429 0 "-" "Mozilla/5.0 AppleWebKit/537.36 (KHTML, like Gecko; compatible; ClaudeBot/1.0; +claudebot@anthropic.com)"
57.141.4.2 - - [18/Aug/2026:14:14:50 +0000] "GET /detail/2410520857096 HTTP/2" 301 0 "-" "Mozilla/5.0 (Windows NT 10.0; Win64; x64) AppleWebKit/537.36 (KHTML, like Gecko) Chrome/145.0.0.0 Safari/537.36 (compatible; meta-externalagent/1.1 (+https://developers.facebook.com/docs/sharing/webmasters/crawler))"
144.76.19.157 - - [18/Aug/2026:14:14:51 +0000] "GET /product/maple-gardens/ HTTP/1.1" 301 0 "-" "Mozilla/5.0 (compatible; SERankingBacklinksBot/1.0; +https://seranking.com/backlinks-crawler)"
57.141.4.43 - - [18/Aug/2026:14:14:53 +0000] "GET / HTTP/2" 200 54062 "-" "Mozilla/5.0 (Windows NT 10.0; Win64; x64) AppleWebKit/537.36 (KHTML, like Gecko) Chrome/145.0.0.0 Safari/537.36 (compatible; meta-externalagent/1.1 (+https://developers.facebook.com/docs/sharing/webmasters/crawler))"
216.73.217.43 - - [18/Aug/2026:14:14:53 +0000] "GET /product/santos-mahogany-artisan/ HTTP/2" 429 0 "-" "Mozilla/5.0 AppleWebKit/537.36 (KHTML, like Gecko; compatible; ClaudeBot/1.0; +claudebot@anthropic.com)"
144.76.19.157 - - [18/Aug/2026:14:14:53 +0000] "GET /product/maple-gardens/ HTTP/1.1" 200 45039 "-" "Mozilla/5.0 (compatible; SERankingBacklinksBot/1.0; +https://seranking.com/backlinks-crawler)"
216.73.217.43 - - [18/Aug/2026:14:14:59 +0000] "GET /product-category/engineered-hardwood-floor/page/3/?add_to_wishlist=15670 HTTP/2" 429 0 "-" "Mozilla/5.0 AppleWebKit/537.36 (KHTML, like Gecko; compatible; ClaudeBot/1.0; +claudebot@anthropic.com)"
144.76.19.157 - - [18/Aug/2026:14:14:58 +0000] "GET /product/maple-gardens/?add_to_wishlist=18333&_wpnonce=bbb71dd7ae HTTP/1.1" 301 0 "-" "Mozilla/5.0 (compatible; SERankingBacklinksBot/1.0; +https://seranking.com/backlinks-crawler)"
144.76.19.157 - - [18/Aug/2026:14:15:00 +0000] "GET /product/maple-gardens/?add_to_wishlist=18333&_wpnonce=bbb71dd7ae HTTP/1.1" 200 45135 "-" "Mozilla/5.0 (compatible; SERankingBacklinksBot/1.0; +https://seranking.com/backlinks-crawler)"
198.199.74.220 - - [18/Aug/2026:14:15:03 +0000] "GET /wp-content/uploads/2021/12/Still46-1.jpg HTTP/1.1" 200 123499 "https://www.glamourflooringla.com/" "Mozilla/5.0 (Windows NT 10.0; Win64; x64) AppleWebKit/537.36 (KHTML, like Gecko) Chrome/104.0.5112.81 Safari/537.36"
