57.141.4.24 - - [18/Aug/2026:14:58:38 +0000] "GET /detail/2097291404395 HTTP/2" 429 0 "-" "Mozilla/5.0 (Macintosh; Intel Mac OS X 10_15_7) AppleWebKit/537.36 (KHTML, like Gecko) Chrome/145.0.0.0 Safari/537.36 (compatible; meta-externalagent/1.1 (+https://developers.facebook.com/docs/sharing/webmasters/crawler))"
93.158.213.25 - - [18/Aug/2026:14:58:39 +0000] "GET /product-category/engineered-hardwood-floor/page/12/?add_to_wishlist=16205&_wpnonce=d5a66d583e HTTP/1.1" 200 36493 "-" "Mozilla/5.0 (compatible; MJ12bot/v1.4.8; http://mj12bot.com/)"
144.76.19.157 - - [18/Aug/2026:14:58:39 +0000] "GET /product/mauritius-urb/?add_to_wishlist=15559&_wpnonce=44202cc6af HTTP/1.1" 200 45038 "-" "Mozilla/5.0 (compatible; SERankingBacklinksBot/1.0; +https://seranking.com/backlinks-crawler)"
57.141.4.64 - - [18/Aug/2026:14:58:40 +0000] "GET /detail/1772639675395 HTTP/2" 429 0 "-" "Mozilla/5.0 (Macintosh; Intel Mac OS X 10_15_7) AppleWebKit/537.36 (KHTML, like Gecko) Chrome/145.0.0.0 Safari/537.36 (compatible; meta-externalagent/1.1 (+https://developers.facebook.com/docs/sharing/webmasters/crawler))"
57.141.4.25 - - [18/Aug/2026:14:58:42 +0000] "GET /detail/2029054917183 HTTP/2" 429 0 "-" "Mozilla/5.0 (Macintosh; Intel Mac OS X 10_15_7) AppleWebKit/537.36 (KHTML, like Gecko) Chrome/145.0.0.0 Safari/537.36 (compatible; meta-externalagent/1.1 (+https://developers.facebook.com/docs/sharing/webmasters/crawler))"
93.158.213.25 - - [18/Aug/2026:14:58:43 +0000] "GET /product-category/engineered-hardwood-floor/page/12/?add_to_wishlist=16206&_wpnonce=d5a66d583e HTTP/1.1" 200 36491 "-" "Mozilla/5.0 (compatible; MJ12bot/v1.4.8; http://mj12bot.com/)"
57.141.4.35 - - [18/Aug/2026:14:58:44 +0000] "GET /detail/498450878399 HTTP/2" 429 0 "-" "Mozilla/5.0 (Macintosh; Intel Mac OS X 10_15_7) AppleWebKit/537.36 (KHTML, like Gecko) Chrome/145.0.0.0 Safari/537.36 (compatible; meta-externalagent/1.1 (+https://developers.facebook.com/docs/sharing/webmasters/crawler))"
144.76.19.157 - - [18/Aug/2026:14:58:45 +0000] "GET /product/mauritius-urb/?add_to_wishlist=15559&_wpnonce=bbb71dd7ae HTTP/1.1" 301 0 "-" "Mozilla/5.0 (compatible; SERankingBacklinksBot/1.0; +https://seranking.com/backlinks-crawler)"
57.141.4.50 - - [18/Aug/2026:14:58:46 +0000] "GET /detail/2329593708267 HTTP/2" 429 0 "-" "Mozilla/5.0 (Windows NT 10.0; Win64; x64) AppleWebKit/537.36 (KHTML, like Gecko) Chrome/145.0.0.0 Safari/537.36 (compatible; meta-externalagent/1.1 (+https://developers.facebook.com/docs/sharing/webmasters/crawler))"
93.158.213.25 - - [18/Aug/2026:14:58:46 +0000] "GET /product-category/engineered-hardwood-floor/page/12/?add_to_wishlist=16207&_wpnonce=d5a66d583e HTTP/1.1" 200 36490 "-" "Mozilla/5.0 (compatible; MJ12bot/v1.4.8; http://mj12bot.com/)"
144.76.19.157 - - [18/Aug/2026:14:58:47 +0000] "GET /product/mauritius-urb/?add_to_wishlist=15559&_wpnonce=bbb71dd7ae HTTP/1.1" 200 44934 "-" "Mozilla/5.0 (compatible; SERankingBacklinksBot/1.0; +https://seranking.com/backlinks-crawler)"
57.141.4.1 - - [18/Aug/2026:14:58:48 +0000] "GET /detail/2014392002128 HTTP/2" 429 0 "-" "Mozilla/5.0 (Windows NT 10.0; Win64; x64) AppleWebKit/537.36 (KHTML, like Gecko) Chrome/145.0.0.0 Safari/537.36 (compatible; meta-externalagent/1.1 (+https://developers.facebook.com/docs/sharing/webmasters/crawler))"
57.141.4.44 - - [18/Aug/2026:14:58:50 +0000] "GET /detail/1960378441007 HTTP/2" 429 0 "-" "Mozilla/5.0 (X11; Linux x86_64) AppleWebKit/537.36 (KHTML, like Gecko) Chrome/145.0.0.0 Safari/537.36 (compatible; meta-externalagent/1.1 (+https://developers.facebook.com/docs/sharing/webmasters/crawler))"
93.158.213.25 - - [18/Aug/2026:14:58:50 +0000] "GET /product-category/engineered-hardwood-floor/page/12/?add_to_wishlist=16208&_wpnonce=d5a66d583e HTTP/1.1" 200 36485 "-" "Mozilla/5.0 (compatible; MJ12bot/v1.4.8; http://mj12bot.com/)"
151.245.71.199 - - [18/Aug/2026:14:53:50 +0000] "GET /wp-json/contact-form-7/v1/contact-forms/22324/refill HTTP/2" 200 6 "https://glamourflooringla.com/" "Mozilla/5.0 (Linux; Android 8.0; Pixel 2 Build/OPD3.170816.012) AppleWebKit/537.36 (KHTML, like Gecko) Chrome/57.0.8690.1051 Mobile Safari/537.36"
151.245.71.199 - - [18/Aug/2026:14:53:49 +0000] "POST /?wc-ajax=get_refreshed_fragments HTTP/2" 200 916 "https://glamourflooringla.com/" "Mozilla/5.0 (Linux; Android 8.0; Pixel 2 Build/OPD3.170816.012) AppleWebKit/537.36 (KHTML, like Gecko) Chrome/57.0.8690.1051 Mobile Safari/537.36"
216.73.216.14 - - [18/Aug/2026:14:53:51 +0000] "GET /product-category/engineered-hardwood-floor/provenza-floors/?add_to_wishlist=16271 HTTP/2" 429 0 "-" "Mozilla/5.0 AppleWebKit/537.36 (KHTML, like Gecko; compatible; ClaudeBot/1.0; +claudebot@anthropic.com)"
144.76.19.157 - - [18/Aug/2026:14:53:52 +0000] "GET /product/matisse-urb/?add_to_wishlist=15573&_wpnonce=ee2ab5adbb HTTP/1.1" 200 44964 "-" "Mozilla/5.0 (compatible; SERankingBacklinksBot/1.0; +https://seranking.com/backlinks-crawler)"
93.158.213.25 - - [18/Aug/2026:14:53:53 +0000] "GET /product-category/engineered-hardwood-floor/page/10/?add_to_wishlist=16699&_wpnonce=929ad3e035 HTTP/1.1" 200 36502 "-" "Mozilla/5.0 (compatible; MJ12bot/v1.4.8; http://mj12bot.com/)"
216.73.216.14 - - [18/Aug/2026:14:53:56 +0000] "GET /product-category/engineered-hardwood-floor/provenza-floors/?add_to_wishlist=16167 HTTP/2" 429 0 "-" "Mozilla/5.0 AppleWebKit/537.36 (KHTML, like Gecko; compatible; ClaudeBot/1.0; +claudebot@anthropic.com)"
93.158.213.25 - - [18/Aug/2026:14:53:56 +0000] "GET /product-category/engineered-hardwood-floor/page/10/?add_to_wishlist=16706&_wpnonce=929ad3e035 HTTP/1.1" 200 36503 "-" "Mozilla/5.0 (compatible; MJ12bot/v1.4.8; http://mj12bot.com/)"
144.76.19.157 - - [18/Aug/2026:14:53:57 +0000] "GET /product/matisse-urb/?add_to_wishlist=16028&_wpnonce=32cc803d74 HTTP/1.1" 301 0 "-" "Mozilla/5.0 (compatible; SERankingBacklinksBot/1.0; +https://seranking.com/backlinks-crawler)"
144.76.19.157 - - [18/Aug/2026:14:53:59 +0000] "GET /product/matisse-urb/?add_to_wishlist=16028&_wpnonce=32cc803d74 HTTP/1.1" 200 45023 "-" "Mozilla/5.0 (compatible; SERankingBacklinksBot/1.0; +https://seranking.com/backlinks-crawler)"
216.73.216.14 - - [18/Aug/2026:14:54:01 +0000] "GET /product-category/engineered-hardwood-floor/provenza-floors/?add_to_wishlist=16135 HTTP/2" 429 0 "-" "Mozilla/5.0 AppleWebKit/537.36 (KHTML, like Gecko; compatible; ClaudeBot/1.0; +claudebot@anthropic.com)"
93.158.213.25 - - [18/Aug/2026:14:54:00 +0000] "GET /product-category/engineered-hardwood-floor/page/10/?add_to_wishlist=16707&_wpnonce=929ad3e035 HTTP/1.1" 200 36495 "-" "Mozilla/5.0 (compatible; MJ12bot/v1.4.8; http://mj12bot.com/)"
144.76.19.157 - - [18/Aug/2026:14:54:05 +0000] "GET /product/matisse-urb/?add_to_wishlist=16028&_wpnonce=44202cc6af HTTP/1.1" 301 0 "-" "Mozilla/5.0 (compatible; SERankingBacklinksBot/1.0; +https://seranking.com/backlinks-crawler)"
93.158.213.25 - - [18/Aug/2026:14:54:04 +0000] "GET /product-category/engineered-hardwood-floor/page/10/?add_to_wishlist=16708&_wpnonce=929ad3e035 HTTP/1.1" 200 36505 "-" "Mozilla/5.0 (compatible; MJ12bot/v1.4.8; http://mj12bot.com/)"
57.141.4.3 - - [18/Aug/2026:14:58:53 +0000] "GET /detail/812149594027 HTTP/2" 429 0 "-" "Mozilla/5.0 (Windows NT 10.0; Win64; x64) AppleWebKit/537.36 (KHTML, like Gecko) Chrome/145.0.0.0 Safari/537.36 (compatible; meta-externalagent/1.1 (+https://developers.facebook.com/docs/sharing/webmasters/crawler))"
144.76.19.157 - - [18/Aug/2026:14:58:52 +0000] "GET /product/mauritius-urb/?add_to_wishlist=15560&_wpnonce=44202cc6af HTTP/1.1" 301 0 "-" "Mozilla/5.0 (compatible; SERankingBacklinksBot/1.0; +https://seranking.com/backlinks-crawler)"
112.86.225.212 - - [18/Aug/2026:14:58:52 +0000] "GET /product-category/vinyl/?add_to_wishlist=11043 HTTP/1.1" 200 44857 "-" "Sogou web spider/4.0(+http://www.sogou.com/docs/help/webmasters.htm#07)"
57.141.4.44 - - [18/Aug/2026:14:58:55 +0000] "GET /detail/2563412357212 HTTP/2" 429 0 "-" "Mozilla/5.0 (X11; Linux x86_64) AppleWebKit/537.36 (KHTML, like Gecko) Chrome/145.0.0.0 Safari/537.36 (compatible; meta-externalagent/1.1 (+https://developers.facebook.com/docs/sharing/webmasters/crawler))"
93.158.213.25 - - [18/Aug/2026:14:58:54 +0000] "GET /product-category/engineered-hardwood-floor/page/12/?add_to_wishlist=16209&_wpnonce=d5a66d583e HTTP/1.1" 200 36583 "-" "Mozilla/5.0 (compatible; MJ12bot/v1.4.8; http://mj12bot.com/)"
144.76.19.157 - - [18/Aug/2026:14:58:54 +0000] "GET /product/mauritius-urb/?add_to_wishlist=15560&_wpnonce=44202cc6af HTTP/1.1" 200 44969 "-" "Mozilla/5.0 (compatible; SERankingBacklinksBot/1.0; +https://seranking.com/backlinks-crawler)"
83.99.206.230 - - [18/Aug/2026:14:58:55 +0000] "GET /woodland-hills/ HTTP/1.1" 200 31302 "-" "Mozilla/5.0 (X11; Linux x86_64) AppleWebKit/537.36 (KHTML, like Gecko; GeedoShopProductFinder) Chrome/142.0.0.0 Safari/537.36"
57.141.4.6 - - [18/Aug/2026:14:58:58 +0000] "GET /detail/1198240549118 HTTP/2" 429 0 "-" "Mozilla/5.0 (Windows NT 10.0; Win64; x64) AppleWebKit/537.36 (KHTML, like Gecko) Chrome/145.0.0.0 Safari/537.36 (compatible; meta-externalagent/1.1 (+https://developers.facebook.com/docs/sharing/webmasters/crawler))"
93.158.213.25 - - [18/Aug/2026:14:58:58 +0000] "GET /product-category/engineered-hardwood-floor/page/12/?add_to_wishlist=16216&_wpnonce=d5a66d583e HTTP/1.1" 200 36488 "-" "Mozilla/5.0 (compatible; MJ12bot/v1.4.8; http://mj12bot.com/)"
144.76.19.157 - - [18/Aug/2026:14:59:00 +0000] "GET /product/mauritius-urb/?add_to_wishlist=15560&_wpnonce=bbb71dd7ae HTTP/1.1" 301 0 "-" "Mozilla/5.0 (compatible; SERankingBacklinksBot/1.0; +https://seranking.com/backlinks-crawler)"
57.141.4.42 - - [18/Aug/2026:14:59:02 +0000] "GET /detail/1630940849471 HTTP/2" 429 0 "-" "Mozilla/5.0 (Macintosh; Intel Mac OS X 10_15_7) AppleWebKit/537.36 (KHTML, like Gecko) Chrome/145.0.0.0 Safari/537.36 (compatible; meta-externalagent/1.1 (+https://developers.facebook.com/docs/sharing/webmasters/crawler))"
144.76.19.157 - - [18/Aug/2026:14:59:02 +0000] "GET /product/mauritius-urb/?add_to_wishlist=15560&_wpnonce=bbb71dd7ae HTTP/1.1" 200 45118 "-" "Mozilla/5.0 (compatible; SERankingBacklinksBot/1.0; +https://seranking.com/backlinks-crawler)"
93.158.213.25 - - [18/Aug/2026:14:59:02 +0000] "GET /product-category/engineered-hardwood-floor/page/12/?add_to_wishlist=16219&_wpnonce=d5a66d583e HTTP/1.1" 200 36492 "-" "Mozilla/5.0 (compatible; MJ12bot/v1.4.8; http://mj12bot.com/)"
57.141.4.72 - - [18/Aug/2026:14:59:05 +0000] "GET /detail/2019574117105 HTTP/2" 429 0 "-" "Mozilla/5.0 (Windows NT 10.0; Win64; x64) AppleWebKit/537.36 (KHTML, like Gecko) Chrome/145.0.0.0 Safari/537.36 (compatible; meta-externalagent/1.1 (+https://developers.facebook.com/docs/sharing/webmasters/crawler))"
93.158.213.25 - - [18/Aug/2026:14:59:05 +0000] "GET /product-category/engineered-hardwood-floor/page/12/?add_to_wishlist=16221&_wpnonce=d5a66d583e HTTP/1.1" 200 36489 "-" "Mozilla/5.0 (compatible; MJ12bot/v1.4.8; http://mj12bot.com/)"
144.76.19.157 - - [18/Aug/2026:14:59:07 +0000] "GET /product/mauritius-urb/?add_to_wishlist=15561&_wpnonce=bbb71dd7ae HTTP/1.1" 301 0 "-" "Mozilla/5.0 (compatible; SERankingBacklinksBot/1.0; +https://seranking.com/backlinks-crawler)"
57.141.4.28 - - [18/Aug/2026:14:59:09 +0000] "GET /detail/1898025991107 HTTP/2" 429 0 "-" "Mozilla/5.0 (Windows NT 10.0; Win64; x64) AppleWebKit/537.36 (KHTML, like Gecko) Chrome/145.0.0.0 Safari/537.36 (compatible; meta-externalagent/1.1 (+https://developers.facebook.com/docs/sharing/webmasters/crawler))"
93.158.213.25 - - [18/Aug/2026:14:59:09 +0000] "GET /product-category/engineered-hardwood-floor/page/12/?add_to_wishlist=16223&_wpnonce=d5a66d583e HTTP/1.1" 200 36493 "-" "Mozilla/5.0 (compatible; MJ12bot/v1.4.8; http://mj12bot.com/)"
144.76.19.157 - - [18/Aug/2026:14:59:09 +0000] "GET /product/mauritius-urb/?add_to_wishlist=15561&_wpnonce=bbb71dd7ae HTTP/1.1" 200 44901 "-" "Mozilla/5.0 (compatible; SERankingBacklinksBot/1.0; +https://seranking.com/backlinks-crawler)"
112.86.225.212 - - [18/Aug/2026:14:59:14 +0000] "GET /product-category/vinyl/?add_to_wishlist=11043 HTTP/1.1" 200 44857 "-" "Sogou web spider/4.0(+http://www.sogou.com/docs/help/webmasters.htm#07)"
93.158.213.25 - - [18/Aug/2026:14:59:13 +0000] "GET /product-category/engineered-hardwood-floor/page/12/?add_to_wishlist=16224&_wpnonce=d5a66d583e HTTP/1.1" 200 36488 "-" "Mozilla/5.0 (compatible; MJ12bot/v1.4.8; http://mj12bot.com/)"
57.141.4.61 - - [18/Aug/2026:14:59:14 +0000] "GET /detail/2415226887090 HTTP/2" 429 0 "-" "Mozilla/5.0 (Windows NT 10.0; Win64; x64) AppleWebKit/537.36 (KHTML, like Gecko) Chrome/145.0.0.0 Safari/537.36 (compatible; meta-externalagent/1.1 (+https://developers.facebook.com/docs/sharing/webmasters/crawler))"
144.76.19.157 - - [18/Aug/2026:14:59:15 +0000] "GET /product/mauritius-urb/?add_to_wishlist=15565&_wpnonce=32cc803d74 HTTP/1.1" 301 0 "-" "Mozilla/5.0 (compatible; SERankingBacklinksBot/1.0; +https://seranking.com/backlinks-crawler)"
83.99.206.230 - - [18/Aug/2026:14:59:15 +0000] "GET /product-category/engineered-hardwood-floor/solid-wood/manufacturer-solid/2 HTTP/1.1" 301 0 "-" "Mozilla/5.0 (X11; Linux x86_64) AppleWebKit/537.36 (KHTML, like Gecko; GeedoShopProductFinder) Chrome/142.0.0.0 Safari/537.36"
83.99.206.230 - - [18/Aug/2026:14:59:16 +0000] "GET / HTTP/1.1" 200 46845 "-" "Mozilla/5.0 (X11; Linux x86_64) AppleWebKit/537.36 (KHTML, like Gecko; GeedoShopProductFinder) Chrome/142.0.0.0 Safari/537.36"
144.76.19.157 - - [18/Aug/2026:14:59:17 +0000] "GET /product/mauritius-urb/?add_to_wishlist=15565&_wpnonce=32cc803d74 HTTP/1.1" 200 45041 "-" "Mozilla/5.0 (compatible; SERankingBacklinksBot/1.0; +https://seranking.com/backlinks-crawler)"
93.158.213.25 - - [18/Aug/2026:14:59:17 +0000] "GET /product-category/engineered-hardwood-floor/page/12/?add_to_wishlist=16225&_wpnonce=d5a66d583e HTTP/1.1" 200 36489 "-" "Mozilla/5.0 (compatible; MJ12bot/v1.4.8; http://mj12bot.com/)"
57.141.4.13 - - [18/Aug/2026:14:59:20 +0000] "GET /detail/2397524099283 HTTP/2" 429 0 "-" "Mozilla/5.0 (X11; Linux x86_64) AppleWebKit/537.36 (KHTML, like Gecko) Chrome/145.0.0.0 Safari/537.36 (compatible; meta-externalagent/1.1 (+https://developers.facebook.com/docs/sharing/webmasters/crawler))"
93.158.213.25 - - [18/Aug/2026:14:59:21 +0000] "GET /product-category/engineered-hardwood-floor/page/12/?add_to_wishlist=16226&_wpnonce=d5a66d583e HTTP/1.1" 200 36492 "-" "Mozilla/5.0 (compatible; MJ12bot/v1.4.8; http://mj12bot.com/)"
144.76.19.157 - - [18/Aug/2026:14:59:22 +0000] "GET /product/mauritius-urb/?add_to_wishlist=15565&_wpnonce=bbb71dd7ae HTTP/1.1" 301 0 "-" "Mozilla/5.0 (compatible; SERankingBacklinksBot/1.0; +https://seranking.com/backlinks-crawler)"
57.141.4.25 - - [18/Aug/2026:14:59:25 +0000] "GET /detail/609019403994 HTTP/2" 429 0 "-" "Mozilla/5.0 (Macintosh; Intel Mac OS X 10_15_7) AppleWebKit/537.36 (KHTML, like Gecko) Chrome/145.0.0.0 Safari/537.36 (compatible; meta-externalagent/1.1 (+https://developers.facebook.com/docs/sharing/webmasters/crawler))"
144.76.19.157 - - [18/Aug/2026:14:59:24 +0000] "GET /product/mauritius-urb/?add_to_wishlist=15565&_wpnonce=bbb71dd7ae HTTP/1.1" 200 44940 "-" "Mozilla/5.0 (compatible; SERankingBacklinksBot/1.0; +https://seranking.com/backlinks-crawler)"
93.158.213.25 - - [18/Aug/2026:14:59:24 +0000] "GET /product-category/engineered-hardwood-floor/page/12/?add_to_wishlist=16229&_wpnonce=d5a66d583e HTTP/1.1" 200 36490 "-" "Mozilla/5.0 (compatible; MJ12bot/v1.4.8; http://mj12bot.com/)"
93.158.213.25 - - [18/Aug/2026:14:59:28 +0000] "GET /product-category/engineered-hardwood-floor/page/12/?add_to_wishlist=16235&_wpnonce=d5a66d583e HTTP/1.1" 200 36489 "-" "Mozilla/5.0 (compatible; MJ12bot/v1.4.8; http://mj12bot.com/)"
192.250.227.238 - - [18/Aug/2026:14:59:30 +0000] "POST /wp-cron.php?doing_wp_cron=1787065170.7010259628295898437500 HTTP/1.1" 200 0 "-" "WordPress/7.0.4; https://glamourflooringla.com"
144.76.19.157 - - [18/Aug/2026:14:59:30 +0000] "GET /product/mauritius-urb/?add_to_wishlist=15566&_wpnonce=32cc803d74 HTTP/1.1" 301 0 "-" "Mozilla/5.0 (compatible; SERankingBacklinksBot/1.0; +https://seranking.com/backlinks-crawler)"
57.141.4.60 - - [18/Aug/2026:14:59:31 +0000] "GET /detail/517172555790 HTTP/2" 429 0 "-" "Mozilla/5.0 (Windows NT 10.0; Win64; x64) AppleWebKit/537.36 (KHTML, like Gecko) Chrome/145.0.0.0 Safari/537.36 (compatible; meta-externalagent/1.1 (+https://developers.facebook.com/docs/sharing/webmasters/crawler))"
144.76.19.157 - - [18/Aug/2026:14:59:32 +0000] "GET /product/mauritius-urb/?add_to_wishlist=15566&_wpnonce=32cc803d74 HTTP/1.1" 200 45079 "-" "Mozilla/5.0 (compatible; SERankingBacklinksBot/1.0; +https://seranking.com/backlinks-crawler)"
93.158.213.25 - - [18/Aug/2026:14:59:32 +0000] "GET /product-category/engineered-hardwood-floor/page/12/?add_to_wishlist=16237&_wpnonce=d5a66d583e HTTP/1.1" 200 36490 "-" "Mozilla/5.0 (compatible; MJ12bot/v1.4.8; http://mj12bot.com/)"
57.141.4.8 - - [18/Aug/2026:14:59:34 +0000] "GET /detail/791980620862 HTTP/2" 429 0 "-" "Mozilla/5.0 (Windows NT 10.0; Win64; x64) AppleWebKit/537.36 (KHTML, like Gecko) Chrome/145.0.0.0 Safari/537.36 (compatible; meta-externalagent/1.1 (+https://developers.facebook.com/docs/sharing/webmasters/crawler))"
83.99.206.230 - - [18/Aug/2026:14:59:36 +0000] "GET /product/los-alamos/ HTTP/1.1" 200 38636 "-" "Mozilla/5.0 (X11; Linux x86_64) AppleWebKit/537.36 (KHTML, like Gecko; GeedoShopProductFinder) Chrome/142.0.0.0 Safari/537.36"
93.158.213.25 - - [18/Aug/2026:14:59:36 +0000] "GET /product-category/engineered-hardwood-floor/page/12/?add_to_wishlist=16239&_wpnonce=d5a66d583e HTTP/1.1" 200 36488 "-" "Mozilla/5.0 (compatible; MJ12bot/v1.4.8; http://mj12bot.com/)"
144.76.19.157 - - [18/Aug/2026:14:59:37 +0000] "GET /product/mauritius-urb/?add_to_wishlist=15566&_wpnonce=44202cc6af HTTP/1.1" 301 0 "-" "Mozilla/5.0 (compatible; SERankingBacklinksBot/1.0; +https://seranking.com/backlinks-crawler)"
144.76.19.157 - - [18/Aug/2026:14:59:40 +0000] "GET /product/mauritius-urb/?add_to_wishlist=15566&_wpnonce=44202cc6af HTTP/1.1" 200 45003 "-" "Mozilla/5.0 (compatible; SERankingBacklinksBot/1.0; +https://seranking.com/backlinks-crawler)"
93.158.213.25 - - [18/Aug/2026:14:59:40 +0000] "GET /product-category/engineered-hardwood-floor/page/12/?add_to_wishlist=16241&_wpnonce=d5a66d583e HTTP/1.1" 200 36487 "-" "Mozilla/5.0 (compatible; MJ12bot/v1.4.8; http://mj12bot.com/)"
93.158.213.25 - - [18/Aug/2026:14:59:44 +0000] "GET /product-category/engineered-hardwood-floor/page/12/?add_to_wishlist=16374&_wpnonce=c28de8fee6 HTTP/1.1" 200 36466 "-" "Mozilla/5.0 (compatible; MJ12bot/v1.4.8; http://mj12bot.com/)"
144.76.19.157 - - [18/Aug/2026:14:59:45 +0000] "GET /product/mauritius-urb/?add_to_wishlist=15566&_wpnonce=bbb71dd7ae HTTP/1.1" 301 0 "-" "Mozilla/5.0 (compatible; SERankingBacklinksBot/1.0; +https://seranking.com/backlinks-crawler)"
93.158.213.25 - - [18/Aug/2026:14:59:47 +0000] "GET /product-category/engineered-hardwood-floor/page/12/?add_to_wishlist=16375&_wpnonce=c28de8fee6 HTTP/1.1" 200 36469 "-" "Mozilla/5.0 (compatible; MJ12bot/v1.4.8; http://mj12bot.com/)"
144.76.19.157 - - [18/Aug/2026:14:59:47 +0000] "GET /product/mauritius-urb/?add_to_wishlist=15566&_wpnonce=bbb71dd7ae HTTP/1.1" 200 44984 "-" "Mozilla/5.0 (compatible; SERankingBacklinksBot/1.0; +https://seranking.com/backlinks-crawler)"
93.158.213.25 - - [18/Aug/2026:14:59:51 +0000] "GET /product-category/engineered-hardwood-floor/page/12/?add_to_wishlist=16376&_wpnonce=c28de8fee6 HTTP/1.1" 200 36470 "-" "Mozilla/5.0 (compatible; MJ12bot/v1.4.8; http://mj12bot.com/)"
144.76.19.157 - - [18/Aug/2026:14:59:53 +0000] "GET /product/mauritius-urb/?add_to_wishlist=15569&_wpnonce=44202cc6af HTTP/1.1" 301 0 "-" "Mozilla/5.0 (compatible; SERankingBacklinksBot/1.0; +https://seranking.com/backlinks-crawler)"
144.76.19.157 - - [18/Aug/2026:14:59:55 +0000] "GET /product/mauritius-urb/?add_to_wishlist=15569&_wpnonce=44202cc6af HTTP/1.1" 200 45064 "-" "Mozilla/5.0 (compatible; SERankingBacklinksBot/1.0; +https://seranking.com/backlinks-crawler)"
93.158.213.25 - - [18/Aug/2026:14:59:55 +0000] "GET /product-category/engineered-hardwood-floor/page/12/?add_to_wishlist=16383&_wpnonce=c28de8fee6 HTTP/1.1" 200 36465 "-" "Mozilla/5.0 (compatible; MJ12bot/v1.4.8; http://mj12bot.com/)"
83.99.206.230 - - [18/Aug/2026:14:59:55 +0000] "GET /product/kilauea-naf/ HTTP/1.1" 200 38517 "-" "Mozilla/5.0 (X11; Linux x86_64) AppleWebKit/537.36 (KHTML, like Gecko; GeedoShopProductFinder) Chrome/142.0.0.0 Safari/537.36"
93.158.213.25 - - [18/Aug/2026:14:59:59 +0000] "GET /product-category/engineered-hardwood-floor/page/12/?add_to_wishlist=16384&_wpnonce=c28de8fee6 HTTP/1.1" 200 36466 "-" "Mozilla/5.0 (compatible; MJ12bot/v1.4.8; http://mj12bot.com/)"
144.76.19.157 - - [18/Aug/2026:15:00:01 +0000] "GET /product/mauritius-urb/?add_to_wishlist=15569&_wpnonce=bbb71dd7ae HTTP/1.1" 301 0 "-" "Mozilla/5.0 (compatible; SERankingBacklinksBot/1.0; +https://seranking.com/backlinks-crawler)"
144.76.19.157 - - [18/Aug/2026:15:00:03 +0000] "GET /product/mauritius-urb/?add_to_wishlist=15569&_wpnonce=bbb71dd7ae HTTP/1.1" 200 44957 "-" "Mozilla/5.0 (compatible; SERankingBacklinksBot/1.0; +https://seranking.com/backlinks-crawler)"
93.158.213.25 - - [18/Aug/2026:15:00:03 +0000] "GET /product-category/engineered-hardwood-floor/page/12/?add_to_wishlist=16385&_wpnonce=c28de8fee6 HTTP/1.1" 200 36468 "-" "Mozilla/5.0 (compatible; MJ12bot/v1.4.8; http://mj12bot.com/)"
93.158.213.25 - - [18/Aug/2026:15:00:07 +0000] "GET /product-category/engineered-hardwood-floor/page/12/?add_to_wishlist=16387&_wpnonce=c28de8fee6 HTTP/1.1" 200 36469 "-" "Mozilla/5.0 (compatible; MJ12bot/v1.4.8; http://mj12bot.com/)"
144.76.19.157 - - [18/Aug/2026:15:00:08 +0000] "GET /product/mauritius-urb/?add_to_wishlist=15570&_wpnonce=bbb71dd7ae HTTP/1.1" 301 0 "-" "Mozilla/5.0 (compatible; SERankingBacklinksBot/1.0; +https://seranking.com/backlinks-crawler)"
144.76.19.157 - - [18/Aug/2026:15:00:10 +0000] "GET /product/mauritius-urb/?add_to_wishlist=15570&_wpnonce=bbb71dd7ae HTTP/1.1" 200 44982 "-" "Mozilla/5.0 (compatible; SERankingBacklinksBot/1.0; +https://seranking.com/backlinks-crawler)"
93.158.213.25 - - [18/Aug/2026:15:00:10 +0000] "GET /product-category/engineered-hardwood-floor/page/12/?add_to_wishlist=16388&_wpnonce=c28de8fee6 HTTP/1.1" 200 36474 "-" "Mozilla/5.0 (compatible; MJ12bot/v1.4.8; http://mj12bot.com/)"
93.158.213.25 - - [18/Aug/2026:15:00:14 +0000] "GET /product-category/engineered-hardwood-floor/page/12/?add_to_wishlist=16392&_wpnonce=c28de8fee6 HTTP/1.1" 200 36469 "-" "Mozilla/5.0 (compatible; MJ12bot/v1.4.8; http://mj12bot.com/)"
83.99.206.230 - - [18/Aug/2026:15:00:15 +0000] "GET /product/newport-beach/ HTTP/1.1" 200 38919 "-" "Mozilla/5.0 (X11; Linux x86_64) AppleWebKit/537.36 (KHTML, like Gecko; GeedoShopProductFinder) Chrome/142.0.0.0 Safari/537.36"
144.76.19.157 - - [18/Aug/2026:15:00:16 +0000] "GET /product/mauritius-urb/?add_to_wishlist=15573&_wpnonce=bbb71dd7ae HTTP/1.1" 301 0 "-" "Mozilla/5.0 (compatible; SERankingBacklinksBot/1.0; +https://seranking.com/backlinks-crawler)"
144.76.19.157 - - [18/Aug/2026:15:00:18 +0000] "GET /product/mauritius-urb/?add_to_wishlist=15573&_wpnonce=bbb71dd7ae HTTP/1.1" 200 44979 "-" "Mozilla/5.0 (compatible; SERankingBacklinksBot/1.0; +https://seranking.com/backlinks-crawler)"
93.158.213.25 - - [18/Aug/2026:15:00:18 +0000] "GET /product-category/engineered-hardwood-floor/page/12/?add_to_wishlist=16393&_wpnonce=c28de8fee6 HTTP/1.1" 200 36472 "-" "Mozilla/5.0 (compatible; MJ12bot/v1.4.8; http://mj12bot.com/)"
93.158.213.25 - - [18/Aug/2026:15:00:22 +0000] "GET /product-category/engineered-hardwood-floor/page/12/?add_to_wishlist=16394&_wpnonce=c28de8fee6 HTTP/1.1" 200 36468 "-" "Mozilla/5.0 (compatible; MJ12bot/v1.4.8; http://mj12bot.com/)"
144.76.19.157 - - [18/Aug/2026:15:00:23 +0000] "GET /product/mauritius-urb/?add_to_wishlist=15998&_wpnonce=32cc803d74 HTTP/1.1" 301 0 "-" "Mozilla/5.0 (compatible; SERankingBacklinksBot/1.0; +https://seranking.com/backlinks-crawler)"
144.76.19.157 - - [18/Aug/2026:15:00:25 +0000] "GET /product/mauritius-urb/?add_to_wishlist=15998&_wpnonce=32cc803d74 HTTP/1.1" 200 45130 "-" "Mozilla/5.0 (compatible; SERankingBacklinksBot/1.0; +https://seranking.com/backlinks-crawler)"
93.158.213.25 - - [18/Aug/2026:15:00:26 +0000] "GET /product-category/engineered-hardwood-floor/page/12/?add_to_wishlist=16399&_wpnonce=c28de8fee6 HTTP/1.1" 200 36477 "-" "Mozilla/5.0 (compatible; MJ12bot/v1.4.8; http://mj12bot.com/)"
192.250.227.238 - - [18/Aug/2026:15:00:31 +0000] "POST /wp-cron.php?doing_wp_cron=1787065231.7372570037841796875000 HTTP/1.1" 200 0 "-" "WordPress/7.0.4; https://glamourflooringla.com"
93.158.213.25 - - [18/Aug/2026:15:00:30 +0000] "GET /product-category/engineered-hardwood-floor/page/12/?add_to_wishlist=16400&_wpnonce=c28de8fee6 HTTP/1.1" 200 36476 "-" "Mozilla/5.0 (compatible; MJ12bot/v1.4.8; http://mj12bot.com/)"
144.76.19.157 - - [18/Aug/2026:15:00:31 +0000] "GET /product/mauritius-urb/?add_to_wishlist=15998&_wpnonce=44202cc6af HTTP/1.1" 301 0 "-" "Mozilla/5.0 (compatible; SERankingBacklinksBot/1.0; +https://seranking.com/backlinks-crawler)"
144.76.19.157 - - [18/Aug/2026:15:00:33 +0000] "GET /product/mauritius-urb/?add_to_wishlist=15998&_wpnonce=44202cc6af HTTP/1.1" 200 44942 "-" "Mozilla/5.0 (compatible; SERankingBacklinksBot/1.0; +https://seranking.com/backlinks-crawler)"
93.158.213.25 - - [18/Aug/2026:15:00:34 +0000] "GET /product-category/engineered-hardwood-floor/page/12/?add_to_wishlist=16401&_wpnonce=c28de8fee6 HTTP/1.1" 200 36465 "-" "Mozilla/5.0 (compatible; MJ12bot/v1.4.8; http://mj12bot.com/)"
93.158.213.25 - - [18/Aug/2026:15:00:38 +0000] "GET /product-category/engineered-hardwood-floor/page/12/?add_to_wishlist=16403&_wpnonce=c28de8fee6 HTTP/1.1" 200 36473 "-" "Mozilla/5.0 (compatible; MJ12bot/v1.4.8; http://mj12bot.com/)"
144.76.19.157 - - [18/Aug/2026:15:00:38 +0000] "GET /product/mauritius-urb/?add_to_wishlist=15998&_wpnonce=bbb71dd7ae HTTP/1.1" 301 0 "-" "Mozilla/5.0 (compatible; SERankingBacklinksBot/1.0; +https://seranking.com/backlinks-crawler)"
57.141.4.1 - - [18/Aug/2026:15:00:41 +0000] "GET /detail/1310817649450 HTTP/2" 429 0 "-" "Mozilla/5.0 (Windows NT 10.0; Win64; x64) AppleWebKit/537.36 (KHTML, like Gecko) Chrome/145.0.0.0 Safari/537.36 (compatible; meta-externalagent/1.1 (+https://developers.facebook.com/docs/sharing/webmasters/crawler))"
144.76.19.157 - - [18/Aug/2026:15:00:40 +0000] "GET /product/mauritius-urb/?add_to_wishlist=15998&_wpnonce=bbb71dd7ae HTTP/1.1" 200 45007 "-" "Mozilla/5.0 (compatible; SERankingBacklinksBot/1.0; +https://seranking.com/backlinks-crawler)"
93.158.213.25 - - [18/Aug/2026:15:00:41 +0000] "GET /product-category/engineered-hardwood-floor/page/12/?add_to_wishlist=16407&_wpnonce=c28de8fee6 HTTP/1.1" 200 36469 "-" "Mozilla/5.0 (compatible; MJ12bot/v1.4.8; http://mj12bot.com/)"
144.76.19.157 - - [18/Aug/2026:15:00:46 +0000] "GET /product/mayenne-monarch/ HTTP/1.1" 301 0 "-" "Mozilla/5.0 (compatible; SERankingBacklinksBot/1.0; +https://seranking.com/backlinks-crawler)"
93.158.213.25 - - [18/Aug/2026:15:00:45 +0000] "GET /product-category/engineered-hardwood-floor/page/12/?add_to_wishlist=16408&_wpnonce=c28de8fee6 HTTP/1.1" 200 36473 "-" "Mozilla/5.0 (compatible; MJ12bot/v1.4.8; http://mj12bot.com/)"
109.196.163.39 - - [18/Aug/2026:15:00:46 +0000] "GET /glamour-flooring-has-the-best-pricing-on-laminate-flooring-in-the-los-angeles-area/ HTTP/1.1" 200 34739 "-" "Mozilla/5.0 (Windows NT 10.0; Win64; x64) AppleWebKit/537.36 (KHTML, like Gecko) Chrome/126.0.0.0 Safari/537.36"
144.76.19.157 - - [18/Aug/2026:15:00:48 +0000] "GET /product/mayenne-monarch/ HTTP/1.1" 200 45078 "-" "Mozilla/5.0 (compatible; SERankingBacklinksBot/1.0; +https://seranking.com/backlinks-crawler)"
93.158.213.25 - - [18/Aug/2026:15:00:49 +0000] "GET /product-category/engineered-hardwood-floor/page/12/?add_to_wishlist=16409&_wpnonce=c28de8fee6 HTTP/1.1" 200 36467 "-" "Mozilla/5.0 (compatible; MJ12bot/v1.4.8; http://mj12bot.com/)"
57.141.4.10 - - [18/Aug/2026:15:00:53 +0000] "GET /detail/517962341280 HTTP/2" 301 0 "-" "Mozilla/5.0 (Windows NT 10.0; Win64; x64) AppleWebKit/537.36 (KHTML, like Gecko) Chrome/145.0.0.0 Safari/537.36 (compatible; meta-externalagent/1.1 (+https://developers.facebook.com/docs/sharing/webmasters/crawler))"
144.76.19.157 - - [18/Aug/2026:15:00:53 +0000] "GET /product/mayenne-monarch/?add_to_wishlist=15484&_wpnonce=bbb71dd7ae HTTP/1.1" 301 0 "-" "Mozilla/5.0 (compatible; SERankingBacklinksBot/1.0; +https://seranking.com/backlinks-crawler)"
57.141.4.52 - - [18/Aug/2026:15:00:54 +0000] "GET /wp-content/plugins/elementor/assets/css/widget-image.min.css?ver=4.2.2 HTTP/2" 429 0 "https://glamourflooringla.com/" "Mozilla/5.0 (Windows NT 10.0; Win64; x64) AppleWebKit/537.36 (KHTML, like Gecko) Chrome/145.0.0.0 Safari/537.36 (compatible; meta-externalagent/1.1 (+https://developers.facebook.com/docs/sharing/webmasters/crawler))"
57.141.4.35 - - [18/Aug/2026:15:00:54 +0000] "GET /wp-content/plugins/elementor/assets/css/widget-icon-list.min.css?ver=4.2.2 HTTP/2" 429 0 "https://glamourflooringla.com/" "Mozilla/5.0 (Windows NT 10.0; Win64; x64) AppleWebKit/537.36 (KHTML, like Gecko) Chrome/145.0.0.0 Safari/537.36 (compatible; meta-externalagent/1.1 (+https://developers.facebook.com/docs/sharing/webmasters/crawler))"
57.141.4.61 - - [18/Aug/2026:15:00:54 +0000] "GET /wp-content/plugins/elementor/assets/lib/animations/styles/slideInUp.min.css?ver=4.2.2 HTTP/2" 429 0 "https://glamourflooringla.com/" "Mozilla/5.0 (Windows NT 10.0; Win64; x64) AppleWebKit/537.36 (KHTML, like Gecko) Chrome/145.0.0.0 Safari/537.36 (compatible; meta-externalagent/1.1 (+https://developers.facebook.com/docs/sharing/webmasters/crawler))"
57.141.4.7 - - [18/Aug/2026:15:00:54 +0000] "GET /wp-content/plugins/elementor/assets/css/frontend.min.css?ver=4.2.2 HTTP/2" 429 0 "https://glamourflooringla.com/" "Mozilla/5.0 (Windows NT 10.0; Win64; x64) AppleWebKit/537.36 (KHTML, like Gecko) Chrome/145.0.0.0 Safari/537.36 (compatible; meta-externalagent/1.1 (+https://developers.facebook.com/docs/sharing/webmasters/crawler))"
57.141.4.55 - - [18/Aug/2026:15:00:54 +0000] "GET /wp-content/uploads/elementor/css/post-17829.css?ver=1787034666 HTTP/2" 429 0 "https://glamourflooringla.com/" "Mozilla/5.0 (Windows NT 10.0; Win64; x64) AppleWebKit/537.36 (KHTML, like Gecko) Chrome/145.0.0.0 Safari/537.36 (compatible; meta-externalagent/1.1 (+https://developers.facebook.com/docs/sharing/webmasters/crawler))"
57.141.4.67 - - [18/Aug/2026:15:00:54 +0000] "GET /wp-content/plugins/elementor/assets/css/widget-icon-box.min.css?ver=4.2.2 HTTP/2" 429 0 "https://glamourflooringla.com/" "Mozilla/5.0 (Windows NT 10.0; Win64; x64) AppleWebKit/537.36 (KHTML, like Gecko) Chrome/145.0.0.0 Safari/537.36 (compatible; meta-externalagent/1.1 (+https://developers.facebook.com/docs/sharing/webmasters/crawler))"
57.141.4.23 - - [18/Aug/2026:15:00:54 +0000] "GET /wp-content/plugins/elementor/assets/css/widget-image-carousel.min.css?ver=4.2.2 HTTP/2" 429 0 "https://glamourflooringla.com/" "Mozilla/5.0 (Windows NT 10.0; Win64; x64) AppleWebKit/537.36 (KHTML, like Gecko) Chrome/145.0.0.0 Safari/537.36 (compatible; meta-externalagent/1.1 (+https://developers.facebook.com/docs/sharing/webmasters/crawler))"
93.158.213.25 - - [18/Aug/2026:15:00:53 +0000] "GET /product-category/engineered-hardwood-floor/page/12/?add_to_wishlist=16410&_wpnonce=c28de8fee6 HTTP/1.1" 200 36476 "-" "Mozilla/5.0 (compatible; MJ12bot/v1.4.8; http://mj12bot.com/)"
57.141.4.16 - - [18/Aug/2026:15:00:54 +0000] "GET /wp-content/plugins/elementor/assets/css/widget-video.min.css?ver=4.2.2 HTTP/2" 429 0 "https://glamourflooringla.com/" "Mozilla/5.0 (Windows NT 10.0; Win64; x64) AppleWebKit/537.36 (KHTML, like Gecko) Chrome/145.0.0.0 Safari/537.36 (compatible; meta-externalagent/1.1 (+https://developers.facebook.com/docs/sharing/webmasters/crawler))"
57.141.4.45 - - [18/Aug/2026:15:00:54 +0000] "GET /wp-content/plugins/elementor/assets/css/conditionals/e-swiper.min.css?ver=4.2.2 HTTP/2" 429 0 "https://glamourflooringla.com/" "Mozilla/5.0 (Windows NT 10.0; Win64; x64) AppleWebKit/537.36 (KHTML, like Gecko) Chrome/145.0.0.0 Safari/537.36 (compatible; meta-externalagent/1.1 (+https://developers.facebook.com/docs/sharing/webmasters/crawler))"
57.141.4.50 - - [18/Aug/2026:15:00:54 +0000] "GET /wp-content/plugins/elementskit-lite/widgets/init/assets/css/common.css?ver=4.0.1 HTTP/2" 429 0 "https://glamourflooringla.com/" "Mozilla/5.0 (Windows NT 10.0; Win64; x64) AppleWebKit/537.36 (KHTML, like Gecko) Chrome/145.0.0.0 Safari/537.36 (compatible; meta-externalagent/1.1 (+https://developers.facebook.com/docs/sharing/webmasters/crawler))"
57.141.4.5 - - [18/Aug/2026:15:00:54 +0000] "GET /wp-content/uploads/2025/08/Untitled-11-1.jpg HTTP/2" 429 0 "https://glamourflooringla.com/" "Mozilla/5.0 (Windows NT 10.0; Win64; x64) AppleWebKit/537.36 (KHTML, like Gecko) Chrome/145.0.0.0 Safari/537.36 (compatible; meta-externalagent/1.1 (+https://developers.facebook.com/docs/sharing/webmasters/crawler))"
57.141.4.48 - - [18/Aug/2026:15:00:54 +0000] "GET /wp-content/uploads/2021/12/Still61-600x400.jpg HTTP/2" 429 0 "https://glamourflooringla.com/" "Mozilla/5.0 (Windows NT 10.0; Win64; x64) AppleWebKit/537.36 (KHTML, like Gecko) Chrome/145.0.0.0 Safari/537.36 (compatible; meta-externalagent/1.1 (+https://developers.facebook.com/docs/sharing/webmasters/crawler))"
57.141.4.63 - - [18/Aug/2026:15:00:54 +0000] "GET /wp-content/plugins/elementor-pro/assets/css/widget-form.min.css?ver=4.2.1 HTTP/2" 429 0 "https://glamourflooringla.com/" "Mozilla/5.0 (Windows NT 10.0; Win64; x64) AppleWebKit/537.36 (KHTML, like Gecko) Chrome/145.0.0.0 Safari/537.36 (compatible; meta-externalagent/1.1 (+https://developers.facebook.com/docs/sharing/webmasters/crawler))"
57.141.4.32 - - [18/Aug/2026:15:00:55 +0000] "GET /wp-content/plugins/elementskit-lite/modules/elementskit-icon-pack/assets/css/ekiticons.css?ver=4.0.1 HTTP/2" 429 0 "https://glamourflooringla.com/" "Mozilla/5.0 (Windows NT 10.0; Win64; x64) AppleWebKit/537.36 (KHTML, like Gecko) Chrome/145.0.0.0 Safari/537.36 (compatible; meta-externalagent/1.1 (+https://developers.facebook.com/docs/sharing/webmasters/crawler))"
57.141.4.37 - - [18/Aug/2026:15:00:55 +0000] "GET /wp-content/plugins/elementor-pro/assets/js/frontend.min.js?ver=4.2.1 HTTP/2" 429 0 "https://glamourflooringla.com/" "Mozilla/5.0 (Windows NT 10.0; Win64; x64) AppleWebKit/537.36 (KHTML, like Gecko) Chrome/145.0.0.0 Safari/537.36 (compatible; meta-externalagent/1.1 (+https://developers.facebook.com/docs/sharing/webmasters/crawler))"
57.141.4.36 - - [18/Aug/2026:15:00:55 +0000] "GET /wp-content/plugins/contact-form-7/includes/swv/js/index.js?ver=6.1.7 HTTP/2" 429 0 "https://glamourflooringla.com/" "Mozilla/5.0 (Windows NT 10.0; Win64; x64) AppleWebKit/537.36 (KHTML, like Gecko) Chrome/145.0.0.0 Safari/537.36 (compatible; meta-externalagent/1.1 (+https://developers.facebook.com/docs/sharing/webmasters/crawler))"
57.141.4.20 - - [18/Aug/2026:15:00:55 +0000] "GET /wp-content/uploads/2021/12/Still72-600x400.jpg HTTP/2" 429 0 "https://glamourflooringla.com/" "Mozilla/5.0 (Windows NT 10.0; Win64; x64) AppleWebKit/537.36 (KHTML, like Gecko) Chrome/145.0.0.0 Safari/537.36 (compatible; meta-externalagent/1.1 (+https://developers.facebook.com/docs/sharing/webmasters/crawler))"
57.141.4.44 - - [18/Aug/2026:15:00:55 +0000] "GET /wp-content/plugins/testimonial-slider-and-showcase/assets/vendor/swiper/swiper.min.js?ver=2.4.2 HTTP/2" 429 0 "https://glamourflooringla.com/" "Mozilla/5.0 (Windows NT 10.0; Win64; x64) AppleWebKit/537.36 (KHTML, like Gecko) Chrome/145.0.0.0 Safari/537.36 (compatible; meta-externalagent/1.1 (+https://developers.facebook.com/docs/sharing/webmasters/crawler))"
57.141.4.71 - - [18/Aug/2026:15:00:55 +0000] "GET /wp-content/uploads/2021/12/Still73-600x400.jpg HTTP/2" 429 0 "https://glamourflooringla.com/" "Mozilla/5.0 (Windows NT 10.0; Win64; x64) AppleWebKit/537.36 (KHTML, like Gecko) Chrome/145.0.0.0 Safari/537.36 (compatible; meta-externalagent/1.1 (+https://developers.facebook.com/docs/sharing/webmasters/crawler))"
57.141.4.10 - - [18/Aug/2026:15:00:55 +0000] "GET /wp-content/uploads/2021/12/Still74-600x400.jpg HTTP/2" 429 0 "https://glamourflooringla.com/" "Mozilla/5.0 (Windows NT 10.0; Win64; x64) AppleWebKit/537.36 (KHTML, like Gecko) Chrome/145.0.0.0 Safari/537.36 (compatible; meta-externalagent/1.1 (+https://developers.facebook.com/docs/sharing/webmasters/crawler))"
57.141.4.30 - - [18/Aug/2026:15:00:55 +0000] "GET /wp-content/plugins/elementor-pro/assets/js/elements-handlers.min.js?ver=4.2.1 HTTP/2" 429 0 "https://glamourflooringla.com/" "Mozilla/5.0 (Windows NT 10.0; Win64; x64) AppleWebKit/537.36 (KHTML, like Gecko) Chrome/145.0.0.0 Safari/537.36 (compatible; meta-externalagent/1.1 (+https://developers.facebook.com/docs/sharing/webmasters/crawler))"
57.141.4.13 - - [18/Aug/2026:15:00:55 +0000] "GET /wp-content/plugins/wpcf7-recaptcha/assets/js/wpcf7-recaptcha-controls.js?ver=1.2 HTTP/2" 429 0 "https://glamourflooringla.com/" "Mozilla/5.0 (Windows NT 10.0; Win64; x64) AppleWebKit/537.36 (KHTML, like Gecko) Chrome/145.0.0.0 Safari/537.36 (compatible; meta-externalagent/1.1 (+https://developers.facebook.com/docs/sharing/webmasters/crawler))"
57.141.4.44 - - [18/Aug/2026:15:00:55 +0000] "GET /wp-content/uploads/2021/12/Still54-600x400.jpg HTTP/2" 429 0 "https://glamourflooringla.com/" "Mozilla/5.0 (Windows NT 10.0; Win64; x64) AppleWebKit/537.36 (KHTML, like Gecko) Chrome/145.0.0.0 Safari/537.36 (compatible; meta-externalagent/1.1 (+https://developers.facebook.com/docs/sharing/webmasters/crawler))"
57.141.4.48 - - [18/Aug/2026:15:00:55 +0000] "GET /wp-content/uploads/2021/12/Still60-600x400.jpg HTTP/2" 429 0 "https://glamourflooringla.com/" "Mozilla/5.0 (Windows NT 10.0; Win64; x64) AppleWebKit/537.36 (KHTML, like Gecko) Chrome/145.0.0.0 Safari/537.36 (compatible; meta-externalagent/1.1 (+https://developers.facebook.com/docs/sharing/webmasters/crawler))"
57.141.4.72 - - [18/Aug/2026:15:00:55 +0000] "GET /wp-content/plugins/elementor-pro/assets/js/webpack-pro.runtime.min.js?ver=4.2.1 HTTP/2" 429 0 "https://glamourflooringla.com/" "Mozilla/5.0 (Windows NT 10.0; Win64; x64) AppleWebKit/537.36 (KHTML, like Gecko) Chrome/145.0.0.0 Safari/537.36 (compatible; meta-externalagent/1.1 (+https://developers.facebook.com/docs/sharing/webmasters/crawler))"
57.141.4.44 - - [18/Aug/2026:15:00:55 +0000] "GET /wp-content/uploads/2021/12/Still80-600x400.jpg HTTP/2" 429 0 "https://glamourflooringla.com/" "Mozilla/5.0 (Windows NT 10.0; Win64; x64) AppleWebKit/537.36 (KHTML, like Gecko) Chrome/145.0.0.0 Safari/537.36 (compatible; meta-externalagent/1.1 (+https://developers.facebook.com/docs/sharing/webmasters/crawler))"
57.141.4.19 - - [18/Aug/2026:15:00:55 +0000] "GET /wp-content/uploads/2021/12/Still46-1-600x400.jpg HTTP/2" 429 0 "https://glamourflooringla.com/" "Mozilla/5.0 (Windows NT 10.0; Win64; x64) AppleWebKit/537.36 (KHTML, like Gecko) Chrome/145.0.0.0 Safari/537.36 (compatible; meta-externalagent/1.1 (+https://developers.facebook.com/docs/sharing/webmasters/crawler))"
57.141.4.32 - - [18/Aug/2026:15:00:55 +0000] "GET /wp-content/uploads/2021/12/Still50-600x400.jpg HTTP/2" 429 0 "https://glamourflooringla.com/" "Mozilla/5.0 (Windows NT 10.0; Win64; x64) AppleWebKit/537.36 (KHTML, like Gecko) Chrome/145.0.0.0 Safari/537.36 (compatible; meta-externalagent/1.1 (+https://developers.facebook.com/docs/sharing/webmasters/crawler))"
57.141.4.28 - - [18/Aug/2026:15:00:55 +0000] "GET /wp-content/uploads/2021/12/Still51-600x400.jpg HTTP/2" 429 0 "https://glamourflooringla.com/" "Mozilla/5.0 (Windows NT 10.0; Win64; x64) AppleWebKit/537.36 (KHTML, like Gecko) Chrome/145.0.0.0 Safari/537.36 (compatible; meta-externalagent/1.1 (+https://developers.facebook.com/docs/sharing/webmasters/crawler))"
57.141.4.38 - - [18/Aug/2026:15:00:55 +0000] "GET /wp-content/uploads/2021/12/Still46-600x400.jpg HTTP/2" 429 0 "https://glamourflooringla.com/" "Mozilla/5.0 (Windows NT 10.0; Win64; x64) AppleWebKit/537.36 (KHTML, like Gecko) Chrome/145.0.0.0 Safari/537.36 (compatible; meta-externalagent/1.1 (+https://developers.facebook.com/docs/sharing/webmasters/crawler))"
57.141.4.70 - - [18/Aug/2026:15:00:55 +0000] "GET /wp-content/uploads/2021/12/Still71-600x400.jpg HTTP/2" 429 0 "https://glamourflooringla.com/" "Mozilla/5.0 (Windows NT 10.0; Win64; x64) AppleWebKit/537.36 (KHTML, like Gecko) Chrome/145.0.0.0 Safari/537.36 (compatible; meta-externalagent/1.1 (+https://developers.facebook.com/docs/sharing/webmasters/crawler))"
57.141.4.11 - - [18/Aug/2026:15:00:55 +0000] "GET /wp-content/uploads/2021/12/Still49-600x400.jpg HTTP/2" 429 0 "https://glamourflooringla.com/" "Mozilla/5.0 (Windows NT 10.0; Win64; x64) AppleWebKit/537.36 (KHTML, like Gecko) Chrome/145.0.0.0 Safari/537.36 (compatible; meta-externalagent/1.1 (+https://developers.facebook.com/docs/sharing/webmasters/crawler))"
57.141.4.64 - - [18/Aug/2026:15:00:55 +0000] "GET /wp-content/uploads/2021/12/Still79-600x400.jpg HTTP/2" 429 0 "https://glamourflooringla.com/" "Mozilla/5.0 (Windows NT 10.0; Win64; x64) AppleWebKit/537.36 (KHTML, like Gecko) Chrome/145.0.0.0 Safari/537.36 (compatible; meta-externalagent/1.1 (+https://developers.facebook.com/docs/sharing/webmasters/crawler))"
57.141.4.8 - - [18/Aug/2026:15:00:55 +0000] "GET /wp-content/uploads/2021/12/Still78-600x400.jpg HTTP/2" 429 0 "https://glamourflooringla.com/" "Mozilla/5.0 (Windows NT 10.0; Win64; x64) AppleWebKit/537.36 (KHTML, like Gecko) Chrome/145.0.0.0 Safari/537.36 (compatible; meta-externalagent/1.1 (+https://developers.facebook.com/docs/sharing/webmasters/crawler))"
57.141.4.63 - - [18/Aug/2026:15:00:55 +0000] "GET /wp-content/uploads/2021/12/Still70-600x400.jpg HTTP/2" 429 0 "https://glamourflooringla.com/" "Mozilla/5.0 (Windows NT 10.0; Win64; x64) AppleWebKit/537.36 (KHTML, like Gecko) Chrome/145.0.0.0 Safari/537.36 (compatible; meta-externalagent/1.1 (+https://developers.facebook.com/docs/sharing/webmasters/crawler))"
57.141.4.34 - - [18/Aug/2026:15:00:55 +0000] "GET /wp-content/uploads/2021/12/Still55-600x400.jpg HTTP/2" 429 0 "https://glamourflooringla.com/" "Mozilla/5.0 (Windows NT 10.0; Win64; x64) AppleWebKit/537.36 (KHTML, like Gecko) Chrome/145.0.0.0 Safari/537.36 (compatible; meta-externalagent/1.1 (+https://developers.facebook.com/docs/sharing/webmasters/crawler))"
57.141.4.21 - - [18/Aug/2026:15:00:55 +0000] "GET /wp-content/uploads/2021/12/Still19-600x400.jpg HTTP/2" 429 0 "https://glamourflooringla.com/" "Mozilla/5.0 (Windows NT 10.0; Win64; x64) AppleWebKit/537.36 (KHTML, like Gecko) Chrome/145.0.0.0 Safari/537.36 (compatible; meta-externalagent/1.1 (+https://developers.facebook.com/docs/sharing/webmasters/crawler))"
57.141.4.66 - - [18/Aug/2026:15:00:55 +0000] "GET /wp-content/uploads/2021/12/Still20-600x400.jpg HTTP/2" 429 0 "https://glamourflooringla.com/" "Mozilla/5.0 (Windows NT 10.0; Win64; x64) AppleWebKit/537.36 (KHTML, like Gecko) Chrome/145.0.0.0 Safari/537.36 (compatible; meta-externalagent/1.1 (+https://developers.facebook.com/docs/sharing/webmasters/crawler))"
57.141.4.43 - - [18/Aug/2026:15:00:55 +0000] "GET /wp-content/uploads/2021/12/Still48-601x400.jpg HTTP/2" 429 0 "https://glamourflooringla.com/" "Mozilla/5.0 (Windows NT 10.0; Win64; x64) AppleWebKit/537.36 (KHTML, like Gecko) Chrome/145.0.0.0 Safari/537.36 (compatible; meta-externalagent/1.1 (+https://developers.facebook.com/docs/sharing/webmasters/crawler))"
57.141.4.16 - - [18/Aug/2026:15:00:55 +0000] "GET /wp-content/plugins/woocommerce/assets/js/frontend/cart-fragments.min.js?ver=11.0.1 HTTP/2" 429 0 "https://glamourflooringla.com/" "Mozilla/5.0 (Windows NT 10.0; Win64; x64) AppleWebKit/537.36 (KHTML, like Gecko) Chrome/145.0.0.0 Safari/537.36 (compatible; meta-externalagent/1.1 (+https://developers.facebook.com/docs/sharing/webmasters/crawler))"
57.141.4.24 - - [18/Aug/2026:15:00:55 +0000] "GET /wp-content/fonts/Porcelain/Porcelain.ttf HTTP/2" 429 0 "https://glamourflooringla.com/" "Mozilla/5.0 (Windows NT 10.0; Win64; x64) AppleWebKit/537.36 (KHTML, like Gecko) Chrome/145.0.0.0 Safari/537.36 (compatible; meta-externalagent/1.1 (+https://developers.facebook.com/docs/sharing/webmasters/crawler))"
57.141.4.26 - - [18/Aug/2026:15:00:56 +0000] "GET /?wmcAction=wmcTrack&action_name=Hardwood%20Flooring%20Store%20Woodland%20Hills%20%7C%20Glamour%20Flooring%20LA&siteId=1&rec=1&rand=751988&h=8&m=0&s=55&url=https%3A%2F%2Fglamourflooringla.com%2F&uid=0&pid=17829&visitorId=73360e1726680259&fvts=1787065256&vc=1&idn=0&refts=0&lvts=1787065256&fullRef=glamourflooringla.com%2Fproduct%2Fgrayrocks-pro%2F&send_image=1&pdf=1&qt=0&rp=0&wma=0&dir=0&fla=0&java=0&gears=0&ag=0&cookie=1&res=1920x1080>ms=84&pvId=YXVmSm&browser=Chrome_145&os=Windows_10&device=Desktop HTTP/2" 429 0 "https://glamourflooringla.com/" "Mozilla/5.0 (Windows NT 10.0; Win64; x64) AppleWebKit/537.36 (KHTML, like Gecko) Chrome/145.0.0.0 Safari/537.36 (compatible; meta-externalagent/1.1 (+https://developers.facebook.com/docs/sharing/webmasters/crawler))"
57.141.4.34 - - [18/Aug/2026:15:00:56 +0000] "GET /wp-content/plugins/elementor/assets/lib/dialog/dialog.min.js?ver=4.9.3 HTTP/2" 429 0 "https://glamourflooringla.com/" "Mozilla/5.0 (Windows NT 10.0; Win64; x64) AppleWebKit/537.36 (KHTML, like Gecko) Chrome/145.0.0.0 Safari/537.36 (compatible; meta-externalagent/1.1 (+https://developers.facebook.com/docs/sharing/webmasters/crawler))"
57.141.4.46 - - [18/Aug/2026:15:00:56 +0000] "GET /wp-json/contact-form-7/v1/contact-forms/22324/feedback/schema HTTP/2" 200 270 "https://glamourflooringla.com/" "Mozilla/5.0 (Windows NT 10.0; Win64; x64) AppleWebKit/537.36 (KHTML, like Gecko) Chrome/145.0.0.0 Safari/537.36 (compatible; meta-externalagent/1.1 (+https://developers.facebook.com/docs/sharing/webmasters/crawler))"
57.141.4.58 - - [18/Aug/2026:15:00:56 +0000] "GET /wp-content/plugins/elementor/assets/lib/share-link/share-link.min.js?ver=4.2.2 HTTP/2" 429 0 "https://glamourflooringla.com/" "Mozilla/5.0 (Windows NT 10.0; Win64; x64) AppleWebKit/537.36 (KHTML, like Gecko) Chrome/145.0.0.0 Safari/537.36 (compatible; meta-externalagent/1.1 (+https://developers.facebook.com/docs/sharing/webmasters/crawler))"
57.141.4.71 - - [18/Aug/2026:15:00:56 +0000] "GET /wp-content/plugins/elementor/assets/js/lightbox.3f9b3a051b2336dd5372.bundle.min.js HTTP/2" 429 0 "https://glamourflooringla.com/" "Mozilla/5.0 (Windows NT 10.0; Win64; x64) AppleWebKit/537.36 (KHTML, like Gecko) Chrome/145.0.0.0 Safari/537.36 (compatible; meta-externalagent/1.1 (+https://developers.facebook.com/docs/sharing/webmasters/crawler))"
57.141.4.46 - - [18/Aug/2026:15:00:56 +0000] "GET /wp-content/plugins/elementor/assets/css/conditionals/dialog.min.css?ver=4.2.2 HTTP/2" 429 0 "https://glamourflooringla.com/" "Mozilla/5.0 (Windows NT 10.0; Win64; x64) AppleWebKit/537.36 (KHTML, like Gecko) Chrome/145.0.0.0 Safari/537.36 (compatible; meta-externalagent/1.1 (+https://developers.facebook.com/docs/sharing/webmasters/crawler))"
57.141.4.40 - - [18/Aug/2026:15:00:56 +0000] "GET /wp-content/plugins/elementor/assets/js/397f2d183c19202777d6.bundle.min.js HTTP/2" 429 0 "https://glamourflooringla.com/" "Mozilla/5.0 (Windows NT 10.0; Win64; x64) AppleWebKit/537.36 (KHTML, like Gecko) Chrome/145.0.0.0 Safari/537.36 (compatible; meta-externalagent/1.1 (+https://developers.facebook.com/docs/sharing/webmasters/crawler))"
57.141.4.16 - - [18/Aug/2026:15:00:56 +0000] "GET /wp-content/plugins/elementor/assets/js/image-carousel.6167d20b95b33386757b.bundle.min.js HTTP/2" 429 0 "https://glamourflooringla.com/" "Mozilla/5.0 (Windows NT 10.0; Win64; x64) AppleWebKit/537.36 (KHTML, like Gecko) Chrome/145.0.0.0 Safari/537.36 (compatible; meta-externalagent/1.1 (+https://developers.facebook.com/docs/sharing/webmasters/crawler))"
57.141.4.22 - - [18/Aug/2026:15:00:56 +0000] "GET /wp-content/plugins/elementor/assets/js/video.86d44e46e43d0807e708.bundle.min.js HTTP/2" 429 0 "https://glamourflooringla.com/" "Mozilla/5.0 (Windows NT 10.0; Win64; x64) AppleWebKit/537.36 (KHTML, like Gecko) Chrome/145.0.0.0 Safari/537.36 (compatible; meta-externalagent/1.1 (+https://developers.facebook.com/docs/sharing/webmasters/crawler))"
57.141.4.32 - - [18/Aug/2026:15:00:56 +0000] "GET /wp-content/plugins/elementor/assets/js/shared-frontend-handlers.03caa53373b56d3bab67.bundle.min.js HTTP/2" 429 0 "https://glamourflooringla.com/" "Mozilla/5.0 (Windows NT 10.0; Win64; x64) AppleWebKit/537.36 (KHTML, like Gecko) Chrome/145.0.0.0 Safari/537.36 (compatible; meta-externalagent/1.1 (+https://developers.facebook.com/docs/sharing/webmasters/crawler))"
57.141.4.55 - - [18/Aug/2026:15:00:56 +0000] "GET /wp-content/plugins/elementor/assets/css/conditionals/lightbox.min.css?ver=4.2.2 HTTP/2" 429 0 "https://glamourflooringla.com/" "Mozilla/5.0 (Windows NT 10.0; Win64; x64) AppleWebKit/537.36 (KHTML, like Gecko) Chrome/145.0.0.0 Safari/537.36 (compatible; meta-externalagent/1.1 (+https://developers.facebook.com/docs/sharing/webmasters/crawler))"
57.141.4.47 - - [18/Aug/2026:15:00:56 +0000] "GET /wp-includes/js/wp-emoji-release.min.js?ver=7.0.4 HTTP/2" 429 0 "https://glamourflooringla.com/" "Mozilla/5.0 (Windows NT 10.0; Win64; x64) AppleWebKit/537.36 (KHTML, like Gecko) Chrome/145.0.0.0 Safari/537.36 (compatible; meta-externalagent/1.1 (+https://developers.facebook.com/docs/sharing/webmasters/crawler))"
57.141.4.8 - - [18/Aug/2026:15:00:56 +0000] "GET /wp-content/plugins/elementor/assets/js/text-editor.45609661e409413f1cef.bundle.min.js HTTP/2" 429 0 "https://glamourflooringla.com/" "Mozilla/5.0 (Windows NT 10.0; Win64; x64) AppleWebKit/537.36 (KHTML, like Gecko) Chrome/145.0.0.0 Safari/537.36 (compatible; meta-externalagent/1.1 (+https://developers.facebook.com/docs/sharing/webmasters/crawler))"
144.76.19.157 - - [18/Aug/2026:15:00:55 +0000] "GET /product/mayenne-monarch/?add_to_wishlist=15484&_wpnonce=bbb71dd7ae HTTP/1.1" 200 45068 "-" "Mozilla/5.0 (compatible; SERankingBacklinksBot/1.0; +https://seranking.com/backlinks-crawler)"
