144.76.19.157 - - [18/Aug/2026:15:18:32 +0000] "GET /product/medieval/?add_to_wishlist=18398&_wpnonce=4b29608f60 HTTP/1.1" 200 45113 "-" "Mozilla/5.0 (compatible; SERankingBacklinksBot/1.0; +https://seranking.com/backlinks-crawler)"
54.39.6.229 - - [18/Aug/2026:15:18:38 +0000] "GET /detail/50909130155 HTTP/2" 301 0 "-" "Mozilla/5.0 (compatible; AhrefsBot/7.0; +http://ahrefs.com/robot/)"
144.76.19.157 - - [18/Aug/2026:15:18:38 +0000] "GET /product/medieval/?add_to_wishlist=18398&_wpnonce=ee2ab5adbb HTTP/1.1" 301 0 "-" "Mozilla/5.0 (compatible; SERankingBacklinksBot/1.0; +https://seranking.com/backlinks-crawler)"
144.76.19.157 - - [18/Aug/2026:15:18:40 +0000] "GET /product/medieval/?add_to_wishlist=18398&_wpnonce=ee2ab5adbb HTTP/1.1" 200 45152 "-" "Mozilla/5.0 (compatible; SERankingBacklinksBot/1.0; +https://seranking.com/backlinks-crawler)"
45.157.112.147 - - [18/Aug/2026:15:18:43 +0000] "GET /.git/config HTTP/1.1" 403 1242 "-" "Go-http-client/2.0"
103.65.237.53 - - [18/Aug/2026:15:18:44 +0000] "GET /wp-content/plugins/pods/readme.txt HTTP/1.1" 403 10741 "-" "Mozilla/5.0 (Windows NT 10.0; Win64; x64) AppleWebKit/537.36 Chrome/125.0.0.0 Safari/537.36"
144.76.19.157 - - [18/Aug/2026:15:18:45 +0000] "GET /product/medieval/?add_to_wishlist=18402&_wpnonce=32cc803d74 HTTP/1.1" 301 0 "-" "Mozilla/5.0 (compatible; SERankingBacklinksBot/1.0; +https://seranking.com/backlinks-crawler)"
144.76.19.157 - - [18/Aug/2026:15:18:47 +0000] "GET /product/medieval/?add_to_wishlist=18402&_wpnonce=32cc803d74 HTTP/1.1" 200 45143 "-" "Mozilla/5.0 (compatible; SERankingBacklinksBot/1.0; +https://seranking.com/backlinks-crawler)"
144.76.19.157 - - [18/Aug/2026:15:18:53 +0000] "GET /product/medieval/?add_to_wishlist=18402&_wpnonce=3b8935374b HTTP/1.1" 301 0 "-" "Mozilla/5.0 (compatible; SERankingBacklinksBot/1.0; +https://seranking.com/backlinks-crawler)"
144.76.19.157 - - [18/Aug/2026:15:18:55 +0000] "GET /product/medieval/?add_to_wishlist=18402&_wpnonce=3b8935374b HTTP/1.1" 200 45015 "-" "Mozilla/5.0 (compatible; SERankingBacklinksBot/1.0; +https://seranking.com/backlinks-crawler)"
144.76.19.157 - - [18/Aug/2026:15:19:00 +0000] "GET /product/medieval/?add_to_wishlist=18402&_wpnonce=ee2ab5adbb HTTP/1.1" 301 0 "-" "Mozilla/5.0 (compatible; SERankingBacklinksBot/1.0; +https://seranking.com/backlinks-crawler)"
144.76.19.157 - - [18/Aug/2026:15:19:02 +0000] "GET /product/medieval/?add_to_wishlist=18402&_wpnonce=ee2ab5adbb HTTP/1.1" 200 45033 "-" "Mozilla/5.0 (compatible; SERankingBacklinksBot/1.0; +https://seranking.com/backlinks-crawler)"
121.229.156.85 - - [18/Aug/2026:15:19:06 +0000] "GET /product-category/engineered-hardwood3/style/betula/?add_to_wishlist=7873 HTTP/1.1" 301 0 "-" "Sogou web spider/4.0(+http://www.sogou.com/docs/help/webmasters.htm#07)"
144.76.19.157 - - [18/Aug/2026:15:19:08 +0000] "GET /product/medieval/?add_to_wishlist=18407&_wpnonce=32cc803d74 HTTP/1.1" 301 0 "-" "Mozilla/5.0 (compatible; SERankingBacklinksBot/1.0; +https://seranking.com/backlinks-crawler)"
121.229.156.85 - - [18/Aug/2026:15:19:09 +0000] "GET /product-category/engineered-hardwood3/style/betula/?add_to_wishlist=7873 HTTP/1.1" 200 35969 "-" "Sogou web spider/4.0(+http://www.sogou.com/docs/help/webmasters.htm#07)"
144.76.19.157 - - [18/Aug/2026:15:19:10 +0000] "GET /product/medieval/?add_to_wishlist=18407&_wpnonce=32cc803d74 HTTP/1.1" 200 45013 "-" "Mozilla/5.0 (compatible; SERankingBacklinksBot/1.0; +https://seranking.com/backlinks-crawler)"
144.76.19.157 - - [18/Aug/2026:15:19:15 +0000] "GET /product/medieval/?add_to_wishlist=18407&_wpnonce=3b8935374b HTTP/1.1" 301 0 "-" "Mozilla/5.0 (compatible; SERankingBacklinksBot/1.0; +https://seranking.com/backlinks-crawler)"
144.76.19.157 - - [18/Aug/2026:15:19:17 +0000] "GET /product/medieval/?add_to_wishlist=18407&_wpnonce=3b8935374b HTTP/1.1" 200 45029 "-" "Mozilla/5.0 (compatible; SERankingBacklinksBot/1.0; +https://seranking.com/backlinks-crawler)"
144.76.19.157 - - [18/Aug/2026:15:19:23 +0000] "GET /product/medieval/?add_to_wishlist=18407&_wpnonce=ee2ab5adbb HTTP/1.1" 301 0 "-" "Mozilla/5.0 (compatible; SERankingBacklinksBot/1.0; +https://seranking.com/backlinks-crawler)"
144.76.19.157 - - [18/Aug/2026:15:19:25 +0000] "GET /product/medieval/?add_to_wishlist=18407&_wpnonce=ee2ab5adbb HTTP/1.1" 200 45063 "-" "Mozilla/5.0 (compatible; SERankingBacklinksBot/1.0; +https://seranking.com/backlinks-crawler)"
192.250.227.238 - - [18/Aug/2026:15:19:31 +0000] "POST /wp-cron.php?doing_wp_cron=1787066371.4784820079803466796875 HTTP/1.1" 200 0 "-" "WordPress/7.0.4; https://glamourflooringla.com"
144.76.19.157 - - [18/Aug/2026:15:19:31 +0000] "GET /product/medieval/?add_to_wishlist=18413&_wpnonce=32cc803d74 HTTP/1.1" 301 0 "-" "Mozilla/5.0 (compatible; SERankingBacklinksBot/1.0; +https://seranking.com/backlinks-crawler)"
144.76.19.157 - - [18/Aug/2026:15:19:33 +0000] "GET /product/medieval/?add_to_wishlist=18413&_wpnonce=32cc803d74 HTTP/1.1" 200 45038 "-" "Mozilla/5.0 (compatible; SERankingBacklinksBot/1.0; +https://seranking.com/backlinks-crawler)"
144.76.19.157 - - [18/Aug/2026:15:19:38 +0000] "GET /product/medieval/?add_to_wishlist=18413&_wpnonce=ee2ab5adbb HTTP/1.1" 301 0 "-" "Mozilla/5.0 (compatible; SERankingBacklinksBot/1.0; +https://seranking.com/backlinks-crawler)"
144.76.19.157 - - [18/Aug/2026:15:19:40 +0000] "GET /product/medieval/?add_to_wishlist=18413&_wpnonce=ee2ab5adbb HTTP/1.1" 200 45115 "-" "Mozilla/5.0 (compatible; SERankingBacklinksBot/1.0; +https://seranking.com/backlinks-crawler)"
52.31.250.230 - - [18/Aug/2026:15:19:43 +0000] "GET /wp-content/uploads/2019/04/ELBRUS-TEAK-CURUPAY-HARDWOOD-FLOORING-WOODLAND-HILLS2.jpg HTTP/1.1" 200 495594 "-" "Mozilla/5.0 (X11; Ubuntu; Linux x86_64; rv:72.0) Gecko/20100101 Firefox/72.0"
144.76.19.157 - - [18/Aug/2026:15:19:46 +0000] "GET /product/medieval/?add_to_wishlist=18418&_wpnonce=32cc803d74 HTTP/1.1" 301 0 "-" "Mozilla/5.0 (compatible; SERankingBacklinksBot/1.0; +https://seranking.com/backlinks-crawler)"
144.76.19.157 - - [18/Aug/2026:15:19:48 +0000] "GET /product/medieval/?add_to_wishlist=18418&_wpnonce=32cc803d74 HTTP/1.1" 200 45034 "-" "Mozilla/5.0 (compatible; SERankingBacklinksBot/1.0; +https://seranking.com/backlinks-crawler)"
144.76.19.157 - - [18/Aug/2026:15:19:53 +0000] "GET /product/medieval/?add_to_wishlist=18418&_wpnonce=3b8935374b HTTP/1.1" 301 0 "-" "Mozilla/5.0 (compatible; SERankingBacklinksBot/1.0; +https://seranking.com/backlinks-crawler)"
144.76.19.157 - - [18/Aug/2026:15:19:55 +0000] "GET /product/medieval/?add_to_wishlist=18418&_wpnonce=3b8935374b HTTP/1.1" 200 45177 "-" "Mozilla/5.0 (compatible; SERankingBacklinksBot/1.0; +https://seranking.com/backlinks-crawler)"
2.132.78.48 - - [18/Aug/2026:15:19:56 +0000] "GET /product/stony-brook/ HTTP/2" 301 0 "-" "Mozilla/5.0 (Linux; Android 5.0; SM-G900P Build/LRX21T) AppleWebKit/537.36 (KHTML, like Gecko) Chrome/48.0.7929.1402 Mobile Safari/537.36"
2.132.78.48 - - [18/Aug/2026:15:19:59 +0000] "GET / HTTP/2" 301 0 "-" "Mozilla/5.0 (Linux; Android 5.0; SM-G900P Build/LRX21T) AppleWebKit/537.36 (KHTML, like Gecko) Chrome/48.0.7929.1402 Mobile Safari/537.36"
144.76.19.157 - - [18/Aug/2026:15:20:01 +0000] "GET /product/medieval/?add_to_wishlist=18418&_wpnonce=ee2ab5adbb HTTP/1.1" 301 0 "-" "Mozilla/5.0 (compatible; SERankingBacklinksBot/1.0; +https://seranking.com/backlinks-crawler)"
144.76.19.157 - - [18/Aug/2026:15:20:03 +0000] "GET /product/medieval/?add_to_wishlist=18418&_wpnonce=ee2ab5adbb HTTP/1.1" 200 45077 "-" "Mozilla/5.0 (compatible; SERankingBacklinksBot/1.0; +https://seranking.com/backlinks-crawler)"
49.237.191.222 - - [18/Aug/2026:15:20:03 +0000] "GET / HTTP/2" 200 46844 "-" "Mozilla/5.0 (Linux; Android 5.0; SM-G900P Build/LRX21T) AppleWebKit/537.36 (KHTML, like Gecko) Chrome/48.0.7929.1402 Mobile Safari/537.36"
144.76.19.157 - - [18/Aug/2026:15:20:09 +0000] "GET /product/medieval/?add_to_wishlist=18425&_wpnonce=32cc803d74 HTTP/1.1" 301 0 "-" "Mozilla/5.0 (compatible; SERankingBacklinksBot/1.0; +https://seranking.com/backlinks-crawler)"
144.76.19.157 - - [18/Aug/2026:15:20:11 +0000] "GET /product/medieval/?add_to_wishlist=18425&_wpnonce=32cc803d74 HTTP/1.1" 200 45119 "-" "Mozilla/5.0 (compatible; SERankingBacklinksBot/1.0; +https://seranking.com/backlinks-crawler)"
144.76.19.157 - - [18/Aug/2026:15:20:17 +0000] "GET /product/medieval/?add_to_wishlist=18425&_wpnonce=3b8935374b HTTP/1.1" 301 0 "-" "Mozilla/5.0 (compatible; SERankingBacklinksBot/1.0; +https://seranking.com/backlinks-crawler)"
83.99.206.230 - - [18/Aug/2026:15:20:19 +0000] "GET /product/bianco-monarch/ HTTP/1.1" 200 38585 "-" "Mozilla/5.0 (X11; Linux x86_64) AppleWebKit/537.36 (KHTML, like Gecko; GeedoShopProductFinder) Chrome/142.0.0.0 Safari/537.36"
144.76.19.157 - - [18/Aug/2026:15:20:19 +0000] "GET /product/medieval/?add_to_wishlist=18425&_wpnonce=3b8935374b HTTP/1.1" 200 45019 "-" "Mozilla/5.0 (compatible; SERankingBacklinksBot/1.0; +https://seranking.com/backlinks-crawler)"
144.76.19.157 - - [18/Aug/2026:15:20:24 +0000] "GET /product/medieval/?add_to_wishlist=18425&_wpnonce=e7a007f243 HTTP/1.1" 301 0 "-" "Mozilla/5.0 (compatible; SERankingBacklinksBot/1.0; +https://seranking.com/backlinks-crawler)"
192.161.55.43 - - [18/Aug/2026:15:20:26 +0000] "GET /wp-json/contact-form-7/v1/contact-forms/22324/feedback/schema HTTP/2" 200 241 "https://glamourflooringla.com/" "Mozilla/5.0 (Linux; Android 5.0; SM-G900P Build/LRX21T) AppleWebKit/537.36 (KHTML, like Gecko) Chrome/48.0.7929.1402 Mobile Safari/537.36"
192.161.55.43 - - [18/Aug/2026:15:20:26 +0000] "GET /wp-json/contact-form-7/v1/contact-forms/22308/feedback/schema HTTP/2" 200 322 "https://glamourflooringla.com/" "Mozilla/5.0 (Linux; Android 5.0; SM-G900P Build/LRX21T) AppleWebKit/537.36 (KHTML, like Gecko) Chrome/48.0.7929.1402 Mobile Safari/537.36"
144.76.19.157 - - [18/Aug/2026:15:20:26 +0000] "GET /product/medieval/?add_to_wishlist=18425&_wpnonce=e7a007f243 HTTP/1.1" 200 45110 "-" "Mozilla/5.0 (compatible; SERankingBacklinksBot/1.0; +https://seranking.com/backlinks-crawler)"
192.161.55.43 - - [18/Aug/2026:15:20:27 +0000] "POST /?wc-ajax=get_refreshed_fragments HTTP/2" 200 916 "https://glamourflooringla.com/" "Mozilla/5.0 (Linux; Android 5.0; SM-G900P Build/LRX21T) AppleWebKit/537.36 (KHTML, like Gecko) Chrome/48.0.7929.1402 Mobile Safari/537.36"
192.250.227.238 - - [18/Aug/2026:15:20:33 +0000] "POST /wp-cron.php?doing_wp_cron=1787066433.6713480949401855468750 HTTP/1.1" 200 0 "-" "WordPress/7.0.4; https://glamourflooringla.com"
144.76.19.157 - - [18/Aug/2026:15:20:33 +0000] "GET /product/medieval/?add_to_wishlist=18425&_wpnonce=ee2ab5adbb HTTP/1.1" 301 0 "-" "Mozilla/5.0 (compatible; SERankingBacklinksBot/1.0; +https://seranking.com/backlinks-crawler)"
144.76.19.157 - - [18/Aug/2026:15:20:35 +0000] "GET /product/medieval/?add_to_wishlist=18425&_wpnonce=ee2ab5adbb HTTP/1.1" 200 45031 "-" "Mozilla/5.0 (compatible; SERankingBacklinksBot/1.0; +https://seranking.com/backlinks-crawler)"
83.99.206.230 - - [18/Aug/2026:15:20:38 +0000] "GET /product-category/engineered-hardwood-floor/artisan-2/ HTTP/1.1" 200 36310 "-" "Mozilla/5.0 (X11; Linux x86_64) AppleWebKit/537.36 (KHTML, like Gecko; GeedoShopProductFinder) Chrome/142.0.0.0 Safari/537.36"
144.76.19.157 - - [18/Aug/2026:15:20:41 +0000] "GET /product/medieval/?add_to_wishlist=18428&_wpnonce=32cc803d74 HTTP/1.1" 301 0 "-" "Mozilla/5.0 (compatible; SERankingBacklinksBot/1.0; +https://seranking.com/backlinks-crawler)"
57.141.4.35 - - [18/Aug/2026:15:20:41 +0000] "GET /detail/233979177970 HTTP/2" 429 0 "-" "Mozilla/5.0 (Macintosh; Intel Mac OS X 10_15_7) AppleWebKit/537.36 (KHTML, like Gecko) Chrome/145.0.0.0 Safari/537.36 (compatible; meta-externalagent/1.1 (+https://developers.facebook.com/docs/sharing/webmasters/crawler))"
144.76.19.157 - - [18/Aug/2026:15:20:42 +0000] "GET /product/medieval/?add_to_wishlist=18428&_wpnonce=32cc803d74 HTTP/1.1" 200 45047 "-" "Mozilla/5.0 (compatible; SERankingBacklinksBot/1.0; +https://seranking.com/backlinks-crawler)"
144.76.19.157 - - [18/Aug/2026:15:20:48 +0000] "GET /product/medieval/?add_to_wishlist=18428&_wpnonce=4b29608f60 HTTP/1.1" 301 0 "-" "Mozilla/5.0 (compatible; SERankingBacklinksBot/1.0; +https://seranking.com/backlinks-crawler)"
192.161.55.43 - - [18/Aug/2026:15:20:49 +0000] "GET /wp-json/contact-form-7/v1/contact-forms/22308/refill HTTP/2" 200 6 "https://glamourflooringla.com/" "Mozilla/5.0 (Linux; Android 5.0; SM-G900P Build/LRX21T) AppleWebKit/537.36 (KHTML, like Gecko) Chrome/48.0.7929.1402 Mobile Safari/537.36"
192.161.55.43 - - [18/Aug/2026:15:20:49 +0000] "GET /wp-json/contact-form-7/v1/contact-forms/22324/refill HTTP/2" 200 6 "https://glamourflooringla.com/" "Mozilla/5.0 (Linux; Android 5.0; SM-G900P Build/LRX21T) AppleWebKit/537.36 (KHTML, like Gecko) Chrome/48.0.7929.1402 Mobile Safari/537.36"
144.76.19.157 - - [18/Aug/2026:15:20:50 +0000] "GET /product/medieval/?add_to_wishlist=18428&_wpnonce=4b29608f60 HTTP/1.1" 200 45108 "-" "Mozilla/5.0 (compatible; SERankingBacklinksBot/1.0; +https://seranking.com/backlinks-crawler)"
144.76.19.157 - - [18/Aug/2026:15:20:56 +0000] "GET /product/medieval/?add_to_wishlist=18428&_wpnonce=ee2ab5adbb HTTP/1.1" 301 0 "-" "Mozilla/5.0 (compatible; SERankingBacklinksBot/1.0; +https://seranking.com/backlinks-crawler)"
144.76.19.157 - - [18/Aug/2026:15:20:57 +0000] "GET /product/medieval/?add_to_wishlist=18428&_wpnonce=ee2ab5adbb HTTP/1.1" 200 45023 "-" "Mozilla/5.0 (compatible; SERankingBacklinksBot/1.0; +https://seranking.com/backlinks-crawler)"
83.99.206.217 - - [18/Aug/2026:15:20:58 +0000] "GET /product/matisse-monarch/2 HTTP/1.1" 301 0 "-" "Mozilla/5.0 (X11; Linux x86_64) AppleWebKit/537.36 (KHTML, like Gecko; GeedoShopProductFinder) Chrome/142.0.0.0 Safari/537.36"
83.99.206.217 - - [18/Aug/2026:15:20:59 +0000] "GET / HTTP/1.1" 200 46844 "-" "Mozilla/5.0 (X11; Linux x86_64) AppleWebKit/537.36 (KHTML, like Gecko; GeedoShopProductFinder) Chrome/142.0.0.0 Safari/537.36"
144.76.19.157 - - [18/Aug/2026:15:21:03 +0000] "GET /product/medieval/?add_to_wishlist=18432&_wpnonce=32cc803d74 HTTP/1.1" 301 0 "-" "Mozilla/5.0 (compatible; SERankingBacklinksBot/1.0; +https://seranking.com/backlinks-crawler)"
144.76.19.157 - - [18/Aug/2026:15:21:05 +0000] "GET /product/medieval/?add_to_wishlist=18432&_wpnonce=32cc803d74 HTTP/1.1" 200 45033 "-" "Mozilla/5.0 (compatible; SERankingBacklinksBot/1.0; +https://seranking.com/backlinks-crawler)"
144.76.19.157 - - [18/Aug/2026:15:21:11 +0000] "GET /product/medieval/?add_to_wishlist=18432&_wpnonce=3b8935374b HTTP/1.1" 301 0 "-" "Mozilla/5.0 (compatible; SERankingBacklinksBot/1.0; +https://seranking.com/backlinks-crawler)"
144.76.19.157 - - [18/Aug/2026:15:21:12 +0000] "GET /product/medieval/?add_to_wishlist=18432&_wpnonce=3b8935374b HTTP/1.1" 200 45056 "-" "Mozilla/5.0 (compatible; SERankingBacklinksBot/1.0; +https://seranking.com/backlinks-crawler)"
144.76.19.157 - - [18/Aug/2026:15:21:18 +0000] "GET /product/medieval/?add_to_wishlist=18432&_wpnonce=e7a007f243 HTTP/1.1" 301 0 "-" "Mozilla/5.0 (compatible; SERankingBacklinksBot/1.0; +https://seranking.com/backlinks-crawler)"
83.99.206.230 - - [18/Aug/2026:15:21:18 +0000] "GET /tag/crispus/ HTTP/1.1" 200 30246 "-" "Mozilla/5.0 (X11; Linux x86_64) AppleWebKit/537.36 (KHTML, like Gecko; GeedoShopProductFinder) Chrome/142.0.0.0 Safari/537.36"
144.76.19.157 - - [18/Aug/2026:15:21:20 +0000] "GET /product/medieval/?add_to_wishlist=18432&_wpnonce=e7a007f243 HTTP/1.1" 200 45038 "-" "Mozilla/5.0 (compatible; SERankingBacklinksBot/1.0; +https://seranking.com/backlinks-crawler)"
144.76.19.157 - - [18/Aug/2026:15:21:26 +0000] "GET /product/medieval/?add_to_wishlist=18432&_wpnonce=ee2ab5adbb HTTP/1.1" 301 0 "-" "Mozilla/5.0 (compatible; SERankingBacklinksBot/1.0; +https://seranking.com/backlinks-crawler)"
144.76.19.157 - - [18/Aug/2026:15:21:28 +0000] "GET /product/medieval/?add_to_wishlist=18432&_wpnonce=ee2ab5adbb HTTP/1.1" 200 45038 "-" "Mozilla/5.0 (compatible; SERankingBacklinksBot/1.0; +https://seranking.com/backlinks-crawler)"
192.250.227.238 - - [18/Aug/2026:15:21:34 +0000] "POST /wp-cron.php?doing_wp_cron=1787066494.1707010269165039062500 HTTP/1.1" 200 0 "-" "WordPress/7.0.4; https://glamourflooringla.com"
144.76.19.157 - - [18/Aug/2026:15:21:33 +0000] "GET /product/medieval/?add_to_wishlist=18438&_wpnonce=32cc803d74 HTTP/1.1" 301 0 "-" "Mozilla/5.0 (compatible; SERankingBacklinksBot/1.0; +https://seranking.com/backlinks-crawler)"
144.76.19.157 - - [18/Aug/2026:15:21:36 +0000] "GET /product/medieval/?add_to_wishlist=18438&_wpnonce=32cc803d74 HTTP/1.1" 200 45211 "-" "Mozilla/5.0 (compatible; SERankingBacklinksBot/1.0; +https://seranking.com/backlinks-crawler)"
83.99.206.230 - - [18/Aug/2026:15:21:38 +0000] "GET /tag/low-cost-wood-flooring/ HTTP/1.1" 200 33253 "-" "Mozilla/5.0 (X11; Linux x86_64) AppleWebKit/537.36 (KHTML, like Gecko; GeedoShopProductFinder) Chrome/142.0.0.0 Safari/537.36"
144.76.19.157 - - [18/Aug/2026:15:21:41 +0000] "GET /product/medieval/?add_to_wishlist=18438&_wpnonce=3b8935374b HTTP/1.1" 301 0 "-" "Mozilla/5.0 (compatible; SERankingBacklinksBot/1.0; +https://seranking.com/backlinks-crawler)"
192.250.227.238 - - [18/Aug/2026:15:21:45 +0000] "POST /wp-cron.php?doing_wp_cron=1787066504.9323599338531494140625 HTTP/1.1" 200 0 "-" "WordPress/7.0.4; https://glamourflooringla.com"
144.76.19.157 - - [18/Aug/2026:15:21:43 +0000] "GET /product/medieval/?add_to_wishlist=18438&_wpnonce=3b8935374b HTTP/1.1" 200 45045 "-" "Mozilla/5.0 (compatible; SERankingBacklinksBot/1.0; +https://seranking.com/backlinks-crawler)"
52.31.250.230 - - [18/Aug/2026:15:21:46 +0000] "GET /wp-content/uploads/2019/02/PBC5N-Brazilian-Cherry-Natural-straight-03.02-color-corrected.jpg HTTP/1.1" 200 106406 "-" "Mozilla/5.0 (X11; Ubuntu; Linux x86_64; rv:72.0) Gecko/20100101 Firefox/72.0"
57.141.4.36 - - [18/Aug/2026:15:21:48 +0000] "GET /detail/645290196032 HTTP/2" 429 0 "-" "Mozilla/5.0 (Macintosh; Intel Mac OS X 10_15_7) AppleWebKit/537.36 (KHTML, like Gecko) Chrome/145.0.0.0 Safari/537.36 (compatible; meta-externalagent/1.1 (+https://developers.facebook.com/docs/sharing/webmasters/crawler))"
144.76.19.157 - - [18/Aug/2026:15:21:49 +0000] "GET /product/medieval/?add_to_wishlist=18438&_wpnonce=ee2ab5adbb HTTP/1.1" 301 0 "-" "Mozilla/5.0 (compatible; SERankingBacklinksBot/1.0; +https://seranking.com/backlinks-crawler)"
144.76.19.157 - - [18/Aug/2026:15:21:51 +0000] "GET /product/medieval/?add_to_wishlist=18438&_wpnonce=ee2ab5adbb HTTP/1.1" 200 45163 "-" "Mozilla/5.0 (compatible; SERankingBacklinksBot/1.0; +https://seranking.com/backlinks-crawler)"
144.76.19.157 - - [18/Aug/2026:15:21:57 +0000] "GET /product/medieval/?add_to_wishlist=18441&_wpnonce=32cc803d74 HTTP/1.1" 301 0 "-" "Mozilla/5.0 (compatible; SERankingBacklinksBot/1.0; +https://seranking.com/backlinks-crawler)"
216.73.217.43 - - [18/Aug/2026:15:21:59 +0000] "GET /sitemap_index.xml HTTP/2" 200 352 "-" "Mozilla/5.0 AppleWebKit/537.36 (KHTML, like Gecko; compatible; ClaudeBot/1.0; +claudebot@anthropic.com)"
144.76.19.157 - - [18/Aug/2026:15:21:59 +0000] "GET /product/medieval/?add_to_wishlist=18441&_wpnonce=32cc803d74 HTTP/1.1" 200 45124 "-" "Mozilla/5.0 (compatible; SERankingBacklinksBot/1.0; +https://seranking.com/backlinks-crawler)"
83.99.206.230 - - [18/Aug/2026:15:21:59 +0000] "GET /product/orsay-pro/ HTTP/1.1" 200 38452 "-" "Mozilla/5.0 (X11; Linux x86_64) AppleWebKit/537.36 (KHTML, like Gecko; GeedoShopProductFinder) Chrome/142.0.0.0 Safari/537.36"
144.76.19.157 - - [18/Aug/2026:15:22:05 +0000] "GET /product/medieval/?add_to_wishlist=18441&_wpnonce=3b8935374b HTTP/1.1" 301 0 "-" "Mozilla/5.0 (compatible; SERankingBacklinksBot/1.0; +https://seranking.com/backlinks-crawler)"
144.76.19.157 - - [18/Aug/2026:15:22:07 +0000] "GET /product/medieval/?add_to_wishlist=18441&_wpnonce=3b8935374b HTTP/1.1" 200 45072 "-" "Mozilla/5.0 (compatible; SERankingBacklinksBot/1.0; +https://seranking.com/backlinks-crawler)"
144.76.19.157 - - [18/Aug/2026:15:22:12 +0000] "GET /product/medieval/?add_to_wishlist=18441&_wpnonce=ee2ab5adbb HTTP/1.1" 301 0 "-" "Mozilla/5.0 (compatible; SERankingBacklinksBot/1.0; +https://seranking.com/backlinks-crawler)"
144.76.19.157 - - [18/Aug/2026:15:22:14 +0000] "GET /product/medieval/?add_to_wishlist=18441&_wpnonce=ee2ab5adbb HTTP/1.1" 200 45039 "-" "Mozilla/5.0 (compatible; SERankingBacklinksBot/1.0; +https://seranking.com/backlinks-crawler)"
144.76.19.157 - - [18/Aug/2026:15:22:20 +0000] "GET /product/medieval/?add_to_wishlist=18447&_wpnonce=3b8935374b HTTP/1.1" 301 0 "-" "Mozilla/5.0 (compatible; SERankingBacklinksBot/1.0; +https://seranking.com/backlinks-crawler)"
144.76.19.157 - - [18/Aug/2026:15:22:22 +0000] "GET /product/medieval/?add_to_wishlist=18447&_wpnonce=3b8935374b HTTP/1.1" 200 45045 "-" "Mozilla/5.0 (compatible; SERankingBacklinksBot/1.0; +https://seranking.com/backlinks-crawler)"
144.76.19.157 - - [18/Aug/2026:15:22:27 +0000] "GET /product/medieval/?add_to_wishlist=18447&_wpnonce=ee2ab5adbb HTTP/1.1" 301 0 "-" "Mozilla/5.0 (compatible; SERankingBacklinksBot/1.0; +https://seranking.com/backlinks-crawler)"
192.250.227.238 - - [18/Aug/2026:15:22:30 +0000] "POST /wp-cron.php?doing_wp_cron=1787066550.8314900398254394531250 HTTP/1.1" 200 0 "-" "WordPress/7.0.4; https://glamourflooringla.com"
144.76.19.157 - - [18/Aug/2026:15:22:29 +0000] "GET /product/medieval/?add_to_wishlist=18447&_wpnonce=ee2ab5adbb HTTP/1.1" 200 45055 "-" "Mozilla/5.0 (compatible; SERankingBacklinksBot/1.0; +https://seranking.com/backlinks-crawler)"
144.76.19.157 - - [18/Aug/2026:15:22:35 +0000] "GET /product/medieval/?add_to_wishlist=18642&_wpnonce=32cc803d74 HTTP/1.1" 301 0 "-" "Mozilla/5.0 (compatible; SERankingBacklinksBot/1.0; +https://seranking.com/backlinks-crawler)"
144.76.19.157 - - [18/Aug/2026:15:22:37 +0000] "GET /product/medieval/?add_to_wishlist=18642&_wpnonce=32cc803d74 HTTP/1.1" 200 45146 "-" "Mozilla/5.0 (compatible; SERankingBacklinksBot/1.0; +https://seranking.com/backlinks-crawler)"
144.76.19.157 - - [18/Aug/2026:15:22:42 +0000] "GET /product/medieval/?add_to_wishlist=18642&_wpnonce=3b8935374b HTTP/1.1" 301 0 "-" "Mozilla/5.0 (compatible; SERankingBacklinksBot/1.0; +https://seranking.com/backlinks-crawler)"
144.76.19.157 - - [18/Aug/2026:15:22:44 +0000] "GET /product/medieval/?add_to_wishlist=18642&_wpnonce=3b8935374b HTTP/1.1" 200 45034 "-" "Mozilla/5.0 (compatible; SERankingBacklinksBot/1.0; +https://seranking.com/backlinks-crawler)"
144.76.19.157 - - [18/Aug/2026:15:22:50 +0000] "GET /product/medieval/?add_to_wishlist=18642&_wpnonce=4b29608f60 HTTP/1.1" 301 0 "-" "Mozilla/5.0 (compatible; SERankingBacklinksBot/1.0; +https://seranking.com/backlinks-crawler)"
144.76.19.157 - - [18/Aug/2026:15:22:52 +0000] "GET /product/medieval/?add_to_wishlist=18642&_wpnonce=4b29608f60 HTTP/1.1" 200 45121 "-" "Mozilla/5.0 (compatible; SERankingBacklinksBot/1.0; +https://seranking.com/backlinks-crawler)"
57.141.4.1 - - [18/Aug/2026:15:22:55 +0000] "GET /detail/759651131856 HTTP/2" 429 0 "-" "Mozilla/5.0 (Windows NT 10.0; Win64; x64) AppleWebKit/537.36 (KHTML, like Gecko) Chrome/145.0.0.0 Safari/537.36 (compatible; meta-externalagent/1.1 (+https://developers.facebook.com/docs/sharing/webmasters/crawler))"
144.76.19.157 - - [18/Aug/2026:15:22:57 +0000] "GET /product/medieval/?add_to_wishlist=18642&_wpnonce=e7a007f243 HTTP/1.1" 301 0 "-" "Mozilla/5.0 (compatible; SERankingBacklinksBot/1.0; +https://seranking.com/backlinks-crawler)"
144.76.19.157 - - [18/Aug/2026:15:22:59 +0000] "GET /product/medieval/?add_to_wishlist=18642&_wpnonce=e7a007f243 HTTP/1.1" 200 45056 "-" "Mozilla/5.0 (compatible; SERankingBacklinksBot/1.0; +https://seranking.com/backlinks-crawler)"
144.76.19.157 - - [18/Aug/2026:15:23:05 +0000] "GET /product/medieval/?add_to_wishlist=18642&_wpnonce=ee2ab5adbb HTTP/1.1" 301 0 "-" "Mozilla/5.0 (compatible; SERankingBacklinksBot/1.0; +https://seranking.com/backlinks-crawler)"
114.7.8.170 - - [18/Aug/2026:15:23:05 +0000] "GET /product/acacia-natural-artisan/ HTTP/2" 200 38501 "-" "Mozilla/5.0 (Macintosh; Intel Mac OS X 10_15_7) AppleWebKit/537.36 (KHTML, like Gecko) Chrome/133.0.0.0 Safari/537.36"
192.250.227.238 - - [18/Aug/2026:15:23:08 +0000] "POST /wp-cron.php?doing_wp_cron=1787066588.3390400409698486328125 HTTP/1.1" 200 0 "-" "WordPress/7.0.4; https://glamourflooringla.com"
144.76.19.157 - - [18/Aug/2026:15:23:07 +0000] "GET /product/medieval/?add_to_wishlist=18642&_wpnonce=ee2ab5adbb HTTP/1.1" 200 45122 "-" "Mozilla/5.0 (compatible; SERankingBacklinksBot/1.0; +https://seranking.com/backlinks-crawler)"
144.76.19.157 - - [18/Aug/2026:15:23:13 +0000] "GET /product/messina-pro/ HTTP/1.1" 301 0 "-" "Mozilla/5.0 (compatible; SERankingBacklinksBot/1.0; +https://seranking.com/backlinks-crawler)"
144.76.19.157 - - [18/Aug/2026:15:23:14 +0000] "GET /product/messina-pro/ HTTP/1.1" 200 44984 "-" "Mozilla/5.0 (compatible; SERankingBacklinksBot/1.0; +https://seranking.com/backlinks-crawler)"
144.76.19.157 - - [18/Aug/2026:15:23:20 +0000] "GET /product/messina-pro/?add_to_wishlist=15484&_wpnonce=ee2ab5adbb HTTP/1.1" 301 0 "-" "Mozilla/5.0 (compatible; SERankingBacklinksBot/1.0; +https://seranking.com/backlinks-crawler)"
144.76.19.157 - - [18/Aug/2026:15:23:22 +0000] "GET /product/messina-pro/?add_to_wishlist=15484&_wpnonce=ee2ab5adbb HTTP/1.1" 200 45045 "-" "Mozilla/5.0 (compatible; SERankingBacklinksBot/1.0; +https://seranking.com/backlinks-crawler)"
144.76.19.157 - - [18/Aug/2026:15:23:27 +0000] "GET /product/messina-pro/?add_to_wishlist=15487&_wpnonce=ee2ab5adbb HTTP/1.1" 301 0 "-" "Mozilla/5.0 (compatible; SERankingBacklinksBot/1.0; +https://seranking.com/backlinks-crawler)"
144.76.19.157 - - [18/Aug/2026:15:23:29 +0000] "GET /product/messina-pro/?add_to_wishlist=15487&_wpnonce=ee2ab5adbb HTTP/1.1" 200 44934 "-" "Mozilla/5.0 (compatible; SERankingBacklinksBot/1.0; +https://seranking.com/backlinks-crawler)"
144.76.19.157 - - [18/Aug/2026:15:23:36 +0000] "GET /product/messina-pro/?add_to_wishlist=15489&_wpnonce=ee2ab5adbb HTTP/1.1" 301 0 "-" "Mozilla/5.0 (compatible; SERankingBacklinksBot/1.0; +https://seranking.com/backlinks-crawler)"
144.76.19.157 - - [18/Aug/2026:15:23:38 +0000] "GET /product/messina-pro/?add_to_wishlist=15489&_wpnonce=ee2ab5adbb HTTP/1.1" 200 45015 "-" "Mozilla/5.0 (compatible; SERankingBacklinksBot/1.0; +https://seranking.com/backlinks-crawler)"
144.76.19.157 - - [18/Aug/2026:15:23:43 +0000] "GET /product/messina-pro/?add_to_wishlist=15492&_wpnonce=ee2ab5adbb HTTP/1.1" 301 0 "-" "Mozilla/5.0 (compatible; SERankingBacklinksBot/1.0; +https://seranking.com/backlinks-crawler)"
144.76.19.157 - - [18/Aug/2026:15:23:45 +0000] "GET /product/messina-pro/?add_to_wishlist=15492&_wpnonce=ee2ab5adbb HTTP/1.1" 200 45006 "-" "Mozilla/5.0 (compatible; SERankingBacklinksBot/1.0; +https://seranking.com/backlinks-crawler)"
144.76.19.157 - - [18/Aug/2026:15:23:51 +0000] "GET /product/messina-pro/?add_to_wishlist=15495&_wpnonce=32cc803d74 HTTP/1.1" 301 0 "-" "Mozilla/5.0 (compatible; SERankingBacklinksBot/1.0; +https://seranking.com/backlinks-crawler)"
144.76.19.157 - - [18/Aug/2026:15:23:53 +0000] "GET /product/messina-pro/?add_to_wishlist=15495&_wpnonce=32cc803d74 HTTP/1.1" 200 45050 "-" "Mozilla/5.0 (compatible; SERankingBacklinksBot/1.0; +https://seranking.com/backlinks-crawler)"
145.223.134.101 - - [18/Aug/2026:15:23:55 +0000] "GET /studio-city/ HTTP/1.1" 200 32557 "-" "Mozilla/5.0 (Macintosh; Intel Mac OS X 10_15_7) AppleWebKit/537.36 (KHTML, like Gecko) Chrome/131.0.0.0 Safari/537.36"
144.76.19.157 - - [18/Aug/2026:15:23:58 +0000] "GET /product/messina-pro/?add_to_wishlist=15495&_wpnonce=44202cc6af HTTP/1.1" 301 0 "-" "Mozilla/5.0 (compatible; SERankingBacklinksBot/1.0; +https://seranking.com/backlinks-crawler)"
57.141.4.28 - - [18/Aug/2026:15:24:01 +0000] "GET /detail/1620558674988 HTTP/2" 429 0 "-" "Mozilla/5.0 (Windows NT 10.0; Win64; x64) AppleWebKit/537.36 (KHTML, like Gecko) Chrome/145.0.0.0 Safari/537.36 (compatible; meta-externalagent/1.1 (+https://developers.facebook.com/docs/sharing/webmasters/crawler))"
144.76.19.157 - - [18/Aug/2026:15:24:00 +0000] "GET /product/messina-pro/?add_to_wishlist=15495&_wpnonce=44202cc6af HTTP/1.1" 200 44982 "-" "Mozilla/5.0 (compatible; SERankingBacklinksBot/1.0; +https://seranking.com/backlinks-crawler)"
144.76.19.157 - - [18/Aug/2026:15:24:04 +0000] "GET /product/messina-pro/?add_to_wishlist=15507&_wpnonce=ee2ab5adbb HTTP/1.1" 301 0 "-" "Mozilla/5.0 (compatible; SERankingBacklinksBot/1.0; +https://seranking.com/backlinks-crawler)"
144.76.19.157 - - [18/Aug/2026:15:24:06 +0000] "GET /product/messina-pro/?add_to_wishlist=15507&_wpnonce=ee2ab5adbb HTTP/1.1" 200 45060 "-" "Mozilla/5.0 (compatible; SERankingBacklinksBot/1.0; +https://seranking.com/backlinks-crawler)"
83.99.206.171 - - [18/Aug/2026:15:24:06 +0000] "GET /product-category/engineered-hardwood-floor/european-oak/ HTTP/1.1" 200 30094 "-" "Mozilla/5.0 (X11; Linux x86_64) AppleWebKit/537.36 (KHTML, like Gecko; GeedoShopProductFinder) Chrome/142.0.0.0 Safari/537.36"
144.76.19.157 - - [18/Aug/2026:15:24:10 +0000] "GET /product/messina-pro/?add_to_wishlist=15510&_wpnonce=32cc803d74 HTTP/1.1" 301 0 "-" "Mozilla/5.0 (compatible; SERankingBacklinksBot/1.0; +https://seranking.com/backlinks-crawler)"
144.76.19.157 - - [18/Aug/2026:15:24:11 +0000] "GET /product/messina-pro/?add_to_wishlist=15510&_wpnonce=32cc803d74 HTTP/1.1" 200 45068 "-" "Mozilla/5.0 (compatible; SERankingBacklinksBot/1.0; +https://seranking.com/backlinks-crawler)"
40.77.167.46 - - [18/Aug/2026:15:24:13 +0000] "GET /wp-content/uploads/2014/10/Country-Wood-Collection-Dark-Brown-3.55-Prime-Solid-Hardwood-Flooring.jpg HTTP/2" 301 0 "-" "Mozilla/5.0 AppleWebKit/537.36 (KHTML, like Gecko; compatible; bingbot/2.0; +http://www.bing.com/bingbot.htm) Chrome/116.0.1938.76 Safari/537.36"
40.77.167.46 - - [18/Aug/2026:15:24:14 +0000] "GET / HTTP/2" 301 0 "-" "Mozilla/5.0 AppleWebKit/537.36 (KHTML, like Gecko; compatible; bingbot/2.0; +http://www.bing.com/bingbot.htm) Chrome/116.0.1938.76 Safari/537.36"
144.76.19.157 - - [18/Aug/2026:15:24:16 +0000] "GET /product/messina-pro/?add_to_wishlist=15510&_wpnonce=ee2ab5adbb HTTP/1.1" 301 0 "-" "Mozilla/5.0 (compatible; SERankingBacklinksBot/1.0; +https://seranking.com/backlinks-crawler)"
144.76.19.157 - - [18/Aug/2026:15:24:17 +0000] "GET /product/messina-pro/?add_to_wishlist=15510&_wpnonce=ee2ab5adbb HTTP/1.1" 200 45057 "-" "Mozilla/5.0 (compatible; SERankingBacklinksBot/1.0; +https://seranking.com/backlinks-crawler)"
18.29.2.191 - - [18/Aug/2026:15:24:18 +0000] "GET /privacy-policy/ HTTP/1.1" 200 30334 "-" "Mozilla/5.0 (Windows NT 10.0; Win64; x64) AppleWebKit/537.36 (KHTML, like Gecko) Chrome/124.0.0.0 Safari/537.36 fsq-retailer-census-research/1.0 (+contact: rozri9977@gmail.com)"
18.29.2.191 - - [18/Aug/2026:15:24:22 +0000] "GET /terms HTTP/1.1" 301 0 "-" "Mozilla/5.0 (Windows NT 10.0; Win64; x64) AppleWebKit/537.36 (KHTML, like Gecko) Chrome/124.0.0.0 Safari/537.36 fsq-retailer-census-research/1.0 (+contact: rozri9977@gmail.com)"
144.76.19.157 - - [18/Aug/2026:15:24:22 +0000] "GET /product/messina-pro/?add_to_wishlist=15515&_wpnonce=ee2ab5adbb HTTP/1.1" 301 0 "-" "Mozilla/5.0 (compatible; SERankingBacklinksBot/1.0; +https://seranking.com/backlinks-crawler)"
52.167.144.180 - - [18/Aug/2026:15:24:23 +0000] "GET / HTTP/2" 200 46844 "-" "Mozilla/5.0 AppleWebKit/537.36 (KHTML, like Gecko; compatible; bingbot/2.0; +http://www.bing.com/bingbot.htm) Chrome/116.0.1938.76 Safari/537.36"
144.76.19.157 - - [18/Aug/2026:15:24:24 +0000] "GET /product/messina-pro/?add_to_wishlist=15515&_wpnonce=ee2ab5adbb HTTP/1.1" 200 45081 "-" "Mozilla/5.0 (compatible; SERankingBacklinksBot/1.0; +https://seranking.com/backlinks-crawler)"
18.29.2.191 - - [18/Aug/2026:15:24:26 +0000] "GET / HTTP/1.1" 200 46844 "-" "Mozilla/5.0 (Windows NT 10.0; Win64; x64) AppleWebKit/537.36 (KHTML, like Gecko) Chrome/124.0.0.0 Safari/537.36 fsq-retailer-census-research/1.0 (+contact: rozri9977@gmail.com)"
83.99.206.171 - - [18/Aug/2026:15:24:26 +0000] "GET /product-category/engineered-hardwood-floor/manufacturer/naturally-aged-floors/ HTTP/1.1" 200 30294 "-" "Mozilla/5.0 (X11; Linux x86_64) AppleWebKit/537.36 (KHTML, like Gecko; GeedoShopProductFinder) Chrome/142.0.0.0 Safari/537.36"
18.29.2.191 - - [18/Aug/2026:15:24:29 +0000] "GET /terms-of-use HTTP/1.1" 301 0 "-" "Mozilla/5.0 (Windows NT 10.0; Win64; x64) AppleWebKit/537.36 (KHTML, like Gecko) Chrome/124.0.0.0 Safari/537.36 fsq-retailer-census-research/1.0 (+contact: rozri9977@gmail.com)"
192.250.227.238 - - [18/Aug/2026:15:24:31 +0000] "POST /wp-cron.php?doing_wp_cron=1787066670.9251010417938232421875 HTTP/1.1" 200 0 "-" "WordPress/7.0.4; https://glamourflooringla.com"
144.76.19.157 - - [18/Aug/2026:15:24:30 +0000] "GET /product/messina-pro/?add_to_wishlist=15519&_wpnonce=ee2ab5adbb HTTP/1.1" 301 0 "-" "Mozilla/5.0 (compatible; SERankingBacklinksBot/1.0; +https://seranking.com/backlinks-crawler)"
144.76.19.157 - - [18/Aug/2026:15:24:32 +0000] "GET /product/messina-pro/?add_to_wishlist=15519&_wpnonce=ee2ab5adbb HTTP/1.1" 200 44956 "-" "Mozilla/5.0 (compatible; SERankingBacklinksBot/1.0; +https://seranking.com/backlinks-crawler)"
18.29.2.191 - - [18/Aug/2026:15:24:34 +0000] "GET / HTTP/1.1" 200 46844 "-" "Mozilla/5.0 (Windows NT 10.0; Win64; x64) AppleWebKit/537.36 (KHTML, like Gecko) Chrome/124.0.0.0 Safari/537.36 fsq-retailer-census-research/1.0 (+contact: rozri9977@gmail.com)"
216.73.217.43 - - [18/Aug/2026:15:24:37 +0000] "GET /product/apollo-provenza-floors/?add_to_wishlist=15549 HTTP/2" 429 0 "-" "Mozilla/5.0 AppleWebKit/537.36 (KHTML, like Gecko; compatible; ClaudeBot/1.0; +claudebot@anthropic.com)"
216.73.217.43 - - [18/Aug/2026:15:24:37 +0000] "GET /product/forma-provenza-floors/?add_to_wishlist=15542 HTTP/2" 429 0 "-" "Mozilla/5.0 AppleWebKit/537.36 (KHTML, like Gecko; compatible; ClaudeBot/1.0; +claudebot@anthropic.com)"
216.73.217.43 - - [18/Aug/2026:15:24:36 +0000] "GET /product/apollo-provenza-floors/?add_to_wishlist=15540 HTTP/2" 200 38505 "-" "Mozilla/5.0 AppleWebKit/537.36 (KHTML, like Gecko; compatible; ClaudeBot/1.0; +claudebot@anthropic.com)"
216.73.217.43 - - [18/Aug/2026:15:24:38 +0000] "GET /product/como-provenza-floors/?add_to_wishlist=15521 HTTP/2" 429 0 "-" "Mozilla/5.0 AppleWebKit/537.36 (KHTML, like Gecko; compatible; ClaudeBot/1.0; +claudebot@anthropic.com)"
144.76.19.157 - - [18/Aug/2026:15:24:37 +0000] "GET /product/messina-pro/?add_to_wishlist=15521&_wpnonce=ee2ab5adbb HTTP/1.1" 301 0 "-" "Mozilla/5.0 (compatible; SERankingBacklinksBot/1.0; +https://seranking.com/backlinks-crawler)"
216.73.217.43 - - [18/Aug/2026:15:24:38 +0000] "GET /product/medici-pro/?add_to_wishlist=15515 HTTP/2" 429 0 "-" "Mozilla/5.0 AppleWebKit/537.36 (KHTML, like Gecko; compatible; ClaudeBot/1.0; +claudebot@anthropic.com)"
18.29.2.191 - - [18/Aug/2026:15:24:38 +0000] "GET /terms-of-service HTTP/1.1" 301 0 "-" "Mozilla/5.0 (Windows NT 10.0; Win64; x64) AppleWebKit/537.36 (KHTML, like Gecko) Chrome/124.0.0.0 Safari/537.36 fsq-retailer-census-research/1.0 (+contact: rozri9977@gmail.com)"
216.73.217.43 - - [18/Aug/2026:15:24:39 +0000] "GET /product/savona-pro/?add_to_wishlist=15540 HTTP/2" 429 0 "-" "Mozilla/5.0 AppleWebKit/537.36 (KHTML, like Gecko; compatible; ClaudeBot/1.0; +claudebot@anthropic.com)"
216.73.217.43 - - [18/Aug/2026:15:24:39 +0000] "GET /product/savona-pro/?add_to_wishlist=15566 HTTP/2" 429 0 "-" "Mozilla/5.0 AppleWebKit/537.36 (KHTML, like Gecko; compatible; ClaudeBot/1.0; +claudebot@anthropic.com)"
216.73.217.43 - - [18/Aug/2026:15:24:40 +0000] "GET /product/savona-pro/?add_to_wishlist=15560 HTTP/2" 429 0 "-" "Mozilla/5.0 AppleWebKit/537.36 (KHTML, like Gecko; compatible; ClaudeBot/1.0; +claudebot@anthropic.com)"
144.76.19.157 - - [18/Aug/2026:15:24:39 +0000] "GET /product/messina-pro/?add_to_wishlist=15521&_wpnonce=ee2ab5adbb HTTP/1.1" 200 44949 "-" "Mozilla/5.0 (compatible; SERankingBacklinksBot/1.0; +https://seranking.com/backlinks-crawler)"
18.29.2.191 - - [18/Aug/2026:15:24:43 +0000] "GET / HTTP/1.1" 200 46844 "-" "Mozilla/5.0 (Windows NT 10.0; Win64; x64) AppleWebKit/537.36 (KHTML, like Gecko) Chrome/124.0.0.0 Safari/537.36 fsq-retailer-census-research/1.0 (+contact: rozri9977@gmail.com)"
144.76.19.157 - - [18/Aug/2026:15:24:45 +0000] "GET /product/messina-pro/?add_to_wishlist=15538&_wpnonce=ee2ab5adbb HTTP/1.1" 301 0 "-" "Mozilla/5.0 (compatible; SERankingBacklinksBot/1.0; +https://seranking.com/backlinks-crawler)"
83.99.206.171 - - [18/Aug/2026:15:24:46 +0000] "GET /tag/levant/ HTTP/1.1" 200 30265 "-" "Mozilla/5.0 (X11; Linux x86_64) AppleWebKit/537.36 (KHTML, like Gecko; GeedoShopProductFinder) Chrome/142.0.0.0 Safari/537.36"
18.29.2.191 - - [18/Aug/2026:15:24:47 +0000] "GET /terms-and-conditions HTTP/1.1" 301 0 "-" "Mozilla/5.0 (Windows NT 10.0; Win64; x64) AppleWebKit/537.36 (KHTML, like Gecko) Chrome/124.0.0.0 Safari/537.36 fsq-retailer-census-research/1.0 (+contact: rozri9977@gmail.com)"
144.76.19.157 - - [18/Aug/2026:15:24:47 +0000] "GET /product/messina-pro/?add_to_wishlist=15538&_wpnonce=ee2ab5adbb HTTP/1.1" 200 44979 "-" "Mozilla/5.0 (compatible; SERankingBacklinksBot/1.0; +https://seranking.com/backlinks-crawler)"
18.29.2.191 - - [18/Aug/2026:15:24:53 +0000] "GET / HTTP/1.1" 200 46844 "-" "Mozilla/5.0 (Windows NT 10.0; Win64; x64) AppleWebKit/537.36 (KHTML, like Gecko) Chrome/124.0.0.0 Safari/537.36 fsq-retailer-census-research/1.0 (+contact: rozri9977@gmail.com)"
144.76.19.157 - - [18/Aug/2026:15:24:53 +0000] "GET /product/messina-pro/?add_to_wishlist=15540&_wpnonce=44202cc6af HTTP/1.1" 301 0 "-" "Mozilla/5.0 (compatible; SERankingBacklinksBot/1.0; +https://seranking.com/backlinks-crawler)"
43.165.198.224 - - [18/Aug/2026:15:24:55 +0000] "GET / HTTP/1.1" 200 54062 "http://www.glamourflooringla.com" "Mozilla/5.0 (iPhone; CPU iPhone OS 13_2_3 like Mac OS X) AppleWebKit/605.1.15 (KHTML, like Gecko) Version/13.0.3 Mobile/15E148 Safari/604.1"
144.76.19.157 - - [18/Aug/2026:15:24:55 +0000] "GET /product/messina-pro/?add_to_wishlist=15540&_wpnonce=44202cc6af HTTP/1.1" 200 44983 "-" "Mozilla/5.0 (compatible; SERankingBacklinksBot/1.0; +https://seranking.com/backlinks-crawler)"
18.29.2.191 - - [18/Aug/2026:15:24:56 +0000] "GET /conditions-of-use HTTP/1.1" 301 0 "-" "Mozilla/5.0 (Windows NT 10.0; Win64; x64) AppleWebKit/537.36 (KHTML, like Gecko) Chrome/124.0.0.0 Safari/537.36 fsq-retailer-census-research/1.0 (+contact: rozri9977@gmail.com)"
18.29.2.191 - - [18/Aug/2026:15:24:58 +0000] "GET / HTTP/1.1" 200 46844 "-" "Mozilla/5.0 (Windows NT 10.0; Win64; x64) AppleWebKit/537.36 (KHTML, like Gecko) Chrome/124.0.0.0 Safari/537.36 fsq-retailer-census-research/1.0 (+contact: rozri9977@gmail.com)"
144.76.19.157 - - [18/Aug/2026:15:25:00 +0000] "GET /product/messina-pro/?add_to_wishlist=15540&_wpnonce=ee2ab5adbb HTTP/1.1" 301 0 "-" "Mozilla/5.0 (compatible; SERankingBacklinksBot/1.0; +https://seranking.com/backlinks-crawler)"
40.77.167.46 - - [18/Aug/2026:15:25:02 +0000] "GET /wp-content/uploads/2019/02/Antique-White.jpg HTTP/2" 200 117162 "-" "Mozilla/5.0 AppleWebKit/537.36 (KHTML, like Gecko; compatible; bingbot/2.0; +http://www.bing.com/bingbot.htm) Chrome/116.0.1938.76 Safari/537.36"
144.76.19.157 - - [18/Aug/2026:15:25:02 +0000] "GET /product/messina-pro/?add_to_wishlist=15540&_wpnonce=ee2ab5adbb HTTP/1.1" 200 45089 "-" "Mozilla/5.0 (compatible; SERankingBacklinksBot/1.0; +https://seranking.com/backlinks-crawler)"
57.141.4.36 - - [18/Aug/2026:15:25:08 +0000] "GET /detail/1661599975857 HTTP/2" 429 0 "-" "Mozilla/5.0 (Macintosh; Intel Mac OS X 10_15_7) AppleWebKit/537.36 (KHTML, like Gecko) Chrome/145.0.0.0 Safari/537.36 (compatible; meta-externalagent/1.1 (+https://developers.facebook.com/docs/sharing/webmasters/crawler))"
83.99.206.2 - - [18/Aug/2026:15:25:07 +0000] "GET /product-category/tavertine/ HTTP/1.1" 200 29378 "-" "Mozilla/5.0 (X11; Linux x86_64) AppleWebKit/537.36 (KHTML, like Gecko; GeedoShopProductFinder) Chrome/142.0.0.0 Safari/537.36"
144.76.19.157 - - [18/Aug/2026:15:25:08 +0000] "GET /product/messina-pro/?add_to_wishlist=15542&_wpnonce=ee2ab5adbb HTTP/1.1" 301 0 "-" "Mozilla/5.0 (compatible; SERankingBacklinksBot/1.0; +https://seranking.com/backlinks-crawler)"
144.76.19.157 - - [18/Aug/2026:15:25:09 +0000] "GET /product/messina-pro/?add_to_wishlist=15542&_wpnonce=ee2ab5adbb HTTP/1.1" 200 44973 "-" "Mozilla/5.0 (compatible; SERankingBacklinksBot/1.0; +https://seranking.com/backlinks-crawler)"
216.73.217.43 - - [18/Aug/2026:15:25:11 +0000] "GET /product/cambridge-provenza-floors/?add_to_wishlist=15492 HTTP/2" 429 0 "-" "Mozilla/5.0 AppleWebKit/537.36 (KHTML, like Gecko; compatible; ClaudeBot/1.0; +claudebot@anthropic.com)"
216.73.217.43 - - [18/Aug/2026:15:25:11 +0000] "GET /product/cambridge-provenza-floors/?add_to_wishlist=15487 HTTP/2" 429 0 "-" "Mozilla/5.0 AppleWebKit/537.36 (KHTML, like Gecko; compatible; ClaudeBot/1.0; +claudebot@anthropic.com)"
216.73.217.43 - - [18/Aug/2026:15:25:11 +0000] "GET /product/cambridge-provenza-floors/?add_to_wishlist=15552 HTTP/2" 429 0 "-" "Mozilla/5.0 AppleWebKit/537.36 (KHTML, like Gecko; compatible; ClaudeBot/1.0; +claudebot@anthropic.com)"
216.73.217.43 - - [18/Aug/2026:15:25:12 +0000] "GET /product/cambridge-provenza-floors/?add_to_wishlist=15540 HTTP/2" 429 0 "-" "Mozilla/5.0 AppleWebKit/537.36 (KHTML, like Gecko; compatible; ClaudeBot/1.0; +claudebot@anthropic.com)"
216.73.217.43 - - [18/Aug/2026:15:25:12 +0000] "GET /?p=16666 HTTP/2" 429 0 "-" "Mozilla/5.0 AppleWebKit/537.36 (KHTML, like Gecko; compatible; ClaudeBot/1.0; +claudebot@anthropic.com)"
216.73.217.43 - - [18/Aug/2026:15:25:13 +0000] "GET /?p=16135 HTTP/2" 429 0 "-" "Mozilla/5.0 AppleWebKit/537.36 (KHTML, like Gecko; compatible; ClaudeBot/1.0; +claudebot@anthropic.com)"
216.73.217.43 - - [18/Aug/2026:15:25:13 +0000] "GET /?p=16231 HTTP/2" 429 0 "-" "Mozilla/5.0 AppleWebKit/537.36 (KHTML, like Gecko; compatible; ClaudeBot/1.0; +claudebot@anthropic.com)"
216.73.217.43 - - [18/Aug/2026:15:25:14 +0000] "GET /?p=16622 HTTP/2" 429 0 "-" "Mozilla/5.0 AppleWebKit/537.36 (KHTML, like Gecko; compatible; ClaudeBot/1.0; +claudebot@anthropic.com)"
144.76.19.157 - - [18/Aug/2026:15:25:14 +0000] "GET /product/messina-pro/?add_to_wishlist=15544&_wpnonce=32cc803d74 HTTP/1.1" 301 0 "-" "Mozilla/5.0 (compatible; SERankingBacklinksBot/1.0; +https://seranking.com/backlinks-crawler)"
144.76.19.157 - - [18/Aug/2026:15:25:15 +0000] "GET /product/messina-pro/?add_to_wishlist=15544&_wpnonce=32cc803d74 HTTP/1.1" 200 44957 "-" "Mozilla/5.0 (compatible; SERankingBacklinksBot/1.0; +https://seranking.com/backlinks-crawler)"
144.76.19.157 - - [18/Aug/2026:15:25:20 +0000] "GET /product/messina-pro/?add_to_wishlist=15544&_wpnonce=44202cc6af HTTP/1.1" 301 0 "-" "Mozilla/5.0 (compatible; SERankingBacklinksBot/1.0; +https://seranking.com/backlinks-crawler)"
144.76.19.157 - - [18/Aug/2026:15:25:20 +0000] "GET /product/messina-pro/?add_to_wishlist=15544&_wpnonce=44202cc6af HTTP/1.1" 200 45077 "-" "Mozilla/5.0 (compatible; SERankingBacklinksBot/1.0; +https://seranking.com/backlinks-crawler)"
144.76.19.157 - - [18/Aug/2026:15:25:26 +0000] "GET /product/messina-pro/?add_to_wishlist=15544&_wpnonce=ee2ab5adbb HTTP/1.1" 301 0 "-" "Mozilla/5.0 (compatible; SERankingBacklinksBot/1.0; +https://seranking.com/backlinks-crawler)"
83.99.206.171 - - [18/Aug/2026:15:25:27 +0000] "GET /product/coast-icon-oasis/ HTTP/1.1" 200 38520 "-" "Mozilla/5.0 (X11; Linux x86_64) AppleWebKit/537.36 (KHTML, like Gecko; GeedoShopProductFinder) Chrome/142.0.0.0 Safari/537.36"
144.76.19.157 - - [18/Aug/2026:15:25:28 +0000] "GET /product/messina-pro/?add_to_wishlist=15544&_wpnonce=ee2ab5adbb HTTP/1.1" 200 45006 "-" "Mozilla/5.0 (compatible; SERankingBacklinksBot/1.0; +https://seranking.com/backlinks-crawler)"
192.250.227.238 - - [18/Aug/2026:15:25:34 +0000] "POST /wp-cron.php?doing_wp_cron=1787066734.4426400661468505859375 HTTP/1.1" 200 0 "-" "WordPress/7.0.4; https://glamourflooringla.com"
144.76.19.157 - - [18/Aug/2026:15:25:33 +0000] "GET /product/messina-pro/?add_to_wishlist=15547&_wpnonce=32cc803d74 HTTP/1.1" 301 0 "-" "Mozilla/5.0 (compatible; SERankingBacklinksBot/1.0; +https://seranking.com/backlinks-crawler)"
144.76.19.157 - - [18/Aug/2026:15:25:36 +0000] "GET /product/messina-pro/?add_to_wishlist=15547&_wpnonce=32cc803d74 HTTP/1.1" 200 45029 "-" "Mozilla/5.0 (compatible; SERankingBacklinksBot/1.0; +https://seranking.com/backlinks-crawler)"
216.73.217.43 - - [18/Aug/2026:15:25:41 +0000] "GET /product/medici-pro/feed/ HTTP/2" 429 0 "-" "Mozilla/5.0 AppleWebKit/537.36 (KHTML, like Gecko; compatible; ClaudeBot/1.0; +claudebot@anthropic.com)"
216.73.217.43 - - [18/Aug/2026:15:25:40 +0000] "GET /product/symphonie-pro/feed/ HTTP/2" 200 379 "-" "Mozilla/5.0 AppleWebKit/537.36 (KHTML, like Gecko; compatible; ClaudeBot/1.0; +claudebot@anthropic.com)"
216.73.217.43 - - [18/Aug/2026:15:25:41 +0000] "GET /product/como-provenza-floors/2 HTTP/2" 429 0 "-" "Mozilla/5.0 AppleWebKit/537.36 (KHTML, like Gecko; compatible; ClaudeBot/1.0; +claudebot@anthropic.com)"
144.76.19.157 - - [18/Aug/2026:15:25:41 +0000] "GET /product/messina-pro/?add_to_wishlist=15549&_wpnonce=32cc803d74 HTTP/1.1" 301 0 "-" "Mozilla/5.0 (compatible; SERankingBacklinksBot/1.0; +https://seranking.com/backlinks-crawler)"
216.73.217.43 - - [18/Aug/2026:15:25:42 +0000] "GET /product/savona-pro/feed/ HTTP/2" 429 0 "-" "Mozilla/5.0 AppleWebKit/537.36 (KHTML, like Gecko; compatible; ClaudeBot/1.0; +claudebot@anthropic.com)"
216.73.217.43 - - [18/Aug/2026:15:25:42 +0000] "GET /product/symphonie-pro/2 HTTP/2" 429 0 "-" "Mozilla/5.0 AppleWebKit/537.36 (KHTML, like Gecko; compatible; ClaudeBot/1.0; +claudebot@anthropic.com)"
216.73.217.43 - - [18/Aug/2026:15:25:43 +0000] "GET /product/medici-pro/2 HTTP/2" 429 0 "-" "Mozilla/5.0 AppleWebKit/537.36 (KHTML, like Gecko; compatible; ClaudeBot/1.0; +claudebot@anthropic.com)"
144.76.19.157 - - [18/Aug/2026:15:25:43 +0000] "GET /product/messina-pro/?add_to_wishlist=15549&_wpnonce=32cc803d74 HTTP/1.1" 200 44920 "-" "Mozilla/5.0 (compatible; SERankingBacklinksBot/1.0; +https://seranking.com/backlinks-crawler)"
83.99.206.73 - - [18/Aug/2026:15:25:46 +0000] "GET /hardwood-flooring-installation-in-los-angeles-engineered-hardwood/2 HTTP/1.1" 301 0 "-" "Mozilla/5.0 (X11; Linux x86_64) AppleWebKit/537.36 (KHTML, like Gecko; GeedoShopProductFinder) Chrome/142.0.0.0 Safari/537.36"
83.99.206.73 - - [18/Aug/2026:15:25:47 +0000] "GET / HTTP/1.1" 200 46844 "-" "Mozilla/5.0 (X11; Linux x86_64) AppleWebKit/537.36 (KHTML, like Gecko; GeedoShopProductFinder) Chrome/142.0.0.0 Safari/537.36"
216.73.217.43 - - [18/Aug/2026:15:25:48 +0000] "GET /product/savona-pro/2 HTTP/2" 429 0 "-" "Mozilla/5.0 AppleWebKit/537.36 (KHTML, like Gecko; compatible; ClaudeBot/1.0; +claudebot@anthropic.com)"
144.76.19.157 - - [18/Aug/2026:15:25:49 +0000] "GET /product/messina-pro/?add_to_wishlist=15549&_wpnonce=ee2ab5adbb HTTP/1.1" 301 0 "-" "Mozilla/5.0 (compatible; SERankingBacklinksBot/1.0; +https://seranking.com/backlinks-crawler)"
144.76.19.157 - - [18/Aug/2026:15:25:50 +0000] "GET /product/messina-pro/?add_to_wishlist=15549&_wpnonce=ee2ab5adbb HTTP/1.1" 200 45000 "-" "Mozilla/5.0 (compatible; SERankingBacklinksBot/1.0; +https://seranking.com/backlinks-crawler)"
216.73.217.43 - - [18/Aug/2026:15:25:53 +0000] "GET /?p=16275 HTTP/2" 429 0 "-" "Mozilla/5.0 AppleWebKit/537.36 (KHTML, like Gecko; compatible; ClaudeBot/1.0; +claudebot@anthropic.com)"
144.76.19.157 - - [18/Aug/2026:15:25:56 +0000] "GET /product/messina-pro/?add_to_wishlist=15551&_wpnonce=44202cc6af HTTP/1.1" 301 0 "-" "Mozilla/5.0 (compatible; SERankingBacklinksBot/1.0; +https://seranking.com/backlinks-crawler)"
216.73.217.43 - - [18/Aug/2026:15:25:59 +0000] "GET /product/rondo-pro/?add_to_wishlist=15565 HTTP/2" 429 0 "-" "Mozilla/5.0 AppleWebKit/537.36 (KHTML, like Gecko; compatible; ClaudeBot/1.0; +claudebot@anthropic.com)"
144.76.19.157 - - [18/Aug/2026:15:25:58 +0000] "GET /product/messina-pro/?add_to_wishlist=15551&_wpnonce=44202cc6af HTTP/1.1" 200 45047 "-" "Mozilla/5.0 (compatible; SERankingBacklinksBot/1.0; +https://seranking.com/backlinks-crawler)"
216.73.217.43 - - [18/Aug/2026:15:26:03 +0000] "GET /product/lions-gate-provenza-floors/ HTTP/2" 429 0 "-" "Mozilla/5.0 AppleWebKit/537.36 (KHTML, like Gecko; compatible; ClaudeBot/1.0; +claudebot@anthropic.com)"
144.76.19.157 - - [18/Aug/2026:15:26:03 +0000] "GET /product/messina-pro/?add_to_wishlist=15551&_wpnonce=ee2ab5adbb HTTP/1.1" 301 0 "-" "Mozilla/5.0 (compatible; SERankingBacklinksBot/1.0; +https://seranking.com/backlinks-crawler)"
144.76.19.157 - - [18/Aug/2026:15:26:05 +0000] "GET /product/messina-pro/?add_to_wishlist=15551&_wpnonce=ee2ab5adbb HTTP/1.1" 200 45084 "-" "Mozilla/5.0 (compatible; SERankingBacklinksBot/1.0; +https://seranking.com/backlinks-crawler)"
216.73.217.43 - - [18/Aug/2026:15:26:08 +0000] "GET /product/forma-provenza-floors/feed/ HTTP/2" 429 0 "-" "Mozilla/5.0 AppleWebKit/537.36 (KHTML, like Gecko; compatible; ClaudeBot/1.0; +claudebot@anthropic.com)"
144.76.19.157 - - [18/Aug/2026:15:26:11 +0000] "GET /product/messina-pro/?add_to_wishlist=15555&_wpnonce=ee2ab5adbb HTTP/1.1" 301 0 "-" "Mozilla/5.0 (compatible; SERankingBacklinksBot/1.0; +https://seranking.com/backlinks-crawler)"
144.76.19.157 - - [18/Aug/2026:15:26:13 +0000] "GET /product/messina-pro/?add_to_wishlist=15555&_wpnonce=ee2ab5adbb HTTP/1.1" 200 44974 "-" "Mozilla/5.0 (compatible; SERankingBacklinksBot/1.0; +https://seranking.com/backlinks-crawler)"
57.141.4.42 - - [18/Aug/2026:15:26:14 +0000] "GET /product-category/engineered-hardwood-floor/page/8/?add_to_wishlist=15661&_wpnonce=142c0592b9 HTTP/2" 429 0 "-" "Mozilla/5.0 (Windows NT 10.0; Win64; x64) AppleWebKit/537.36 (KHTML, like Gecko) Chrome/145.0.0.0 Safari/537.36 (compatible; meta-externalagent/1.1 (+https://developers.facebook.com/docs/sharing/webmasters/crawler))"
144.76.19.157 - - [18/Aug/2026:15:26:18 +0000] "GET /product/messina-pro/?add_to_wishlist=15556&_wpnonce=44202cc6af HTTP/1.1" 301 0 "-" "Mozilla/5.0 (compatible; SERankingBacklinksBot/1.0; +https://seranking.com/backlinks-crawler)"
