144.76.19.157 - - [18/Aug/2026:12:24:21 +0000] "GET /product/kumo/?add_to_wishlist=18359&_wpnonce=ee2ab5adbb HTTP/1.1" 301 0 "-" "Mozilla/5.0 (compatible; SERankingBacklinksBot/1.0; +https://seranking.com/backlinks-crawler)"
144.76.19.157 - - [18/Aug/2026:12:24:23 +0000] "GET /product/kumo/?add_to_wishlist=18359&_wpnonce=ee2ab5adbb HTTP/1.1" 200 45013 "-" "Mozilla/5.0 (compatible; SERankingBacklinksBot/1.0; +https://seranking.com/backlinks-crawler)"
144.76.19.157 - - [18/Aug/2026:12:24:28 +0000] "GET /product/kumo/?add_to_wishlist=18362&_wpnonce=32cc803d74 HTTP/1.1" 301 0 "-" "Mozilla/5.0 (compatible; SERankingBacklinksBot/1.0; +https://seranking.com/backlinks-crawler)"
192.250.227.238 - - [18/Aug/2026:12:24:31 +0000] "POST /wp-cron.php?doing_wp_cron=1787055871.7848451137542724609375 HTTP/1.1" 200 0 "-" "WordPress/7.0.4; https://glamourflooringla.com"
144.76.19.157 - - [18/Aug/2026:12:24:30 +0000] "GET /product/kumo/?add_to_wishlist=18362&_wpnonce=32cc803d74 HTTP/1.1" 200 45007 "-" "Mozilla/5.0 (compatible; SERankingBacklinksBot/1.0; +https://seranking.com/backlinks-crawler)"
144.76.19.157 - - [18/Aug/2026:12:24:36 +0000] "GET /product/kumo/?add_to_wishlist=18362&_wpnonce=3b8935374b HTTP/1.1" 301 0 "-" "Mozilla/5.0 (compatible; SERankingBacklinksBot/1.0; +https://seranking.com/backlinks-crawler)"
216.73.216.54 - - [18/Aug/2026:12:24:38 +0000] "GET /robots.txt HTTP/2" 200 206 "-" "Mozilla/5.0 AppleWebKit/537.36 (KHTML, like Gecko; compatible; ClaudeBot/1.0; +claudebot@anthropic.com)"
144.76.19.157 - - [18/Aug/2026:12:24:38 +0000] "GET /product/kumo/?add_to_wishlist=18362&_wpnonce=3b8935374b HTTP/1.1" 200 45018 "-" "Mozilla/5.0 (compatible; SERankingBacklinksBot/1.0; +https://seranking.com/backlinks-crawler)"
216.73.216.54 - - [18/Aug/2026:12:24:38 +0000] "GET /product/cedar-view/?add_to_wishlist=18521 HTTP/2" 200 38723 "-" "Mozilla/5.0 AppleWebKit/537.36 (KHTML, like Gecko; compatible; ClaudeBot/1.0; +claudebot@anthropic.com)"
223.109.252.212 - - [18/Aug/2026:12:24:43 +0000] "GET /product-tag/amazon/?add_to_wishlist=7384 HTTP/1.1" 301 0 "-" "Sogou web spider/4.0(+http://www.sogou.com/docs/help/webmasters.htm#07)"
144.76.19.157 - - [18/Aug/2026:12:24:44 +0000] "GET /product/kumo/?add_to_wishlist=18362&_wpnonce=ee2ab5adbb HTTP/1.1" 301 0 "-" "Mozilla/5.0 (compatible; SERankingBacklinksBot/1.0; +https://seranking.com/backlinks-crawler)"
144.76.19.157 - - [18/Aug/2026:12:24:46 +0000] "GET /product/kumo/?add_to_wishlist=18362&_wpnonce=ee2ab5adbb HTTP/1.1" 200 45039 "-" "Mozilla/5.0 (compatible; SERankingBacklinksBot/1.0; +https://seranking.com/backlinks-crawler)"
223.109.252.212 - - [18/Aug/2026:12:24:46 +0000] "GET /product-tag/amazon/?add_to_wishlist=7384 HTTP/1.1" 200 34654 "-" "Sogou web spider/4.0(+http://www.sogou.com/docs/help/webmasters.htm#07)"
144.76.19.157 - - [18/Aug/2026:12:24:51 +0000] "GET /product/kumo/?add_to_wishlist=18365&_wpnonce=3b8935374b HTTP/1.1" 301 0 "-" "Mozilla/5.0 (compatible; SERankingBacklinksBot/1.0; +https://seranking.com/backlinks-crawler)"
144.76.19.157 - - [18/Aug/2026:12:24:53 +0000] "GET /product/kumo/?add_to_wishlist=18365&_wpnonce=3b8935374b HTTP/1.1" 200 45176 "-" "Mozilla/5.0 (compatible; SERankingBacklinksBot/1.0; +https://seranking.com/backlinks-crawler)"
144.76.19.157 - - [18/Aug/2026:12:24:59 +0000] "GET /product/kumo/?add_to_wishlist=18365&_wpnonce=ee2ab5adbb HTTP/1.1" 301 0 "-" "Mozilla/5.0 (compatible; SERankingBacklinksBot/1.0; +https://seranking.com/backlinks-crawler)"
216.73.216.239 - - [18/Aug/2026:12:24:59 +0000] "GET /product/country-aura/?add_to_wishlist=18399 HTTP/2" 200 38769 "-" "Mozilla/5.0 AppleWebKit/537.36 (KHTML, like Gecko; compatible; ClaudeBot/1.0; +claudebot@anthropic.com)"
144.76.19.157 - - [18/Aug/2026:12:25:01 +0000] "GET /product/kumo/?add_to_wishlist=18365&_wpnonce=ee2ab5adbb HTTP/1.1" 200 45106 "-" "Mozilla/5.0 (compatible; SERankingBacklinksBot/1.0; +https://seranking.com/backlinks-crawler)"
216.73.216.239 - - [18/Aug/2026:12:25:04 +0000] "GET /product/cedar-view/?add_to_wishlist=18389 HTTP/2" 429 0 "-" "Mozilla/5.0 AppleWebKit/537.36 (KHTML, like Gecko; compatible; ClaudeBot/1.0; +claudebot@anthropic.com)"
144.76.19.157 - - [18/Aug/2026:12:25:05 +0000] "GET /product/kumo/?add_to_wishlist=18369&_wpnonce=32cc803d74 HTTP/1.1" 301 0 "-" "Mozilla/5.0 (compatible; SERankingBacklinksBot/1.0; +https://seranking.com/backlinks-crawler)"
144.76.19.157 - - [18/Aug/2026:12:25:06 +0000] "GET /product/kumo/?add_to_wishlist=18369&_wpnonce=32cc803d74 HTTP/1.1" 200 45024 "-" "Mozilla/5.0 (compatible; SERankingBacklinksBot/1.0; +https://seranking.com/backlinks-crawler)"
144.76.19.157 - - [18/Aug/2026:12:25:11 +0000] "GET /product/kumo/?add_to_wishlist=18369&_wpnonce=3b8935374b HTTP/1.1" 301 0 "-" "Mozilla/5.0 (compatible; SERankingBacklinksBot/1.0; +https://seranking.com/backlinks-crawler)"
144.76.19.157 - - [18/Aug/2026:12:25:12 +0000] "GET /product/kumo/?add_to_wishlist=18369&_wpnonce=3b8935374b HTTP/1.1" 200 45116 "-" "Mozilla/5.0 (compatible; SERankingBacklinksBot/1.0; +https://seranking.com/backlinks-crawler)"
216.73.216.239 - - [18/Aug/2026:12:25:14 +0000] "GET /product/cedar-view/?add_to_wishlist=18475 HTTP/2" 429 0 "-" "Mozilla/5.0 AppleWebKit/537.36 (KHTML, like Gecko; compatible; ClaudeBot/1.0; +claudebot@anthropic.com)"
144.76.19.157 - - [18/Aug/2026:12:25:16 +0000] "GET /product/kumo/?add_to_wishlist=18369&_wpnonce=ee2ab5adbb HTTP/1.1" 301 0 "-" "Mozilla/5.0 (compatible; SERankingBacklinksBot/1.0; +https://seranking.com/backlinks-crawler)"
57.141.4.59 - - [18/Aug/2026:12:25:17 +0000] "GET /detail/1906367865299 HTTP/2" 429 0 "-" "Mozilla/5.0 (Macintosh; Intel Mac OS X 10_15_7) AppleWebKit/537.36 (KHTML, like Gecko) Chrome/145.0.0.0 Safari/537.36 (compatible; meta-externalagent/1.1 (+https://developers.facebook.com/docs/sharing/webmasters/crawler))"
27.255.188.60 - - [18/Aug/2026:12:25:17 +0000] "GET /?wmcAction=wmcTrack&ping=1&siteId=1&rec=1&rand=419342&h=17&m=55&s=15&url=https%3A%2F%2Fglamourflooringla.com%2F&uid=2&pid=17829&visitorId=bea3810f2233d95a&fvts=1780026754&vc=16&idn=0&refts=0&lvts=1787043502&fullRef=undefined&send_image=1&pdf=1&qt=0&rp=0&wma=0&dir=0&fla=0&java=0&gears=0&ag=0&cookie=1&res=1366x768>ms=2451&pvId=K1B8EL&browser=Chrome_138&os=Windows_10&device=Desktop HTTP/3" 200 20 "https://glamourflooringla.com/" "Mozilla/5.0 (Windows NT 10.0; Win64; x64) AppleWebKit/537.36 (KHTML, like Gecko) Chrome/138.0.0.0 Safari/537.36"
144.76.19.157 - - [18/Aug/2026:12:25:17 +0000] "GET /product/kumo/?add_to_wishlist=18369&_wpnonce=ee2ab5adbb HTTP/1.1" 200 45040 "-" "Mozilla/5.0 (compatible; SERankingBacklinksBot/1.0; +https://seranking.com/backlinks-crawler)"
144.76.19.157 - - [18/Aug/2026:12:25:23 +0000] "GET /product/kumo/?add_to_wishlist=18375&_wpnonce=32cc803d74 HTTP/1.1" 301 0 "-" "Mozilla/5.0 (compatible; SERankingBacklinksBot/1.0; +https://seranking.com/backlinks-crawler)"
144.76.19.157 - - [18/Aug/2026:12:25:25 +0000] "GET /product/kumo/?add_to_wishlist=18375&_wpnonce=32cc803d74 HTTP/1.1" 200 45202 "-" "Mozilla/5.0 (compatible; SERankingBacklinksBot/1.0; +https://seranking.com/backlinks-crawler)"
144.76.19.157 - - [18/Aug/2026:12:25:30 +0000] "GET /product/kumo/?add_to_wishlist=18375&_wpnonce=3b8935374b HTTP/1.1" 301 0 "-" "Mozilla/5.0 (compatible; SERankingBacklinksBot/1.0; +https://seranking.com/backlinks-crawler)"
144.76.19.157 - - [18/Aug/2026:12:25:34 +0000] "GET /product/kumo/?add_to_wishlist=18375&_wpnonce=3b8935374b HTTP/1.1" 200 45015 "-" "Mozilla/5.0 (compatible; SERankingBacklinksBot/1.0; +https://seranking.com/backlinks-crawler)"
216.73.216.239 - - [18/Aug/2026:12:25:38 +0000] "GET /product/cedar-view/?add_to_wishlist=18559 HTTP/2" 429 0 "-" "Mozilla/5.0 AppleWebKit/537.36 (KHTML, like Gecko; compatible; ClaudeBot/1.0; +claudebot@anthropic.com)"
144.76.19.157 - - [18/Aug/2026:12:25:39 +0000] "GET /product/kumo/?add_to_wishlist=18375&_wpnonce=ee2ab5adbb HTTP/1.1" 301 0 "-" "Mozilla/5.0 (compatible; SERankingBacklinksBot/1.0; +https://seranking.com/backlinks-crawler)"
144.76.19.157 - - [18/Aug/2026:12:25:41 +0000] "GET /product/kumo/?add_to_wishlist=18375&_wpnonce=ee2ab5adbb HTTP/1.1" 200 45020 "-" "Mozilla/5.0 (compatible; SERankingBacklinksBot/1.0; +https://seranking.com/backlinks-crawler)"
144.76.19.157 - - [18/Aug/2026:12:25:47 +0000] "GET /product/kumo/?add_to_wishlist=18380&_wpnonce=3b8935374b HTTP/1.1" 301 0 "-" "Mozilla/5.0 (compatible; SERankingBacklinksBot/1.0; +https://seranking.com/backlinks-crawler)"
144.76.19.157 - - [18/Aug/2026:12:25:49 +0000] "GET /product/kumo/?add_to_wishlist=18380&_wpnonce=3b8935374b HTTP/1.1" 200 45036 "-" "Mozilla/5.0 (compatible; SERankingBacklinksBot/1.0; +https://seranking.com/backlinks-crawler)"
144.76.19.157 - - [18/Aug/2026:12:25:54 +0000] "GET /product/kumo/?add_to_wishlist=18380&_wpnonce=ee2ab5adbb HTTP/1.1" 301 0 "-" "Mozilla/5.0 (compatible; SERankingBacklinksBot/1.0; +https://seranking.com/backlinks-crawler)"
144.76.19.157 - - [18/Aug/2026:12:25:56 +0000] "GET /product/kumo/?add_to_wishlist=18380&_wpnonce=ee2ab5adbb HTTP/1.1" 200 45075 "-" "Mozilla/5.0 (compatible; SERankingBacklinksBot/1.0; +https://seranking.com/backlinks-crawler)"
144.76.19.157 - - [18/Aug/2026:12:26:02 +0000] "GET /product/kumo/?add_to_wishlist=18385&_wpnonce=32cc803d74 HTTP/1.1" 301 0 "-" "Mozilla/5.0 (compatible; SERankingBacklinksBot/1.0; +https://seranking.com/backlinks-crawler)"
144.76.19.157 - - [18/Aug/2026:12:26:04 +0000] "GET /product/kumo/?add_to_wishlist=18385&_wpnonce=32cc803d74 HTTP/1.1" 200 45005 "-" "Mozilla/5.0 (compatible; SERankingBacklinksBot/1.0; +https://seranking.com/backlinks-crawler)"
144.76.19.157 - - [18/Aug/2026:12:26:08 +0000] "GET /product/kumo/?add_to_wishlist=18385&_wpnonce=3b8935374b HTTP/1.1" 301 0 "-" "Mozilla/5.0 (compatible; SERankingBacklinksBot/1.0; +https://seranking.com/backlinks-crawler)"
144.76.19.157 - - [18/Aug/2026:12:26:09 +0000] "GET /product/kumo/?add_to_wishlist=18385&_wpnonce=3b8935374b HTTP/1.1" 200 44997 "-" "Mozilla/5.0 (compatible; SERankingBacklinksBot/1.0; +https://seranking.com/backlinks-crawler)"
144.76.19.157 - - [18/Aug/2026:12:26:14 +0000] "GET /product/kumo/?add_to_wishlist=18385&_wpnonce=ee2ab5adbb HTTP/1.1" 301 0 "-" "Mozilla/5.0 (compatible; SERankingBacklinksBot/1.0; +https://seranking.com/backlinks-crawler)"
144.76.19.157 - - [18/Aug/2026:12:26:15 +0000] "GET /product/kumo/?add_to_wishlist=18385&_wpnonce=ee2ab5adbb HTTP/1.1" 200 45089 "-" "Mozilla/5.0 (compatible; SERankingBacklinksBot/1.0; +https://seranking.com/backlinks-crawler)"
144.76.19.157 - - [18/Aug/2026:12:26:20 +0000] "GET /product/kumo/?add_to_wishlist=18390&_wpnonce=3b8935374b HTTP/1.1" 301 0 "-" "Mozilla/5.0 (compatible; SERankingBacklinksBot/1.0; +https://seranking.com/backlinks-crawler)"
83.99.206.60 - - [18/Aug/2026:12:26:20 +0000] "GET /product/stmoritz-urb/ HTTP/1.1" 200 38529 "-" "Mozilla/5.0 (X11; Linux x86_64) AppleWebKit/537.36 (KHTML, like Gecko; GeedoShopProductFinder) Chrome/142.0.0.0 Safari/537.36"
216.73.216.165 - - [18/Aug/2026:12:26:22 +0000] "GET /product/village-park/feed/ HTTP/2" 429 0 "-" "Mozilla/5.0 AppleWebKit/537.36 (KHTML, like Gecko; compatible; ClaudeBot/1.0; +claudebot@anthropic.com)"
216.73.216.165 - - [18/Aug/2026:12:26:22 +0000] "GET /mamre-hardwood-flooring-pricing/2 HTTP/2" 429 0 "-" "Mozilla/5.0 AppleWebKit/537.36 (KHTML, like Gecko; compatible; ClaudeBot/1.0; +claudebot@anthropic.com)"
216.73.216.165 - - [18/Aug/2026:12:26:22 +0000] "GET /product/cedar-view/?add_to_wishlist=18408 HTTP/2" 200 38748 "-" "Mozilla/5.0 AppleWebKit/537.36 (KHTML, like Gecko; compatible; ClaudeBot/1.0; +claudebot@anthropic.com)"
144.76.19.157 - - [18/Aug/2026:12:26:22 +0000] "GET /product/kumo/?add_to_wishlist=18390&_wpnonce=3b8935374b HTTP/1.1" 200 45126 "-" "Mozilla/5.0 (compatible; SERankingBacklinksBot/1.0; +https://seranking.com/backlinks-crawler)"
57.141.4.23 - - [18/Aug/2026:12:26:24 +0000] "GET /detail/2656903403052 HTTP/2" 429 0 "-" "Mozilla/5.0 (Macintosh; Intel Mac OS X 10_15_7) AppleWebKit/537.36 (KHTML, like Gecko) Chrome/145.0.0.0 Safari/537.36 (compatible; meta-externalagent/1.1 (+https://developers.facebook.com/docs/sharing/webmasters/crawler))"
216.73.216.165 - - [18/Aug/2026:12:26:24 +0000] "GET /product/cedar-view/?add_to_wishlist=18348 HTTP/2" 429 0 "-" "Mozilla/5.0 AppleWebKit/537.36 (KHTML, like Gecko; compatible; ClaudeBot/1.0; +claudebot@anthropic.com)"
216.73.216.165 - - [18/Aug/2026:12:26:24 +0000] "GET /product/cedar-view/?add_to_wishlist=18582 HTTP/2" 429 0 "-" "Mozilla/5.0 AppleWebKit/537.36 (KHTML, like Gecko; compatible; ClaudeBot/1.0; +claudebot@anthropic.com)"
216.73.216.165 - - [18/Aug/2026:12:26:25 +0000] "GET /product/cedar-view/?add_to_wishlist=18452 HTTP/2" 429 0 "-" "Mozilla/5.0 AppleWebKit/537.36 (KHTML, like Gecko; compatible; ClaudeBot/1.0; +claudebot@anthropic.com)"
144.76.19.157 - - [18/Aug/2026:12:26:28 +0000] "GET /product/kumo/?add_to_wishlist=18390&_wpnonce=ee2ab5adbb HTTP/1.1" 301 0 "-" "Mozilla/5.0 (compatible; SERankingBacklinksBot/1.0; +https://seranking.com/backlinks-crawler)"
144.76.19.157 - - [18/Aug/2026:12:26:30 +0000] "GET /product/kumo/?add_to_wishlist=18390&_wpnonce=ee2ab5adbb HTTP/1.1" 200 45017 "-" "Mozilla/5.0 (compatible; SERankingBacklinksBot/1.0; +https://seranking.com/backlinks-crawler)"
216.73.216.165 - - [18/Aug/2026:12:26:32 +0000] "GET /product/cedar-view/?add_to_wishlist=18492 HTTP/2" 429 0 "-" "Mozilla/5.0 AppleWebKit/537.36 (KHTML, like Gecko; compatible; ClaudeBot/1.0; +claudebot@anthropic.com)"
216.73.216.165 - - [18/Aug/2026:12:26:32 +0000] "GET /product/cedar-view/?add_to_wishlist=18379 HTTP/2" 429 0 "-" "Mozilla/5.0 AppleWebKit/537.36 (KHTML, like Gecko; compatible; ClaudeBot/1.0; +claudebot@anthropic.com)"
216.73.216.165 - - [18/Aug/2026:12:26:33 +0000] "GET /tag/laminate-woodland-hills/ HTTP/2" 429 0 "-" "Mozilla/5.0 AppleWebKit/537.36 (KHTML, like Gecko; compatible; ClaudeBot/1.0; +claudebot@anthropic.com)"
192.250.227.238 - - [18/Aug/2026:12:26:37 +0000] "POST /wp-cron.php?doing_wp_cron=1787055997.3109469413757324218750 HTTP/1.1" 200 0 "-" "WordPress/7.0.4; https://glamourflooringla.com"
144.76.19.157 - - [18/Aug/2026:12:26:36 +0000] "GET /product/kumo/?add_to_wishlist=18395&_wpnonce=32cc803d74 HTTP/1.1" 301 0 "-" "Mozilla/5.0 (compatible; SERankingBacklinksBot/1.0; +https://seranking.com/backlinks-crawler)"
144.76.19.157 - - [18/Aug/2026:12:26:38 +0000] "GET /product/kumo/?add_to_wishlist=18395&_wpnonce=32cc803d74 HTTP/1.1" 200 45097 "-" "Mozilla/5.0 (compatible; SERankingBacklinksBot/1.0; +https://seranking.com/backlinks-crawler)"
83.99.206.170 - - [18/Aug/2026:12:26:39 +0000] "GET /product/artisan-touch/ HTTP/1.1" 200 38715 "-" "Mozilla/5.0 (X11; Linux x86_64) AppleWebKit/537.36 (KHTML, like Gecko; GeedoShopProductFinder) Chrome/142.0.0.0 Safari/537.36"
223.109.252.213 - - [18/Aug/2026:12:26:41 +0000] "GET /product-tag/emperador-dakr-marble/ HTTP/1.1" 301 0 "-" "Sogou web spider/4.0(+http://www.sogou.com/docs/help/webmasters.htm#07)"
223.109.252.213 - - [18/Aug/2026:12:26:43 +0000] "GET / HTTP/1.1" 301 0 "-" "Sogou web spider/4.0(+http://www.sogou.com/docs/help/webmasters.htm#07)"
144.76.19.157 - - [18/Aug/2026:12:26:44 +0000] "GET /product/kumo/?add_to_wishlist=18395&_wpnonce=3b8935374b HTTP/1.1" 301 0 "-" "Mozilla/5.0 (compatible; SERankingBacklinksBot/1.0; +https://seranking.com/backlinks-crawler)"
106.219.121.180 - - [18/Aug/2026:12:26:44 +0000] "GET /product/smoked-almond-2 HTTP/1.1" 301 0 "https://www.glamourflooringla.com/product-tag/laminate/page/3" "Mozilla/5.0 (Linux; Android 14; OPPO PCLM5) AppleWebKit/537.36 (KHTML, like Gecko) Chrome/147.0.5707.26 Mobile Safari/537.36"
144.76.19.157 - - [18/Aug/2026:12:26:46 +0000] "GET /product/kumo/?add_to_wishlist=18395&_wpnonce=3b8935374b HTTP/1.1" 200 45038 "-" "Mozilla/5.0 (compatible; SERankingBacklinksBot/1.0; +https://seranking.com/backlinks-crawler)"
179.221.200.176 - - [18/Aug/2026:12:26:47 +0000] "GET / HTTP/1.1" 301 0 "https://www.glamourflooringla.com/product-tag/laminate/page/3" "Mozilla/5.0 (Linux; Android 14; OPPO PCLM5) AppleWebKit/537.36 (KHTML, like Gecko) Chrome/147.0.5707.26 Mobile Safari/537.36"
223.109.252.213 - - [18/Aug/2026:12:26:47 +0000] "GET / HTTP/1.1" 200 54129 "-" "Sogou web spider/4.0(+http://www.sogou.com/docs/help/webmasters.htm#07)"
103.210.8.34 - - [18/Aug/2026:12:26:48 +0000] "GET /product/cellar-naf/ HTTP/2" 200 38426 "-" "Mozilla/5.0 (Macintosh; Intel Mac OS X 10_15_7) AppleWebKit/537.36 (KHTML, like Gecko) Chrome/133.0.0.0 Safari/537.36"
37.16.43.164 - - [18/Aug/2026:12:26:50 +0000] "GET / HTTP/1.1" 200 46840 "https://www.glamourflooringla.com/product-tag/laminate/page/3" "Mozilla/5.0 (Linux; Android 14; OPPO PCLM5) AppleWebKit/537.36 (KHTML, like Gecko) Chrome/147.0.5707.26 Mobile Safari/537.36"
144.76.19.157 - - [18/Aug/2026:12:26:51 +0000] "GET /product/kumo/?add_to_wishlist=18395&_wpnonce=ee2ab5adbb HTTP/1.1" 301 0 "-" "Mozilla/5.0 (compatible; SERankingBacklinksBot/1.0; +https://seranking.com/backlinks-crawler)"
216.73.216.165 - - [18/Aug/2026:12:26:53 +0000] "GET /product/pine-ridge/?add_to_wishlist=18389 HTTP/2" 429 0 "-" "Mozilla/5.0 AppleWebKit/537.36 (KHTML, like Gecko; compatible; ClaudeBot/1.0; +claudebot@anthropic.com)"
216.73.216.165 - - [18/Aug/2026:12:26:53 +0000] "GET /product/pine-ridge/?add_to_wishlist=18348 HTTP/2" 429 0 "-" "Mozilla/5.0 AppleWebKit/537.36 (KHTML, like Gecko; compatible; ClaudeBot/1.0; +claudebot@anthropic.com)"
144.76.19.157 - - [18/Aug/2026:12:26:53 +0000] "GET /product/kumo/?add_to_wishlist=18395&_wpnonce=ee2ab5adbb HTTP/1.1" 200 45020 "-" "Mozilla/5.0 (compatible; SERankingBacklinksBot/1.0; +https://seranking.com/backlinks-crawler)"
67.205.188.23 - - [18/Aug/2026:12:26:56 +0000] "GET /wp-content/uploads/2020/04/Still-15-1-1199x800-1.jpg HTTP/1.1" 200 137304 "https://glamourflooringla.com/" "Mozilla/5.0 (Windows NT 10.0; Win64; x64) AppleWebKit/537.36 (KHTML, like Gecko) Chrome/107.0.0.0 Safari/537.36"
216.73.216.165 - - [18/Aug/2026:12:26:58 +0000] "GET /product/pine-ridge/?add_to_wishlist=18452 HTTP/2" 429 0 "-" "Mozilla/5.0 AppleWebKit/537.36 (KHTML, like Gecko; compatible; ClaudeBot/1.0; +claudebot@anthropic.com)"
144.76.19.157 - - [18/Aug/2026:12:26:59 +0000] "GET /product/kumo/?add_to_wishlist=18398&_wpnonce=32cc803d74 HTTP/1.1" 301 0 "-" "Mozilla/5.0 (compatible; SERankingBacklinksBot/1.0; +https://seranking.com/backlinks-crawler)"
83.99.206.170 - - [18/Aug/2026:12:27:00 +0000] "GET /product/cliffside-oak/ HTTP/1.1" 200 38757 "-" "Mozilla/5.0 (X11; Linux x86_64) AppleWebKit/537.36 (KHTML, like Gecko; GeedoShopProductFinder) Chrome/142.0.0.0 Safari/537.36"
144.76.19.157 - - [18/Aug/2026:12:27:01 +0000] "GET /product/kumo/?add_to_wishlist=18398&_wpnonce=32cc803d74 HTTP/1.1" 200 45087 "-" "Mozilla/5.0 (compatible; SERankingBacklinksBot/1.0; +https://seranking.com/backlinks-crawler)"
112.86.225.56 - - [18/Aug/2026:12:27:01 +0000] "GET /product-category/engineered-hardwood-floor/artisan-2/?add_to_wishlist=15662&_wpnonce=aa4df180cb HTTP/1.1" 200 45384 "-" "Sogou web spider/4.0(+http://www.sogou.com/docs/help/webmasters.htm#07)"
216.73.217.89 - - [18/Aug/2026:12:27:03 +0000] "GET /product/maple-gardens/?add_to_wishlist=18540 HTTP/2" 200 38734 "-" "Mozilla/5.0 AppleWebKit/537.36 (KHTML, like Gecko; compatible; ClaudeBot/1.0; +claudebot@anthropic.com)"
216.73.217.89 - - [18/Aug/2026:12:27:07 +0000] "GET /product/river-walk/?add_to_wishlist=18348 HTTP/2" 429 0 "-" "Mozilla/5.0 AppleWebKit/537.36 (KHTML, like Gecko; compatible; ClaudeBot/1.0; +claudebot@anthropic.com)"
144.76.19.157 - - [18/Aug/2026:12:27:06 +0000] "GET /product/kumo/?add_to_wishlist=18398&_wpnonce=3b8935374b HTTP/1.1" 301 0 "-" "Mozilla/5.0 (compatible; SERankingBacklinksBot/1.0; +https://seranking.com/backlinks-crawler)"
144.76.19.157 - - [18/Aug/2026:12:27:08 +0000] "GET /product/kumo/?add_to_wishlist=18398&_wpnonce=3b8935374b HTTP/1.1" 200 45192 "-" "Mozilla/5.0 (compatible; SERankingBacklinksBot/1.0; +https://seranking.com/backlinks-crawler)"
112.86.225.84 - - [18/Aug/2026:12:27:09 +0000] "GET /flooring-installation-tarzana-ca/ HTTP/1.1" 301 0 "-" "Sogou web spider/4.0(+http://www.sogou.com/docs/help/webmasters.htm#07)"
216.73.217.89 - - [18/Aug/2026:12:27:12 +0000] "GET /product/river-walk/?add_to_wishlist=18582 HTTP/2" 429 0 "-" "Mozilla/5.0 AppleWebKit/537.36 (KHTML, like Gecko; compatible; ClaudeBot/1.0; +claudebot@anthropic.com)"
112.86.225.84 - - [18/Aug/2026:12:27:12 +0000] "GET /flooring-installation-tarzana-ca/ HTTP/1.1" 200 42473 "-" "Sogou web spider/4.0(+http://www.sogou.com/docs/help/webmasters.htm#07)"
144.76.19.157 - - [18/Aug/2026:12:27:14 +0000] "GET /product/kumo/?add_to_wishlist=18398&_wpnonce=ee2ab5adbb HTTP/1.1" 301 0 "-" "Mozilla/5.0 (compatible; SERankingBacklinksBot/1.0; +https://seranking.com/backlinks-crawler)"
144.76.19.157 - - [18/Aug/2026:12:27:15 +0000] "GET /product/kumo/?add_to_wishlist=18398&_wpnonce=ee2ab5adbb HTTP/1.1" 200 45010 "-" "Mozilla/5.0 (compatible; SERankingBacklinksBot/1.0; +https://seranking.com/backlinks-crawler)"
103.59.160.54 - - [18/Aug/2026:12:27:18 +0000] "GET / HTTP/1.1" 200 54129 "-" "Mozilla/5.0 (compatible; WP-Safe-Scanner/1.0)"
83.99.206.170 - - [18/Aug/2026:12:27:19 +0000] "GET /product/bazille-vellichor/ HTTP/1.1" 200 38524 "-" "Mozilla/5.0 (X11; Linux x86_64) AppleWebKit/537.36 (KHTML, like Gecko; GeedoShopProductFinder) Chrome/142.0.0.0 Safari/537.36"
216.73.217.89 - - [18/Aug/2026:12:27:20 +0000] "GET /product/river-walk/?add_to_wishlist=18389 HTTP/2" 429 0 "-" "Mozilla/5.0 AppleWebKit/537.36 (KHTML, like Gecko; compatible; ClaudeBot/1.0; +claudebot@anthropic.com)"
144.76.19.157 - - [18/Aug/2026:12:27:21 +0000] "GET /product/kumo/?add_to_wishlist=18402&_wpnonce=32cc803d74 HTTP/1.1" 301 0 "-" "Mozilla/5.0 (compatible; SERankingBacklinksBot/1.0; +https://seranking.com/backlinks-crawler)"
144.76.19.157 - - [18/Aug/2026:12:27:23 +0000] "GET /product/kumo/?add_to_wishlist=18402&_wpnonce=32cc803d74 HTTP/1.1" 200 45013 "-" "Mozilla/5.0 (compatible; SERankingBacklinksBot/1.0; +https://seranking.com/backlinks-crawler)"
216.73.217.89 - - [18/Aug/2026:12:27:25 +0000] "GET /product/river-walk/?add_to_wishlist=18333 HTTP/2" 429 0 "-" "Mozilla/5.0 AppleWebKit/537.36 (KHTML, like Gecko; compatible; ClaudeBot/1.0; +claudebot@anthropic.com)"
103.59.160.54 - - [18/Aug/2026:12:27:27 +0000] "GET /wp-admin/ HTTP/1.1" 302 0 "-" "Mozilla/5.0 (compatible; WP-Safe-Scanner/1.0)"
144.76.19.157 - - [18/Aug/2026:12:27:29 +0000] "GET /product/kumo/?add_to_wishlist=18402&_wpnonce=3b8935374b HTTP/1.1" 301 0 "-" "Mozilla/5.0 (compatible; SERankingBacklinksBot/1.0; +https://seranking.com/backlinks-crawler)"
103.59.160.54 - - [18/Aug/2026:12:27:29 +0000] "GET /wp-login.php?redirect_to=https%3A%2F%2Fglamourflooringla.com%2Fwp-admin%2F&reauth=1 HTTP/1.1" 200 2499 "-" "Mozilla/5.0 (compatible; WP-Safe-Scanner/1.0)"
57.141.4.47 - - [18/Aug/2026:12:27:31 +0000] "GET /detail/939013723675 HTTP/2" 429 0 "-" "Mozilla/5.0 (Windows NT 10.0; Win64; x64) AppleWebKit/537.36 (KHTML, like Gecko) Chrome/145.0.0.0 Safari/537.36 (compatible; meta-externalagent/1.1 (+https://developers.facebook.com/docs/sharing/webmasters/crawler))"
192.250.227.238 - - [18/Aug/2026:12:27:32 +0000] "POST /wp-cron.php?doing_wp_cron=1787056051.9346458911895751953125 HTTP/1.1" 200 0 "-" "WordPress/7.0.4; https://glamourflooringla.com"
144.76.19.157 - - [18/Aug/2026:12:27:30 +0000] "GET /product/kumo/?add_to_wishlist=18402&_wpnonce=3b8935374b HTTP/1.1" 200 45218 "-" "Mozilla/5.0 (compatible; SERankingBacklinksBot/1.0; +https://seranking.com/backlinks-crawler)"
144.76.19.157 - - [18/Aug/2026:12:27:36 +0000] "GET /product/kumo/?add_to_wishlist=18407&_wpnonce=3b8935374b HTTP/1.1" 301 0 "-" "Mozilla/5.0 (compatible; SERankingBacklinksBot/1.0; +https://seranking.com/backlinks-crawler)"
144.76.19.157 - - [18/Aug/2026:12:27:38 +0000] "GET /product/kumo/?add_to_wishlist=18407&_wpnonce=3b8935374b HTTP/1.1" 200 45046 "-" "Mozilla/5.0 (compatible; SERankingBacklinksBot/1.0; +https://seranking.com/backlinks-crawler)"
27.255.188.60 - - [18/Aug/2026:12:27:39 +0000] "GET /?wmcAction=wmcTrack&ping=1&siteId=1&rec=1&rand=985862&h=17&m=57&s=37&url=https%3A%2F%2Fglamourflooringla.com%2F&uid=2&pid=17829&visitorId=bea3810f2233d95a&fvts=1780026754&vc=16&idn=0&refts=0&lvts=1787043502&fullRef=undefined&send_image=1&pdf=1&qt=0&rp=0&wma=0&dir=0&fla=0&java=0&gears=0&ag=0&cookie=1&res=1366x768>ms=2451&pvId=K1B8EL&browser=Chrome_138&os=Windows_10&device=Desktop HTTP/3" 200 20 "https://glamourflooringla.com/" "Mozilla/5.0 (Windows NT 10.0; Win64; x64) AppleWebKit/537.36 (KHTML, like Gecko) Chrome/138.0.0.0 Safari/537.36"
83.99.206.170 - - [18/Aug/2026:12:27:40 +0000] "GET /product/chesterbrook/ HTTP/1.1" 200 38593 "-" "Mozilla/5.0 (X11; Linux x86_64) AppleWebKit/537.36 (KHTML, like Gecko; GeedoShopProductFinder) Chrome/142.0.0.0 Safari/537.36"
144.76.19.157 - - [18/Aug/2026:12:27:44 +0000] "GET /product/kumo/?add_to_wishlist=18407&_wpnonce=ee2ab5adbb HTTP/1.1" 301 0 "-" "Mozilla/5.0 (compatible; SERankingBacklinksBot/1.0; +https://seranking.com/backlinks-crawler)"
144.76.19.157 - - [18/Aug/2026:12:27:45 +0000] "GET /product/kumo/?add_to_wishlist=18407&_wpnonce=ee2ab5adbb HTTP/1.1" 200 45021 "-" "Mozilla/5.0 (compatible; SERankingBacklinksBot/1.0; +https://seranking.com/backlinks-crawler)"
216.73.216.165 - - [18/Aug/2026:12:27:49 +0000] "GET /product/maple-gardens/?add_to_wishlist=18370 HTTP/2" 200 38702 "-" "Mozilla/5.0 AppleWebKit/537.36 (KHTML, like Gecko; compatible; ClaudeBot/1.0; +claudebot@anthropic.com)"
144.76.19.157 - - [18/Aug/2026:12:27:51 +0000] "GET /product/kumo/?add_to_wishlist=18413&_wpnonce=32cc803d74 HTTP/1.1" 301 0 "-" "Mozilla/5.0 (compatible; SERankingBacklinksBot/1.0; +https://seranking.com/backlinks-crawler)"
216.73.216.165 - - [18/Aug/2026:12:27:53 +0000] "GET /product/sunset-terrace/?add_to_wishlist=18399 HTTP/2" 429 0 "-" "Mozilla/5.0 AppleWebKit/537.36 (KHTML, like Gecko; compatible; ClaudeBot/1.0; +claudebot@anthropic.com)"
144.76.19.157 - - [18/Aug/2026:12:27:53 +0000] "GET /product/kumo/?add_to_wishlist=18413&_wpnonce=32cc803d74 HTTP/1.1" 200 44999 "-" "Mozilla/5.0 (compatible; SERankingBacklinksBot/1.0; +https://seranking.com/backlinks-crawler)"
223.109.252.168 - - [18/Aug/2026:12:27:55 +0000] "GET /faq/ HTTP/1.1" 200 38564 "-" "Sogou web spider/4.0(+http://www.sogou.com/docs/help/webmasters.htm#07)"
216.73.216.165 - - [18/Aug/2026:12:27:57 +0000] "GET /product/maple-gardens/?add_to_wishlist=18475 HTTP/2" 429 0 "-" "Mozilla/5.0 AppleWebKit/537.36 (KHTML, like Gecko; compatible; ClaudeBot/1.0; +claudebot@anthropic.com)"
144.76.19.157 - - [18/Aug/2026:12:27:59 +0000] "GET /product/kumo/?add_to_wishlist=18413&_wpnonce=3b8935374b HTTP/1.1" 301 0 "-" "Mozilla/5.0 (compatible; SERankingBacklinksBot/1.0; +https://seranking.com/backlinks-crawler)"
83.99.206.24 - - [18/Aug/2026:12:27:59 +0000] "GET /provenza-antico-relic-matte-encino-hardwood-floor-installation/ HTTP/1.1" 200 36399 "-" "Mozilla/5.0 (X11; Linux x86_64) AppleWebKit/537.36 (KHTML, like Gecko; GeedoShopProductFinder) Chrome/142.0.0.0 Safari/537.36"
144.76.19.157 - - [18/Aug/2026:12:28:01 +0000] "GET /product/kumo/?add_to_wishlist=18413&_wpnonce=3b8935374b HTTP/1.1" 200 45013 "-" "Mozilla/5.0 (compatible; SERankingBacklinksBot/1.0; +https://seranking.com/backlinks-crawler)"
216.73.216.165 - - [18/Aug/2026:12:28:02 +0000] "GET /tag/laminate-flooring-woodland-hills/ HTTP/2" 429 0 "-" "Mozilla/5.0 AppleWebKit/537.36 (KHTML, like Gecko; compatible; ClaudeBot/1.0; +claudebot@anthropic.com)"
144.76.19.157 - - [18/Aug/2026:12:28:06 +0000] "GET /product/kumo/?add_to_wishlist=18413&_wpnonce=ee2ab5adbb HTTP/1.1" 301 0 "-" "Mozilla/5.0 (compatible; SERankingBacklinksBot/1.0; +https://seranking.com/backlinks-crawler)"
144.76.19.157 - - [18/Aug/2026:12:28:08 +0000] "GET /product/kumo/?add_to_wishlist=18413&_wpnonce=ee2ab5adbb HTTP/1.1" 200 45086 "-" "Mozilla/5.0 (compatible; SERankingBacklinksBot/1.0; +https://seranking.com/backlinks-crawler)"
216.73.216.165 - - [18/Aug/2026:12:28:12 +0000] "GET /product/18370/?add_to_wishlist=18370 HTTP/2" 429 0 "-" "Mozilla/5.0 AppleWebKit/537.36 (KHTML, like Gecko; compatible; ClaudeBot/1.0; +claudebot@anthropic.com)"
144.76.19.157 - - [18/Aug/2026:12:28:14 +0000] "GET /product/kumo/?add_to_wishlist=18418&_wpnonce=32cc803d74 HTTP/1.1" 301 0 "-" "Mozilla/5.0 (compatible; SERankingBacklinksBot/1.0; +https://seranking.com/backlinks-crawler)"
144.76.19.157 - - [18/Aug/2026:12:28:16 +0000] "GET /product/kumo/?add_to_wishlist=18418&_wpnonce=32cc803d74 HTTP/1.1" 200 45018 "-" "Mozilla/5.0 (compatible; SERankingBacklinksBot/1.0; +https://seranking.com/backlinks-crawler)"
216.73.217.13 - - [18/Aug/2026:12:28:17 +0000] "GET /product/sunset-terrace/?add_to_wishlist=18521 HTTP/2" 429 0 "-" "Mozilla/5.0 AppleWebKit/537.36 (KHTML, like Gecko; compatible; ClaudeBot/1.0; +claudebot@anthropic.com)"
216.73.216.165 - - [18/Aug/2026:12:28:18 +0000] "GET /product/maple-gardens/?add_to_wishlist=18559 HTTP/2" 429 0 "-" "Mozilla/5.0 AppleWebKit/537.36 (KHTML, like Gecko; compatible; ClaudeBot/1.0; +claudebot@anthropic.com)"
144.76.19.157 - - [18/Aug/2026:12:28:21 +0000] "GET /product/kumo/?add_to_wishlist=18418&_wpnonce=3b8935374b HTTP/1.1" 301 0 "-" "Mozilla/5.0 (compatible; SERankingBacklinksBot/1.0; +https://seranking.com/backlinks-crawler)"
216.73.217.13 - - [18/Aug/2026:12:28:22 +0000] "GET /product/sunset-terrace/?add_to_wishlist=18540 HTTP/2" 429 0 "-" "Mozilla/5.0 AppleWebKit/537.36 (KHTML, like Gecko; compatible; ClaudeBot/1.0; +claudebot@anthropic.com)"
144.76.19.157 - - [18/Aug/2026:12:28:23 +0000] "GET /product/kumo/?add_to_wishlist=18418&_wpnonce=3b8935374b HTTP/1.1" 200 45029 "-" "Mozilla/5.0 (compatible; SERankingBacklinksBot/1.0; +https://seranking.com/backlinks-crawler)"
144.76.19.157 - - [18/Aug/2026:12:28:29 +0000] "GET /product/kumo/?add_to_wishlist=18418&_wpnonce=ee2ab5adbb HTTP/1.1" 301 0 "-" "Mozilla/5.0 (compatible; SERankingBacklinksBot/1.0; +https://seranking.com/backlinks-crawler)"
216.73.216.165 - - [18/Aug/2026:12:28:29 +0000] "GET /product/18370/?add_to_wishlist=18452 HTTP/2" 429 0 "-" "Mozilla/5.0 AppleWebKit/537.36 (KHTML, like Gecko; compatible; ClaudeBot/1.0; +claudebot@anthropic.com)"
216.73.216.165 - - [18/Aug/2026:12:28:30 +0000] "GET /product/maple-gardens/?add_to_wishlist=18333 HTTP/2" 429 0 "-" "Mozilla/5.0 AppleWebKit/537.36 (KHTML, like Gecko; compatible; ClaudeBot/1.0; +claudebot@anthropic.com)"
129.121.103.155 - - [18/Aug/2026:12:28:31 +0000] "GET /wp-login.php HTTP/1.1" 403 169 "-" "Mozilla/5.0 (Windows NT 10.0; Win64; x64) AppleWebKit/537.36 (KHTML, like Gecko) Chrome/151.0.0.0 Safari/537.36"
192.250.227.238 - - [18/Aug/2026:12:28:32 +0000] "POST /wp-cron.php?doing_wp_cron=1787056111.9156050682067871093750 HTTP/1.1" 200 0 "-" "WordPress/7.0.4; https://glamourflooringla.com"
144.76.19.157 - - [18/Aug/2026:12:28:31 +0000] "GET /product/kumo/?add_to_wishlist=18418&_wpnonce=ee2ab5adbb HTTP/1.1" 200 45015 "-" "Mozilla/5.0 (compatible; SERankingBacklinksBot/1.0; +https://seranking.com/backlinks-crawler)"
129.121.103.155 - - [18/Aug/2026:12:28:32 +0000] "POST /wp-login.php HTTP/1.1" 403 170 "https://glamourflooringla.com/wp-login.php" "Mozilla/5.0 (Windows NT 10.0; Win64; x64) AppleWebKit/537.36 (KHTML, like Gecko) Chrome/151.0.0.0 Safari/537.36"
17.22.253.224 - - [18/Aug/2026:12:28:35 +0000] "GET /wp-includes/js/jquery/jquery.min.js?ver=3.7.1 HTTP/2" 200 29744 "https://glamourflooringla.com/" "Mozilla/5.0 (Macintosh; Intel Mac OS X 10_15_7) AppleWebKit/605.1.15 (KHTML, like Gecko) Version/17.4 Safari/605.1.15 (Applebot/0.1; +http://www.apple.com/go/applebot)"
17.22.253.224 - - [18/Aug/2026:12:28:36 +0000] "GET /wp-includes/js/jquery/jquery-migrate.min.js?ver=3.4.1 HTTP/2" 200 4678 "https://glamourflooringla.com/" "Mozilla/5.0 (Macintosh; Intel Mac OS X 10_15_7) AppleWebKit/605.1.15 (KHTML, like Gecko) Version/17.4 Safari/605.1.15 (Applebot/0.1; +http://www.apple.com/go/applebot)"
144.76.19.157 - - [18/Aug/2026:12:28:36 +0000] "GET /product/kumo/?add_to_wishlist=18425&_wpnonce=3b8935374b HTTP/1.1" 301 0 "-" "Mozilla/5.0 (compatible; SERankingBacklinksBot/1.0; +https://seranking.com/backlinks-crawler)"
216.73.217.13 - - [18/Aug/2026:12:28:36 +0000] "GET /product/sunset-terrace/?add_to_wishlist=18379 HTTP/2" 200 38716 "-" "Mozilla/5.0 AppleWebKit/537.36 (KHTML, like Gecko; compatible; ClaudeBot/1.0; +claudebot@anthropic.com)"
57.141.4.28 - - [18/Aug/2026:12:28:37 +0000] "GET /detail/1170121247533 HTTP/2" 429 0 "-" "Mozilla/5.0 (Macintosh; Intel Mac OS X 10_15_7) AppleWebKit/537.36 (KHTML, like Gecko) Chrome/145.0.0.0 Safari/537.36 (compatible; meta-externalagent/1.1 (+https://developers.facebook.com/docs/sharing/webmasters/crawler))"
17.22.253.224 - - [18/Aug/2026:12:28:37 +0000] "GET /wp-content/plugins/woocommerce/assets/js/jquery-blockui/jquery.blockUI.min.js?ver=2.7.0-wc.11.0.1 HTTP/2" 200 3277 "https://glamourflooringla.com/" "Mozilla/5.0 (Macintosh; Intel Mac OS X 10_15_7) AppleWebKit/605.1.15 (KHTML, like Gecko) Version/17.4 Safari/605.1.15 (Applebot/0.1; +http://www.apple.com/go/applebot)"
17.22.253.224 - - [18/Aug/2026:12:28:39 +0000] "GET /wp-content/plugins/woocommerce/assets/js/frontend/add-to-cart.min.js?ver=11.0.1 HTTP/2" 200 1296 "https://glamourflooringla.com/" "Mozilla/5.0 (Macintosh; Intel Mac OS X 10_15_7) AppleWebKit/605.1.15 (KHTML, like Gecko) Version/17.4 Safari/605.1.15 (Applebot/0.1; +http://www.apple.com/go/applebot)"
144.76.19.157 - - [18/Aug/2026:12:28:38 +0000] "GET /product/kumo/?add_to_wishlist=18425&_wpnonce=3b8935374b HTTP/1.1" 200 45012 "-" "Mozilla/5.0 (compatible; SERankingBacklinksBot/1.0; +https://seranking.com/backlinks-crawler)"
216.73.217.13 - - [18/Aug/2026:12:28:40 +0000] "GET /tag/laminate-flooring-installation-woodland-hills/ HTTP/2" 429 0 "-" "Mozilla/5.0 AppleWebKit/537.36 (KHTML, like Gecko; compatible; ClaudeBot/1.0; +claudebot@anthropic.com)"
17.22.253.224 - - [18/Aug/2026:12:28:40 +0000] "GET /wp-content/plugins/woocommerce/assets/js/js-cookie/js.cookie.min.js?ver=2.1.4-wc.11.0.1 HTTP/2" 200 760 "https://glamourflooringla.com/" "Mozilla/5.0 (Macintosh; Intel Mac OS X 10_15_7) AppleWebKit/605.1.15 (KHTML, like Gecko) Version/17.4 Safari/605.1.15 (Applebot/0.1; +http://www.apple.com/go/applebot)"
17.22.253.224 - - [18/Aug/2026:12:28:42 +0000] "GET /wp-content/plugins/wp-live-chat-software-for-wordpress/includes/js/textConnect.js?ver=5.0.12 HTTP/2" 200 319 "https://glamourflooringla.com/" "Mozilla/5.0 (Macintosh; Intel Mac OS X 10_15_7) AppleWebKit/605.1.15 (KHTML, like Gecko) Version/17.4 Safari/605.1.15 (Applebot/0.1; +http://www.apple.com/go/applebot)"
17.22.253.224 - - [18/Aug/2026:12:28:43 +0000] "GET /wp-includes/js/dist/hooks.min.js?ver=7496969728ca0f95732d HTTP/2" 200 1734 "https://glamourflooringla.com/" "Mozilla/5.0 (Macintosh; Intel Mac OS X 10_15_7) AppleWebKit/605.1.15 (KHTML, like Gecko) Version/17.4 Safari/605.1.15 (Applebot/0.1; +http://www.apple.com/go/applebot)"
144.76.19.157 - - [18/Aug/2026:12:28:44 +0000] "GET /product/kumo/?add_to_wishlist=18425&_wpnonce=7fc678ce79 HTTP/1.1" 301 0 "-" "Mozilla/5.0 (compatible; SERankingBacklinksBot/1.0; +https://seranking.com/backlinks-crawler)"
17.22.253.224 - - [18/Aug/2026:12:28:45 +0000] "GET /wp-includes/js/dist/i18n.min.js?ver=781d11515ad3d91786ec HTTP/2" 200 2354 "https://glamourflooringla.com/" "Mozilla/5.0 (Macintosh; Intel Mac OS X 10_15_7) AppleWebKit/605.1.15 (KHTML, like Gecko) Version/17.4 Safari/605.1.15 (Applebot/0.1; +http://www.apple.com/go/applebot)"
216.73.217.13 - - [18/Aug/2026:12:28:45 +0000] "GET /product/maple-gardens/?add_to_wishlist=18379 HTTP/2" 429 0 "-" "Mozilla/5.0 AppleWebKit/537.36 (KHTML, like Gecko; compatible; ClaudeBot/1.0; +claudebot@anthropic.com)"
17.22.253.224 - - [18/Aug/2026:12:28:46 +0000] "GET /wp-content/plugins/contact-form-7/includes/swv/js/index.js?ver=6.1.7 HTTP/2" 200 3369 "https://glamourflooringla.com/" "Mozilla/5.0 (Macintosh; Intel Mac OS X 10_15_7) AppleWebKit/605.1.15 (KHTML, like Gecko) Version/17.4 Safari/605.1.15 (Applebot/0.1; +http://www.apple.com/go/applebot)"
144.76.19.157 - - [18/Aug/2026:12:28:46 +0000] "GET /product/kumo/?add_to_wishlist=18425&_wpnonce=7fc678ce79 HTTP/1.1" 200 45017 "-" "Mozilla/5.0 (compatible; SERankingBacklinksBot/1.0; +https://seranking.com/backlinks-crawler)"
17.22.253.224 - - [18/Aug/2026:12:28:47 +0000] "GET /wp-content/plugins/contact-form-7/includes/js/index.js?ver=6.1.7 HTTP/2" 200 4008 "https://glamourflooringla.com/" "Mozilla/5.0 (Macintosh; Intel Mac OS X 10_15_7) AppleWebKit/605.1.15 (KHTML, like Gecko) Version/17.4 Safari/605.1.15 (Applebot/0.1; +http://www.apple.com/go/applebot)"
17.22.253.224 - - [18/Aug/2026:12:28:49 +0000] "GET /wp-content/plugins/date-time-picker-for-contact-form-7/assets/js/jquery.datetimepicker.full.min.js?ver=7.0.4 HTTP/2" 200 18741 "https://glamourflooringla.com/" "Mozilla/5.0 (Macintosh; Intel Mac OS X 10_15_7) AppleWebKit/605.1.15 (KHTML, like Gecko) Version/17.4 Safari/605.1.15 (Applebot/0.1; +http://www.apple.com/go/applebot)"
17.22.253.224 - - [18/Aug/2026:12:28:50 +0000] "GET /wp-content/plugins/date-time-picker-for-contact-form-7/assets/js/datetimepicker.js?ver=1.0.0 HTTP/2" 200 556 "https://glamourflooringla.com/" "Mozilla/5.0 (Macintosh; Intel Mac OS X 10_15_7) AppleWebKit/605.1.15 (KHTML, like Gecko) Version/17.4 Safari/605.1.15 (Applebot/0.1; +http://www.apple.com/go/applebot)"
216.73.217.13 - - [18/Aug/2026:12:28:51 +0000] "GET /product/lake-point/?add_to_wishlist=18492 HTTP/2" 429 0 "-" "Mozilla/5.0 AppleWebKit/537.36 (KHTML, like Gecko; compatible; ClaudeBot/1.0; +claudebot@anthropic.com)"
144.76.19.157 - - [18/Aug/2026:12:28:51 +0000] "GET /product/kumo/?add_to_wishlist=18425&_wpnonce=ee2ab5adbb HTTP/1.1" 301 0 "-" "Mozilla/5.0 (compatible; SERankingBacklinksBot/1.0; +https://seranking.com/backlinks-crawler)"
17.22.253.224 - - [18/Aug/2026:12:28:52 +0000] "GET /wp-content/plugins/woocommerce/assets/js/frontend/woocommerce.min.js?ver=11.0.1 HTTP/2" 200 1384 "https://glamourflooringla.com/" "Mozilla/5.0 (Macintosh; Intel Mac OS X 10_15_7) AppleWebKit/605.1.15 (KHTML, like Gecko) Version/17.4 Safari/605.1.15 (Applebot/0.1; +http://www.apple.com/go/applebot)"
17.22.253.224 - - [18/Aug/2026:12:28:53 +0000] "GET /wp-includes/js/hoverIntent.min.js?ver=1.10.2 HTTP/2" 200 668 "https://glamourflooringla.com/" "Mozilla/5.0 (Macintosh; Intel Mac OS X 10_15_7) AppleWebKit/605.1.15 (KHTML, like Gecko) Version/17.4 Safari/605.1.15 (Applebot/0.1; +http://www.apple.com/go/applebot)"
216.73.217.13 - - [18/Aug/2026:12:28:54 +0000] "GET /tag/laminate-flooring-store-in-woodland-hills/ HTTP/2" 429 0 "-" "Mozilla/5.0 AppleWebKit/537.36 (KHTML, like Gecko; compatible; ClaudeBot/1.0; +claudebot@anthropic.com)"
144.76.19.157 - - [18/Aug/2026:12:28:53 +0000] "GET /product/kumo/?add_to_wishlist=18425&_wpnonce=ee2ab5adbb HTTP/1.1" 200 45004 "-" "Mozilla/5.0 (compatible; SERankingBacklinksBot/1.0; +https://seranking.com/backlinks-crawler)"
17.22.253.224 - - [18/Aug/2026:12:28:55 +0000] "GET /wp-content/themes/flatsome/assets/js/flatsome.js?ver=e2eddd6c228105dac048 HTTP/2" 200 18337 "https://glamourflooringla.com/" "Mozilla/5.0 (Macintosh; Intel Mac OS X 10_15_7) AppleWebKit/605.1.15 (KHTML, like Gecko) Version/17.4 Safari/605.1.15 (Applebot/0.1; +http://www.apple.com/go/applebot)"
216.73.217.13 - - [18/Aug/2026:12:28:56 +0000] "GET /product/lake-point/?add_to_wishlist=18389 HTTP/2" 429 0 "-" "Mozilla/5.0 AppleWebKit/537.36 (KHTML, like Gecko; compatible; ClaudeBot/1.0; +claudebot@anthropic.com)"
17.22.253.224 - - [18/Aug/2026:12:28:56 +0000] "GET /wp-content/themes/flatsome/inc/integrations/wc-yith-wishlist/wishlist.js?ver=3.20.5 HTTP/2" 200 638 "https://glamourflooringla.com/" "Mozilla/5.0 (Macintosh; Intel Mac OS X 10_15_7) AppleWebKit/605.1.15 (KHTML, like Gecko) Version/17.4 Safari/605.1.15 (Applebot/0.1; +http://www.apple.com/go/applebot)"
17.22.253.224 - - [18/Aug/2026:12:28:58 +0000] "GET /wp-content/themes/flatsome/assets/js/extensions/flatsome-live-search.js?ver=3.20.5 HTTP/2" 200 4422 "https://glamourflooringla.com/" "Mozilla/5.0 (Macintosh; Intel Mac OS X 10_15_7) AppleWebKit/605.1.15 (KHTML, like Gecko) Version/17.4 Safari/605.1.15 (Applebot/0.1; +http://www.apple.com/go/applebot)"
144.76.19.157 - - [18/Aug/2026:12:28:58 +0000] "GET /product/kumo/?add_to_wishlist=18428&_wpnonce=32cc803d74 HTTP/1.1" 301 0 "-" "Mozilla/5.0 (compatible; SERankingBacklinksBot/1.0; +https://seranking.com/backlinks-crawler)"
17.22.253.224 - - [18/Aug/2026:12:28:59 +0000] "GET /wp-content/plugins/elementor/assets/js/webpack.runtime.min.js?ver=4.2.2 HTTP/2" 200 2335 "https://glamourflooringla.com/" "Mozilla/5.0 (Macintosh; Intel Mac OS X 10_15_7) AppleWebKit/605.1.15 (KHTML, like Gecko) Version/17.4 Safari/605.1.15 (Applebot/0.1; +http://www.apple.com/go/applebot)"
17.22.253.224 - - [18/Aug/2026:12:29:00 +0000] "GET /wp-content/plugins/elementor/assets/js/frontend-modules.min.js?ver=4.2.2 HTTP/2" 200 15445 "https://glamourflooringla.com/" "Mozilla/5.0 (Macintosh; Intel Mac OS X 10_15_7) AppleWebKit/605.1.15 (KHTML, like Gecko) Version/17.4 Safari/605.1.15 (Applebot/0.1; +http://www.apple.com/go/applebot)"
144.76.19.157 - - [18/Aug/2026:12:29:00 +0000] "GET /product/kumo/?add_to_wishlist=18428&_wpnonce=32cc803d74 HTTP/1.1" 200 44988 "-" "Mozilla/5.0 (compatible; SERankingBacklinksBot/1.0; +https://seranking.com/backlinks-crawler)"
17.22.253.224 - - [18/Aug/2026:12:29:02 +0000] "GET /wp-includes/js/jquery/ui/core.min.js?ver=1.13.3 HTTP/2" 200 6812 "https://glamourflooringla.com/" "Mozilla/5.0 (Macintosh; Intel Mac OS X 10_15_7) AppleWebKit/605.1.15 (KHTML, like Gecko) Version/17.4 Safari/605.1.15 (Applebot/0.1; +http://www.apple.com/go/applebot)"
17.22.253.224 - - [18/Aug/2026:12:29:03 +0000] "GET /wp-content/plugins/elementor/assets/js/frontend.min.js?ver=4.2.2 HTTP/2" 200 10124 "https://glamourflooringla.com/" "Mozilla/5.0 (Macintosh; Intel Mac OS X 10_15_7) AppleWebKit/605.1.15 (KHTML, like Gecko) Version/17.4 Safari/605.1.15 (Applebot/0.1; +http://www.apple.com/go/applebot)"
216.73.217.13 - - [18/Aug/2026:12:29:05 +0000] "GET /product/cliff-cottage/?add_to_wishlist=18492 HTTP/2" 429 0 "-" "Mozilla/5.0 AppleWebKit/537.36 (KHTML, like Gecko; compatible; ClaudeBot/1.0; +claudebot@anthropic.com)"
17.22.253.224 - - [18/Aug/2026:12:29:05 +0000] "GET /wp-content/plugins/testimonial-slider-and-showcase/assets/vendor/swiper/swiper.min.js?ver=2.4.2 HTTP/2" 200 37996 "https://glamourflooringla.com/" "Mozilla/5.0 (Macintosh; Intel Mac OS X 10_15_7) AppleWebKit/605.1.15 (KHTML, like Gecko) Version/17.4 Safari/605.1.15 (Applebot/0.1; +http://www.apple.com/go/applebot)"
17.22.253.224 - - [18/Aug/2026:12:29:06 +0000] "GET /wp-content/plugins/woocommerce/assets/js/sourcebuster/sourcebuster.min.js?ver=11.0.1 HTTP/2" 200 4609 "https://glamourflooringla.com/" "Mozilla/5.0 (Macintosh; Intel Mac OS X 10_15_7) AppleWebKit/605.1.15 (KHTML, like Gecko) Version/17.4 Safari/605.1.15 (Applebot/0.1; +http://www.apple.com/go/applebot)"
144.76.19.157 - - [18/Aug/2026:12:29:06 +0000] "GET /product/kumo/?add_to_wishlist=18428&_wpnonce=3b8935374b HTTP/1.1" 301 0 "-" "Mozilla/5.0 (compatible; SERankingBacklinksBot/1.0; +https://seranking.com/backlinks-crawler)"
17.22.253.224 - - [18/Aug/2026:12:29:08 +0000] "GET /wp-content/plugins/woocommerce/assets/js/frontend/order-attribution.min.js?ver=11.0.1 HTTP/2" 200 1020 "https://glamourflooringla.com/" "Mozilla/5.0 (Macintosh; Intel Mac OS X 10_15_7) AppleWebKit/605.1.15 (KHTML, like Gecko) Version/17.4 Safari/605.1.15 (Applebot/0.1; +http://www.apple.com/go/applebot)"
144.76.19.157 - - [18/Aug/2026:12:29:08 +0000] "GET /product/kumo/?add_to_wishlist=18428&_wpnonce=3b8935374b HTTP/1.1" 200 45028 "-" "Mozilla/5.0 (compatible; SERankingBacklinksBot/1.0; +https://seranking.com/backlinks-crawler)"
17.22.253.224 - - [18/Aug/2026:12:29:09 +0000] "GET /wp-content/plugins/variation-swatches-for-woocommerce/assets/js/frontend.js?ver=2.2.7 HTTP/2" 200 3417 "https://glamourflooringla.com/" "Mozilla/5.0 (Macintosh; Intel Mac OS X 10_15_7) AppleWebKit/605.1.15 (KHTML, like Gecko) Version/17.4 Safari/605.1.15 (Applebot/0.1; +http://www.apple.com/go/applebot)"
17.22.253.224 - - [18/Aug/2026:12:29:11 +0000] "GET /wp-content/plugins/elementskit-lite/widgets/init/assets/js/widgets/core.js?ver=4.0.1 HTTP/2" 200 1157 "https://glamourflooringla.com/" "Mozilla/5.0 (Macintosh; Intel Mac OS X 10_15_7) AppleWebKit/605.1.15 (KHTML, like Gecko) Version/17.4 Safari/605.1.15 (Applebot/0.1; +http://www.apple.com/go/applebot)"
17.22.253.224 - - [18/Aug/2026:12:29:12 +0000] "GET /wp-content/plugins/elementskit-lite/widgets/init/assets/js/widgets/nav-menu.js?ver=4.0.1 HTTP/2" 200 848 "https://glamourflooringla.com/" "Mozilla/5.0 (Macintosh; Intel Mac OS X 10_15_7) AppleWebKit/605.1.15 (KHTML, like Gecko) Version/17.4 Safari/605.1.15 (Applebot/0.1; +http://www.apple.com/go/applebot)"
17.22.253.224 - - [18/Aug/2026:12:29:13 +0000] "GET /wp-content/plugins/elementskit-lite/assets/libs/magnific-popup/jquery.magnific-popup.min.js?ver=4.0.1 HTTP/2" 200 7252 "https://glamourflooringla.com/" "Mozilla/5.0 (Macintosh; Intel Mac OS X 10_15_7) AppleWebKit/605.1.15 (KHTML, like Gecko) Version/17.4 Safari/605.1.15 (Applebot/0.1; +http://www.apple.com/go/applebot)"
144.76.19.157 - - [18/Aug/2026:12:29:14 +0000] "GET /product/kumo/?add_to_wishlist=18428&_wpnonce=7fc678ce79 HTTP/1.1" 301 0 "-" "Mozilla/5.0 (compatible; SERankingBacklinksBot/1.0; +https://seranking.com/backlinks-crawler)"
216.73.217.13 - - [18/Aug/2026:12:29:15 +0000] "GET /product/city-pointe/?add_to_wishlist=18389 HTTP/2" 429 0 "-" "Mozilla/5.0 AppleWebKit/537.36 (KHTML, like Gecko; compatible; ClaudeBot/1.0; +claudebot@anthropic.com)"
17.22.253.224 - - [18/Aug/2026:12:29:15 +0000] "GET /wp-content/plugins/elementskit-lite/widgets/init/assets/js/nav-menu.js?ver=4.0.1 HTTP/2" 200 607 "https://glamourflooringla.com/" "Mozilla/5.0 (Macintosh; Intel Mac OS X 10_15_7) AppleWebKit/605.1.15 (KHTML, like Gecko) Version/17.4 Safari/605.1.15 (Applebot/0.1; +http://www.apple.com/go/applebot)"
17.22.253.224 - - [18/Aug/2026:12:29:16 +0000] "GET /wp-content/plugins/elementskit-lite/widgets/init/assets/js/widgets/header-search.js?ver=4.0.1 HTTP/2" 200 298 "https://glamourflooringla.com/" "Mozilla/5.0 (Macintosh; Intel Mac OS X 10_15_7) AppleWebKit/605.1.15 (KHTML, like Gecko) Version/17.4 Safari/605.1.15 (Applebot/0.1; +http://www.apple.com/go/applebot)"
144.76.19.157 - - [18/Aug/2026:12:29:16 +0000] "GET /product/kumo/?add_to_wishlist=18428&_wpnonce=7fc678ce79 HTTP/1.1" 200 45099 "-" "Mozilla/5.0 (compatible; SERankingBacklinksBot/1.0; +https://seranking.com/backlinks-crawler)"
165.22.61.88 - - [18/Aug/2026:12:29:15 +0000] "GET /wp-content/uploads/2020/08/Still-25-2048x1366.jpg HTTP/1.1" 301 0 "https://www.glamourflooringla.com/" "Mozilla/5.0 (Windows NT 10.0; Win64; x64) AppleWebKit/537.36 (KHTML, like Gecko) Chrome/111.0.0.0 Safari/537.36"
17.22.253.224 - - [18/Aug/2026:12:29:18 +0000] "GET /wp-content/plugins/elementskit-lite/widgets/init/assets/js/widgets/header-offcanvas.js?ver=4.0.1 HTTP/2" 200 236 "https://glamourflooringla.com/" "Mozilla/5.0 (Macintosh; Intel Mac OS X 10_15_7) AppleWebKit/605.1.15 (KHTML, like Gecko) Version/17.4 Safari/605.1.15 (Applebot/0.1; +http://www.apple.com/go/applebot)"
165.22.61.88 - - [18/Aug/2026:12:29:18 +0000] "GET / HTTP/1.1" 301 0 "https://www.glamourflooringla.com/" "Mozilla/5.0 (Windows NT 10.0; Win64; x64) AppleWebKit/537.36 (KHTML, like Gecko) Chrome/111.0.0.0 Safari/537.36"
165.22.61.88 - - [18/Aug/2026:12:29:19 +0000] "GET / HTTP/1.1" 200 54129 "https://www.glamourflooringla.com/" "Mozilla/5.0 (Windows NT 10.0; Win64; x64) AppleWebKit/537.36 (KHTML, like Gecko) Chrome/111.0.0.0 Safari/537.36"
17.22.253.224 - - [18/Aug/2026:12:29:19 +0000] "GET /wp-content/themes/flatsome/assets/js/woocommerce.js?ver=1c9be63d628ff7c3ff4c HTTP/2" 200 7932 "https://glamourflooringla.com/" "Mozilla/5.0 (Macintosh; Intel Mac OS X 10_15_7) AppleWebKit/605.1.15 (KHTML, like Gecko) Version/17.4 Safari/605.1.15 (Applebot/0.1; +http://www.apple.com/go/applebot)"
216.73.217.13 - - [18/Aug/2026:12:29:19 +0000] "GET /product/cliff-cottage/?add_to_wishlist=18379 HTTP/2" 429 0 "-" "Mozilla/5.0 AppleWebKit/537.36 (KHTML, like Gecko; compatible; ClaudeBot/1.0; +claudebot@anthropic.com)"
17.22.253.224 - - [18/Aug/2026:12:29:21 +0000] "GET /wp-content/plugins/woocommerce/assets/js/frontend/cart-fragments.min.js?ver=11.0.1 HTTP/2" 200 943 "https://glamourflooringla.com/" "Mozilla/5.0 (Macintosh; Intel Mac OS X 10_15_7) AppleWebKit/605.1.15 (KHTML, like Gecko) Version/17.4 Safari/605.1.15 (Applebot/0.1; +http://www.apple.com/go/applebot)"
144.76.19.157 - - [18/Aug/2026:12:29:21 +0000] "GET /product/kumo/?add_to_wishlist=18428&_wpnonce=ee2ab5adbb HTTP/1.1" 301 0 "-" "Mozilla/5.0 (compatible; SERankingBacklinksBot/1.0; +https://seranking.com/backlinks-crawler)"
17.22.253.224 - - [18/Aug/2026:12:29:22 +0000] "GET /wp-content/plugins/wpcf7-recaptcha/assets/js/wpcf7-recaptcha-controls.js?ver=1.2 HTTP/2" 200 590 "https://glamourflooringla.com/" "Mozilla/5.0 (Macintosh; Intel Mac OS X 10_15_7) AppleWebKit/605.1.15 (KHTML, like Gecko) Version/17.4 Safari/605.1.15 (Applebot/0.1; +http://www.apple.com/go/applebot)"
17.22.253.224 - - [18/Aug/2026:12:29:23 +0000] "GET /wp-content/plugins/elementor-pro/assets/js/webpack-pro.runtime.min.js?ver=4.2.1 HTTP/2" 200 2610 "https://glamourflooringla.com/" "Mozilla/5.0 (Macintosh; Intel Mac OS X 10_15_7) AppleWebKit/605.1.15 (KHTML, like Gecko) Version/17.4 Safari/605.1.15 (Applebot/0.1; +http://www.apple.com/go/applebot)"
144.76.19.157 - - [18/Aug/2026:12:29:23 +0000] "GET /product/kumo/?add_to_wishlist=18428&_wpnonce=ee2ab5adbb HTTP/1.1" 200 45020 "-" "Mozilla/5.0 (compatible; SERankingBacklinksBot/1.0; +https://seranking.com/backlinks-crawler)"
