144.76.19.157 - - [18/Aug/2026:15:38:55 +0000] "GET /product/midland-tecsun/?add_to_wishlist=15489&_wpnonce=bbb71dd7ae HTTP/1.1" 200 44953 "-" "Mozilla/5.0 (compatible; SERankingBacklinksBot/1.0; +https://seranking.com/backlinks-crawler)"
83.99.206.1 - - [18/Aug/2026:15:39:00 +0000] "GET /product/bristol-provenza-floors/ HTTP/1.1" 200 38553 "-" "Mozilla/5.0 (X11; Linux x86_64) AppleWebKit/537.36 (KHTML, like Gecko; GeedoShopProductFinder) Chrome/142.0.0.0 Safari/537.36"
144.76.19.157 - - [18/Aug/2026:15:39:00 +0000] "GET /product/midland-tecsun/?add_to_wishlist=15495&_wpnonce=bbb71dd7ae HTTP/1.1" 301 0 "-" "Mozilla/5.0 (compatible; SERankingBacklinksBot/1.0; +https://seranking.com/backlinks-crawler)"
144.76.19.157 - - [18/Aug/2026:15:39:02 +0000] "GET /product/midland-tecsun/?add_to_wishlist=15495&_wpnonce=bbb71dd7ae HTTP/1.1" 200 44899 "-" "Mozilla/5.0 (compatible; SERankingBacklinksBot/1.0; +https://seranking.com/backlinks-crawler)"
144.76.19.157 - - [18/Aug/2026:15:39:07 +0000] "GET /product/midland-tecsun/?add_to_wishlist=15507&_wpnonce=bbb71dd7ae HTTP/1.1" 301 0 "-" "Mozilla/5.0 (compatible; SERankingBacklinksBot/1.0; +https://seranking.com/backlinks-crawler)"
144.76.19.157 - - [18/Aug/2026:15:39:08 +0000] "GET /product/midland-tecsun/?add_to_wishlist=15507&_wpnonce=bbb71dd7ae HTTP/1.1" 200 44985 "-" "Mozilla/5.0 (compatible; SERankingBacklinksBot/1.0; +https://seranking.com/backlinks-crawler)"
144.76.19.157 - - [18/Aug/2026:15:39:12 +0000] "GET /product/midland-tecsun/?add_to_wishlist=15510&_wpnonce=44202cc6af HTTP/1.1" 301 0 "-" "Mozilla/5.0 (compatible; SERankingBacklinksBot/1.0; +https://seranking.com/backlinks-crawler)"
144.76.19.157 - - [18/Aug/2026:15:39:13 +0000] "GET /product/midland-tecsun/?add_to_wishlist=15510&_wpnonce=44202cc6af HTTP/1.1" 200 44987 "-" "Mozilla/5.0 (compatible; SERankingBacklinksBot/1.0; +https://seranking.com/backlinks-crawler)"
144.76.19.157 - - [18/Aug/2026:15:39:18 +0000] "GET /product/midland-tecsun/?add_to_wishlist=15510&_wpnonce=bbb71dd7ae HTTP/1.1" 301 0 "-" "Mozilla/5.0 (compatible; SERankingBacklinksBot/1.0; +https://seranking.com/backlinks-crawler)"
83.99.206.1 - - [18/Aug/2026:15:39:19 +0000] "GET /tag/summit-peak-estates/ HTTP/1.1" 200 30481 "-" "Mozilla/5.0 (X11; Linux x86_64) AppleWebKit/537.36 (KHTML, like Gecko; GeedoShopProductFinder) Chrome/142.0.0.0 Safari/537.36"
144.76.19.157 - - [18/Aug/2026:15:39:20 +0000] "GET /product/midland-tecsun/?add_to_wishlist=15510&_wpnonce=bbb71dd7ae HTTP/1.1" 200 44946 "-" "Mozilla/5.0 (compatible; SERankingBacklinksBot/1.0; +https://seranking.com/backlinks-crawler)"
144.76.19.157 - - [18/Aug/2026:15:39:25 +0000] "GET /product/midland-tecsun/?add_to_wishlist=15515&_wpnonce=32cc803d74 HTTP/1.1" 301 0 "-" "Mozilla/5.0 (compatible; SERankingBacklinksBot/1.0; +https://seranking.com/backlinks-crawler)"
112.86.225.156 - - [18/Aug/2026:15:39:27 +0000] "GET /product/ridgeline-3/ HTTP/1.1" 301 0 "-" "Sogou web spider/4.0(+http://www.sogou.com/docs/help/webmasters.htm#07)"
144.76.19.157 - - [18/Aug/2026:15:39:27 +0000] "GET /product/midland-tecsun/?add_to_wishlist=15515&_wpnonce=32cc803d74 HTTP/1.1" 200 44980 "-" "Mozilla/5.0 (compatible; SERankingBacklinksBot/1.0; +https://seranking.com/backlinks-crawler)"
112.86.225.156 - - [18/Aug/2026:15:39:29 +0000] "GET / HTTP/1.1" 301 0 "-" "Sogou web spider/4.0(+http://www.sogou.com/docs/help/webmasters.htm#07)"
112.86.225.156 - - [18/Aug/2026:15:39:33 +0000] "GET / HTTP/1.1" 200 54129 "-" "Sogou web spider/4.0(+http://www.sogou.com/docs/help/webmasters.htm#07)"
192.250.227.238 - - [18/Aug/2026:15:39:34 +0000] "POST /wp-cron.php?doing_wp_cron=1787067573.8918159008026123046875 HTTP/1.1" 200 0 "-" "WordPress/7.0.4; https://glamourflooringla.com"
144.76.19.157 - - [18/Aug/2026:15:39:33 +0000] "GET /product/midland-tecsun/?add_to_wishlist=15519&_wpnonce=44202cc6af HTTP/1.1" 301 0 "-" "Mozilla/5.0 (compatible; SERankingBacklinksBot/1.0; +https://seranking.com/backlinks-crawler)"
57.141.4.14 - - [18/Aug/2026:15:39:34 +0000] "GET /detail/370672440806 HTTP/2" 429 0 "-" "Mozilla/5.0 (Windows NT 10.0; Win64; x64) AppleWebKit/537.36 (KHTML, like Gecko) Chrome/145.0.0.0 Safari/537.36 (compatible; meta-externalagent/1.1 (+https://developers.facebook.com/docs/sharing/webmasters/crawler))"
144.76.19.157 - - [18/Aug/2026:15:39:35 +0000] "GET /product/midland-tecsun/?add_to_wishlist=15519&_wpnonce=44202cc6af HTTP/1.1" 200 44914 "-" "Mozilla/5.0 (compatible; SERankingBacklinksBot/1.0; +https://seranking.com/backlinks-crawler)"
144.76.19.157 - - [18/Aug/2026:15:39:40 +0000] "GET /product/midland-tecsun/?add_to_wishlist=15519&_wpnonce=bbb71dd7ae HTTP/1.1" 301 0 "-" "Mozilla/5.0 (compatible; SERankingBacklinksBot/1.0; +https://seranking.com/backlinks-crawler)"
83.99.206.86 - - [18/Aug/2026:15:39:40 +0000] "GET /mega-clic-grand-legend-wpc-flooring/ HTTP/1.1" 200 34455 "-" "Mozilla/5.0 (X11; Linux x86_64) AppleWebKit/537.36 (KHTML, like Gecko; GeedoShopProductFinder) Chrome/142.0.0.0 Safari/537.36"
144.76.19.157 - - [18/Aug/2026:15:39:42 +0000] "GET /product/midland-tecsun/?add_to_wishlist=15519&_wpnonce=bbb71dd7ae HTTP/1.1" 200 45051 "-" "Mozilla/5.0 (compatible; SERankingBacklinksBot/1.0; +https://seranking.com/backlinks-crawler)"
144.76.19.157 - - [18/Aug/2026:15:39:48 +0000] "GET /product/midland-tecsun/?add_to_wishlist=15521&_wpnonce=32cc803d74 HTTP/1.1" 301 0 "-" "Mozilla/5.0 (compatible; SERankingBacklinksBot/1.0; +https://seranking.com/backlinks-crawler)"
144.76.19.157 - - [18/Aug/2026:15:39:50 +0000] "GET /product/midland-tecsun/?add_to_wishlist=15521&_wpnonce=32cc803d74 HTTP/1.1" 200 44947 "-" "Mozilla/5.0 (compatible; SERankingBacklinksBot/1.0; +https://seranking.com/backlinks-crawler)"
144.76.19.157 - - [18/Aug/2026:15:39:55 +0000] "GET /product/midland-tecsun/?add_to_wishlist=15521&_wpnonce=bbb71dd7ae HTTP/1.1" 301 0 "-" "Mozilla/5.0 (compatible; SERankingBacklinksBot/1.0; +https://seranking.com/backlinks-crawler)"
144.76.19.157 - - [18/Aug/2026:15:39:57 +0000] "GET /product/midland-tecsun/?add_to_wishlist=15521&_wpnonce=bbb71dd7ae HTTP/1.1" 200 45075 "-" "Mozilla/5.0 (compatible; SERankingBacklinksBot/1.0; +https://seranking.com/backlinks-crawler)"
83.99.206.1 - - [18/Aug/2026:15:40:00 +0000] "GET /product/bosa-california-classics/ HTTP/1.1" 200 38406 "-" "Mozilla/5.0 (X11; Linux x86_64) AppleWebKit/537.36 (KHTML, like Gecko; GeedoShopProductFinder) Chrome/142.0.0.0 Safari/537.36"
144.76.19.157 - - [18/Aug/2026:15:40:03 +0000] "GET /product/midland-tecsun/?add_to_wishlist=15538&_wpnonce=32cc803d74 HTTP/1.1" 301 0 "-" "Mozilla/5.0 (compatible; SERankingBacklinksBot/1.0; +https://seranking.com/backlinks-crawler)"
144.76.19.157 - - [18/Aug/2026:15:40:05 +0000] "GET /product/midland-tecsun/?add_to_wishlist=15538&_wpnonce=32cc803d74 HTTP/1.1" 200 44937 "-" "Mozilla/5.0 (compatible; SERankingBacklinksBot/1.0; +https://seranking.com/backlinks-crawler)"
144.76.19.157 - - [18/Aug/2026:15:40:10 +0000] "GET /product/midland-tecsun/?add_to_wishlist=15540&_wpnonce=bbb71dd7ae HTTP/1.1" 301 0 "-" "Mozilla/5.0 (compatible; SERankingBacklinksBot/1.0; +https://seranking.com/backlinks-crawler)"
90.212.31.242 - - [18/Aug/2026:15:40:12 +0000] "GET /hardwood-special/?add_to_wishlist=18144&_wpnonce=a8791e907b HTTP/1.1" 200 42346 "-" "Mozilla/5.0 (Macintosh; Intel Mac OS X 11.6; rv:135.0) Gecko/20100101 Firefox/135.0"
144.76.19.157 - - [18/Aug/2026:15:40:12 +0000] "GET /product/midland-tecsun/?add_to_wishlist=15540&_wpnonce=bbb71dd7ae HTTP/1.1" 200 44935 "-" "Mozilla/5.0 (compatible; SERankingBacklinksBot/1.0; +https://seranking.com/backlinks-crawler)"
144.76.19.157 - - [18/Aug/2026:15:40:18 +0000] "GET /product/midland-tecsun/?add_to_wishlist=15542&_wpnonce=bbb71dd7ae HTTP/1.1" 301 0 "-" "Mozilla/5.0 (compatible; SERankingBacklinksBot/1.0; +https://seranking.com/backlinks-crawler)"
144.76.19.157 - - [18/Aug/2026:15:40:19 +0000] "GET /product/midland-tecsun/?add_to_wishlist=15542&_wpnonce=bbb71dd7ae HTTP/1.1" 200 44939 "-" "Mozilla/5.0 (compatible; SERankingBacklinksBot/1.0; +https://seranking.com/backlinks-crawler)"
144.76.19.157 - - [18/Aug/2026:15:40:23 +0000] "GET /product/midland-tecsun/?add_to_wishlist=15544&_wpnonce=bbb71dd7ae HTTP/1.1" 301 0 "-" "Mozilla/5.0 (compatible; SERankingBacklinksBot/1.0; +https://seranking.com/backlinks-crawler)"
144.76.19.157 - - [18/Aug/2026:15:40:24 +0000] "GET /product/midland-tecsun/?add_to_wishlist=15544&_wpnonce=bbb71dd7ae HTTP/1.1" 200 44944 "-" "Mozilla/5.0 (compatible; SERankingBacklinksBot/1.0; +https://seranking.com/backlinks-crawler)"
144.76.19.157 - - [18/Aug/2026:15:40:29 +0000] "GET /product/midland-tecsun/?add_to_wishlist=15547&_wpnonce=bbb71dd7ae HTTP/1.1" 301 0 "-" "Mozilla/5.0 (compatible; SERankingBacklinksBot/1.0; +https://seranking.com/backlinks-crawler)"
192.250.227.238 - - [18/Aug/2026:15:40:31 +0000] "POST /wp-cron.php?doing_wp_cron=1787067630.8878579139709472656250 HTTP/1.1" 200 0 "-" "WordPress/7.0.4; https://glamourflooringla.com"
144.76.19.157 - - [18/Aug/2026:15:40:30 +0000] "GET /product/midland-tecsun/?add_to_wishlist=15547&_wpnonce=bbb71dd7ae HTTP/1.1" 200 44963 "-" "Mozilla/5.0 (compatible; SERankingBacklinksBot/1.0; +https://seranking.com/backlinks-crawler)"
144.76.19.157 - - [18/Aug/2026:15:40:35 +0000] "GET /product/midland-tecsun/?add_to_wishlist=15549&_wpnonce=32cc803d74 HTTP/1.1" 301 0 "-" "Mozilla/5.0 (compatible; SERankingBacklinksBot/1.0; +https://seranking.com/backlinks-crawler)"
144.76.19.157 - - [18/Aug/2026:15:40:37 +0000] "GET /product/midland-tecsun/?add_to_wishlist=15549&_wpnonce=32cc803d74 HTTP/1.1" 200 44983 "-" "Mozilla/5.0 (compatible; SERankingBacklinksBot/1.0; +https://seranking.com/backlinks-crawler)"
57.141.4.3 - - [18/Aug/2026:15:40:41 +0000] "GET /detail/1057332849922 HTTP/2" 429 0 "-" "Mozilla/5.0 (Windows NT 10.0; Win64; x64) AppleWebKit/537.36 (KHTML, like Gecko) Chrome/145.0.0.0 Safari/537.36 (compatible; meta-externalagent/1.1 (+https://developers.facebook.com/docs/sharing/webmasters/crawler))"
144.76.19.157 - - [18/Aug/2026:15:40:42 +0000] "GET /product/midland-tecsun/?add_to_wishlist=15549&_wpnonce=bbb71dd7ae HTTP/1.1" 301 0 "-" "Mozilla/5.0 (compatible; SERankingBacklinksBot/1.0; +https://seranking.com/backlinks-crawler)"
144.76.19.157 - - [18/Aug/2026:15:40:44 +0000] "GET /product/midland-tecsun/?add_to_wishlist=15549&_wpnonce=bbb71dd7ae HTTP/1.1" 200 44906 "-" "Mozilla/5.0 (compatible; SERankingBacklinksBot/1.0; +https://seranking.com/backlinks-crawler)"
144.76.19.157 - - [18/Aug/2026:15:40:50 +0000] "GET /product/midland-tecsun/?add_to_wishlist=15551&_wpnonce=bbb71dd7ae HTTP/1.1" 301 0 "-" "Mozilla/5.0 (compatible; SERankingBacklinksBot/1.0; +https://seranking.com/backlinks-crawler)"
144.76.19.157 - - [18/Aug/2026:15:40:52 +0000] "GET /product/midland-tecsun/?add_to_wishlist=15551&_wpnonce=bbb71dd7ae HTTP/1.1" 200 44978 "-" "Mozilla/5.0 (compatible; SERankingBacklinksBot/1.0; +https://seranking.com/backlinks-crawler)"
144.76.19.157 - - [18/Aug/2026:15:40:57 +0000] "GET /product/midland-tecsun/?add_to_wishlist=15552&_wpnonce=bbb71dd7ae HTTP/1.1" 301 0 "-" "Mozilla/5.0 (compatible; SERankingBacklinksBot/1.0; +https://seranking.com/backlinks-crawler)"
144.76.19.157 - - [18/Aug/2026:15:40:59 +0000] "GET /product/midland-tecsun/?add_to_wishlist=15552&_wpnonce=bbb71dd7ae HTTP/1.1" 200 45043 "-" "Mozilla/5.0 (compatible; SERankingBacklinksBot/1.0; +https://seranking.com/backlinks-crawler)"
144.76.19.157 - - [18/Aug/2026:15:41:04 +0000] "GET /product/midland-tecsun/?add_to_wishlist=15555&_wpnonce=32cc803d74 HTTP/1.1" 301 0 "-" "Mozilla/5.0 (compatible; SERankingBacklinksBot/1.0; +https://seranking.com/backlinks-crawler)"
144.76.19.157 - - [18/Aug/2026:15:41:06 +0000] "GET /product/midland-tecsun/?add_to_wishlist=15555&_wpnonce=32cc803d74 HTTP/1.1" 200 44919 "-" "Mozilla/5.0 (compatible; SERankingBacklinksBot/1.0; +https://seranking.com/backlinks-crawler)"
144.76.19.157 - - [18/Aug/2026:15:41:10 +0000] "GET /product/midland-tecsun/?add_to_wishlist=15555&_wpnonce=bbb71dd7ae HTTP/1.1" 301 0 "-" "Mozilla/5.0 (compatible; SERankingBacklinksBot/1.0; +https://seranking.com/backlinks-crawler)"
144.76.19.157 - - [18/Aug/2026:15:41:11 +0000] "GET /product/midland-tecsun/?add_to_wishlist=15555&_wpnonce=bbb71dd7ae HTTP/1.1" 200 45055 "-" "Mozilla/5.0 (compatible; SERankingBacklinksBot/1.0; +https://seranking.com/backlinks-crawler)"
144.76.19.157 - - [18/Aug/2026:15:41:16 +0000] "GET /product/midland-tecsun/?add_to_wishlist=15559&_wpnonce=bbb71dd7ae HTTP/1.1" 301 0 "-" "Mozilla/5.0 (compatible; SERankingBacklinksBot/1.0; +https://seranking.com/backlinks-crawler)"
144.76.19.157 - - [18/Aug/2026:15:41:17 +0000] "GET /product/midland-tecsun/?add_to_wishlist=15559&_wpnonce=bbb71dd7ae HTTP/1.1" 200 44987 "-" "Mozilla/5.0 (compatible; SERankingBacklinksBot/1.0; +https://seranking.com/backlinks-crawler)"
144.76.19.157 - - [18/Aug/2026:15:41:22 +0000] "GET /product/midland-tecsun/?add_to_wishlist=15560&_wpnonce=bbb71dd7ae HTTP/1.1" 301 0 "-" "Mozilla/5.0 (compatible; SERankingBacklinksBot/1.0; +https://seranking.com/backlinks-crawler)"
66.249.82.66 - - [18/Aug/2026:15:41:22 +0000] "GET /wp-content/uploads/2020/08/Still-62short-1067x800.jpg HTTP/1.1" 301 0 "-" "Mozilla/5.0 (Windows NT 5.1; rv:11.0) Gecko Firefox/11.0 (via ggpht.com GoogleImageProxy)"
66.249.82.67 - - [18/Aug/2026:15:41:24 +0000] "GET / HTTP/1.1" 301 0 "-" "Mozilla/5.0 (Windows NT 5.1; rv:11.0) Gecko Firefox/11.0 (via ggpht.com GoogleImageProxy)"
144.76.19.157 - - [18/Aug/2026:15:41:24 +0000] "GET /product/midland-tecsun/?add_to_wishlist=15560&_wpnonce=bbb71dd7ae HTTP/1.1" 200 44921 "-" "Mozilla/5.0 (compatible; SERankingBacklinksBot/1.0; +https://seranking.com/backlinks-crawler)"
66.249.82.11 - - [18/Aug/2026:15:41:25 +0000] "GET / HTTP/1.1" 200 46840 "-" "Mozilla/5.0 (Windows NT 5.1; rv:11.0) Gecko Firefox/11.0 (via ggpht.com GoogleImageProxy)"
192.250.227.238 - - [18/Aug/2026:15:41:30 +0000] "POST /wp-cron.php?doing_wp_cron=1787067690.6789309978485107421875 HTTP/1.1" 200 0 "-" "WordPress/7.0.4; https://glamourflooringla.com"
144.76.19.157 - - [18/Aug/2026:15:41:30 +0000] "GET /product/midland-tecsun/?add_to_wishlist=15561&_wpnonce=bbb71dd7ae HTTP/1.1" 301 0 "-" "Mozilla/5.0 (compatible; SERankingBacklinksBot/1.0; +https://seranking.com/backlinks-crawler)"
144.76.19.157 - - [18/Aug/2026:15:41:32 +0000] "GET /product/midland-tecsun/?add_to_wishlist=15561&_wpnonce=bbb71dd7ae HTTP/1.1" 200 44932 "-" "Mozilla/5.0 (compatible; SERankingBacklinksBot/1.0; +https://seranking.com/backlinks-crawler)"
144.76.19.157 - - [18/Aug/2026:15:41:37 +0000] "GET /product/midland-tecsun/?add_to_wishlist=15565&_wpnonce=44202cc6af HTTP/1.1" 301 0 "-" "Mozilla/5.0 (compatible; SERankingBacklinksBot/1.0; +https://seranking.com/backlinks-crawler)"
144.76.19.157 - - [18/Aug/2026:15:41:39 +0000] "GET /product/midland-tecsun/?add_to_wishlist=15565&_wpnonce=44202cc6af HTTP/1.1" 200 44962 "-" "Mozilla/5.0 (compatible; SERankingBacklinksBot/1.0; +https://seranking.com/backlinks-crawler)"
144.76.19.157 - - [18/Aug/2026:15:41:45 +0000] "GET /product/midland-tecsun/?add_to_wishlist=15566&_wpnonce=44202cc6af HTTP/1.1" 301 0 "-" "Mozilla/5.0 (compatible; SERankingBacklinksBot/1.0; +https://seranking.com/backlinks-crawler)"
144.76.19.157 - - [18/Aug/2026:15:41:47 +0000] "GET /product/midland-tecsun/?add_to_wishlist=15566&_wpnonce=44202cc6af HTTP/1.1" 200 44933 "-" "Mozilla/5.0 (compatible; SERankingBacklinksBot/1.0; +https://seranking.com/backlinks-crawler)"
57.141.4.21 - - [18/Aug/2026:15:41:48 +0000] "GET /detail/2650844670075 HTTP/2" 429 0 "-" "Mozilla/5.0 (X11; Linux x86_64) AppleWebKit/537.36 (KHTML, like Gecko) Chrome/145.0.0.0 Safari/537.36 (compatible; meta-externalagent/1.1 (+https://developers.facebook.com/docs/sharing/webmasters/crawler))"
144.76.19.157 - - [18/Aug/2026:15:41:52 +0000] "GET /product/midland-tecsun/?add_to_wishlist=15566&_wpnonce=bbb71dd7ae HTTP/1.1" 301 0 "-" "Mozilla/5.0 (compatible; SERankingBacklinksBot/1.0; +https://seranking.com/backlinks-crawler)"
144.76.19.157 - - [18/Aug/2026:15:41:54 +0000] "GET /product/midland-tecsun/?add_to_wishlist=15566&_wpnonce=bbb71dd7ae HTTP/1.1" 200 45003 "-" "Mozilla/5.0 (compatible; SERankingBacklinksBot/1.0; +https://seranking.com/backlinks-crawler)"
83.99.206.1 - - [18/Aug/2026:15:41:55 +0000] "GET /product/hickory-ridgeline-artisan/ HTTP/1.1" 200 38503 "-" "Mozilla/5.0 (X11; Linux x86_64) AppleWebKit/537.36 (KHTML, like Gecko; GeedoShopProductFinder) Chrome/142.0.0.0 Safari/537.36"
14.164.187.152 - - [18/Aug/2026:15:41:58 +0000] "GET /product/curupay-brown-artisan/2 HTTP/2" 301 0 "-" "Mozilla/5.0 (iPhone; CPU iPhone OS 11_0 like Mac OS X) AppleWebKit/537.36 (KHTML, like Gecko) Chrome/51.0.7100.1920 Mobile Safari/537.36"
144.76.19.157 - - [18/Aug/2026:15:41:59 +0000] "GET /product/midland-tecsun/?add_to_wishlist=15569&_wpnonce=44202cc6af HTTP/1.1" 301 0 "-" "Mozilla/5.0 (compatible; SERankingBacklinksBot/1.0; +https://seranking.com/backlinks-crawler)"
144.76.19.157 - - [18/Aug/2026:15:42:01 +0000] "GET /product/midland-tecsun/?add_to_wishlist=15569&_wpnonce=44202cc6af HTTP/1.1" 200 44992 "-" "Mozilla/5.0 (compatible; SERankingBacklinksBot/1.0; +https://seranking.com/backlinks-crawler)"
14.164.187.152 - - [18/Aug/2026:15:42:04 +0000] "GET / HTTP/2" 200 46840 "-" "Mozilla/5.0 (iPhone; CPU iPhone OS 11_0 like Mac OS X) AppleWebKit/537.36 (KHTML, like Gecko) Chrome/51.0.7100.1920 Mobile Safari/537.36"
144.76.19.157 - - [18/Aug/2026:15:42:07 +0000] "GET /product/midland-tecsun/?add_to_wishlist=15569&_wpnonce=bbb71dd7ae HTTP/1.1" 301 0 "-" "Mozilla/5.0 (compatible; SERankingBacklinksBot/1.0; +https://seranking.com/backlinks-crawler)"
144.76.19.157 - - [18/Aug/2026:15:42:09 +0000] "GET /product/midland-tecsun/?add_to_wishlist=15569&_wpnonce=bbb71dd7ae HTTP/1.1" 200 44914 "-" "Mozilla/5.0 (compatible; SERankingBacklinksBot/1.0; +https://seranking.com/backlinks-crawler)"
144.76.19.157 - - [18/Aug/2026:15:42:15 +0000] "GET /product/midland-tecsun/?add_to_wishlist=15570&_wpnonce=32cc803d74 HTTP/1.1" 301 0 "-" "Mozilla/5.0 (compatible; SERankingBacklinksBot/1.0; +https://seranking.com/backlinks-crawler)"
83.99.206.1 - - [18/Aug/2026:15:42:16 +0000] "GET /product/vinaros-california-classics/ HTTP/1.1" 200 38408 "-" "Mozilla/5.0 (X11; Linux x86_64) AppleWebKit/537.36 (KHTML, like Gecko; GeedoShopProductFinder) Chrome/142.0.0.0 Safari/537.36"
144.76.19.157 - - [18/Aug/2026:15:42:17 +0000] "GET /product/midland-tecsun/?add_to_wishlist=15570&_wpnonce=32cc803d74 HTTP/1.1" 200 44969 "-" "Mozilla/5.0 (compatible; SERankingBacklinksBot/1.0; +https://seranking.com/backlinks-crawler)"
144.76.19.157 - - [18/Aug/2026:15:42:22 +0000] "GET /product/midland-tecsun/?add_to_wishlist=15570&_wpnonce=bbb71dd7ae HTTP/1.1" 301 0 "-" "Mozilla/5.0 (compatible; SERankingBacklinksBot/1.0; +https://seranking.com/backlinks-crawler)"
144.76.19.157 - - [18/Aug/2026:15:42:24 +0000] "GET /product/midland-tecsun/?add_to_wishlist=15570&_wpnonce=bbb71dd7ae HTTP/1.1" 200 44972 "-" "Mozilla/5.0 (compatible; SERankingBacklinksBot/1.0; +https://seranking.com/backlinks-crawler)"
195.32.108.22 - - [18/Aug/2026:15:42:27 +0000] "GET /product/matisse-urb/2 HTTP/2" 301 0 "-" "Mozilla/5.0 (iPhone; CPU iPhone OS 11_0 like Mac OS X) AppleWebKit/537.36 (KHTML, like Gecko) Chrome/47.0.8408.1985 Mobile Safari/537.36"
195.32.108.22 - - [18/Aug/2026:15:42:28 +0000] "GET / HTTP/2" 200 46840 "-" "Mozilla/5.0 (iPhone; CPU iPhone OS 11_0 like Mac OS X) AppleWebKit/537.36 (KHTML, like Gecko) Chrome/47.0.8408.1985 Mobile Safari/537.36"
192.250.227.238 - - [18/Aug/2026:15:42:31 +0000] "POST /wp-cron.php?doing_wp_cron=1787067750.9916660785675048828125 HTTP/1.1" 200 0 "-" "WordPress/7.0.4; https://glamourflooringla.com"
144.76.19.157 - - [18/Aug/2026:15:42:30 +0000] "GET /product/midland-tecsun/?add_to_wishlist=15573&_wpnonce=bbb71dd7ae HTTP/1.1" 301 0 "-" "Mozilla/5.0 (compatible; SERankingBacklinksBot/1.0; +https://seranking.com/backlinks-crawler)"
103.195.146.190 - - [18/Aug/2026:15:42:32 +0000] "GET /wp-json/contact-form-7/v1/contact-forms/22308/feedback/schema HTTP/2" 200 322 "https://glamourflooringla.com/" "Mozilla/5.0 (iPhone; CPU iPhone OS 11_0 like Mac OS X) AppleWebKit/537.36 (KHTML, like Gecko) Chrome/47.0.8408.1985 Mobile Safari/537.36"
103.195.146.190 - - [18/Aug/2026:15:42:32 +0000] "GET /wp-json/contact-form-7/v1/contact-forms/22324/feedback/schema HTTP/2" 200 241 "https://glamourflooringla.com/" "Mozilla/5.0 (iPhone; CPU iPhone OS 11_0 like Mac OS X) AppleWebKit/537.36 (KHTML, like Gecko) Chrome/47.0.8408.1985 Mobile Safari/537.36"
103.195.146.190 - - [18/Aug/2026:15:42:32 +0000] "POST /?wc-ajax=get_refreshed_fragments HTTP/2" 200 916 "https://glamourflooringla.com/" "Mozilla/5.0 (iPhone; CPU iPhone OS 11_0 like Mac OS X) AppleWebKit/537.36 (KHTML, like Gecko) Chrome/47.0.8408.1985 Mobile Safari/537.36"
144.76.19.157 - - [18/Aug/2026:15:42:32 +0000] "GET /product/midland-tecsun/?add_to_wishlist=15573&_wpnonce=bbb71dd7ae HTTP/1.1" 200 45042 "-" "Mozilla/5.0 (compatible; SERankingBacklinksBot/1.0; +https://seranking.com/backlinks-crawler)"
216.73.217.43 - - [18/Aug/2026:15:42:33 +0000] "GET /product/silvers-naf/ HTTP/2" 200 38517 "-" "Mozilla/5.0 AppleWebKit/537.36 (KHTML, like Gecko; compatible; ClaudeBot/1.0; +claudebot@anthropic.com)"
103.195.146.190 - - [18/Aug/2026:15:42:34 +0000] "GET /wp-json/contact-form-7/v1/contact-forms/22324/refill HTTP/2" 200 6 "https://glamourflooringla.com/" "Mozilla/5.0 (iPhone; CPU iPhone OS 11_0 like Mac OS X) AppleWebKit/537.36 (KHTML, like Gecko) Chrome/47.0.8408.1985 Mobile Safari/537.36"
103.195.146.190 - - [18/Aug/2026:15:42:34 +0000] "GET /wp-json/contact-form-7/v1/contact-forms/22308/refill HTTP/2" 200 6 "https://glamourflooringla.com/" "Mozilla/5.0 (iPhone; CPU iPhone OS 11_0 like Mac OS X) AppleWebKit/537.36 (KHTML, like Gecko) Chrome/47.0.8408.1985 Mobile Safari/537.36"
83.99.206.1 - - [18/Aug/2026:15:42:36 +0000] "GET /tag/top-hardwood-flooring-store/ HTTP/1.1" 200 30285 "-" "Mozilla/5.0 (X11; Linux x86_64) AppleWebKit/537.36 (KHTML, like Gecko; GeedoShopProductFinder) Chrome/142.0.0.0 Safari/537.36"
216.73.217.43 - - [18/Aug/2026:15:42:38 +0000] "GET /?p=15865 HTTP/2" 429 0 "-" "Mozilla/5.0 AppleWebKit/537.36 (KHTML, like Gecko; compatible; ClaudeBot/1.0; +claudebot@anthropic.com)"
144.76.19.157 - - [18/Aug/2026:15:42:39 +0000] "GET /product/midland-tecsun/?add_to_wishlist=16285&_wpnonce=32cc803d74 HTTP/1.1" 301 0 "-" "Mozilla/5.0 (compatible; SERankingBacklinksBot/1.0; +https://seranking.com/backlinks-crawler)"
144.76.19.157 - - [18/Aug/2026:15:42:40 +0000] "GET /product/midland-tecsun/?add_to_wishlist=16285&_wpnonce=32cc803d74 HTTP/1.1" 200 44916 "-" "Mozilla/5.0 (compatible; SERankingBacklinksBot/1.0; +https://seranking.com/backlinks-crawler)"
188.166.72.63 - - [18/Aug/2026:15:42:42 +0000] "GET /wp-login.php HTTP/1.1" 200 2218 "-" "Mozilla/5.0 (Windows NT 10.0; Win64; x64) AppleWebKit/537.36 (KHTML, like Gecko) Chrome/149.0.0.0 Safari/537.36"
188.166.72.63 - - [18/Aug/2026:15:42:44 +0000] "POST /wp-login.php HTTP/1.1" 503 6994 "-" "Mozilla/5.0 (Windows NT 10.0; Win64; x64) AppleWebKit/537.36 (KHTML, like Gecko) Chrome/149.0.0.0 Safari/537.36"
144.76.19.157 - - [18/Aug/2026:15:42:46 +0000] "GET /product/midland-tecsun/?add_to_wishlist=16285&_wpnonce=44202cc6af HTTP/1.1" 301 0 "-" "Mozilla/5.0 (compatible; SERankingBacklinksBot/1.0; +https://seranking.com/backlinks-crawler)"
188.166.72.63 - - [18/Aug/2026:15:42:48 +0000] "POST /wp-login.php HTTP/1.1" 503 6815 "-" "Mozilla/5.0 (Windows NT 10.0; Win64; x64) AppleWebKit/537.36 (KHTML, like Gecko) Chrome/149.0.0.0 Safari/537.36"
192.250.227.238 - - [18/Aug/2026:15:42:48 +0000] "POST /?wordfence_syncAttackData=1787067768.8592 HTTP/1.1" 200 0 "-" "WordPress/7.0.4; https://glamourflooringla.com"
216.73.217.43 - - [18/Aug/2026:15:42:49 +0000] "GET /product/playa-naf/ HTTP/2" 429 0 "-" "Mozilla/5.0 AppleWebKit/537.36 (KHTML, like Gecko; compatible; ClaudeBot/1.0; +claudebot@anthropic.com)"
144.76.19.157 - - [18/Aug/2026:15:42:48 +0000] "GET /product/midland-tecsun/?add_to_wishlist=16285&_wpnonce=44202cc6af HTTP/1.1" 200 44941 "-" "Mozilla/5.0 (compatible; SERankingBacklinksBot/1.0; +https://seranking.com/backlinks-crawler)"
216.73.217.43 - - [18/Aug/2026:15:42:54 +0000] "GET /product/rainier-naf/ HTTP/2" 429 0 "-" "Mozilla/5.0 AppleWebKit/537.36 (KHTML, like Gecko; compatible; ClaudeBot/1.0; +claudebot@anthropic.com)"
57.141.4.58 - - [18/Aug/2026:15:42:54 +0000] "GET /detail/2181143284875 HTTP/2" 429 0 "-" "Mozilla/5.0 (Macintosh; Intel Mac OS X 10_15_7) AppleWebKit/537.36 (KHTML, like Gecko) Chrome/145.0.0.0 Safari/537.36 (compatible; meta-externalagent/1.1 (+https://developers.facebook.com/docs/sharing/webmasters/crawler))"
144.76.19.157 - - [18/Aug/2026:15:42:54 +0000] "GET /product/midland-tecsun/?add_to_wishlist=16285&_wpnonce=bbb71dd7ae HTTP/1.1" 301 0 "-" "Mozilla/5.0 (compatible; SERankingBacklinksBot/1.0; +https://seranking.com/backlinks-crawler)"
83.99.206.153 - - [18/Aug/2026:15:42:55 +0000] "GET /product-category/engineered-hardwood-floor/herringbone-engineered-hardwood/ HTTP/1.1" 200 30228 "-" "Mozilla/5.0 (X11; Linux x86_64) AppleWebKit/537.36 (KHTML, like Gecko; GeedoShopProductFinder) Chrome/142.0.0.0 Safari/537.36"
144.76.19.157 - - [18/Aug/2026:15:42:56 +0000] "GET /product/midland-tecsun/?add_to_wishlist=16285&_wpnonce=bbb71dd7ae HTTP/1.1" 200 44948 "-" "Mozilla/5.0 (compatible; SERankingBacklinksBot/1.0; +https://seranking.com/backlinks-crawler)"
216.73.217.43 - - [18/Aug/2026:15:42:59 +0000] "GET /product/ozarks-naf/ HTTP/2" 429 0 "-" "Mozilla/5.0 AppleWebKit/537.36 (KHTML, like Gecko; compatible; ClaudeBot/1.0; +claudebot@anthropic.com)"
144.76.19.157 - - [18/Aug/2026:15:43:02 +0000] "GET /product/midtown-east/ HTTP/1.1" 301 0 "-" "Mozilla/5.0 (compatible; SERankingBacklinksBot/1.0; +https://seranking.com/backlinks-crawler)"
180.102.110.170 - - [18/Aug/2026:15:43:03 +0000] "GET /flooring-installation-los-angeles-ca/ HTTP/1.1" 301 0 "-" "Sogou web spider/4.0(+http://www.sogou.com/docs/help/webmasters.htm#07)"
216.73.217.43 - - [18/Aug/2026:15:43:04 +0000] "GET /product/nutmeg-naf/ HTTP/2" 429 0 "-" "Mozilla/5.0 AppleWebKit/537.36 (KHTML, like Gecko; compatible; ClaudeBot/1.0; +claudebot@anthropic.com)"
144.76.19.157 - - [18/Aug/2026:15:43:05 +0000] "GET /product/midtown-east/ HTTP/1.1" 200 44849 "-" "Mozilla/5.0 (compatible; SERankingBacklinksBot/1.0; +https://seranking.com/backlinks-crawler)"
180.102.110.170 - - [18/Aug/2026:15:43:06 +0000] "GET /flooring-installation-los-angeles-ca/ HTTP/1.1" 200 41796 "-" "Sogou web spider/4.0(+http://www.sogou.com/docs/help/webmasters.htm#07)"
122.161.76.17 - - [18/Aug/2026:15:43:08 +0000] "GET /product/como-monarch/2 HTTP/2" 301 0 "-" "Mozilla/5.0 (iPhone; CPU iPhone OS 11_0 like Mac OS X) AppleWebKit/537.36 (KHTML, like Gecko) Chrome/48.0.4966.1751 Mobile Safari/537.36"
122.161.76.17 - - [18/Aug/2026:15:43:10 +0000] "GET / HTTP/2" 200 46840 "-" "Mozilla/5.0 (iPhone; CPU iPhone OS 11_0 like Mac OS X) AppleWebKit/537.36 (KHTML, like Gecko) Chrome/48.0.4966.1751 Mobile Safari/537.36"
216.73.217.43 - - [18/Aug/2026:15:43:10 +0000] "GET /product/lugo-eu/ HTTP/2" 429 0 "-" "Mozilla/5.0 AppleWebKit/537.36 (KHTML, like Gecko; compatible; ClaudeBot/1.0; +claudebot@anthropic.com)"
180.102.110.170 - - [18/Aug/2026:15:43:10 +0000] "GET /flooring-installation-los-angeles-ca/ HTTP/1.1" 200 41796 "-" "Sogou web spider/4.0(+http://www.sogou.com/docs/help/webmasters.htm#07)"
144.76.19.157 - - [18/Aug/2026:15:43:11 +0000] "GET /product/midtown-east/?add_to_wishlist=18416&_wpnonce=32cc803d74 HTTP/1.1" 301 0 "-" "Mozilla/5.0 (compatible; SERankingBacklinksBot/1.0; +https://seranking.com/backlinks-crawler)"
144.76.19.157 - - [18/Aug/2026:15:43:13 +0000] "GET /product/midtown-east/?add_to_wishlist=18416&_wpnonce=32cc803d74 HTTP/1.1" 200 44941 "-" "Mozilla/5.0 (compatible; SERankingBacklinksBot/1.0; +https://seranking.com/backlinks-crawler)"
216.73.217.43 - - [18/Aug/2026:15:43:15 +0000] "GET /product/suffolk-monarch/ HTTP/2" 429 0 "-" "Mozilla/5.0 AppleWebKit/537.36 (KHTML, like Gecko; compatible; ClaudeBot/1.0; +claudebot@anthropic.com)"
192.250.227.238 - - [18/Aug/2026:15:43:16 +0000] "POST /wp-cron.php?doing_wp_cron=1787067796.3924920558929443359375 HTTP/1.1" 200 0 "-" "WordPress/7.0.4; https://glamourflooringla.com"
83.99.206.1 - - [18/Aug/2026:15:43:15 +0000] "GET /tag/hardwood-flooring-restoration/ HTTP/1.1" 200 30424 "-" "Mozilla/5.0 (X11; Linux x86_64) AppleWebKit/537.36 (KHTML, like Gecko; GeedoShopProductFinder) Chrome/142.0.0.0 Safari/537.36"
185.64.182.98 - - [18/Aug/2026:15:43:18 +0000] "GET /wp-json/contact-form-7/v1/contact-forms/22324/feedback/schema HTTP/2" 200 241 "https://glamourflooringla.com/" "Mozilla/5.0 (iPhone; CPU iPhone OS 11_0 like Mac OS X) AppleWebKit/537.36 (KHTML, like Gecko) Chrome/48.0.4966.1751 Mobile Safari/537.36"
185.64.182.98 - - [18/Aug/2026:15:43:18 +0000] "GET /wp-json/contact-form-7/v1/contact-forms/22308/feedback/schema HTTP/2" 200 322 "https://glamourflooringla.com/" "Mozilla/5.0 (iPhone; CPU iPhone OS 11_0 like Mac OS X) AppleWebKit/537.36 (KHTML, like Gecko) Chrome/48.0.4966.1751 Mobile Safari/537.36"
192.250.227.238 - - [18/Aug/2026:15:43:19 +0000] "POST /wp-cron.php?doing_wp_cron=1787067799.0628869533538818359375 HTTP/1.1" 200 0 "-" "WordPress/7.0.4; https://glamourflooringla.com"
144.76.19.157 - - [18/Aug/2026:15:43:18 +0000] "GET /product/midtown-east/?add_to_wishlist=18416&_wpnonce=7fc678ce79 HTTP/1.1" 301 0 "-" "Mozilla/5.0 (compatible; SERankingBacklinksBot/1.0; +https://seranking.com/backlinks-crawler)"
185.64.182.98 - - [18/Aug/2026:15:43:19 +0000] "POST /?wc-ajax=get_refreshed_fragments HTTP/2" 200 916 "https://glamourflooringla.com/" "Mozilla/5.0 (iPhone; CPU iPhone OS 11_0 like Mac OS X) AppleWebKit/537.36 (KHTML, like Gecko) Chrome/48.0.4966.1751 Mobile Safari/537.36"
216.73.217.43 - - [18/Aug/2026:15:43:20 +0000] "GET /product/blueridge-naf/ HTTP/2" 200 38591 "-" "Mozilla/5.0 AppleWebKit/537.36 (KHTML, like Gecko; compatible; ClaudeBot/1.0; +claudebot@anthropic.com)"
144.76.19.157 - - [18/Aug/2026:15:43:20 +0000] "GET /product/midtown-east/?add_to_wishlist=18416&_wpnonce=7fc678ce79 HTTP/1.1" 200 44921 "-" "Mozilla/5.0 (compatible; SERankingBacklinksBot/1.0; +https://seranking.com/backlinks-crawler)"
216.73.217.43 - - [18/Aug/2026:15:43:24 +0000] "GET /product/denali-naf/ HTTP/2" 429 0 "-" "Mozilla/5.0 AppleWebKit/537.36 (KHTML, like Gecko; compatible; ClaudeBot/1.0; +claudebot@anthropic.com)"
216.73.217.43 - - [18/Aug/2026:15:43:25 +0000] "GET /product/pikes-naf/ HTTP/2" 429 0 "-" "Mozilla/5.0 AppleWebKit/537.36 (KHTML, like Gecko; compatible; ClaudeBot/1.0; +claudebot@anthropic.com)"
144.76.19.157 - - [18/Aug/2026:15:43:26 +0000] "GET /product/midtown-east/?add_to_wishlist=18416&_wpnonce=bbb71dd7ae HTTP/1.1" 301 0 "-" "Mozilla/5.0 (compatible; SERankingBacklinksBot/1.0; +https://seranking.com/backlinks-crawler)"
144.76.19.157 - - [18/Aug/2026:15:43:28 +0000] "GET /product/midtown-east/?add_to_wishlist=18416&_wpnonce=bbb71dd7ae HTTP/1.1" 200 44887 "-" "Mozilla/5.0 (compatible; SERankingBacklinksBot/1.0; +https://seranking.com/backlinks-crawler)"
185.64.182.98 - - [18/Aug/2026:15:43:34 +0000] "GET /wp-json/contact-form-7/v1/contact-forms/22308/refill HTTP/2" 200 6 "https://glamourflooringla.com/" "Mozilla/5.0 (iPhone; CPU iPhone OS 11_0 like Mac OS X) AppleWebKit/537.36 (KHTML, like Gecko) Chrome/48.0.4966.1751 Mobile Safari/537.36"
185.64.182.98 - - [18/Aug/2026:15:43:34 +0000] "GET /wp-json/contact-form-7/v1/contact-forms/22324/refill HTTP/2" 200 6 "https://glamourflooringla.com/" "Mozilla/5.0 (iPhone; CPU iPhone OS 11_0 like Mac OS X) AppleWebKit/537.36 (KHTML, like Gecko) Chrome/48.0.4966.1751 Mobile Safari/537.36"
192.250.227.238 - - [18/Aug/2026:15:43:35 +0000] "POST /wp-cron.php?doing_wp_cron=1787067814.9511070251464843750000 HTTP/1.1" 200 0 "-" "WordPress/7.0.4; https://glamourflooringla.com"
144.76.19.157 - - [18/Aug/2026:15:43:34 +0000] "GET /product/midtown-east/?add_to_wishlist=18431&_wpnonce=32cc803d74 HTTP/1.1" 301 0 "-" "Mozilla/5.0 (compatible; SERankingBacklinksBot/1.0; +https://seranking.com/backlinks-crawler)"
83.99.206.1 - - [18/Aug/2026:15:43:35 +0000] "GET /product/lighth-naf/2 HTTP/1.1" 301 0 "-" "Mozilla/5.0 (X11; Linux x86_64) AppleWebKit/537.36 (KHTML, like Gecko; GeedoShopProductFinder) Chrome/142.0.0.0 Safari/537.36"
83.99.206.1 - - [18/Aug/2026:15:43:36 +0000] "GET / HTTP/1.1" 200 46840 "-" "Mozilla/5.0 (X11; Linux x86_64) AppleWebKit/537.36 (KHTML, like Gecko; GeedoShopProductFinder) Chrome/142.0.0.0 Safari/537.36"
144.76.19.157 - - [18/Aug/2026:15:43:36 +0000] "GET /product/midtown-east/?add_to_wishlist=18431&_wpnonce=32cc803d74 HTTP/1.1" 200 44833 "-" "Mozilla/5.0 (compatible; SERankingBacklinksBot/1.0; +https://seranking.com/backlinks-crawler)"
112.86.225.106 - - [18/Aug/2026:15:43:36 +0000] "GET /product/cedar-view/?add_to_wishlist=18408&_wpnonce=27cb0ed822 HTTP/1.1" 200 45087 "-" "Sogou web spider/4.0(+http://www.sogou.com/docs/help/webmasters.htm#07)"
144.76.19.157 - - [18/Aug/2026:15:43:42 +0000] "GET /product/midtown-east/?add_to_wishlist=18431&_wpnonce=7fc678ce79 HTTP/1.1" 301 0 "-" "Mozilla/5.0 (compatible; SERankingBacklinksBot/1.0; +https://seranking.com/backlinks-crawler)"
144.76.19.157 - - [18/Aug/2026:15:43:44 +0000] "GET /product/midtown-east/?add_to_wishlist=18431&_wpnonce=7fc678ce79 HTTP/1.1" 200 44970 "-" "Mozilla/5.0 (compatible; SERankingBacklinksBot/1.0; +https://seranking.com/backlinks-crawler)"
144.76.19.157 - - [18/Aug/2026:15:43:49 +0000] "GET /product/midtown-east/?add_to_wishlist=18431&_wpnonce=bbb71dd7ae HTTP/1.1" 301 0 "-" "Mozilla/5.0 (compatible; SERankingBacklinksBot/1.0; +https://seranking.com/backlinks-crawler)"
171.225.185.60 - - [18/Aug/2026:15:43:50 +0000] "GET /product-category/engineered-hardwood-floor/page/15/2 HTTP/2" 301 0 "-" "Mozilla/5.0 (iPhone; CPU iPhone OS 11_0 like Mac OS X) AppleWebKit/537.36 (KHTML, like Gecko) Chrome/42.0.9185.1845 Mobile Safari/537.36"
171.225.185.60 - - [18/Aug/2026:15:43:52 +0000] "GET / HTTP/2" 200 46840 "-" "Mozilla/5.0 (iPhone; CPU iPhone OS 11_0 like Mac OS X) AppleWebKit/537.36 (KHTML, like Gecko) Chrome/42.0.9185.1845 Mobile Safari/537.36"
144.76.19.157 - - [18/Aug/2026:15:43:51 +0000] "GET /product/midtown-east/?add_to_wishlist=18431&_wpnonce=bbb71dd7ae HTTP/1.1" 200 44964 "-" "Mozilla/5.0 (compatible; SERankingBacklinksBot/1.0; +https://seranking.com/backlinks-crawler)"
144.76.19.157 - - [18/Aug/2026:15:43:57 +0000] "GET /product/midtown-east/?add_to_wishlist=18437&_wpnonce=bbb71dd7ae HTTP/1.1" 301 0 "-" "Mozilla/5.0 (compatible; SERankingBacklinksBot/1.0; +https://seranking.com/backlinks-crawler)"
144.76.19.157 - - [18/Aug/2026:15:43:58 +0000] "GET /product/midtown-east/?add_to_wishlist=18437&_wpnonce=bbb71dd7ae HTTP/1.1" 200 45024 "-" "Mozilla/5.0 (compatible; SERankingBacklinksBot/1.0; +https://seranking.com/backlinks-crawler)"
57.141.4.4 - - [18/Aug/2026:15:44:01 +0000] "GET /detail/1598411527737 HTTP/2" 429 0 "-" "Mozilla/5.0 (Macintosh; Intel Mac OS X 10_15_7) AppleWebKit/537.36 (KHTML, like Gecko) Chrome/145.0.0.0 Safari/537.36 (compatible; meta-externalagent/1.1 (+https://developers.facebook.com/docs/sharing/webmasters/crawler))"
144.76.19.157 - - [18/Aug/2026:15:44:04 +0000] "GET /product/midtown-east/?add_to_wishlist=18437&_wpnonce=e7a007f243 HTTP/1.1" 301 0 "-" "Mozilla/5.0 (compatible; SERankingBacklinksBot/1.0; +https://seranking.com/backlinks-crawler)"
144.76.19.157 - - [18/Aug/2026:15:44:06 +0000] "GET /product/midtown-east/?add_to_wishlist=18437&_wpnonce=e7a007f243 HTTP/1.1" 200 44875 "-" "Mozilla/5.0 (compatible; SERankingBacklinksBot/1.0; +https://seranking.com/backlinks-crawler)"
216.73.217.43 - - [18/Aug/2026:15:44:06 +0000] "GET /product/whitney-naf/2 HTTP/2" 301 0 "-" "Mozilla/5.0 AppleWebKit/537.36 (KHTML, like Gecko; compatible; ClaudeBot/1.0; +claudebot@anthropic.com)"
216.73.217.43 - - [18/Aug/2026:15:44:07 +0000] "GET /product/whitney-naf/feed/ HTTP/2" 429 0 "-" "Mozilla/5.0 AppleWebKit/537.36 (KHTML, like Gecko; compatible; ClaudeBot/1.0; +claudebot@anthropic.com)"
144.76.19.157 - - [18/Aug/2026:15:44:11 +0000] "GET /product/midtown-east/?add_to_wishlist=18445&_wpnonce=32cc803d74 HTTP/1.1" 301 0 "-" "Mozilla/5.0 (compatible; SERankingBacklinksBot/1.0; +https://seranking.com/backlinks-crawler)"
144.76.19.157 - - [18/Aug/2026:15:44:13 +0000] "GET /product/midtown-east/?add_to_wishlist=18445&_wpnonce=32cc803d74 HTTP/1.1" 200 44895 "-" "Mozilla/5.0 (compatible; SERankingBacklinksBot/1.0; +https://seranking.com/backlinks-crawler)"
216.73.217.43 - - [18/Aug/2026:15:44:14 +0000] "GET /product/whitney-naf/?add_to_wishlist=15569 HTTP/2" 429 0 "-" "Mozilla/5.0 AppleWebKit/537.36 (KHTML, like Gecko; compatible; ClaudeBot/1.0; +claudebot@anthropic.com)"
144.76.19.157 - - [18/Aug/2026:15:44:19 +0000] "GET /product/midtown-east/?add_to_wishlist=18445&_wpnonce=bbb71dd7ae HTTP/1.1" 301 0 "-" "Mozilla/5.0 (compatible; SERankingBacklinksBot/1.0; +https://seranking.com/backlinks-crawler)"
144.76.19.157 - - [18/Aug/2026:15:44:21 +0000] "GET /product/midtown-east/?add_to_wishlist=18445&_wpnonce=bbb71dd7ae HTTP/1.1" 200 44912 "-" "Mozilla/5.0 (compatible; SERankingBacklinksBot/1.0; +https://seranking.com/backlinks-crawler)"
191.197.171.63 - - [18/Aug/2026:15:44:21 +0000] "GET /product/savanna-naf/ HTTP/2" 200 38440 "-" "Mozilla/5.0 (Macintosh; Intel Mac OS X 10_15_7) AppleWebKit/537.36 (KHTML, like Gecko) Chrome/133.0.0.0 Safari/537.36"
144.76.19.157 - - [18/Aug/2026:15:44:26 +0000] "GET /product/midtown-east/?add_to_wishlist=18450&_wpnonce=32cc803d74 HTTP/1.1" 301 0 "-" "Mozilla/5.0 (compatible; SERankingBacklinksBot/1.0; +https://seranking.com/backlinks-crawler)"
144.76.19.157 - - [18/Aug/2026:15:44:28 +0000] "GET /product/midtown-east/?add_to_wishlist=18450&_wpnonce=32cc803d74 HTTP/1.1" 200 44982 "-" "Mozilla/5.0 (compatible; SERankingBacklinksBot/1.0; +https://seranking.com/backlinks-crawler)"
200.124.184.134 - - [18/Aug/2026:15:44:30 +0000] "GET /product/curupay-brown-artisan/2 HTTP/2" 301 0 "-" "Mozilla/5.0 (Linux; Android 6.0; Nexus 5 Build/MRA58N) AppleWebKit/537.36 (KHTML, like Gecko) Chrome/53.0.4404.1922 Mobile Safari/537.36"
200.124.184.134 - - [18/Aug/2026:15:44:31 +0000] "GET / HTTP/2" 200 46840 "-" "Mozilla/5.0 (Linux; Android 6.0; Nexus 5 Build/MRA58N) AppleWebKit/537.36 (KHTML, like Gecko) Chrome/53.0.4404.1922 Mobile Safari/537.36"
192.250.227.238 - - [18/Aug/2026:15:44:34 +0000] "POST /wp-cron.php?doing_wp_cron=1787067874.7775919437408447265625 HTTP/1.1" 200 0 "-" "WordPress/7.0.4; https://glamourflooringla.com"
144.76.19.157 - - [18/Aug/2026:15:44:34 +0000] "GET /product/midtown-east/?add_to_wishlist=18450&_wpnonce=bbb71dd7ae HTTP/1.1" 301 0 "-" "Mozilla/5.0 (compatible; SERankingBacklinksBot/1.0; +https://seranking.com/backlinks-crawler)"
144.76.19.157 - - [18/Aug/2026:15:44:36 +0000] "GET /product/midtown-east/?add_to_wishlist=18450&_wpnonce=bbb71dd7ae HTTP/1.1" 200 44969 "-" "Mozilla/5.0 (compatible; SERankingBacklinksBot/1.0; +https://seranking.com/backlinks-crawler)"
103.228.202.40 - - [18/Aug/2026:15:44:39 +0000] "GET /wp-json/contact-form-7/v1/contact-forms/22308/feedback/schema HTTP/2" 200 322 "https://glamourflooringla.com/" "Mozilla/5.0 (Linux; Android 6.0; Nexus 5 Build/MRA58N) AppleWebKit/537.36 (KHTML, like Gecko) Chrome/53.0.4404.1922 Mobile Safari/537.36"
103.228.202.40 - - [18/Aug/2026:15:44:39 +0000] "GET /wp-json/contact-form-7/v1/contact-forms/22324/feedback/schema HTTP/2" 200 241 "https://glamourflooringla.com/" "Mozilla/5.0 (Linux; Android 6.0; Nexus 5 Build/MRA58N) AppleWebKit/537.36 (KHTML, like Gecko) Chrome/53.0.4404.1922 Mobile Safari/537.36"
103.228.202.40 - - [18/Aug/2026:15:44:39 +0000] "POST /?wc-ajax=get_refreshed_fragments HTTP/2" 200 916 "https://glamourflooringla.com/" "Mozilla/5.0 (Linux; Android 6.0; Nexus 5 Build/MRA58N) AppleWebKit/537.36 (KHTML, like Gecko) Chrome/53.0.4404.1922 Mobile Safari/537.36"
144.76.19.157 - - [18/Aug/2026:15:44:41 +0000] "GET /product/midtown-east/?add_to_wishlist=18450&_wpnonce=e7a007f243 HTTP/1.1" 301 0 "-" "Mozilla/5.0 (compatible; SERankingBacklinksBot/1.0; +https://seranking.com/backlinks-crawler)"
216.73.217.43 - - [18/Aug/2026:15:44:44 +0000] "GET /product/whitney-naf/?add_to_wishlist=15549 HTTP/2" 429 0 "-" "Mozilla/5.0 AppleWebKit/537.36 (KHTML, like Gecko; compatible; ClaudeBot/1.0; +claudebot@anthropic.com)"
144.76.19.157 - - [18/Aug/2026:15:44:43 +0000] "GET /product/midtown-east/?add_to_wishlist=18450&_wpnonce=e7a007f243 HTTP/1.1" 200 44881 "-" "Mozilla/5.0 (compatible; SERankingBacklinksBot/1.0; +https://seranking.com/backlinks-crawler)"
112.86.225.222 - - [18/Aug/2026:15:44:46 +0000] "GET /product-category/engineered-hardwood-floor/artisan-2/?add_to_wishlist=15590&_wpnonce=6bac2207fa HTTP/1.1" 200 45389 "-" "Sogou web spider/4.0(+http://www.sogou.com/docs/help/webmasters.htm#07)"
144.76.19.157 - - [18/Aug/2026:15:44:49 +0000] "GET /product/midtown-east/?add_to_wishlist=18482&_wpnonce=32cc803d74 HTTP/1.1" 301 0 "-" "Mozilla/5.0 (compatible; SERankingBacklinksBot/1.0; +https://seranking.com/backlinks-crawler)"
103.228.202.40 - - [18/Aug/2026:15:44:50 +0000] "GET /wp-json/contact-form-7/v1/contact-forms/22308/refill HTTP/2" 200 6 "https://glamourflooringla.com/" "Mozilla/5.0 (Linux; Android 6.0; Nexus 5 Build/MRA58N) AppleWebKit/537.36 (KHTML, like Gecko) Chrome/53.0.4404.1922 Mobile Safari/537.36"
103.228.202.40 - - [18/Aug/2026:15:44:50 +0000] "GET /wp-json/contact-form-7/v1/contact-forms/22324/refill HTTP/2" 200 6 "https://glamourflooringla.com/" "Mozilla/5.0 (Linux; Android 6.0; Nexus 5 Build/MRA58N) AppleWebKit/537.36 (KHTML, like Gecko) Chrome/53.0.4404.1922 Mobile Safari/537.36"
144.76.19.157 - - [18/Aug/2026:15:44:51 +0000] "GET /product/midtown-east/?add_to_wishlist=18482&_wpnonce=32cc803d74 HTTP/1.1" 200 44886 "-" "Mozilla/5.0 (compatible; SERankingBacklinksBot/1.0; +https://seranking.com/backlinks-crawler)"
144.76.19.157 - - [18/Aug/2026:15:44:56 +0000] "GET /product/midtown-east/?add_to_wishlist=18482&_wpnonce=7fc678ce79 HTTP/1.1" 301 0 "-" "Mozilla/5.0 (compatible; SERankingBacklinksBot/1.0; +https://seranking.com/backlinks-crawler)"
144.76.19.157 - - [18/Aug/2026:15:44:58 +0000] "GET /product/midtown-east/?add_to_wishlist=18482&_wpnonce=7fc678ce79 HTTP/1.1" 200 44913 "-" "Mozilla/5.0 (compatible; SERankingBacklinksBot/1.0; +https://seranking.com/backlinks-crawler)"
142.44.228.55 - - [18/Aug/2026:15:45:00 +0000] "GET /sitemap_index.xml HTTP/2" 200 352 "-" "Mozilla/5.0 (compatible; AhrefsBot/7.0; +http://ahrefs.com/robot/)"
216.73.217.43 - - [18/Aug/2026:15:45:01 +0000] "GET /product/whitney-naf/?add_to_wishlist=15865 HTTP/2" 200 38487 "-" "Mozilla/5.0 AppleWebKit/537.36 (KHTML, like Gecko; compatible; ClaudeBot/1.0; +claudebot@anthropic.com)"
54.39.136.106 - - [18/Aug/2026:15:45:02 +0000] "GET /post-sitemap.xml HTTP/2" 200 3108 "-" "Mozilla/5.0 (compatible; AhrefsBot/7.0; +http://ahrefs.com/robot/)"
142.44.225.131 - - [18/Aug/2026:15:45:04 +0000] "GET /page-sitemap.xml HTTP/2" 200 5694 "-" "Mozilla/5.0 (compatible; AhrefsBot/7.0; +http://ahrefs.com/robot/)"
144.76.19.157 - - [18/Aug/2026:15:45:04 +0000] "GET /product/midtown-east/?add_to_wishlist=18482&_wpnonce=bbb71dd7ae HTTP/1.1" 301 0 "-" "Mozilla/5.0 (compatible; SERankingBacklinksBot/1.0; +https://seranking.com/backlinks-crawler)"
54.39.203.12 - - [18/Aug/2026:15:45:06 +0000] "GET /elementskit_template-sitemap.xml HTTP/2" 200 353 "-" "Mozilla/5.0 (compatible; AhrefsBot/7.0; +http://ahrefs.com/robot/)"
216.73.217.43 - - [18/Aug/2026:15:45:08 +0000] "GET /product/whitney-naf/?add_to_wishlist=15495 HTTP/2" 429 0 "-" "Mozilla/5.0 AppleWebKit/537.36 (KHTML, like Gecko; compatible; ClaudeBot/1.0; +claudebot@anthropic.com)"
57.141.4.7 - - [18/Aug/2026:15:45:08 +0000] "GET /detail/1144973590207 HTTP/2" 429 0 "-" "Mozilla/5.0 (Windows NT 10.0; Win64; x64) AppleWebKit/537.36 (KHTML, like Gecko) Chrome/145.0.0.0 Safari/537.36 (compatible; meta-externalagent/1.1 (+https://developers.facebook.com/docs/sharing/webmasters/crawler))"
144.76.19.157 - - [18/Aug/2026:15:45:06 +0000] "GET /product/midtown-east/?add_to_wishlist=18482&_wpnonce=bbb71dd7ae HTTP/1.1" 200 44949 "-" "Mozilla/5.0 (compatible; SERankingBacklinksBot/1.0; +https://seranking.com/backlinks-crawler)"
54.39.89.164 - - [18/Aug/2026:15:45:09 +0000] "GET /product-sitemap.xml HTTP/2" 200 14137 "-" "Mozilla/5.0 (compatible; AhrefsBot/7.0; +http://ahrefs.com/robot/)"
54.39.89.207 - - [18/Aug/2026:15:45:11 +0000] "GET /featured_item-sitemap.xml HTTP/2" 200 1547 "-" "Mozilla/5.0 (compatible; AhrefsBot/7.0; +http://ahrefs.com/robot/)"
144.76.19.157 - - [18/Aug/2026:15:45:13 +0000] "GET /product/midtown-east/?add_to_wishlist=18486&_wpnonce=bbb71dd7ae HTTP/1.1" 301 0 "-" "Mozilla/5.0 (compatible; SERankingBacklinksBot/1.0; +https://seranking.com/backlinks-crawler)"
189.99.234.54 - - [18/Aug/2026:15:45:14 +0000] "GET /product/wells-provenza-floors/2 HTTP/2" 301 0 "-" "Mozilla/5.0 (Macintosh; Intel Mac OS X 10_15_7) AppleWebKit/537.36 (KHTML, like Gecko) Chrome/133.0.0.0 Safari/537.36"
189.99.234.54 - - [18/Aug/2026:15:45:15 +0000] "GET / HTTP/2" 200 46840 "https://glamourflooringla.com/product/wells-provenza-floors/2" "Mozilla/5.0 (Macintosh; Intel Mac OS X 10_15_7) AppleWebKit/537.36 (KHTML, like Gecko) Chrome/133.0.0.0 Safari/537.36"
144.76.19.157 - - [18/Aug/2026:15:45:15 +0000] "GET /product/midtown-east/?add_to_wishlist=18486&_wpnonce=bbb71dd7ae HTTP/1.1" 200 44865 "-" "Mozilla/5.0 (compatible; SERankingBacklinksBot/1.0; +https://seranking.com/backlinks-crawler)"
144.76.19.157 - - [18/Aug/2026:15:45:21 +0000] "GET /product/midtown-east/?add_to_wishlist=18494&_wpnonce=32cc803d74 HTTP/1.1" 301 0 "-" "Mozilla/5.0 (compatible; SERankingBacklinksBot/1.0; +https://seranking.com/backlinks-crawler)"
144.76.19.157 - - [18/Aug/2026:15:45:23 +0000] "GET /product/midtown-east/?add_to_wishlist=18494&_wpnonce=32cc803d74 HTTP/1.1" 200 44901 "-" "Mozilla/5.0 (compatible; SERankingBacklinksBot/1.0; +https://seranking.com/backlinks-crawler)"
190.6.176.90 - - [18/Aug/2026:15:45:24 +0000] "GET /wp-login.php HTTP/1.1" 200 2218 "-" "Mozilla/5.0 (Windows NT 10.0; Win64; x64) AppleWebKit/537.36 (KHTML, like Gecko) Chrome/149.0.0.0 Safari/537.36"
190.6.176.90 - - [18/Aug/2026:15:45:25 +0000] "POST /wp-login.php HTTP/1.1" 403 169 "-" "Mozilla/5.0 (Windows NT 10.0; Win64; x64) AppleWebKit/537.36 (KHTML, like Gecko) Chrome/149.0.0.0 Safari/537.36"
216.73.217.43 - - [18/Aug/2026:15:45:29 +0000] "GET /robots.txt HTTP/2" 200 206 "-" "Mozilla/5.0 AppleWebKit/537.36 (KHTML, like Gecko; compatible; ClaudeBot/1.0; +claudebot@anthropic.com)"
216.73.217.43 - - [18/Aug/2026:15:45:29 +0000] "GET /product/whitney-naf/?add_to_wishlist=15551 HTTP/2" 429 0 "-" "Mozilla/5.0 AppleWebKit/537.36 (KHTML, like Gecko; compatible; ClaudeBot/1.0; +claudebot@anthropic.com)"
144.76.19.157 - - [18/Aug/2026:15:45:28 +0000] "GET /product/midtown-east/?add_to_wishlist=18494&_wpnonce=bbb71dd7ae HTTP/1.1" 301 0 "-" "Mozilla/5.0 (compatible; SERankingBacklinksBot/1.0; +https://seranking.com/backlinks-crawler)"
144.76.19.157 - - [18/Aug/2026:15:45:31 +0000] "GET /product/midtown-east/?add_to_wishlist=18494&_wpnonce=bbb71dd7ae HTTP/1.1" 200 45012 "-" "Mozilla/5.0 (compatible; SERankingBacklinksBot/1.0; +https://seranking.com/backlinks-crawler)"
83.99.206.165 - - [18/Aug/2026:15:45:32 +0000] "GET /product/palos-verdes/ HTTP/1.1" 200 38421 "-" "Mozilla/5.0 (X11; Linux x86_64) AppleWebKit/537.36 (KHTML, like Gecko; GeedoShopProductFinder) Chrome/142.0.0.0 Safari/537.36"
144.76.19.157 - - [18/Aug/2026:15:45:37 +0000] "GET /product/midtown-east/?add_to_wishlist=18494&_wpnonce=e7a007f243 HTTP/1.1" 301 0 "-" "Mozilla/5.0 (compatible; SERankingBacklinksBot/1.0; +https://seranking.com/backlinks-crawler)"
144.76.19.157 - - [18/Aug/2026:15:45:39 +0000] "GET /product/midtown-east/?add_to_wishlist=18494&_wpnonce=e7a007f243 HTTP/1.1" 200 44848 "-" "Mozilla/5.0 (compatible; SERankingBacklinksBot/1.0; +https://seranking.com/backlinks-crawler)"
103.130.18.61 - - [18/Aug/2026:15:45:40 +0000] "GET / HTTP/1.1" 200 256972 "-" "wp2shell"
144.76.19.157 - - [18/Aug/2026:15:45:44 +0000] "GET /product/midtown-east/?add_to_wishlist=18499&_wpnonce=32cc803d74 HTTP/1.1" 301 0 "-" "Mozilla/5.0 (compatible; SERankingBacklinksBot/1.0; +https://seranking.com/backlinks-crawler)"
223.109.255.166 - - [18/Aug/2026:15:45:46 +0000] "GET /flooring-installation-brentwood-ca/ HTTP/1.1" 200 41769 "-" "Sogou web spider/4.0(+http://www.sogou.com/docs/help/webmasters.htm#07)"
144.76.19.157 - - [18/Aug/2026:15:45:46 +0000] "GET /product/midtown-east/?add_to_wishlist=18499&_wpnonce=32cc803d74 HTTP/1.1" 200 44888 "-" "Mozilla/5.0 (compatible; SERankingBacklinksBot/1.0; +https://seranking.com/backlinks-crawler)"
103.130.18.61 - - [18/Aug/2026:15:45:50 +0000] "POST /?rest_route=/batch/v1 HTTP/1.1" 403 1242 "-" "wp2shell"
83.99.206.1 - - [18/Aug/2026:15:45:51 +0000] "GET /product/catskill-mountains-tecsun/2 HTTP/1.1" 301 0 "-" "Mozilla/5.0 (X11; Linux x86_64) AppleWebKit/537.36 (KHTML, like Gecko; GeedoShopProductFinder) Chrome/142.0.0.0 Safari/537.36"
83.99.206.1 - - [18/Aug/2026:15:45:52 +0000] "GET / HTTP/1.1" 200 46840 "-" "Mozilla/5.0 (X11; Linux x86_64) AppleWebKit/537.36 (KHTML, like Gecko; GeedoShopProductFinder) Chrome/142.0.0.0 Safari/537.36"
144.76.19.157 - - [18/Aug/2026:15:45:52 +0000] "GET /product/midtown-east/?add_to_wishlist=18499&_wpnonce=bbb71dd7ae HTTP/1.1" 301 0 "-" "Mozilla/5.0 (compatible; SERankingBacklinksBot/1.0; +https://seranking.com/backlinks-crawler)"
216.73.217.43 - - [18/Aug/2026:15:45:51 +0000] "GET /product/lighth-naf/?add_to_wishlist=15542 HTTP/2" 200 38451 "-" "Mozilla/5.0 AppleWebKit/537.36 (KHTML, like Gecko; compatible; ClaudeBot/1.0; +claudebot@anthropic.com)"
144.76.19.157 - - [18/Aug/2026:15:45:54 +0000] "GET /product/midtown-east/?add_to_wishlist=18499&_wpnonce=bbb71dd7ae HTTP/1.1" 200 44902 "-" "Mozilla/5.0 (compatible; SERankingBacklinksBot/1.0; +https://seranking.com/backlinks-crawler)"
