144.76.19.157 - - [18/Aug/2026:12:49:37 +0000] "GET /product/lazio-urb/?add_to_wishlist=15556&_wpnonce=32cc803d74 HTTP/1.1" 200 44962 "-" "Mozilla/5.0 (compatible; SERankingBacklinksBot/1.0; +https://seranking.com/backlinks-crawler)"
83.99.206.4 - - [18/Aug/2026:12:49:40 +0000] "GET /product/avesso-urb/ HTTP/1.1" 200 38668 "-" "Mozilla/5.0 (X11; Linux x86_64) AppleWebKit/537.36 (KHTML, like Gecko; GeedoShopProductFinder) Chrome/142.0.0.0 Safari/537.36"
144.76.19.157 - - [18/Aug/2026:12:49:43 +0000] "GET /product/lazio-urb/?add_to_wishlist=15556&_wpnonce=ee2ab5adbb HTTP/1.1" 301 0 "-" "Mozilla/5.0 (compatible; SERankingBacklinksBot/1.0; +https://seranking.com/backlinks-crawler)"
57.141.4.34 - - [18/Aug/2026:12:49:44 +0000] "GET /detail/1196307415652 HTTP/2" 429 0 "-" "Mozilla/5.0 (Windows NT 10.0; Win64; x64) AppleWebKit/537.36 (KHTML, like Gecko) Chrome/145.0.0.0 Safari/537.36 (compatible; meta-externalagent/1.1 (+https://developers.facebook.com/docs/sharing/webmasters/crawler))"
144.76.19.157 - - [18/Aug/2026:12:49:45 +0000] "GET /product/lazio-urb/?add_to_wishlist=15556&_wpnonce=ee2ab5adbb HTTP/1.1" 200 44971 "-" "Mozilla/5.0 (compatible; SERankingBacklinksBot/1.0; +https://seranking.com/backlinks-crawler)"
15.235.98.74 - - [18/Aug/2026:12:49:47 +0000] "GET /rocketplay-casino-service-clientele-en-test-avec-chat-et-email/2 HTTP/2" 301 0 "-" "Mozilla/5.0 (compatible; AhrefsBot/7.0; +http://ahrefs.com/robot/)"
144.76.19.157 - - [18/Aug/2026:12:49:50 +0000] "GET /product/lazio-urb/?add_to_wishlist=15559&_wpnonce=ee2ab5adbb HTTP/1.1" 301 0 "-" "Mozilla/5.0 (compatible; SERankingBacklinksBot/1.0; +https://seranking.com/backlinks-crawler)"
144.76.19.157 - - [18/Aug/2026:12:49:52 +0000] "GET /product/lazio-urb/?add_to_wishlist=15559&_wpnonce=ee2ab5adbb HTTP/1.1" 200 44997 "-" "Mozilla/5.0 (compatible; SERankingBacklinksBot/1.0; +https://seranking.com/backlinks-crawler)"
144.76.19.157 - - [18/Aug/2026:12:49:57 +0000] "GET /product/lazio-urb/?add_to_wishlist=15560&_wpnonce=ee2ab5adbb HTTP/1.1" 301 0 "-" "Mozilla/5.0 (compatible; SERankingBacklinksBot/1.0; +https://seranking.com/backlinks-crawler)"
144.76.19.157 - - [18/Aug/2026:12:49:59 +0000] "GET /product/lazio-urb/?add_to_wishlist=15560&_wpnonce=ee2ab5adbb HTTP/1.1" 200 44991 "-" "Mozilla/5.0 (compatible; SERankingBacklinksBot/1.0; +https://seranking.com/backlinks-crawler)"
83.99.206.4 - - [18/Aug/2026:12:50:01 +0000] "GET /product/argos/ HTTP/1.1" 301 0 "-" "Mozilla/5.0 (X11; Linux x86_64) AppleWebKit/537.36 (KHTML, like Gecko; GeedoShopProductFinder) Chrome/142.0.0.0 Safari/537.36"
83.99.206.4 - - [18/Aug/2026:12:50:01 +0000] "GET / HTTP/1.1" 200 46845 "-" "Mozilla/5.0 (X11; Linux x86_64) AppleWebKit/537.36 (KHTML, like Gecko; GeedoShopProductFinder) Chrome/142.0.0.0 Safari/537.36"
192.250.227.238 - - [18/Aug/2026:12:50:06 +0000] "POST /wp-cron.php?doing_wp_cron=1787057406.0390350818634033203125 HTTP/1.1" 200 0 "-" "WordPress/7.0.4; https://glamourflooringla.com"
144.76.19.157 - - [18/Aug/2026:12:50:05 +0000] "GET /product/lazio-urb/?add_to_wishlist=15561&_wpnonce=32cc803d74 HTTP/1.1" 301 0 "-" "Mozilla/5.0 (compatible; SERankingBacklinksBot/1.0; +https://seranking.com/backlinks-crawler)"
144.76.19.157 - - [18/Aug/2026:12:50:07 +0000] "GET /product/lazio-urb/?add_to_wishlist=15561&_wpnonce=32cc803d74 HTTP/1.1" 200 44894 "-" "Mozilla/5.0 (compatible; SERankingBacklinksBot/1.0; +https://seranking.com/backlinks-crawler)"
144.76.19.157 - - [18/Aug/2026:12:50:13 +0000] "GET /product/lazio-urb/?add_to_wishlist=15561&_wpnonce=44202cc6af HTTP/1.1" 301 0 "-" "Mozilla/5.0 (compatible; SERankingBacklinksBot/1.0; +https://seranking.com/backlinks-crawler)"
144.76.19.157 - - [18/Aug/2026:12:50:14 +0000] "GET /product/lazio-urb/?add_to_wishlist=15561&_wpnonce=44202cc6af HTTP/1.1" 200 44988 "-" "Mozilla/5.0 (compatible; SERankingBacklinksBot/1.0; +https://seranking.com/backlinks-crawler)"
144.76.19.157 - - [18/Aug/2026:12:50:18 +0000] "GET /product/lazio-urb/?add_to_wishlist=15561&_wpnonce=ee2ab5adbb HTTP/1.1" 301 0 "-" "Mozilla/5.0 (compatible; SERankingBacklinksBot/1.0; +https://seranking.com/backlinks-crawler)"
144.76.19.157 - - [18/Aug/2026:12:50:19 +0000] "GET /product/lazio-urb/?add_to_wishlist=15561&_wpnonce=ee2ab5adbb HTTP/1.1" 200 44976 "-" "Mozilla/5.0 (compatible; SERankingBacklinksBot/1.0; +https://seranking.com/backlinks-crawler)"
83.99.206.4 - - [18/Aug/2026:12:50:20 +0000] "GET /product/st-augustine-colonial/ HTTP/1.1" 200 38646 "-" "Mozilla/5.0 (X11; Linux x86_64) AppleWebKit/537.36 (KHTML, like Gecko; GeedoShopProductFinder) Chrome/142.0.0.0 Safari/537.36"
144.76.19.157 - - [18/Aug/2026:12:50:24 +0000] "GET /product/lazio-urb/?add_to_wishlist=15565&_wpnonce=44202cc6af HTTP/1.1" 301 0 "-" "Mozilla/5.0 (compatible; SERankingBacklinksBot/1.0; +https://seranking.com/backlinks-crawler)"
144.76.19.157 - - [18/Aug/2026:12:50:25 +0000] "GET /product/lazio-urb/?add_to_wishlist=15565&_wpnonce=44202cc6af HTTP/1.1" 200 44879 "-" "Mozilla/5.0 (compatible; SERankingBacklinksBot/1.0; +https://seranking.com/backlinks-crawler)"
192.250.227.238 - - [18/Aug/2026:12:50:32 +0000] "POST /wp-cron.php?doing_wp_cron=1787057431.9643208980560302734375 HTTP/1.1" 200 0 "-" "WordPress/7.0.4; https://glamourflooringla.com"
144.76.19.157 - - [18/Aug/2026:12:50:31 +0000] "GET /product/lazio-urb/?add_to_wishlist=15565&_wpnonce=ee2ab5adbb HTTP/1.1" 301 0 "-" "Mozilla/5.0 (compatible; SERankingBacklinksBot/1.0; +https://seranking.com/backlinks-crawler)"
144.76.19.157 - - [18/Aug/2026:12:50:33 +0000] "GET /product/lazio-urb/?add_to_wishlist=15565&_wpnonce=ee2ab5adbb HTTP/1.1" 200 44947 "-" "Mozilla/5.0 (compatible; SERankingBacklinksBot/1.0; +https://seranking.com/backlinks-crawler)"
192.250.227.238 - - [18/Aug/2026:12:50:39 +0000] "POST /wp-cron.php?doing_wp_cron=1787057439.6986279487609863281250 HTTP/1.1" 200 0 "-" "WordPress/7.0.4; https://glamourflooringla.com"
144.76.19.157 - - [18/Aug/2026:12:50:39 +0000] "GET /product/lazio-urb/?add_to_wishlist=15566&_wpnonce=ee2ab5adbb HTTP/1.1" 301 0 "-" "Mozilla/5.0 (compatible; SERankingBacklinksBot/1.0; +https://seranking.com/backlinks-crawler)"
144.76.19.157 - - [18/Aug/2026:12:50:41 +0000] "GET /product/lazio-urb/?add_to_wishlist=15566&_wpnonce=ee2ab5adbb HTTP/1.1" 200 44948 "-" "Mozilla/5.0 (compatible; SERankingBacklinksBot/1.0; +https://seranking.com/backlinks-crawler)"
83.99.206.26 - - [18/Aug/2026:12:50:41 +0000] "GET /product/smoky-naf/2 HTTP/1.1" 301 0 "-" "Mozilla/5.0 (X11; Linux x86_64) AppleWebKit/537.36 (KHTML, like Gecko; GeedoShopProductFinder) Chrome/142.0.0.0 Safari/537.36"
83.99.206.26 - - [18/Aug/2026:12:50:44 +0000] "GET / HTTP/1.1" 200 46845 "-" "Mozilla/5.0 (X11; Linux x86_64) AppleWebKit/537.36 (KHTML, like Gecko; GeedoShopProductFinder) Chrome/142.0.0.0 Safari/537.36"
144.76.19.157 - - [18/Aug/2026:12:50:46 +0000] "GET /product/lazio-urb/?add_to_wishlist=15569&_wpnonce=ee2ab5adbb HTTP/1.1" 301 0 "-" "Mozilla/5.0 (compatible; SERankingBacklinksBot/1.0; +https://seranking.com/backlinks-crawler)"
144.76.19.157 - - [18/Aug/2026:12:50:48 +0000] "GET /product/lazio-urb/?add_to_wishlist=15569&_wpnonce=ee2ab5adbb HTTP/1.1" 200 44948 "-" "Mozilla/5.0 (compatible; SERankingBacklinksBot/1.0; +https://seranking.com/backlinks-crawler)"
57.141.4.40 - - [18/Aug/2026:12:50:50 +0000] "GET /detail/2705943181395 HTTP/2" 429 0 "-" "Mozilla/5.0 (Macintosh; Intel Mac OS X 10_15_7) AppleWebKit/537.36 (KHTML, like Gecko) Chrome/145.0.0.0 Safari/537.36 (compatible; meta-externalagent/1.1 (+https://developers.facebook.com/docs/sharing/webmasters/crawler))"
144.76.19.157 - - [18/Aug/2026:12:50:54 +0000] "GET /product/lazio-urb/?add_to_wishlist=15570&_wpnonce=44202cc6af HTTP/1.1" 301 0 "-" "Mozilla/5.0 (compatible; SERankingBacklinksBot/1.0; +https://seranking.com/backlinks-crawler)"
144.76.19.157 - - [18/Aug/2026:12:50:56 +0000] "GET /product/lazio-urb/?add_to_wishlist=15570&_wpnonce=44202cc6af HTTP/1.1" 200 45002 "-" "Mozilla/5.0 (compatible; SERankingBacklinksBot/1.0; +https://seranking.com/backlinks-crawler)"
144.76.19.157 - - [18/Aug/2026:12:51:01 +0000] "GET /product/lazio-urb/?add_to_wishlist=15570&_wpnonce=ee2ab5adbb HTTP/1.1" 301 0 "-" "Mozilla/5.0 (compatible; SERankingBacklinksBot/1.0; +https://seranking.com/backlinks-crawler)"
144.76.19.157 - - [18/Aug/2026:12:51:03 +0000] "GET /product/lazio-urb/?add_to_wishlist=15570&_wpnonce=ee2ab5adbb HTTP/1.1" 200 44882 "-" "Mozilla/5.0 (compatible; SERankingBacklinksBot/1.0; +https://seranking.com/backlinks-crawler)"
144.76.19.157 - - [18/Aug/2026:12:51:08 +0000] "GET /product/lazio-urb/?add_to_wishlist=15573&_wpnonce=32cc803d74 HTTP/1.1" 301 0 "-" "Mozilla/5.0 (compatible; SERankingBacklinksBot/1.0; +https://seranking.com/backlinks-crawler)"
112.86.225.214 - - [18/Aug/2026:12:51:08 +0000] "GET /product/grand-naf/?add_to_wishlist=15507&_wpnonce=61a1e42ae2 HTTP/1.1" 200 44885 "-" "Sogou web spider/4.0(+http://www.sogou.com/docs/help/webmasters.htm#07)"
144.76.19.157 - - [18/Aug/2026:12:51:09 +0000] "GET /product/lazio-urb/?add_to_wishlist=15573&_wpnonce=32cc803d74 HTTP/1.1" 200 44947 "-" "Mozilla/5.0 (compatible; SERankingBacklinksBot/1.0; +https://seranking.com/backlinks-crawler)"
63.141.48.89 - - [18/Aug/2026:12:51:13 +0000] "GET /wp-content/uploads/2025/08/Santa-Monica-iimg-1.jpg HTTP/2" 200 41516 "https://glamourflooringla.com/" "Mozilla/5.0 (Windows NT 10.0; Win64; x64) AppleWebKit/537.36 (KHTML, like Gecko) Chrome/150.0.0.0 Safari/537.36"
63.141.48.89 - - [18/Aug/2026:12:51:13 +0000] "GET /wp-content/uploads/2025/08/12-1.jpg HTTP/2" 200 28003 "https://glamourflooringla.com/" "Mozilla/5.0 (Windows NT 10.0; Win64; x64) AppleWebKit/537.36 (KHTML, like Gecko) Chrome/150.0.0.0 Safari/537.36"
63.141.48.89 - - [18/Aug/2026:12:51:13 +0000] "GET /wp-content/uploads/2025/08/Malibu-img.jpg HTTP/2" 200 34144 "https://glamourflooringla.com/" "Mozilla/5.0 (Windows NT 10.0; Win64; x64) AppleWebKit/537.36 (KHTML, like Gecko) Chrome/150.0.0.0 Safari/537.36"
63.141.48.89 - - [18/Aug/2026:12:51:13 +0000] "GET /wp-content/uploads/2025/08/pp1-1.png HTTP/2" 200 170530 "https://glamourflooringla.com/" "Mozilla/5.0 (Windows NT 10.0; Win64; x64) AppleWebKit/537.36 (KHTML, like Gecko) Chrome/150.0.0.0 Safari/537.36"
63.141.48.89 - - [18/Aug/2026:12:51:14 +0000] "GET /wp-content/uploads/2025/08/93.jpg HTTP/2" 200 39280 "https://glamourflooringla.com/" "Mozilla/5.0 (Windows NT 10.0; Win64; x64) AppleWebKit/537.36 (KHTML, like Gecko) Chrome/150.0.0.0 Safari/537.36"
63.141.48.89 - - [18/Aug/2026:12:51:14 +0000] "GET /wp-content/uploads/2025/08/bg14.jpeg HTTP/2" 200 44234 "https://glamourflooringla.com/" "Mozilla/5.0 (Windows NT 10.0; Win64; x64) AppleWebKit/537.36 (KHTML, like Gecko) Chrome/150.0.0.0 Safari/537.36"
144.76.19.157 - - [18/Aug/2026:12:51:13 +0000] "GET /product/lazio-urb/?add_to_wishlist=15573&_wpnonce=ee2ab5adbb HTTP/1.1" 301 0 "-" "Mozilla/5.0 (compatible; SERankingBacklinksBot/1.0; +https://seranking.com/backlinks-crawler)"
63.141.48.89 - - [18/Aug/2026:12:51:14 +0000] "GET /wp-content/uploads/2024/02/bg16.jpeg HTTP/2" 200 21932 "https://glamourflooringla.com/" "Mozilla/5.0 (Windows NT 10.0; Win64; x64) AppleWebKit/537.36 (KHTML, like Gecko) Chrome/150.0.0.0 Safari/537.36"
63.141.48.89 - - [18/Aug/2026:12:51:14 +0000] "GET /wp-content/uploads/2025/08/Marble-Mosaics.jpg HTTP/2" 200 50052 "https://glamourflooringla.com/" "Mozilla/5.0 (Windows NT 10.0; Win64; x64) AppleWebKit/537.36 (KHTML, like Gecko) Chrome/150.0.0.0 Safari/537.36"
63.141.48.89 - - [18/Aug/2026:12:51:13 +0000] "GET /?wmcAction=wmcTrack&ping=1&siteId=1&rec=1&rand=979987&h=13&m=51&s=12&url=https%3A%2F%2Fglamourflooringla.com%2F&uid=0&pid=17829&visitorId=56440be42cf99efe&fvts=1787056575&vc=1&idn=0&refts=1787056575&lvts=1787056575&ref=www.thomasnet.com%2F&refType=ssl&fullRef=undefined&send_image=1&pdf=1&qt=0&rp=0&wma=0&dir=0&fla=0&java=0&gears=0&ag=0&cookie=1&res=1280x720>ms=503&pvId=qI9efZ&browser=Chrome_150&os=Windows_10&device=Desktop HTTP/2" 200 20 "https://glamourflooringla.com/" "Mozilla/5.0 (Windows NT 10.0; Win64; x64) AppleWebKit/537.36 (KHTML, like Gecko) Chrome/150.0.0.0 Safari/537.36"
63.141.48.89 - - [18/Aug/2026:12:51:14 +0000] "GET /wp-content/uploads/2025/08/Kitchen-Countertops-Los-Angeles-new.jpg HTTP/2" 200 73535 "https://glamourflooringla.com/" "Mozilla/5.0 (Windows NT 10.0; Win64; x64) AppleWebKit/537.36 (KHTML, like Gecko) Chrome/150.0.0.0 Safari/537.36"
63.141.48.89 - - [18/Aug/2026:12:51:14 +0000] "GET /wp-content/uploads/2025/08/Herringbone-hardwood-Installation-new.jpg HTTP/2" 200 61214 "https://glamourflooringla.com/" "Mozilla/5.0 (Windows NT 10.0; Win64; x64) AppleWebKit/537.36 (KHTML, like Gecko) Chrome/150.0.0.0 Safari/537.36"
63.141.48.89 - - [18/Aug/2026:12:51:14 +0000] "GET /wp-content/uploads/2025/08/Hardwood-Flooring-Stair-Case-new.jpg HTTP/2" 200 51463 "https://glamourflooringla.com/" "Mozilla/5.0 (Windows NT 10.0; Win64; x64) AppleWebKit/537.36 (KHTML, like Gecko) Chrome/150.0.0.0 Safari/537.36"
63.141.48.89 - - [18/Aug/2026:12:51:14 +0000] "GET /wp-content/uploads/2025/08/Bathroom-Remodels-new.jpg HTTP/2" 200 47297 "https://glamourflooringla.com/" "Mozilla/5.0 (Windows NT 10.0; Win64; x64) AppleWebKit/537.36 (KHTML, like Gecko) Chrome/150.0.0.0 Safari/537.36"
144.76.19.157 - - [18/Aug/2026:12:51:14 +0000] "GET /product/lazio-urb/?add_to_wishlist=15573&_wpnonce=ee2ab5adbb HTTP/1.1" 200 44868 "-" "Mozilla/5.0 (compatible; SERankingBacklinksBot/1.0; +https://seranking.com/backlinks-crawler)"
144.76.19.157 - - [18/Aug/2026:12:51:20 +0000] "GET /product/lazio-urb/?add_to_wishlist=16058&_wpnonce=32cc803d74 HTTP/1.1" 301 0 "-" "Mozilla/5.0 (compatible; SERankingBacklinksBot/1.0; +https://seranking.com/backlinks-crawler)"
144.76.19.157 - - [18/Aug/2026:12:51:22 +0000] "GET /product/lazio-urb/?add_to_wishlist=16058&_wpnonce=32cc803d74 HTTP/1.1" 200 44884 "-" "Mozilla/5.0 (compatible; SERankingBacklinksBot/1.0; +https://seranking.com/backlinks-crawler)"
144.76.19.157 - - [18/Aug/2026:12:51:27 +0000] "GET /product/lazio-urb/?add_to_wishlist=16058&_wpnonce=44202cc6af HTTP/1.1" 301 0 "-" "Mozilla/5.0 (compatible; SERankingBacklinksBot/1.0; +https://seranking.com/backlinks-crawler)"
192.250.227.238 - - [18/Aug/2026:12:51:30 +0000] "POST /wp-cron.php?doing_wp_cron=1787057490.6317989826202392578125 HTTP/1.1" 200 0 "-" "WordPress/7.0.4; https://glamourflooringla.com"
144.76.19.157 - - [18/Aug/2026:12:51:29 +0000] "GET /product/lazio-urb/?add_to_wishlist=16058&_wpnonce=44202cc6af HTTP/1.1" 200 44859 "-" "Mozilla/5.0 (compatible; SERankingBacklinksBot/1.0; +https://seranking.com/backlinks-crawler)"
144.76.19.157 - - [18/Aug/2026:12:51:35 +0000] "GET /product/lazio-urb/?add_to_wishlist=16058&_wpnonce=ee2ab5adbb HTTP/1.1" 301 0 "-" "Mozilla/5.0 (compatible; SERankingBacklinksBot/1.0; +https://seranking.com/backlinks-crawler)"
144.76.19.157 - - [18/Aug/2026:12:51:37 +0000] "GET /product/lazio-urb/?add_to_wishlist=16058&_wpnonce=ee2ab5adbb HTTP/1.1" 200 44960 "-" "Mozilla/5.0 (compatible; SERankingBacklinksBot/1.0; +https://seranking.com/backlinks-crawler)"
144.76.19.157 - - [18/Aug/2026:12:51:42 +0000] "GET /product/lepage-vellichor/?add_to_wishlist=15487&_wpnonce=44202cc6af HTTP/1.1" 301 0 "-" "Mozilla/5.0 (compatible; SERankingBacklinksBot/1.0; +https://seranking.com/backlinks-crawler)"
192.250.227.238 - - [18/Aug/2026:12:51:45 +0000] "POST /wp-cron.php?doing_wp_cron=1787057505.6310060024261474609375 HTTP/1.1" 200 0 "-" "WordPress/7.0.4; https://glamourflooringla.com"
144.76.19.157 - - [18/Aug/2026:12:51:44 +0000] "GET /product/lepage-vellichor/?add_to_wishlist=15487&_wpnonce=44202cc6af HTTP/1.1" 200 44950 "-" "Mozilla/5.0 (compatible; SERankingBacklinksBot/1.0; +https://seranking.com/backlinks-crawler)"
144.76.19.157 - - [18/Aug/2026:12:51:50 +0000] "GET /product/lepage-vellichor/?add_to_wishlist=15489&_wpnonce=44202cc6af HTTP/1.1" 301 0 "-" "Mozilla/5.0 (compatible; SERankingBacklinksBot/1.0; +https://seranking.com/backlinks-crawler)"
144.76.19.157 - - [18/Aug/2026:12:51:52 +0000] "GET /product/lepage-vellichor/?add_to_wishlist=15489&_wpnonce=44202cc6af HTTP/1.1" 200 44946 "-" "Mozilla/5.0 (compatible; SERankingBacklinksBot/1.0; +https://seranking.com/backlinks-crawler)"
57.141.4.13 - - [18/Aug/2026:12:51:57 +0000] "GET /detail/1735297685448 HTTP/2" 429 0 "-" "Mozilla/5.0 (X11; Linux x86_64) AppleWebKit/537.36 (KHTML, like Gecko) Chrome/145.0.0.0 Safari/537.36 (compatible; meta-externalagent/1.1 (+https://developers.facebook.com/docs/sharing/webmasters/crawler))"
144.76.19.157 - - [18/Aug/2026:12:51:57 +0000] "GET /product/lepage-vellichor/?add_to_wishlist=15538&_wpnonce=44202cc6af HTTP/1.1" 301 0 "-" "Mozilla/5.0 (compatible; SERankingBacklinksBot/1.0; +https://seranking.com/backlinks-crawler)"
144.76.19.157 - - [18/Aug/2026:12:51:59 +0000] "GET /product/lepage-vellichor/?add_to_wishlist=15538&_wpnonce=44202cc6af HTTP/1.1" 200 44915 "-" "Mozilla/5.0 (compatible; SERankingBacklinksBot/1.0; +https://seranking.com/backlinks-crawler)"
144.76.19.157 - - [18/Aug/2026:12:52:04 +0000] "GET /product/lepage-vellichor/?add_to_wishlist=15542&_wpnonce=44202cc6af HTTP/1.1" 301 0 "-" "Mozilla/5.0 (compatible; SERankingBacklinksBot/1.0; +https://seranking.com/backlinks-crawler)"
144.76.19.157 - - [18/Aug/2026:12:52:04 +0000] "GET /product/lepage-vellichor/?add_to_wishlist=15542&_wpnonce=44202cc6af HTTP/1.1" 200 44902 "-" "Mozilla/5.0 (compatible; SERankingBacklinksBot/1.0; +https://seranking.com/backlinks-crawler)"
144.76.19.157 - - [18/Aug/2026:12:52:09 +0000] "GET /product/lepage-vellichor/?add_to_wishlist=15565&_wpnonce=44202cc6af HTTP/1.1" 301 0 "-" "Mozilla/5.0 (compatible; SERankingBacklinksBot/1.0; +https://seranking.com/backlinks-crawler)"
144.76.19.157 - - [18/Aug/2026:12:52:10 +0000] "GET /product/lepage-vellichor/?add_to_wishlist=15565&_wpnonce=44202cc6af HTTP/1.1" 200 44926 "-" "Mozilla/5.0 (compatible; SERankingBacklinksBot/1.0; +https://seranking.com/backlinks-crawler)"
144.76.19.157 - - [18/Aug/2026:12:52:14 +0000] "GET /product/lepage-vellichor/?add_to_wishlist=15569&_wpnonce=44202cc6af HTTP/1.1" 301 0 "-" "Mozilla/5.0 (compatible; SERankingBacklinksBot/1.0; +https://seranking.com/backlinks-crawler)"
144.76.19.157 - - [18/Aug/2026:12:52:15 +0000] "GET /product/lepage-vellichor/?add_to_wishlist=15569&_wpnonce=44202cc6af HTTP/1.1" 200 44983 "-" "Mozilla/5.0 (compatible; SERankingBacklinksBot/1.0; +https://seranking.com/backlinks-crawler)"
144.76.19.157 - - [18/Aug/2026:12:52:21 +0000] "GET /product/lepage-vellichor/?add_to_wishlist=15570&_wpnonce=44202cc6af HTTP/1.1" 301 0 "-" "Mozilla/5.0 (compatible; SERankingBacklinksBot/1.0; +https://seranking.com/backlinks-crawler)"
144.76.19.157 - - [18/Aug/2026:12:52:23 +0000] "GET /product/lepage-vellichor/?add_to_wishlist=15570&_wpnonce=44202cc6af HTTP/1.1" 200 44986 "-" "Mozilla/5.0 (compatible; SERankingBacklinksBot/1.0; +https://seranking.com/backlinks-crawler)"
144.76.19.157 - - [18/Aug/2026:12:52:28 +0000] "GET /product/lepage-vellichor/?add_to_wishlist=15573&_wpnonce=44202cc6af HTTP/1.1" 301 0 "-" "Mozilla/5.0 (compatible; SERankingBacklinksBot/1.0; +https://seranking.com/backlinks-crawler)"
192.250.227.238 - - [18/Aug/2026:12:52:31 +0000] "POST /wp-cron.php?doing_wp_cron=1787057551.3970251083374023437500 HTTP/1.1" 200 0 "-" "WordPress/7.0.4; https://glamourflooringla.com"
144.76.19.157 - - [18/Aug/2026:12:52:30 +0000] "GET /product/lepage-vellichor/?add_to_wishlist=15573&_wpnonce=44202cc6af HTTP/1.1" 200 44908 "-" "Mozilla/5.0 (compatible; SERankingBacklinksBot/1.0; +https://seranking.com/backlinks-crawler)"
144.76.19.157 - - [18/Aug/2026:12:52:36 +0000] "GET /product/lepage-vellichor/?add_to_wishlist=16158&_wpnonce=44202cc6af HTTP/1.1" 301 0 "-" "Mozilla/5.0 (compatible; SERankingBacklinksBot/1.0; +https://seranking.com/backlinks-crawler)"
144.76.19.157 - - [18/Aug/2026:12:52:37 +0000] "GET /product/lepage-vellichor/?add_to_wishlist=16158&_wpnonce=44202cc6af HTTP/1.1" 200 44903 "-" "Mozilla/5.0 (compatible; SERankingBacklinksBot/1.0; +https://seranking.com/backlinks-crawler)"
144.76.19.157 - - [18/Aug/2026:12:52:43 +0000] "GET /product/levant-california-classics/?add_to_wishlist=15484&_wpnonce=32cc803d74 HTTP/1.1" 301 0 "-" "Mozilla/5.0 (compatible; SERankingBacklinksBot/1.0; +https://seranking.com/backlinks-crawler)"
144.76.19.157 - - [18/Aug/2026:12:52:45 +0000] "GET /product/levant-california-classics/?add_to_wishlist=15484&_wpnonce=32cc803d74 HTTP/1.1" 200 44835 "-" "Mozilla/5.0 (compatible; SERankingBacklinksBot/1.0; +https://seranking.com/backlinks-crawler)"
144.76.19.157 - - [18/Aug/2026:12:52:50 +0000] "GET /product/levant-california-classics/?add_to_wishlist=15492&_wpnonce=32cc803d74 HTTP/1.1" 301 0 "-" "Mozilla/5.0 (compatible; SERankingBacklinksBot/1.0; +https://seranking.com/backlinks-crawler)"
83.99.206.50 - - [18/Aug/2026:12:52:50 +0000] "GET /product/anaheim-2/2 HTTP/1.1" 301 0 "-" "Mozilla/5.0 (X11; Linux x86_64) AppleWebKit/537.36 (KHTML, like Gecko; GeedoShopProductFinder) Chrome/142.0.0.0 Safari/537.36"
83.99.206.50 - - [18/Aug/2026:12:52:51 +0000] "GET / HTTP/1.1" 200 46845 "-" "Mozilla/5.0 (X11; Linux x86_64) AppleWebKit/537.36 (KHTML, like Gecko; GeedoShopProductFinder) Chrome/142.0.0.0 Safari/537.36"
144.76.19.157 - - [18/Aug/2026:12:52:52 +0000] "GET /product/levant-california-classics/?add_to_wishlist=15492&_wpnonce=32cc803d74 HTTP/1.1" 200 44851 "-" "Mozilla/5.0 (compatible; SERankingBacklinksBot/1.0; +https://seranking.com/backlinks-crawler)"
192.250.227.238 - - [18/Aug/2026:12:52:58 +0000] "POST /wp-cron.php?doing_wp_cron=1787057578.7615671157836914062500 HTTP/1.1" 200 0 "-" "WordPress/7.0.4; https://glamourflooringla.com"
144.76.19.157 - - [18/Aug/2026:12:52:58 +0000] "GET /product/levant-california-classics/?add_to_wishlist=15507&_wpnonce=32cc803d74 HTTP/1.1" 301 0 "-" "Mozilla/5.0 (compatible; SERankingBacklinksBot/1.0; +https://seranking.com/backlinks-crawler)"
144.76.19.157 - - [18/Aug/2026:12:53:00 +0000] "GET /product/levant-california-classics/?add_to_wishlist=15507&_wpnonce=32cc803d74 HTTP/1.1" 200 44900 "-" "Mozilla/5.0 (compatible; SERankingBacklinksBot/1.0; +https://seranking.com/backlinks-crawler)"
57.141.4.20 - - [18/Aug/2026:12:53:04 +0000] "GET /detail/962209678320 HTTP/2" 429 0 "-" "Mozilla/5.0 (Macintosh; Intel Mac OS X 10_15_7) AppleWebKit/537.36 (KHTML, like Gecko) Chrome/145.0.0.0 Safari/537.36 (compatible; meta-externalagent/1.1 (+https://developers.facebook.com/docs/sharing/webmasters/crawler))"
144.76.19.157 - - [18/Aug/2026:12:53:05 +0000] "GET /product/levant-california-classics/?add_to_wishlist=15542&_wpnonce=32cc803d74 HTTP/1.1" 301 0 "-" "Mozilla/5.0 (compatible; SERankingBacklinksBot/1.0; +https://seranking.com/backlinks-crawler)"
144.76.19.157 - - [18/Aug/2026:12:53:07 +0000] "GET /product/levant-california-classics/?add_to_wishlist=15542&_wpnonce=32cc803d74 HTTP/1.1" 200 44827 "-" "Mozilla/5.0 (compatible; SERankingBacklinksBot/1.0; +https://seranking.com/backlinks-crawler)"
83.99.206.170 - - [18/Aug/2026:12:53:10 +0000] "GET /product/arroyo-naf/2 HTTP/1.1" 301 0 "-" "Mozilla/5.0 (X11; Linux x86_64) AppleWebKit/537.36 (KHTML, like Gecko; GeedoShopProductFinder) Chrome/142.0.0.0 Safari/537.36"
83.99.206.170 - - [18/Aug/2026:12:53:11 +0000] "GET / HTTP/1.1" 200 46845 "-" "Mozilla/5.0 (X11; Linux x86_64) AppleWebKit/537.36 (KHTML, like Gecko; GeedoShopProductFinder) Chrome/142.0.0.0 Safari/537.36"
144.76.19.157 - - [18/Aug/2026:12:53:13 +0000] "GET /product/levant-california-classics/?add_to_wishlist=15559&_wpnonce=32cc803d74 HTTP/1.1" 301 0 "-" "Mozilla/5.0 (compatible; SERankingBacklinksBot/1.0; +https://seranking.com/backlinks-crawler)"
144.76.19.157 - - [18/Aug/2026:12:53:15 +0000] "GET /product/levant-california-classics/?add_to_wishlist=15559&_wpnonce=32cc803d74 HTTP/1.1" 200 44936 "-" "Mozilla/5.0 (compatible; SERankingBacklinksBot/1.0; +https://seranking.com/backlinks-crawler)"
195.123.125.11 - - [18/Aug/2026:12:53:16 +0000] "GET /product/macadamia-tecsun/ HTTP/2" 200 37860 "-" "Mozilla/5.0 (Macintosh; Intel Mac OS X 10_15_7) AppleWebKit/537.36 (KHTML, like Gecko) Chrome/133.0.0.0 Safari/537.36"
144.76.19.157 - - [18/Aug/2026:12:53:21 +0000] "GET /product/levant-california-classics/?add_to_wishlist=15565&_wpnonce=32cc803d74 HTTP/1.1" 301 0 "-" "Mozilla/5.0 (compatible; SERankingBacklinksBot/1.0; +https://seranking.com/backlinks-crawler)"
144.76.19.157 - - [18/Aug/2026:12:53:22 +0000] "GET /product/levant-california-classics/?add_to_wishlist=15565&_wpnonce=32cc803d74 HTTP/1.1" 200 44946 "-" "Mozilla/5.0 (compatible; SERankingBacklinksBot/1.0; +https://seranking.com/backlinks-crawler)"
144.76.19.157 - - [18/Aug/2026:12:53:28 +0000] "GET /product/levant-california-classics/?add_to_wishlist=15566&_wpnonce=32cc803d74 HTTP/1.1" 301 0 "-" "Mozilla/5.0 (compatible; SERankingBacklinksBot/1.0; +https://seranking.com/backlinks-crawler)"
192.250.227.238 - - [18/Aug/2026:12:53:31 +0000] "POST /wp-cron.php?doing_wp_cron=1787057611.2669510841369628906250 HTTP/1.1" 200 0 "-" "WordPress/7.0.4; https://glamourflooringla.com"
144.76.19.157 - - [18/Aug/2026:12:53:30 +0000] "GET /product/levant-california-classics/?add_to_wishlist=15566&_wpnonce=32cc803d74 HTTP/1.1" 200 45009 "-" "Mozilla/5.0 (compatible; SERankingBacklinksBot/1.0; +https://seranking.com/backlinks-crawler)"
83.99.206.170 - - [18/Aug/2026:12:53:31 +0000] "GET /product/belvedere/ HTTP/1.1" 200 38612 "-" "Mozilla/5.0 (X11; Linux x86_64) AppleWebKit/537.36 (KHTML, like Gecko; GeedoShopProductFinder) Chrome/142.0.0.0 Safari/537.36"
144.76.19.157 - - [18/Aug/2026:12:53:35 +0000] "GET /product/levant-california-classics/?add_to_wishlist=16452&_wpnonce=32cc803d74 HTTP/1.1" 301 0 "-" "Mozilla/5.0 (compatible; SERankingBacklinksBot/1.0; +https://seranking.com/backlinks-crawler)"
144.76.19.157 - - [18/Aug/2026:12:53:37 +0000] "GET /product/levant-california-classics/?add_to_wishlist=16452&_wpnonce=32cc803d74 HTTP/1.1" 200 44869 "-" "Mozilla/5.0 (compatible; SERankingBacklinksBot/1.0; +https://seranking.com/backlinks-crawler)"
144.76.19.157 - - [18/Aug/2026:12:53:43 +0000] "GET /product/lighth-naf/?add_to_wishlist=15495&_wpnonce=bbb71dd7ae HTTP/1.1" 301 0 "-" "Mozilla/5.0 (compatible; SERankingBacklinksBot/1.0; +https://seranking.com/backlinks-crawler)"
145.223.130.18 - - [18/Aug/2026:12:53:43 +0000] "GET /product/donaroak-naf/feed/ HTTP/1.1" 200 381 "-" "Mozilla/5.0 (Macintosh; Intel Mac OS X 10_15_7) AppleWebKit/537.36 (KHTML, like Gecko) Chrome/133.0.0.0 Safari/537.36"
144.76.19.157 - - [18/Aug/2026:12:53:45 +0000] "GET /product/lighth-naf/?add_to_wishlist=15495&_wpnonce=bbb71dd7ae HTTP/1.1" 200 44891 "-" "Mozilla/5.0 (compatible; SERankingBacklinksBot/1.0; +https://seranking.com/backlinks-crawler)"
129.121.103.155 - admin-editor [18/Aug/2026:12:53:50 +0000] "GET /wp-json/wp/v2/users/me HTTP/1.1" 403 169 "-" "Mozilla/5.0 (Windows NT 10.0; Win64; x64) AppleWebKit/537.36 (KHTML, like Gecko) Chrome/151.0.0.0 Safari/537.36"
83.99.206.170 - - [18/Aug/2026:12:53:50 +0000] "GET /product/lazio-urb/2 HTTP/1.1" 301 0 "-" "Mozilla/5.0 (X11; Linux x86_64) AppleWebKit/537.36 (KHTML, like Gecko; GeedoShopProductFinder) Chrome/142.0.0.0 Safari/537.36"
83.99.206.170 - - [18/Aug/2026:12:53:51 +0000] "GET / HTTP/1.1" 200 46845 "-" "Mozilla/5.0 (X11; Linux x86_64) AppleWebKit/537.36 (KHTML, like Gecko; GeedoShopProductFinder) Chrome/142.0.0.0 Safari/537.36"
144.76.19.157 - - [18/Aug/2026:12:53:50 +0000] "GET /product/lighth-naf/?add_to_wishlist=15521&_wpnonce=bbb71dd7ae HTTP/1.1" 301 0 "-" "Mozilla/5.0 (compatible; SERankingBacklinksBot/1.0; +https://seranking.com/backlinks-crawler)"
144.76.19.157 - - [18/Aug/2026:12:53:52 +0000] "GET /product/lighth-naf/?add_to_wishlist=15521&_wpnonce=bbb71dd7ae HTTP/1.1" 200 44950 "-" "Mozilla/5.0 (compatible; SERankingBacklinksBot/1.0; +https://seranking.com/backlinks-crawler)"
144.76.19.157 - - [18/Aug/2026:12:53:58 +0000] "GET /product/lighth-naf/?add_to_wishlist=15540&_wpnonce=bbb71dd7ae HTTP/1.1" 301 0 "-" "Mozilla/5.0 (compatible; SERankingBacklinksBot/1.0; +https://seranking.com/backlinks-crawler)"
144.76.19.157 - - [18/Aug/2026:12:54:00 +0000] "GET /product/lighth-naf/?add_to_wishlist=15540&_wpnonce=bbb71dd7ae HTTP/1.1" 200 44869 "-" "Mozilla/5.0 (compatible; SERankingBacklinksBot/1.0; +https://seranking.com/backlinks-crawler)"
144.76.19.157 - - [18/Aug/2026:12:54:05 +0000] "GET /product/lighth-naf/?add_to_wishlist=15542&_wpnonce=bbb71dd7ae HTTP/1.1" 301 0 "-" "Mozilla/5.0 (compatible; SERankingBacklinksBot/1.0; +https://seranking.com/backlinks-crawler)"
144.76.19.157 - - [18/Aug/2026:12:54:07 +0000] "GET /product/lighth-naf/?add_to_wishlist=15542&_wpnonce=bbb71dd7ae HTTP/1.1" 200 44937 "-" "Mozilla/5.0 (compatible; SERankingBacklinksBot/1.0; +https://seranking.com/backlinks-crawler)"
57.141.4.10 - - [18/Aug/2026:12:54:10 +0000] "GET /detail/232616371469 HTTP/2" 429 0 "-" "Mozilla/5.0 (Windows NT 10.0; Win64; x64) AppleWebKit/537.36 (KHTML, like Gecko) Chrome/145.0.0.0 Safari/537.36 (compatible; meta-externalagent/1.1 (+https://developers.facebook.com/docs/sharing/webmasters/crawler))"
83.99.206.150 - - [18/Aug/2026:12:54:10 +0000] "GET /product/santiago-4/ HTTP/1.1" 301 0 "-" "Mozilla/5.0 (X11; Linux x86_64) AppleWebKit/537.36 (KHTML, like Gecko; GeedoShopProductFinder) Chrome/142.0.0.0 Safari/537.36"
83.99.206.150 - - [18/Aug/2026:12:54:11 +0000] "GET / HTTP/1.1" 200 46845 "-" "Mozilla/5.0 (X11; Linux x86_64) AppleWebKit/537.36 (KHTML, like Gecko; GeedoShopProductFinder) Chrome/142.0.0.0 Safari/537.36"
144.76.19.157 - - [18/Aug/2026:12:54:13 +0000] "GET /product/lighth-naf/?add_to_wishlist=15547&_wpnonce=bbb71dd7ae HTTP/1.1" 301 0 "-" "Mozilla/5.0 (compatible; SERankingBacklinksBot/1.0; +https://seranking.com/backlinks-crawler)"
144.76.19.157 - - [18/Aug/2026:12:54:15 +0000] "GET /product/lighth-naf/?add_to_wishlist=15547&_wpnonce=bbb71dd7ae HTTP/1.1" 200 45014 "-" "Mozilla/5.0 (compatible; SERankingBacklinksBot/1.0; +https://seranking.com/backlinks-crawler)"
144.76.19.157 - - [18/Aug/2026:12:54:20 +0000] "GET /product/lighth-naf/?add_to_wishlist=15549&_wpnonce=bbb71dd7ae HTTP/1.1" 301 0 "-" "Mozilla/5.0 (compatible; SERankingBacklinksBot/1.0; +https://seranking.com/backlinks-crawler)"
144.76.19.157 - - [18/Aug/2026:12:54:22 +0000] "GET /product/lighth-naf/?add_to_wishlist=15549&_wpnonce=bbb71dd7ae HTTP/1.1" 200 44880 "-" "Mozilla/5.0 (compatible; SERankingBacklinksBot/1.0; +https://seranking.com/backlinks-crawler)"
144.76.19.157 - - [18/Aug/2026:12:54:28 +0000] "GET /product/lighth-naf/?add_to_wishlist=15559&_wpnonce=bbb71dd7ae HTTP/1.1" 301 0 "-" "Mozilla/5.0 (compatible; SERankingBacklinksBot/1.0; +https://seranking.com/backlinks-crawler)"
192.250.227.238 - - [18/Aug/2026:12:54:30 +0000] "POST /wp-cron.php?doing_wp_cron=1787057670.7514650821685791015625 HTTP/1.1" 200 0 "-" "WordPress/7.0.4; https://glamourflooringla.com"
144.76.19.157 - - [18/Aug/2026:12:54:29 +0000] "GET /product/lighth-naf/?add_to_wishlist=15559&_wpnonce=bbb71dd7ae HTTP/1.1" 200 44895 "-" "Mozilla/5.0 (compatible; SERankingBacklinksBot/1.0; +https://seranking.com/backlinks-crawler)"
83.99.206.170 - - [18/Aug/2026:12:54:30 +0000] "GET /product/albany-artisan/ HTTP/1.1" 200 38432 "-" "Mozilla/5.0 (X11; Linux x86_64) AppleWebKit/537.36 (KHTML, like Gecko; GeedoShopProductFinder) Chrome/142.0.0.0 Safari/537.36"
144.76.19.157 - - [18/Aug/2026:12:54:35 +0000] "GET /product/lighth-naf/?add_to_wishlist=15570&_wpnonce=bbb71dd7ae HTTP/1.1" 301 0 "-" "Mozilla/5.0 (compatible; SERankingBacklinksBot/1.0; +https://seranking.com/backlinks-crawler)"
144.76.19.157 - - [18/Aug/2026:12:54:37 +0000] "GET /product/lighth-naf/?add_to_wishlist=15570&_wpnonce=bbb71dd7ae HTTP/1.1" 200 44961 "-" "Mozilla/5.0 (compatible; SERankingBacklinksBot/1.0; +https://seranking.com/backlinks-crawler)"
144.76.19.157 - - [18/Aug/2026:12:54:42 +0000] "GET /product/lighth-naf/?add_to_wishlist=15818&_wpnonce=bbb71dd7ae HTTP/1.1" 301 0 "-" "Mozilla/5.0 (compatible; SERankingBacklinksBot/1.0; +https://seranking.com/backlinks-crawler)"
144.76.19.157 - - [18/Aug/2026:12:54:44 +0000] "GET /product/lighth-naf/?add_to_wishlist=15818&_wpnonce=bbb71dd7ae HTTP/1.1" 200 44877 "-" "Mozilla/5.0 (compatible; SERankingBacklinksBot/1.0; +https://seranking.com/backlinks-crawler)"
144.76.19.157 - - [18/Aug/2026:12:54:50 +0000] "GET /product/lighthouse-3-oasis/ HTTP/1.1" 301 0 "-" "Mozilla/5.0 (compatible; SERankingBacklinksBot/1.0; +https://seranking.com/backlinks-crawler)"
144.76.19.157 - - [18/Aug/2026:12:54:52 +0000] "GET /product/lighthouse-3-oasis/ HTTP/1.1" 200 45176 "-" "Mozilla/5.0 (compatible; SERankingBacklinksBot/1.0; +https://seranking.com/backlinks-crawler)"
144.76.19.157 - - [18/Aug/2026:12:54:57 +0000] "GET /product/lighthouse-3-oasis/?add_to_wishlist=15489&_wpnonce=4b29608f60 HTTP/1.1" 301 0 "-" "Mozilla/5.0 (compatible; SERankingBacklinksBot/1.0; +https://seranking.com/backlinks-crawler)"
144.76.19.157 - - [18/Aug/2026:12:54:59 +0000] "GET /product/lighthouse-3-oasis/?add_to_wishlist=15489&_wpnonce=4b29608f60 HTTP/1.1" 200 45140 "-" "Mozilla/5.0 (compatible; SERankingBacklinksBot/1.0; +https://seranking.com/backlinks-crawler)"
144.76.19.157 - - [18/Aug/2026:12:55:05 +0000] "GET /product/lighthouse-3-oasis/?add_to_wishlist=15542&_wpnonce=4b29608f60 HTTP/1.1" 301 0 "-" "Mozilla/5.0 (compatible; SERankingBacklinksBot/1.0; +https://seranking.com/backlinks-crawler)"
144.76.19.157 - - [18/Aug/2026:12:55:06 +0000] "GET /product/lighthouse-3-oasis/?add_to_wishlist=15542&_wpnonce=4b29608f60 HTTP/1.1" 200 45166 "-" "Mozilla/5.0 (compatible; SERankingBacklinksBot/1.0; +https://seranking.com/backlinks-crawler)"
144.76.19.157 - - [18/Aug/2026:12:55:12 +0000] "GET /product/lighthouse-3-oasis/?add_to_wishlist=15559&_wpnonce=4b29608f60 HTTP/1.1" 301 0 "-" "Mozilla/5.0 (compatible; SERankingBacklinksBot/1.0; +https://seranking.com/backlinks-crawler)"
144.76.19.157 - - [18/Aug/2026:12:55:14 +0000] "GET /product/lighthouse-3-oasis/?add_to_wishlist=15559&_wpnonce=4b29608f60 HTTP/1.1" 200 45181 "-" "Mozilla/5.0 (compatible; SERankingBacklinksBot/1.0; +https://seranking.com/backlinks-crawler)"
57.141.4.18 - - [18/Aug/2026:12:55:18 +0000] "GET /detail/1793242710605 HTTP/2" 429 0 "-" "Mozilla/5.0 (Windows NT 10.0; Win64; x64) AppleWebKit/537.36 (KHTML, like Gecko) Chrome/145.0.0.0 Safari/537.36 (compatible; meta-externalagent/1.1 (+https://developers.facebook.com/docs/sharing/webmasters/crawler))"
144.76.19.157 - - [18/Aug/2026:12:55:20 +0000] "GET /product/lighthouse-3-oasis/?add_to_wishlist=15560&_wpnonce=4b29608f60 HTTP/1.1" 301 0 "-" "Mozilla/5.0 (compatible; SERankingBacklinksBot/1.0; +https://seranking.com/backlinks-crawler)"
144.76.19.157 - - [18/Aug/2026:12:55:21 +0000] "GET /product/lighthouse-3-oasis/?add_to_wishlist=15560&_wpnonce=4b29608f60 HTTP/1.1" 200 45145 "-" "Mozilla/5.0 (compatible; SERankingBacklinksBot/1.0; +https://seranking.com/backlinks-crawler)"
144.76.19.157 - - [18/Aug/2026:12:55:27 +0000] "GET /product/lighthouse-3-oasis/?add_to_wishlist=15561&_wpnonce=4b29608f60 HTTP/1.1" 301 0 "-" "Mozilla/5.0 (compatible; SERankingBacklinksBot/1.0; +https://seranking.com/backlinks-crawler)"
192.250.227.238 - - [18/Aug/2026:12:55:30 +0000] "POST /wp-cron.php?doing_wp_cron=1787057730.3221750259399414062500 HTTP/1.1" 200 0 "-" "WordPress/7.0.4; https://glamourflooringla.com"
144.76.19.157 - - [18/Aug/2026:12:55:29 +0000] "GET /product/lighthouse-3-oasis/?add_to_wishlist=15561&_wpnonce=4b29608f60 HTTP/1.1" 200 45135 "-" "Mozilla/5.0 (compatible; SERankingBacklinksBot/1.0; +https://seranking.com/backlinks-crawler)"
144.76.19.157 - - [18/Aug/2026:12:55:34 +0000] "GET /product/lighthouse-3-oasis/?add_to_wishlist=15566&_wpnonce=4b29608f60 HTTP/1.1" 301 0 "-" "Mozilla/5.0 (compatible; SERankingBacklinksBot/1.0; +https://seranking.com/backlinks-crawler)"
144.76.19.157 - - [18/Aug/2026:12:55:36 +0000] "GET /product/lighthouse-3-oasis/?add_to_wishlist=15566&_wpnonce=4b29608f60 HTTP/1.1" 200 45085 "-" "Mozilla/5.0 (compatible; SERankingBacklinksBot/1.0; +https://seranking.com/backlinks-crawler)"
144.76.19.157 - - [18/Aug/2026:12:55:42 +0000] "GET /product/lighthouse-3-oasis/?add_to_wishlist=15569&_wpnonce=4b29608f60 HTTP/1.1" 301 0 "-" "Mozilla/5.0 (compatible; SERankingBacklinksBot/1.0; +https://seranking.com/backlinks-crawler)"
144.76.19.157 - - [18/Aug/2026:12:55:44 +0000] "GET /product/lighthouse-3-oasis/?add_to_wishlist=15569&_wpnonce=4b29608f60 HTTP/1.1" 200 45173 "-" "Mozilla/5.0 (compatible; SERankingBacklinksBot/1.0; +https://seranking.com/backlinks-crawler)"
144.76.19.157 - - [18/Aug/2026:12:55:49 +0000] "GET /product/lions-gate-provenza-floors/ HTTP/1.1" 301 0 "-" "Mozilla/5.0 (compatible; SERankingBacklinksBot/1.0; +https://seranking.com/backlinks-crawler)"
144.76.19.157 - - [18/Aug/2026:12:55:51 +0000] "GET /product/lions-gate-provenza-floors/ HTTP/1.1" 200 45004 "-" "Mozilla/5.0 (compatible; SERankingBacklinksBot/1.0; +https://seranking.com/backlinks-crawler)"
144.76.19.157 - - [18/Aug/2026:12:55:57 +0000] "GET /product/lipari-pro/?add_to_wishlist=15507&_wpnonce=bbb71dd7ae HTTP/1.1" 301 0 "-" "Mozilla/5.0 (compatible; SERankingBacklinksBot/1.0; +https://seranking.com/backlinks-crawler)"
144.76.19.157 - - [18/Aug/2026:12:55:59 +0000] "GET /product/lipari-pro/?add_to_wishlist=15507&_wpnonce=bbb71dd7ae HTTP/1.1" 200 44805 "-" "Mozilla/5.0 (compatible; SERankingBacklinksBot/1.0; +https://seranking.com/backlinks-crawler)"
144.76.19.157 - - [18/Aug/2026:12:56:04 +0000] "GET /product/lipari-pro/?add_to_wishlist=15510&_wpnonce=bbb71dd7ae HTTP/1.1" 301 0 "-" "Mozilla/5.0 (compatible; SERankingBacklinksBot/1.0; +https://seranking.com/backlinks-crawler)"
177.128.36.208 - - [18/Aug/2026:12:56:04 +0000] "GET /product/turquoise-vellichor/ HTTP/1.1" 301 0 "https://www.glamourflooringla.com/product-category/engineered-hardwood-floor/vellichor/page/1/" "Mozilla/5.0 (Linux; Android 15; OPPO PCLM6) AppleWebKit/537.36 (KHTML, like Gecko) Chrome/154.0.5074.145 Mobile Safari/537.36 MicroMessenger/8.0.41(0x18001B3F) NetType/WIFI Language/zh_CN"
144.76.19.157 - - [18/Aug/2026:12:56:06 +0000] "GET /product/lipari-pro/?add_to_wishlist=15510&_wpnonce=bbb71dd7ae HTTP/1.1" 200 44940 "-" "Mozilla/5.0 (compatible; SERankingBacklinksBot/1.0; +https://seranking.com/backlinks-crawler)"
144.76.19.157 - - [18/Aug/2026:12:56:12 +0000] "GET /product/lipari-pro/?add_to_wishlist=15521&_wpnonce=bbb71dd7ae HTTP/1.1" 301 0 "-" "Mozilla/5.0 (compatible; SERankingBacklinksBot/1.0; +https://seranking.com/backlinks-crawler)"
144.76.19.157 - - [18/Aug/2026:12:56:14 +0000] "GET /product/lipari-pro/?add_to_wishlist=15521&_wpnonce=bbb71dd7ae HTTP/1.1" 200 44937 "-" "Mozilla/5.0 (compatible; SERankingBacklinksBot/1.0; +https://seranking.com/backlinks-crawler)"
144.76.19.157 - - [18/Aug/2026:12:56:19 +0000] "GET /product/lipari-pro/?add_to_wishlist=15538&_wpnonce=bbb71dd7ae HTTP/1.1" 301 0 "-" "Mozilla/5.0 (compatible; SERankingBacklinksBot/1.0; +https://seranking.com/backlinks-crawler)"
144.76.19.157 - - [18/Aug/2026:12:56:21 +0000] "GET /product/lipari-pro/?add_to_wishlist=15538&_wpnonce=bbb71dd7ae HTTP/1.1" 200 44896 "-" "Mozilla/5.0 (compatible; SERankingBacklinksBot/1.0; +https://seranking.com/backlinks-crawler)"
57.141.4.70 - - [18/Aug/2026:12:56:23 +0000] "GET /detail/2652920578324 HTTP/2" 429 0 "-" "Mozilla/5.0 (Macintosh; Intel Mac OS X 10_15_7) AppleWebKit/537.36 (KHTML, like Gecko) Chrome/145.0.0.0 Safari/537.36 (compatible; meta-externalagent/1.1 (+https://developers.facebook.com/docs/sharing/webmasters/crawler))"
144.76.19.157 - - [18/Aug/2026:12:56:27 +0000] "GET /product/lipari-pro/?add_to_wishlist=15552&_wpnonce=bbb71dd7ae HTTP/1.1" 301 0 "-" "Mozilla/5.0 (compatible; SERankingBacklinksBot/1.0; +https://seranking.com/backlinks-crawler)"
192.250.227.238 - - [18/Aug/2026:12:56:30 +0000] "POST /wp-cron.php?doing_wp_cron=1787057790.1837239265441894531250 HTTP/1.1" 200 0 "-" "WordPress/7.0.4; https://glamourflooringla.com"
144.76.19.157 - - [18/Aug/2026:12:56:29 +0000] "GET /product/lipari-pro/?add_to_wishlist=15552&_wpnonce=bbb71dd7ae HTTP/1.1" 200 44898 "-" "Mozilla/5.0 (compatible; SERankingBacklinksBot/1.0; +https://seranking.com/backlinks-crawler)"
168.227.42.32 - - [18/Aug/2026:12:56:31 +0000] "GET /product/rondo-pro/2 HTTP/2" 301 0 "-" "Mozilla/5.0 (Macintosh; Intel Mac OS X 10_15_7) AppleWebKit/537.36 (KHTML, like Gecko) Chrome/133.0.0.0 Safari/537.36"
168.227.42.32 - - [18/Aug/2026:12:56:32 +0000] "GET / HTTP/2" 200 46843 "-" "Mozilla/5.0 (Macintosh; Intel Mac OS X 10_15_7) AppleWebKit/537.36 (KHTML, like Gecko) Chrome/133.0.0.0 Safari/537.36"
144.76.19.157 - - [18/Aug/2026:12:56:34 +0000] "GET /product/lipari-pro/?add_to_wishlist=15555&_wpnonce=bbb71dd7ae HTTP/1.1" 301 0 "-" "Mozilla/5.0 (compatible; SERankingBacklinksBot/1.0; +https://seranking.com/backlinks-crawler)"
144.76.19.157 - - [18/Aug/2026:12:56:36 +0000] "GET /product/lipari-pro/?add_to_wishlist=15555&_wpnonce=bbb71dd7ae HTTP/1.1" 200 44922 "-" "Mozilla/5.0 (compatible; SERankingBacklinksBot/1.0; +https://seranking.com/backlinks-crawler)"
144.76.19.157 - - [18/Aug/2026:12:56:42 +0000] "GET /product/lipari-pro/?add_to_wishlist=15566&_wpnonce=bbb71dd7ae HTTP/1.1" 301 0 "-" "Mozilla/5.0 (compatible; SERankingBacklinksBot/1.0; +https://seranking.com/backlinks-crawler)"
83.99.206.108 - - [18/Aug/2026:12:56:44 +0000] "GET /featured_item/beverly-hills-2/ HTTP/1.1" 200 31703 "-" "Mozilla/5.0 (X11; Linux x86_64) AppleWebKit/537.36 (KHTML, like Gecko; GeedoShopProductFinder) Chrome/142.0.0.0 Safari/537.36"
144.76.19.157 - - [18/Aug/2026:12:56:44 +0000] "GET /product/lipari-pro/?add_to_wishlist=15566&_wpnonce=bbb71dd7ae HTTP/1.1" 200 44990 "-" "Mozilla/5.0 (compatible; SERankingBacklinksBot/1.0; +https://seranking.com/backlinks-crawler)"
144.76.19.157 - - [18/Aug/2026:12:56:49 +0000] "GET /product/lipari-pro/?add_to_wishlist=15570&_wpnonce=bbb71dd7ae HTTP/1.1" 301 0 "-" "Mozilla/5.0 (compatible; SERankingBacklinksBot/1.0; +https://seranking.com/backlinks-crawler)"
144.76.19.157 - - [18/Aug/2026:12:56:51 +0000] "GET /product/lipari-pro/?add_to_wishlist=15570&_wpnonce=bbb71dd7ae HTTP/1.1" 200 45011 "-" "Mozilla/5.0 (compatible; SERankingBacklinksBot/1.0; +https://seranking.com/backlinks-crawler)"
51.222.41.153 - - [18/Aug/2026:12:56:51 +0000] "GET /tshirtecommerce/themes/default/js/theme.js HTTP/1.1" 301 0 "https://glamourflooringla.com/" "Mozilla/5.0 (Linux; Android 13; SM-S908B Build/TP1A.220624.014; wv) AppleWebKit/537.36 (KHTML, like Gecko) Version/4.0 Chrome/107.0.5304.91 Mobile Safari/537.36 Instagram 260.0.0.23.115 Android (33/13; 420dpi; 1080x2115; samsung; SM-S908B; b0s; s5e9925; de_CH; 416690754)"
51.222.41.153 - - [18/Aug/2026:12:56:52 +0000] "GET / HTTP/1.1" 200 54063 "https://glamourflooringla.com/" "Mozilla/5.0 (Linux; Android 13; SM-S908B Build/TP1A.220624.014; wv) AppleWebKit/537.36 (KHTML, like Gecko) Version/4.0 Chrome/107.0.5304.91 Mobile Safari/537.36 Instagram 260.0.0.23.115 Android (33/13; 420dpi; 1080x2115; samsung; SM-S908B; b0s; s5e9925; de_CH; 416690754)"
144.76.19.157 - - [18/Aug/2026:12:56:57 +0000] "GET /product/lipari-pro/?add_to_wishlist=16345&_wpnonce=bbb71dd7ae HTTP/1.1" 301 0 "-" "Mozilla/5.0 (compatible; SERankingBacklinksBot/1.0; +https://seranking.com/backlinks-crawler)"
144.76.19.157 - - [18/Aug/2026:12:56:59 +0000] "GET /product/lipari-pro/?add_to_wishlist=16345&_wpnonce=bbb71dd7ae HTTP/1.1" 200 44846 "-" "Mozilla/5.0 (compatible; SERankingBacklinksBot/1.0; +https://seranking.com/backlinks-crawler)"
144.76.19.157 - - [18/Aug/2026:12:57:03 +0000] "GET /product/lisbon-california-classics/?add_to_wishlist=15492&_wpnonce=32cc803d74 HTTP/1.1" 301 0 "-" "Mozilla/5.0 (compatible; SERankingBacklinksBot/1.0; +https://seranking.com/backlinks-crawler)"
83.99.206.108 - - [18/Aug/2026:12:57:04 +0000] "GET /product/dogana-pro/ HTTP/1.1" 200 38567 "-" "Mozilla/5.0 (X11; Linux x86_64) AppleWebKit/537.36 (KHTML, like Gecko; GeedoShopProductFinder) Chrome/142.0.0.0 Safari/537.36"
144.76.19.157 - - [18/Aug/2026:12:57:04 +0000] "GET /product/lisbon-california-classics/?add_to_wishlist=15492&_wpnonce=32cc803d74 HTTP/1.1" 200 44950 "-" "Mozilla/5.0 (compatible; SERankingBacklinksBot/1.0; +https://seranking.com/backlinks-crawler)"
144.76.19.157 - - [18/Aug/2026:12:57:09 +0000] "GET /product/lisbon-california-classics/?add_to_wishlist=15510&_wpnonce=32cc803d74 HTTP/1.1" 301 0 "-" "Mozilla/5.0 (compatible; SERankingBacklinksBot/1.0; +https://seranking.com/backlinks-crawler)"
144.76.19.157 - - [18/Aug/2026:12:57:10 +0000] "GET /product/lisbon-california-classics/?add_to_wishlist=15510&_wpnonce=32cc803d74 HTTP/1.1" 200 44900 "-" "Mozilla/5.0 (compatible; SERankingBacklinksBot/1.0; +https://seranking.com/backlinks-crawler)"
144.76.19.157 - - [18/Aug/2026:12:57:15 +0000] "GET /product/lisbon-california-classics/?add_to_wishlist=15519&_wpnonce=32cc803d74 HTTP/1.1" 301 0 "-" "Mozilla/5.0 (compatible; SERankingBacklinksBot/1.0; +https://seranking.com/backlinks-crawler)"
144.76.19.157 - - [18/Aug/2026:12:57:16 +0000] "GET /product/lisbon-california-classics/?add_to_wishlist=15519&_wpnonce=32cc803d74 HTTP/1.1" 200 44930 "-" "Mozilla/5.0 (compatible; SERankingBacklinksBot/1.0; +https://seranking.com/backlinks-crawler)"
216.73.217.43 - - [18/Aug/2026:12:57:20 +0000] "GET /product/jupiter-oasis/ HTTP/2" 429 0 "-" "Mozilla/5.0 AppleWebKit/537.36 (KHTML, like Gecko; compatible; ClaudeBot/1.0; +claudebot@anthropic.com)"
216.73.217.43 - - [18/Aug/2026:12:57:21 +0000] "GET /?p=15556 HTTP/2" 429 0 "-" "Mozilla/5.0 AppleWebKit/537.36 (KHTML, like Gecko; compatible; ClaudeBot/1.0; +claudebot@anthropic.com)"
216.73.217.43 - - [18/Aug/2026:12:57:20 +0000] "GET /product/phoenix-oasis/ HTTP/2" 200 38533 "-" "Mozilla/5.0 AppleWebKit/537.36 (KHTML, like Gecko; compatible; ClaudeBot/1.0; +claudebot@anthropic.com)"
216.73.217.43 - - [18/Aug/2026:12:57:21 +0000] "GET /product/cornell-artisan/ HTTP/2" 429 0 "-" "Mozilla/5.0 AppleWebKit/537.36 (KHTML, like Gecko; compatible; ClaudeBot/1.0; +claudebot@anthropic.com)"
144.76.19.157 - - [18/Aug/2026:12:57:21 +0000] "GET /product/lisbon-california-classics/?add_to_wishlist=15542&_wpnonce=32cc803d74 HTTP/1.1" 301 0 "-" "Mozilla/5.0 (compatible; SERankingBacklinksBot/1.0; +https://seranking.com/backlinks-crawler)"
216.73.217.43 - - [18/Aug/2026:12:57:22 +0000] "GET /sitemap_index.xml HTTP/2" 200 352 "-" "Mozilla/5.0 AppleWebKit/537.36 (KHTML, like Gecko; compatible; ClaudeBot/1.0; +claudebot@anthropic.com)"
144.76.19.157 - - [18/Aug/2026:12:57:23 +0000] "GET /product/lisbon-california-classics/?add_to_wishlist=15542&_wpnonce=32cc803d74 HTTP/1.1" 200 44928 "-" "Mozilla/5.0 (compatible; SERankingBacklinksBot/1.0; +https://seranking.com/backlinks-crawler)"
142.147.153.69 - - [18/Aug/2026:12:57:23 +0000] "GET /product/beach-blessing/?_wpnonce=60c02cb940&add_to_wishlist=18665 HTTP/2" 200 38633 "-" "Mozilla/5.0 (Macintosh; Intel Mac OS X 10_15_7) AppleWebKit/537.36 (KHTML, like Gecko) Chrome/146.0.0.0 Safari/537.36"
83.99.206.216 - - [18/Aug/2026:12:57:23 +0000] "GET /product/stmoritz-her-urb/ HTTP/1.1" 200 38584 "-" "Mozilla/5.0 (X11; Linux x86_64) AppleWebKit/537.36 (KHTML, like Gecko; GeedoShopProductFinder) Chrome/142.0.0.0 Safari/537.36"
177.21.140.65 - - [18/Aug/2026:12:57:25 +0000] "GET /product/beach-blessing/?_wpnonce=60c02cb940&add_to_wishlist=18695 HTTP/2" 200 38752 "-" "Mozilla/5.0 (Macintosh; Intel Mac OS X 10_15_7) AppleWebKit/537.36 (KHTML, like Gecko) Chrome/146.0.0.0 Safari/537.36"
192.250.227.238 - - [18/Aug/2026:12:57:30 +0000] "POST /wp-cron.php?doing_wp_cron=1787057850.1713590621948242187500 HTTP/1.1" 200 0 "-" "WordPress/7.0.4; https://glamourflooringla.com"
144.76.19.157 - - [18/Aug/2026:12:57:29 +0000] "GET /product/lisbon-california-classics/?add_to_wishlist=15556&_wpnonce=32cc803d74 HTTP/1.1" 301 0 "-" "Mozilla/5.0 (compatible; SERankingBacklinksBot/1.0; +https://seranking.com/backlinks-crawler)"
57.141.4.16 - - [18/Aug/2026:12:57:30 +0000] "GET /detail/133500021268 HTTP/2" 429 0 "-" "Mozilla/5.0 (Windows NT 10.0; Win64; x64) AppleWebKit/537.36 (KHTML, like Gecko) Chrome/145.0.0.0 Safari/537.36 (compatible; meta-externalagent/1.1 (+https://developers.facebook.com/docs/sharing/webmasters/crawler))"
144.76.19.157 - - [18/Aug/2026:12:57:31 +0000] "GET /product/lisbon-california-classics/?add_to_wishlist=15556&_wpnonce=32cc803d74 HTTP/1.1" 200 44906 "-" "Mozilla/5.0 (compatible; SERankingBacklinksBot/1.0; +https://seranking.com/backlinks-crawler)"
216.73.217.43 - - [18/Aug/2026:12:57:35 +0000] "GET /product/snow-oasis/ HTTP/2" 429 0 "-" "Mozilla/5.0 AppleWebKit/537.36 (KHTML, like Gecko; compatible; ClaudeBot/1.0; +claudebot@anthropic.com)"
216.73.217.43 - - [18/Aug/2026:12:57:36 +0000] "GET /product/anchor-oasis/2 HTTP/2" 429 0 "-" "Mozilla/5.0 AppleWebKit/537.36 (KHTML, like Gecko; compatible; ClaudeBot/1.0; +claudebot@anthropic.com)"
216.73.217.43 - - [18/Aug/2026:12:57:36 +0000] "GET /product-category/engineered-hardwood-floor/solid-threads/ HTTP/2" 429 0 "-" "Mozilla/5.0 AppleWebKit/537.36 (KHTML, like Gecko; compatible; ClaudeBot/1.0; +claudebot@anthropic.com)"
216.73.217.43 - - [18/Aug/2026:12:57:37 +0000] "GET /product/quebec-artisan/ HTTP/2" 429 0 "-" "Mozilla/5.0 AppleWebKit/537.36 (KHTML, like Gecko; compatible; ClaudeBot/1.0; +claudebot@anthropic.com)"
216.73.217.43 - - [18/Aug/2026:12:57:37 +0000] "GET /product/maple-d-amazon-oasis/ HTTP/2" 429 0 "-" "Mozilla/5.0 AppleWebKit/537.36 (KHTML, like Gecko; compatible; ClaudeBot/1.0; +claudebot@anthropic.com)"
144.76.19.157 - - [18/Aug/2026:12:57:37 +0000] "GET /product/lisbon-california-classics/?add_to_wishlist=15560&_wpnonce=32cc803d74 HTTP/1.1" 301 0 "-" "Mozilla/5.0 (compatible; SERankingBacklinksBot/1.0; +https://seranking.com/backlinks-crawler)"
144.76.19.157 - - [18/Aug/2026:12:57:39 +0000] "GET /product/lisbon-california-classics/?add_to_wishlist=15560&_wpnonce=32cc803d74 HTTP/1.1" 200 44956 "-" "Mozilla/5.0 (compatible; SERankingBacklinksBot/1.0; +https://seranking.com/backlinks-crawler)"
