84.75.150.102 - - [18/Aug/2026:14:33:57 +0000] "GET /wp-json/wp/v2/tags/8298 HTTP/1.1" 200 1234 "-" "Mozilla/5.0 (Macintosh; Intel Mac OS X 10_15_7) AppleWebKit/537.36 (KHTML, like Gecko) Chrome/133.0.0.0 Safari/537.36"
144.76.19.157 - - [18/Aug/2026:14:33:58 +0000] "GET /product/marquee/?add_to_wishlist=18445&_wpnonce=32cc803d74 HTTP/1.1" 301 0 "-" "Mozilla/5.0 (compatible; SERankingBacklinksBot/1.0; +https://seranking.com/backlinks-crawler)"
144.76.19.157 - - [18/Aug/2026:14:34:00 +0000] "GET /product/marquee/?add_to_wishlist=18445&_wpnonce=32cc803d74 HTTP/1.1" 200 45033 "-" "Mozilla/5.0 (compatible; SERankingBacklinksBot/1.0; +https://seranking.com/backlinks-crawler)"
144.76.19.157 - - [18/Aug/2026:14:34:06 +0000] "GET /product/marquee/?add_to_wishlist=18445&_wpnonce=3b8935374b HTTP/1.1" 301 0 "-" "Mozilla/5.0 (compatible; SERankingBacklinksBot/1.0; +https://seranking.com/backlinks-crawler)"
57.141.4.31 - - [18/Aug/2026:14:34:08 +0000] "GET /detail/633914174462 HTTP/2" 429 0 "-" "Mozilla/5.0 (Macintosh; Intel Mac OS X 10_15_7) AppleWebKit/537.36 (KHTML, like Gecko) Chrome/145.0.0.0 Safari/537.36 (compatible; meta-externalagent/1.1 (+https://developers.facebook.com/docs/sharing/webmasters/crawler))"
180.102.110.139 - - [18/Aug/2026:14:34:08 +0000] "GET /product-category/engineered-hardwood/manufacturer/provenza/?add_to_wishlist=9041 HTTP/1.1" 301 0 "-" "Sogou web spider/4.0(+http://www.sogou.com/docs/help/webmasters.htm#07)"
144.76.19.157 - - [18/Aug/2026:14:34:08 +0000] "GET /product/marquee/?add_to_wishlist=18445&_wpnonce=3b8935374b HTTP/1.1" 200 44943 "-" "Mozilla/5.0 (compatible; SERankingBacklinksBot/1.0; +https://seranking.com/backlinks-crawler)"
180.102.110.139 - - [18/Aug/2026:14:34:10 +0000] "GET / HTTP/1.1" 301 0 "-" "Sogou web spider/4.0(+http://www.sogou.com/docs/help/webmasters.htm#07)"
57.141.4.11 - - [18/Aug/2026:14:34:10 +0000] "GET /detail/1881540703427 HTTP/2" 429 0 "-" "Mozilla/5.0 (Windows NT 10.0; Win64; x64) AppleWebKit/537.36 (KHTML, like Gecko) Chrome/145.0.0.0 Safari/537.36 (compatible; meta-externalagent/1.1 (+https://developers.facebook.com/docs/sharing/webmasters/crawler))"
57.141.4.42 - - [18/Aug/2026:14:34:11 +0000] "GET /detail/1211945902405 HTTP/2" 429 0 "-" "Mozilla/5.0 (Windows NT 10.0; Win64; x64) AppleWebKit/537.36 (KHTML, like Gecko) Chrome/145.0.0.0 Safari/537.36 (compatible; meta-externalagent/1.1 (+https://developers.facebook.com/docs/sharing/webmasters/crawler))"
180.102.110.139 - - [18/Aug/2026:14:34:12 +0000] "GET / HTTP/1.1" 200 54063 "-" "Sogou web spider/4.0(+http://www.sogou.com/docs/help/webmasters.htm#07)"
144.76.19.157 - - [18/Aug/2026:14:34:13 +0000] "GET /product/marquee/?add_to_wishlist=18445&_wpnonce=e7a007f243 HTTP/1.1" 301 0 "-" "Mozilla/5.0 (compatible; SERankingBacklinksBot/1.0; +https://seranking.com/backlinks-crawler)"
144.76.19.157 - - [18/Aug/2026:14:34:15 +0000] "GET /product/marquee/?add_to_wishlist=18445&_wpnonce=e7a007f243 HTTP/1.1" 200 44848 "-" "Mozilla/5.0 (compatible; SERankingBacklinksBot/1.0; +https://seranking.com/backlinks-crawler)"
144.76.19.157 - - [18/Aug/2026:14:34:21 +0000] "GET /product/marquee/?add_to_wishlist=18445&_wpnonce=ee2ab5adbb HTTP/1.1" 301 0 "-" "Mozilla/5.0 (compatible; SERankingBacklinksBot/1.0; +https://seranking.com/backlinks-crawler)"
144.76.19.157 - - [18/Aug/2026:14:34:23 +0000] "GET /product/marquee/?add_to_wishlist=18445&_wpnonce=ee2ab5adbb HTTP/1.1" 200 44956 "-" "Mozilla/5.0 (compatible; SERankingBacklinksBot/1.0; +https://seranking.com/backlinks-crawler)"
57.141.4.38 - - [18/Aug/2026:14:34:28 +0000] "GET /detail/838128243453 HTTP/2" 429 0 "-" "Mozilla/5.0 (Windows NT 10.0; Win64; x64) AppleWebKit/537.36 (KHTML, like Gecko) Chrome/145.0.0.0 Safari/537.36 (compatible; meta-externalagent/1.1 (+https://developers.facebook.com/docs/sharing/webmasters/crawler))"
144.76.19.157 - - [18/Aug/2026:14:34:28 +0000] "GET /product/shoreline-decor/?add_to_wishlist=18447&_wpnonce=bbb71dd7ae HTTP/1.1" 301 0 "-" "Mozilla/5.0 (compatible; SERankingBacklinksBot/1.0; +https://seranking.com/backlinks-crawler)"
192.250.227.238 - - [18/Aug/2026:14:34:31 +0000] "POST /wp-cron.php?doing_wp_cron=1787063671.5314409732818603515625 HTTP/1.1" 200 0 "-" "WordPress/7.0.4; https://glamourflooringla.com"
144.76.19.157 - - [18/Aug/2026:14:34:30 +0000] "GET /product/shoreline-decor/?add_to_wishlist=18447&_wpnonce=bbb71dd7ae HTTP/1.1" 200 45132 "-" "Mozilla/5.0 (compatible; SERankingBacklinksBot/1.0; +https://seranking.com/backlinks-crawler)"
57.141.4.15 - - [18/Aug/2026:14:34:31 +0000] "GET /detail/2068278989936 HTTP/2" 429 0 "-" "Mozilla/5.0 (Windows NT 10.0; Win64; x64) AppleWebKit/537.36 (KHTML, like Gecko) Chrome/145.0.0.0 Safari/537.36 (compatible; meta-externalagent/1.1 (+https://developers.facebook.com/docs/sharing/webmasters/crawler))"
57.141.4.13 - - [18/Aug/2026:14:34:34 +0000] "GET /detail/207599688615 HTTP/2" 429 0 "-" "Mozilla/5.0 (Macintosh; Intel Mac OS X 10_15_7) AppleWebKit/537.36 (KHTML, like Gecko) Chrome/145.0.0.0 Safari/537.36 (compatible; meta-externalagent/1.1 (+https://developers.facebook.com/docs/sharing/webmasters/crawler))"
144.76.19.157 - - [18/Aug/2026:14:34:36 +0000] "GET /product/marquee/?add_to_wishlist=18450&_wpnonce=32cc803d74 HTTP/1.1" 301 0 "-" "Mozilla/5.0 (compatible; SERankingBacklinksBot/1.0; +https://seranking.com/backlinks-crawler)"
57.141.4.49 - - [18/Aug/2026:14:34:36 +0000] "GET /detail/2217662895361 HTTP/2" 429 0 "-" "Mozilla/5.0 (Windows NT 10.0; Win64; x64) AppleWebKit/537.36 (KHTML, like Gecko) Chrome/145.0.0.0 Safari/537.36 (compatible; meta-externalagent/1.1 (+https://developers.facebook.com/docs/sharing/webmasters/crawler))"
144.76.19.157 - - [18/Aug/2026:14:34:38 +0000] "GET /product/marquee/?add_to_wishlist=18450&_wpnonce=32cc803d74 HTTP/1.1" 200 44835 "-" "Mozilla/5.0 (compatible; SERankingBacklinksBot/1.0; +https://seranking.com/backlinks-crawler)"
57.141.4.72 - - [18/Aug/2026:14:34:39 +0000] "GET /detail/588033325539 HTTP/2" 429 0 "-" "Mozilla/5.0 (Windows NT 10.0; Win64; x64) AppleWebKit/537.36 (KHTML, like Gecko) Chrome/145.0.0.0 Safari/537.36 (compatible; meta-externalagent/1.1 (+https://developers.facebook.com/docs/sharing/webmasters/crawler))"
57.141.4.14 - - [18/Aug/2026:14:34:42 +0000] "GET /detail/1672388465789 HTTP/2" 429 0 "-" "Mozilla/5.0 (Windows NT 10.0; Win64; x64) AppleWebKit/537.36 (KHTML, like Gecko) Chrome/145.0.0.0 Safari/537.36 Edg/145.0.0.0 (compatible; meta-externalagent/1.1 (+https://developers.facebook.com/docs/sharing/webmasters/crawler))"
144.76.19.157 - - [18/Aug/2026:14:34:43 +0000] "GET /product/marquee/?add_to_wishlist=18450&_wpnonce=3b8935374b HTTP/1.1" 301 0 "-" "Mozilla/5.0 (compatible; SERankingBacklinksBot/1.0; +https://seranking.com/backlinks-crawler)"
57.141.4.11 - - [18/Aug/2026:14:34:45 +0000] "GET /detail/331862132778 HTTP/2" 429 0 "-" "Mozilla/5.0 (Windows NT 10.0; Win64; x64) AppleWebKit/537.36 (KHTML, like Gecko) Chrome/145.0.0.0 Safari/537.36 (compatible; meta-externalagent/1.1 (+https://developers.facebook.com/docs/sharing/webmasters/crawler))"
103.98.159.176 - - [18/Aug/2026:14:34:45 +0000] "GET /product-category/herringbone/color-herringbone/saddle/ HTTP/1.1" 301 0 "-" "Mozilla/5.0 (Macintosh; Intel Mac OS X 11_5_2) AppleWebKit/537.36 (KHTML, like Gecko) Chrome/124.0.6367.82 Safari/537.36"
144.76.19.157 - - [18/Aug/2026:14:34:45 +0000] "GET /product/marquee/?add_to_wishlist=18450&_wpnonce=3b8935374b HTTP/1.1" 200 44873 "-" "Mozilla/5.0 (compatible; SERankingBacklinksBot/1.0; +https://seranking.com/backlinks-crawler)"
57.141.4.38 - - [18/Aug/2026:14:34:49 +0000] "GET /detail/2276839836163 HTTP/2" 429 0 "-" "Mozilla/5.0 (Macintosh; Intel Mac OS X 10_15_7) AppleWebKit/537.36 (KHTML, like Gecko) Chrome/145.0.0.0 Safari/537.36 (compatible; meta-externalagent/1.1 (+https://developers.facebook.com/docs/sharing/webmasters/crawler))"
223.191.92.15 - - [18/Aug/2026:14:34:49 +0000] "GET /product-category/herringbone/color-herringbone/saddle/ HTTP/1.1" 200 36009 "-" "Mozilla/5.0 (Macintosh; Intel Mac OS X 11_5_2) AppleWebKit/537.36 (KHTML, like Gecko) Chrome/124.0.6367.82 Safari/537.36"
144.76.19.157 - - [18/Aug/2026:14:34:51 +0000] "GET /product/marquee/?add_to_wishlist=18450&_wpnonce=ee2ab5adbb HTTP/1.1" 301 0 "-" "Mozilla/5.0 (compatible; SERankingBacklinksBot/1.0; +https://seranking.com/backlinks-crawler)"
144.76.19.157 - - [18/Aug/2026:14:34:52 +0000] "GET /product/marquee/?add_to_wishlist=18450&_wpnonce=ee2ab5adbb HTTP/1.1" 200 44877 "-" "Mozilla/5.0 (compatible; SERankingBacklinksBot/1.0; +https://seranking.com/backlinks-crawler)"
57.141.4.49 - - [18/Aug/2026:14:34:53 +0000] "GET /detail/2048889227731 HTTP/2" 429 0 "-" "Mozilla/5.0 (Windows NT 10.0; Win64; x64) AppleWebKit/537.36 (KHTML, like Gecko) Chrome/145.0.0.0 Safari/537.36 (compatible; meta-externalagent/1.1 (+https://developers.facebook.com/docs/sharing/webmasters/crawler))"
57.141.4.27 - - [18/Aug/2026:14:34:58 +0000] "GET /detail/706751850493 HTTP/2" 429 0 "-" "Mozilla/5.0 (X11; Linux x86_64) AppleWebKit/537.36 (KHTML, like Gecko) Chrome/145.0.0.0 Safari/537.36 (compatible; meta-externalagent/1.1 (+https://developers.facebook.com/docs/sharing/webmasters/crawler))"
144.76.19.157 - - [18/Aug/2026:14:34:58 +0000] "GET /product/marquee/?add_to_wishlist=18482&_wpnonce=32cc803d74 HTTP/1.1" 301 0 "-" "Mozilla/5.0 (compatible; SERankingBacklinksBot/1.0; +https://seranking.com/backlinks-crawler)"
144.76.19.157 - - [18/Aug/2026:14:35:00 +0000] "GET /product/marquee/?add_to_wishlist=18482&_wpnonce=32cc803d74 HTTP/1.1" 200 44809 "-" "Mozilla/5.0 (compatible; SERankingBacklinksBot/1.0; +https://seranking.com/backlinks-crawler)"
57.141.4.6 - - [18/Aug/2026:14:35:02 +0000] "GET /detail/836545344680 HTTP/2" 429 0 "-" "Mozilla/5.0 (Windows NT 10.0; Win64; x64) AppleWebKit/537.36 (KHTML, like Gecko) Chrome/145.0.0.0 Safari/537.36 (compatible; meta-externalagent/1.1 (+https://developers.facebook.com/docs/sharing/webmasters/crawler))"
144.76.19.157 - - [18/Aug/2026:14:35:06 +0000] "GET /product/marquee/?add_to_wishlist=18482&_wpnonce=3b8935374b HTTP/1.1" 301 0 "-" "Mozilla/5.0 (compatible; SERankingBacklinksBot/1.0; +https://seranking.com/backlinks-crawler)"
144.76.19.157 - - [18/Aug/2026:14:35:08 +0000] "GET /product/marquee/?add_to_wishlist=18482&_wpnonce=3b8935374b HTTP/1.1" 200 44852 "-" "Mozilla/5.0 (compatible; SERankingBacklinksBot/1.0; +https://seranking.com/backlinks-crawler)"
57.141.4.59 - - [18/Aug/2026:14:35:09 +0000] "GET /detail/213166891125 HTTP/2" 429 0 "-" "Mozilla/5.0 (Windows NT 10.0; Win64; x64) AppleWebKit/537.36 (KHTML, like Gecko) Chrome/145.0.0.0 Safari/537.36 (compatible; meta-externalagent/1.1 (+https://developers.facebook.com/docs/sharing/webmasters/crawler))"
144.76.19.157 - - [18/Aug/2026:14:35:14 +0000] "GET /product/marquee/?add_to_wishlist=18482&_wpnonce=ee2ab5adbb HTTP/1.1" 301 0 "-" "Mozilla/5.0 (compatible; SERankingBacklinksBot/1.0; +https://seranking.com/backlinks-crawler)"
57.141.4.50 - - [18/Aug/2026:14:35:15 +0000] "GET /detail/1611603932859 HTTP/2" 429 0 "-" "Mozilla/5.0 (Macintosh; Intel Mac OS X 10_15_7) AppleWebKit/537.36 (KHTML, like Gecko) Chrome/145.0.0.0 Safari/537.36 (compatible; meta-externalagent/1.1 (+https://developers.facebook.com/docs/sharing/webmasters/crawler))"
144.76.19.157 - - [18/Aug/2026:14:35:15 +0000] "GET /product/marquee/?add_to_wishlist=18482&_wpnonce=ee2ab5adbb HTTP/1.1" 200 44953 "-" "Mozilla/5.0 (compatible; SERankingBacklinksBot/1.0; +https://seranking.com/backlinks-crawler)"
57.141.4.4 - - [18/Aug/2026:14:35:19 +0000] "GET /detail/1886615300096 HTTP/2" 429 0 "-" "Mozilla/5.0 (Windows NT 10.0; Win64; x64) AppleWebKit/537.36 (KHTML, like Gecko) Chrome/145.0.0.0 Safari/537.36 (compatible; meta-externalagent/1.1 (+https://developers.facebook.com/docs/sharing/webmasters/crawler))"
144.76.19.157 - - [18/Aug/2026:14:35:21 +0000] "GET /product/marquee/?add_to_wishlist=18486&_wpnonce=32cc803d74 HTTP/1.1" 301 0 "-" "Mozilla/5.0 (compatible; SERankingBacklinksBot/1.0; +https://seranking.com/backlinks-crawler)"
144.76.19.157 - - [18/Aug/2026:14:35:23 +0000] "GET /product/marquee/?add_to_wishlist=18486&_wpnonce=32cc803d74 HTTP/1.1" 200 44828 "-" "Mozilla/5.0 (compatible; SERankingBacklinksBot/1.0; +https://seranking.com/backlinks-crawler)"
144.76.19.157 - - [18/Aug/2026:14:35:29 +0000] "GET /product/marquee/?add_to_wishlist=18486&_wpnonce=3b8935374b HTTP/1.1" 301 0 "-" "Mozilla/5.0 (compatible; SERankingBacklinksBot/1.0; +https://seranking.com/backlinks-crawler)"
34.246.247.158 - - [18/Aug/2026:14:35:31 +0000] "GET / HTTP/1.1" 200 46845 "-" "Mozilla/5.0 (X11; Ubuntu; Linux x86_64; rv:72.0) Gecko/20100101 Firefox/72.0"
192.250.227.238 - - [18/Aug/2026:14:35:32 +0000] "POST /wp-cron.php?doing_wp_cron=1787063731.9554169178009033203125 HTTP/1.1" 200 0 "-" "WordPress/7.0.4; https://glamourflooringla.com"
144.76.19.157 - - [18/Aug/2026:14:35:31 +0000] "GET /product/marquee/?add_to_wishlist=18486&_wpnonce=3b8935374b HTTP/1.1" 200 44866 "-" "Mozilla/5.0 (compatible; SERankingBacklinksBot/1.0; +https://seranking.com/backlinks-crawler)"
144.76.19.157 - - [18/Aug/2026:14:35:36 +0000] "GET /product/marquee/?add_to_wishlist=18486&_wpnonce=ee2ab5adbb HTTP/1.1" 301 0 "-" "Mozilla/5.0 (compatible; SERankingBacklinksBot/1.0; +https://seranking.com/backlinks-crawler)"
144.76.19.157 - - [18/Aug/2026:14:35:38 +0000] "GET /product/marquee/?add_to_wishlist=18486&_wpnonce=ee2ab5adbb HTTP/1.1" 200 44849 "-" "Mozilla/5.0 (compatible; SERankingBacklinksBot/1.0; +https://seranking.com/backlinks-crawler)"
144.76.19.157 - - [18/Aug/2026:14:35:44 +0000] "GET /product/marquee/?add_to_wishlist=18494&_wpnonce=3b8935374b HTTP/1.1" 301 0 "-" "Mozilla/5.0 (compatible; SERankingBacklinksBot/1.0; +https://seranking.com/backlinks-crawler)"
144.76.19.157 - - [18/Aug/2026:14:35:46 +0000] "GET /product/marquee/?add_to_wishlist=18494&_wpnonce=3b8935374b HTTP/1.1" 200 44847 "-" "Mozilla/5.0 (compatible; SERankingBacklinksBot/1.0; +https://seranking.com/backlinks-crawler)"
45.171.194.50 - - [18/Aug/2026:14:35:50 +0000] "GET /product/santolina-california-classics/2 HTTP/2" 301 0 "-" "Mozilla/5.0 (Macintosh; Intel Mac OS X 10_15_7) AppleWebKit/537.36 (KHTML, like Gecko) Chrome/133.0.0.0 Safari/537.36"
144.76.19.157 - - [18/Aug/2026:14:35:51 +0000] "GET /product/marquee/?add_to_wishlist=18494&_wpnonce=ee2ab5adbb HTTP/1.1" 301 0 "-" "Mozilla/5.0 (compatible; SERankingBacklinksBot/1.0; +https://seranking.com/backlinks-crawler)"
88.238.160.224 - - [18/Aug/2026:14:35:53 +0000] "GET / HTTP/2" 200 46845 "-" "Mozilla/5.0 (Macintosh; Intel Mac OS X 10_15_7) AppleWebKit/537.36 (KHTML, like Gecko) Chrome/133.0.0.0 Safari/537.36"
144.76.19.157 - - [18/Aug/2026:14:35:53 +0000] "GET /product/marquee/?add_to_wishlist=18494&_wpnonce=ee2ab5adbb HTTP/1.1" 200 44815 "-" "Mozilla/5.0 (compatible; SERankingBacklinksBot/1.0; +https://seranking.com/backlinks-crawler)"
40.77.167.42 - - [18/Aug/2026:14:35:56 +0000] "GET /product/hickory-shoreline-artisan/2 HTTP/2" 301 0 "-" "Mozilla/5.0 AppleWebKit/537.36 (KHTML, like Gecko; compatible; bingbot/2.0; +http://www.bing.com/bingbot.htm) Chrome/116.0.1938.76 Safari/537.36"
144.76.19.157 - - [18/Aug/2026:14:35:58 +0000] "GET /product/marquee/?add_to_wishlist=18499&_wpnonce=32cc803d74 HTTP/1.1" 301 0 "-" "Mozilla/5.0 (compatible; SERankingBacklinksBot/1.0; +https://seranking.com/backlinks-crawler)"
83.99.206.230 - - [18/Aug/2026:14:35:59 +0000] "GET /product/highland-slope-tecsun/ HTTP/1.1" 200 38391 "-" "Mozilla/5.0 (X11; Linux x86_64) AppleWebKit/537.36 (KHTML, like Gecko; GeedoShopProductFinder) Chrome/142.0.0.0 Safari/537.36"
144.76.19.157 - - [18/Aug/2026:14:36:00 +0000] "GET /product/marquee/?add_to_wishlist=18499&_wpnonce=32cc803d74 HTTP/1.1" 200 44845 "-" "Mozilla/5.0 (compatible; SERankingBacklinksBot/1.0; +https://seranking.com/backlinks-crawler)"
144.76.19.157 - - [18/Aug/2026:14:36:05 +0000] "GET /product/marquee/?add_to_wishlist=18499&_wpnonce=3b8935374b HTTP/1.1" 301 0 "-" "Mozilla/5.0 (compatible; SERankingBacklinksBot/1.0; +https://seranking.com/backlinks-crawler)"
144.76.19.157 - - [18/Aug/2026:14:36:06 +0000] "GET /product/marquee/?add_to_wishlist=18499&_wpnonce=3b8935374b HTTP/1.1" 200 44867 "-" "Mozilla/5.0 (compatible; SERankingBacklinksBot/1.0; +https://seranking.com/backlinks-crawler)"
112.209.185.56 - - [18/Aug/2026:14:36:07 +0000] "GET /product/castle-forge/2 HTTP/2" 301 0 "-" "Mozilla/5.0 (Macintosh; Intel Mac OS X 10_15_7) AppleWebKit/537.36 (KHTML, like Gecko) Chrome/133.0.0.0 Safari/537.36"
112.209.185.56 - - [18/Aug/2026:14:36:09 +0000] "GET / HTTP/2" 200 46845 "-" "Mozilla/5.0 (Macintosh; Intel Mac OS X 10_15_7) AppleWebKit/537.36 (KHTML, like Gecko) Chrome/133.0.0.0 Safari/537.36"
144.76.19.157 - - [18/Aug/2026:14:36:11 +0000] "GET /product/marquee/?add_to_wishlist=18499&_wpnonce=7fc678ce79 HTTP/1.1" 301 0 "-" "Mozilla/5.0 (compatible; SERankingBacklinksBot/1.0; +https://seranking.com/backlinks-crawler)"
144.76.19.157 - - [18/Aug/2026:14:36:13 +0000] "GET /product/marquee/?add_to_wishlist=18499&_wpnonce=7fc678ce79 HTTP/1.1" 200 45069 "-" "Mozilla/5.0 (compatible; SERankingBacklinksBot/1.0; +https://seranking.com/backlinks-crawler)"
144.76.19.157 - - [18/Aug/2026:14:36:17 +0000] "GET /product/marquee/?add_to_wishlist=18499&_wpnonce=ee2ab5adbb HTTP/1.1" 301 0 "-" "Mozilla/5.0 (compatible; SERankingBacklinksBot/1.0; +https://seranking.com/backlinks-crawler)"
144.76.19.157 - - [18/Aug/2026:14:36:19 +0000] "GET /product/marquee/?add_to_wishlist=18499&_wpnonce=ee2ab5adbb HTTP/1.1" 200 44966 "-" "Mozilla/5.0 (compatible; SERankingBacklinksBot/1.0; +https://seranking.com/backlinks-crawler)"
83.99.206.230 - - [18/Aug/2026:14:36:21 +0000] "GET /featured_item/still-7/2 HTTP/1.1" 301 0 "-" "Mozilla/5.0 (X11; Linux x86_64) AppleWebKit/537.36 (KHTML, like Gecko; GeedoShopProductFinder) Chrome/142.0.0.0 Safari/537.36"
83.99.206.230 - - [18/Aug/2026:14:36:23 +0000] "GET / HTTP/1.1" 200 46845 "-" "Mozilla/5.0 (X11; Linux x86_64) AppleWebKit/537.36 (KHTML, like Gecko; GeedoShopProductFinder) Chrome/142.0.0.0 Safari/537.36"
144.76.19.157 - - [18/Aug/2026:14:36:25 +0000] "GET /product/marquee/?add_to_wishlist=18502&_wpnonce=32cc803d74 HTTP/1.1" 301 0 "-" "Mozilla/5.0 (compatible; SERankingBacklinksBot/1.0; +https://seranking.com/backlinks-crawler)"
57.141.4.13 - - [18/Aug/2026:14:36:26 +0000] "GET /detail/2039522507834 HTTP/2" 301 0 "-" "Mozilla/5.0 (Windows NT 10.0; Win64; x64) AppleWebKit/537.36 (KHTML, like Gecko) Chrome/145.0.0.0 Safari/537.36 (compatible; meta-externalagent/1.1 (+https://developers.facebook.com/docs/sharing/webmasters/crawler))"
57.141.4.24 - - [18/Aug/2026:14:36:28 +0000] "GET / HTTP/2" 200 54063 "-" "Mozilla/5.0 (Windows NT 10.0; Win64; x64) AppleWebKit/537.36 (KHTML, like Gecko) Chrome/145.0.0.0 Safari/537.36 (compatible; meta-externalagent/1.1 (+https://developers.facebook.com/docs/sharing/webmasters/crawler))"
144.76.19.157 - - [18/Aug/2026:14:36:27 +0000] "GET /product/marquee/?add_to_wishlist=18502&_wpnonce=32cc803d74 HTTP/1.1" 200 44853 "-" "Mozilla/5.0 (compatible; SERankingBacklinksBot/1.0; +https://seranking.com/backlinks-crawler)"
192.250.227.238 - - [18/Aug/2026:14:36:33 +0000] "POST /wp-cron.php?doing_wp_cron=1787063793.2833440303802490234375 HTTP/1.1" 200 0 "-" "WordPress/7.0.4; https://glamourflooringla.com"
144.76.19.157 - - [18/Aug/2026:14:36:32 +0000] "GET /product/marquee/?add_to_wishlist=18502&_wpnonce=3b8935374b HTTP/1.1" 301 0 "-" "Mozilla/5.0 (compatible; SERankingBacklinksBot/1.0; +https://seranking.com/backlinks-crawler)"
144.76.19.157 - - [18/Aug/2026:14:36:34 +0000] "GET /product/marquee/?add_to_wishlist=18502&_wpnonce=3b8935374b HTTP/1.1" 200 45045 "-" "Mozilla/5.0 (compatible; SERankingBacklinksBot/1.0; +https://seranking.com/backlinks-crawler)"
144.76.19.157 - - [18/Aug/2026:14:36:40 +0000] "GET /product/marquee/?add_to_wishlist=18502&_wpnonce=ee2ab5adbb HTTP/1.1" 301 0 "-" "Mozilla/5.0 (compatible; SERankingBacklinksBot/1.0; +https://seranking.com/backlinks-crawler)"
83.99.206.230 - - [18/Aug/2026:14:36:40 +0000] "GET /product/hickory-gunstock-artisan/ HTTP/1.1" 200 38535 "-" "Mozilla/5.0 (X11; Linux x86_64) AppleWebKit/537.36 (KHTML, like Gecko; GeedoShopProductFinder) Chrome/142.0.0.0 Safari/537.36"
144.76.19.157 - - [18/Aug/2026:14:36:42 +0000] "GET /product/marquee/?add_to_wishlist=18502&_wpnonce=ee2ab5adbb HTTP/1.1" 200 44984 "-" "Mozilla/5.0 (compatible; SERankingBacklinksBot/1.0; +https://seranking.com/backlinks-crawler)"
192.250.227.238 - - [18/Aug/2026:14:36:48 +0000] "POST /wp-cron.php?doing_wp_cron=1787063808.4738318920135498046875 HTTP/1.1" 200 0 "-" "WordPress/7.0.4; https://glamourflooringla.com"
144.76.19.157 - - [18/Aug/2026:14:36:47 +0000] "GET /product/marquee/?add_to_wishlist=18508&_wpnonce=32cc803d74 HTTP/1.1" 301 0 "-" "Mozilla/5.0 (compatible; SERankingBacklinksBot/1.0; +https://seranking.com/backlinks-crawler)"
144.76.19.157 - - [18/Aug/2026:14:36:50 +0000] "GET /product/marquee/?add_to_wishlist=18508&_wpnonce=32cc803d74 HTTP/1.1" 200 44828 "-" "Mozilla/5.0 (compatible; SERankingBacklinksBot/1.0; +https://seranking.com/backlinks-crawler)"
40.77.167.79 - - [18/Aug/2026:14:36:50 +0000] "GET /featured_item/beverly-hills-18/ HTTP/2" 301 0 "-" "Mozilla/5.0 AppleWebKit/537.36 (KHTML, like Gecko; compatible; bingbot/2.0; +http://www.bing.com/bingbot.htm) Chrome/116.0.1938.76 Safari/537.36"
144.76.19.157 - - [18/Aug/2026:14:36:55 +0000] "GET /product/marquee/?add_to_wishlist=18508&_wpnonce=3b8935374b HTTP/1.1" 301 0 "-" "Mozilla/5.0 (compatible; SERankingBacklinksBot/1.0; +https://seranking.com/backlinks-crawler)"
144.76.19.157 - - [18/Aug/2026:14:36:57 +0000] "GET /product/marquee/?add_to_wishlist=18508&_wpnonce=3b8935374b HTTP/1.1" 200 44863 "-" "Mozilla/5.0 (compatible; SERankingBacklinksBot/1.0; +https://seranking.com/backlinks-crawler)"
83.99.206.230 - - [18/Aug/2026:14:36:59 +0000] "GET /product/grayrocks-pro/ HTTP/1.1" 200 38586 "-" "Mozilla/5.0 (X11; Linux x86_64) AppleWebKit/537.36 (KHTML, like Gecko; GeedoShopProductFinder) Chrome/142.0.0.0 Safari/537.36"
176.122.120.86 - - [18/Aug/2026:14:37:00 +0000] "GET /product/richmond-colonial/ HTTP/1.1" 200 38706 "-" "Mozilla/5.0 (Macintosh; Intel Mac OS X 10_15_7) AppleWebKit/537.36 (KHTML, like Gecko) Chrome/133.0.0.0 Safari/537.36"
144.76.19.157 - - [18/Aug/2026:14:37:03 +0000] "GET /product/marquee/?add_to_wishlist=18508&_wpnonce=e7a007f243 HTTP/1.1" 301 0 "-" "Mozilla/5.0 (compatible; SERankingBacklinksBot/1.0; +https://seranking.com/backlinks-crawler)"
144.76.19.157 - - [18/Aug/2026:14:37:04 +0000] "GET /product/marquee/?add_to_wishlist=18508&_wpnonce=e7a007f243 HTTP/1.1" 200 44826 "-" "Mozilla/5.0 (compatible; SERankingBacklinksBot/1.0; +https://seranking.com/backlinks-crawler)"
144.76.19.157 - - [18/Aug/2026:14:37:10 +0000] "GET /product/marquee/?add_to_wishlist=18508&_wpnonce=ee2ab5adbb HTTP/1.1" 301 0 "-" "Mozilla/5.0 (compatible; SERankingBacklinksBot/1.0; +https://seranking.com/backlinks-crawler)"
144.76.19.157 - - [18/Aug/2026:14:37:12 +0000] "GET /product/marquee/?add_to_wishlist=18508&_wpnonce=ee2ab5adbb HTTP/1.1" 200 44858 "-" "Mozilla/5.0 (compatible; SERankingBacklinksBot/1.0; +https://seranking.com/backlinks-crawler)"
144.76.19.157 - - [18/Aug/2026:14:37:17 +0000] "GET /product/marquee/?add_to_wishlist=18513&_wpnonce=32cc803d74 HTTP/1.1" 301 0 "-" "Mozilla/5.0 (compatible; SERankingBacklinksBot/1.0; +https://seranking.com/backlinks-crawler)"
144.76.19.157 - - [18/Aug/2026:14:37:19 +0000] "GET /product/marquee/?add_to_wishlist=18513&_wpnonce=32cc803d74 HTTP/1.1" 200 45012 "-" "Mozilla/5.0 (compatible; SERankingBacklinksBot/1.0; +https://seranking.com/backlinks-crawler)"
83.99.206.230 - - [18/Aug/2026:14:37:19 +0000] "GET /product-category/engineered-hardwood-floor/style/copaiba/ HTTP/1.1" 200 30547 "-" "Mozilla/5.0 (X11; Linux x86_64) AppleWebKit/537.36 (KHTML, like Gecko; GeedoShopProductFinder) Chrome/142.0.0.0 Safari/537.36"
144.76.19.157 - - [18/Aug/2026:14:37:25 +0000] "GET /product/marquee/?add_to_wishlist=18513&_wpnonce=3b8935374b HTTP/1.1" 301 0 "-" "Mozilla/5.0 (compatible; SERankingBacklinksBot/1.0; +https://seranking.com/backlinks-crawler)"
144.76.19.157 - - [18/Aug/2026:14:37:27 +0000] "GET /product/marquee/?add_to_wishlist=18513&_wpnonce=3b8935374b HTTP/1.1" 200 44848 "-" "Mozilla/5.0 (compatible; SERankingBacklinksBot/1.0; +https://seranking.com/backlinks-crawler)"
192.250.227.238 - - [18/Aug/2026:14:37:32 +0000] "POST /wp-cron.php?doing_wp_cron=1787063852.7984299659729003906250 HTTP/1.1" 200 0 "-" "WordPress/7.0.4; https://glamourflooringla.com"
57.141.4.47 - - [18/Aug/2026:14:37:32 +0000] "GET /detail/1982793696097 HTTP/2" 301 0 "-" "Mozilla/5.0 (Macintosh; Intel Mac OS X 10_15_7) AppleWebKit/537.36 (KHTML, like Gecko) Chrome/145.0.0.0 Safari/537.36 (compatible; meta-externalagent/1.1 (+https://developers.facebook.com/docs/sharing/webmasters/crawler))"
144.76.19.157 - - [18/Aug/2026:14:37:32 +0000] "GET /product/marquee/?add_to_wishlist=18513&_wpnonce=ee2ab5adbb HTTP/1.1" 301 0 "-" "Mozilla/5.0 (compatible; SERankingBacklinksBot/1.0; +https://seranking.com/backlinks-crawler)"
57.141.4.19 - - [18/Aug/2026:14:37:34 +0000] "GET / HTTP/2" 200 54063 "-" "Mozilla/5.0 (Macintosh; Intel Mac OS X 10_15_7) AppleWebKit/537.36 (KHTML, like Gecko) Chrome/145.0.0.0 Safari/537.36 (compatible; meta-externalagent/1.1 (+https://developers.facebook.com/docs/sharing/webmasters/crawler))"
144.76.19.157 - - [18/Aug/2026:14:37:34 +0000] "GET /product/marquee/?add_to_wishlist=18513&_wpnonce=ee2ab5adbb HTTP/1.1" 200 44864 "-" "Mozilla/5.0 (compatible; SERankingBacklinksBot/1.0; +https://seranking.com/backlinks-crawler)"
144.76.19.157 - - [18/Aug/2026:14:37:40 +0000] "GET /product/marquee/?add_to_wishlist=18519&_wpnonce=32cc803d74 HTTP/1.1" 301 0 "-" "Mozilla/5.0 (compatible; SERankingBacklinksBot/1.0; +https://seranking.com/backlinks-crawler)"
83.99.206.230 - - [18/Aug/2026:14:37:40 +0000] "GET /tag/flooring-installers/ HTTP/1.1" 200 30338 "-" "Mozilla/5.0 (X11; Linux x86_64) AppleWebKit/537.36 (KHTML, like Gecko; GeedoShopProductFinder) Chrome/142.0.0.0 Safari/537.36"
144.76.19.157 - - [18/Aug/2026:14:37:42 +0000] "GET /product/marquee/?add_to_wishlist=18519&_wpnonce=32cc803d74 HTTP/1.1" 200 44846 "-" "Mozilla/5.0 (compatible; SERankingBacklinksBot/1.0; +https://seranking.com/backlinks-crawler)"
144.76.19.157 - - [18/Aug/2026:14:37:47 +0000] "GET /product/marquee/?add_to_wishlist=18519&_wpnonce=3b8935374b HTTP/1.1" 301 0 "-" "Mozilla/5.0 (compatible; SERankingBacklinksBot/1.0; +https://seranking.com/backlinks-crawler)"
144.76.19.157 - - [18/Aug/2026:14:37:49 +0000] "GET /product/marquee/?add_to_wishlist=18519&_wpnonce=3b8935374b HTTP/1.1" 200 44840 "-" "Mozilla/5.0 (compatible; SERankingBacklinksBot/1.0; +https://seranking.com/backlinks-crawler)"
144.76.19.157 - - [18/Aug/2026:14:37:55 +0000] "GET /product/marquee/?add_to_wishlist=18519&_wpnonce=ee2ab5adbb HTTP/1.1" 301 0 "-" "Mozilla/5.0 (compatible; SERankingBacklinksBot/1.0; +https://seranking.com/backlinks-crawler)"
144.76.19.157 - - [18/Aug/2026:14:37:56 +0000] "GET /product/marquee/?add_to_wishlist=18519&_wpnonce=ee2ab5adbb HTTP/1.1" 200 44962 "-" "Mozilla/5.0 (compatible; SERankingBacklinksBot/1.0; +https://seranking.com/backlinks-crawler)"
144.76.19.157 - - [18/Aug/2026:14:38:02 +0000] "GET /product/marquee/?add_to_wishlist=18524&_wpnonce=32cc803d74 HTTP/1.1" 301 0 "-" "Mozilla/5.0 (compatible; SERankingBacklinksBot/1.0; +https://seranking.com/backlinks-crawler)"
144.76.19.157 - - [18/Aug/2026:14:38:04 +0000] "GET /product/marquee/?add_to_wishlist=18524&_wpnonce=32cc803d74 HTTP/1.1" 200 44839 "-" "Mozilla/5.0 (compatible; SERankingBacklinksBot/1.0; +https://seranking.com/backlinks-crawler)"
144.76.19.157 - - [18/Aug/2026:14:38:10 +0000] "GET /product/marquee/?add_to_wishlist=18524&_wpnonce=3b8935374b HTTP/1.1" 301 0 "-" "Mozilla/5.0 (compatible; SERankingBacklinksBot/1.0; +https://seranking.com/backlinks-crawler)"
57.141.4.64 - - [18/Aug/2026:14:38:11 +0000] "GET /detail/2474278386271 HTTP/2" 301 0 "-" "Mozilla/5.0 (Macintosh; Intel Mac OS X 10_15_7) AppleWebKit/537.36 (KHTML, like Gecko) Chrome/145.0.0.0 Safari/537.36 (compatible; meta-externalagent/1.1 (+https://developers.facebook.com/docs/sharing/webmasters/crawler))"
144.76.19.157 - - [18/Aug/2026:14:38:12 +0000] "GET /product/marquee/?add_to_wishlist=18524&_wpnonce=3b8935374b HTTP/1.1" 200 44930 "-" "Mozilla/5.0 (compatible; SERankingBacklinksBot/1.0; +https://seranking.com/backlinks-crawler)"
203.99.146.53 - - [18/Aug/2026:14:38:13 +0000] "GET /wp-login.php HTTP/1.1" 200 2218 "-" "Mozilla/5.0 (Windows NT 10.0; Win64; x64) AppleWebKit/537.36 (KHTML, like Gecko) Chrome/149.0.0.0 Safari/537.36"
57.141.4.68 - - [18/Aug/2026:14:38:13 +0000] "GET / HTTP/2" 200 54063 "-" "Mozilla/5.0 (Macintosh; Intel Mac OS X 10_15_7) AppleWebKit/537.36 (KHTML, like Gecko) Chrome/145.0.0.0 Safari/537.36 (compatible; meta-externalagent/1.1 (+https://developers.facebook.com/docs/sharing/webmasters/crawler))"
203.99.146.53 - - [18/Aug/2026:14:38:14 +0000] "POST /wp-login.php HTTP/1.1" 403 9678 "-" "Mozilla/5.0 (Windows NT 10.0; Win64; x64) AppleWebKit/537.36 (KHTML, like Gecko) Chrome/149.0.0.0 Safari/537.36"
144.76.19.157 - - [18/Aug/2026:14:38:17 +0000] "GET /product/marquee/?add_to_wishlist=18524&_wpnonce=7fc678ce79 HTTP/1.1" 301 0 "-" "Mozilla/5.0 (compatible; SERankingBacklinksBot/1.0; +https://seranking.com/backlinks-crawler)"
144.76.19.157 - - [18/Aug/2026:14:38:19 +0000] "GET /product/marquee/?add_to_wishlist=18524&_wpnonce=7fc678ce79 HTTP/1.1" 200 44872 "-" "Mozilla/5.0 (compatible; SERankingBacklinksBot/1.0; +https://seranking.com/backlinks-crawler)"
144.76.19.157 - - [18/Aug/2026:14:38:25 +0000] "GET /product/marquee/?add_to_wishlist=18524&_wpnonce=e7a007f243 HTTP/1.1" 301 0 "-" "Mozilla/5.0 (compatible; SERankingBacklinksBot/1.0; +https://seranking.com/backlinks-crawler)"
144.76.19.157 - - [18/Aug/2026:14:38:27 +0000] "GET /product/marquee/?add_to_wishlist=18524&_wpnonce=e7a007f243 HTTP/1.1" 200 44861 "-" "Mozilla/5.0 (compatible; SERankingBacklinksBot/1.0; +https://seranking.com/backlinks-crawler)"
192.250.227.238 - - [18/Aug/2026:14:38:33 +0000] "POST /wp-cron.php?doing_wp_cron=1787063913.4340009689331054687500 HTTP/1.1" 200 0 "-" "WordPress/7.0.4; https://glamourflooringla.com"
144.76.19.157 - - [18/Aug/2026:14:38:32 +0000] "GET /product/marquee/?add_to_wishlist=18524&_wpnonce=ee2ab5adbb HTTP/1.1" 301 0 "-" "Mozilla/5.0 (compatible; SERankingBacklinksBot/1.0; +https://seranking.com/backlinks-crawler)"
144.76.19.157 - - [18/Aug/2026:14:38:34 +0000] "GET /product/marquee/?add_to_wishlist=18524&_wpnonce=ee2ab5adbb HTTP/1.1" 200 44938 "-" "Mozilla/5.0 (compatible; SERankingBacklinksBot/1.0; +https://seranking.com/backlinks-crawler)"
144.76.19.157 - - [18/Aug/2026:14:38:40 +0000] "GET /product/marquee/?add_to_wishlist=18530&_wpnonce=32cc803d74 HTTP/1.1" 301 0 "-" "Mozilla/5.0 (compatible; SERankingBacklinksBot/1.0; +https://seranking.com/backlinks-crawler)"
57.141.4.37 - - [18/Aug/2026:14:38:40 +0000] "GET /detail/66819395548 HTTP/2" 301 0 "-" "Mozilla/5.0 (Macintosh; Intel Mac OS X 10_15_7) AppleWebKit/537.36 (KHTML, like Gecko) Chrome/145.0.0.0 Safari/537.36 (compatible; meta-externalagent/1.1 (+https://developers.facebook.com/docs/sharing/webmasters/crawler))"
144.76.19.157 - - [18/Aug/2026:14:38:42 +0000] "GET /product/marquee/?add_to_wishlist=18530&_wpnonce=32cc803d74 HTTP/1.1" 200 44835 "-" "Mozilla/5.0 (compatible; SERankingBacklinksBot/1.0; +https://seranking.com/backlinks-crawler)"
57.141.4.4 - - [18/Aug/2026:14:38:42 +0000] "GET / HTTP/2" 200 54129 "-" "Mozilla/5.0 (Macintosh; Intel Mac OS X 10_15_7) AppleWebKit/537.36 (KHTML, like Gecko) Chrome/145.0.0.0 Safari/537.36 (compatible; meta-externalagent/1.1 (+https://developers.facebook.com/docs/sharing/webmasters/crawler))"
144.76.19.157 - - [18/Aug/2026:14:38:48 +0000] "GET /product/marquee/?add_to_wishlist=18530&_wpnonce=3b8935374b HTTP/1.1" 301 0 "-" "Mozilla/5.0 (compatible; SERankingBacklinksBot/1.0; +https://seranking.com/backlinks-crawler)"
144.76.19.157 - - [18/Aug/2026:14:38:50 +0000] "GET /product/marquee/?add_to_wishlist=18530&_wpnonce=3b8935374b HTTP/1.1" 200 44936 "-" "Mozilla/5.0 (compatible; SERankingBacklinksBot/1.0; +https://seranking.com/backlinks-crawler)"
144.76.19.157 - - [18/Aug/2026:14:38:55 +0000] "GET /product/marquee/?add_to_wishlist=18530&_wpnonce=7fc678ce79 HTTP/1.1" 301 0 "-" "Mozilla/5.0 (compatible; SERankingBacklinksBot/1.0; +https://seranking.com/backlinks-crawler)"
144.76.19.157 - - [18/Aug/2026:14:38:57 +0000] "GET /product/marquee/?add_to_wishlist=18530&_wpnonce=7fc678ce79 HTTP/1.1" 200 44872 "-" "Mozilla/5.0 (compatible; SERankingBacklinksBot/1.0; +https://seranking.com/backlinks-crawler)"
144.76.19.157 - - [18/Aug/2026:14:39:03 +0000] "GET /product/marquee/?add_to_wishlist=18530&_wpnonce=ee2ab5adbb HTTP/1.1" 301 0 "-" "Mozilla/5.0 (compatible; SERankingBacklinksBot/1.0; +https://seranking.com/backlinks-crawler)"
57.141.4.22 - - [18/Aug/2026:14:39:02 +0000] "GET /product/collioure-california-classics/ HTTP/2" 200 44981 "-" "Mozilla/5.0 (Windows NT 10.0; Win64; x64) AppleWebKit/537.36 (KHTML, like Gecko) Chrome/145.0.0.0 Safari/537.36 (compatible; meta-externalagent/1.1 (+https://developers.facebook.com/docs/sharing/webmasters/crawler))"
189.217.206.32 - - [18/Aug/2026:14:39:03 +0000] "GET /product/peridot-vellichor/ HTTP/2" 200 38525 "-" "Mozilla/5.0 (Macintosh; Intel Mac OS X 10_15_7) AppleWebKit/537.36 (KHTML, like Gecko) Chrome/133.0.0.0 Safari/537.36"
144.76.19.157 - - [18/Aug/2026:14:39:05 +0000] "GET /product/marquee/?add_to_wishlist=18530&_wpnonce=ee2ab5adbb HTTP/1.1" 200 44932 "-" "Mozilla/5.0 (compatible; SERankingBacklinksBot/1.0; +https://seranking.com/backlinks-crawler)"
144.76.19.157 - - [18/Aug/2026:14:39:09 +0000] "GET /product/marquee/?add_to_wishlist=18545&_wpnonce=32cc803d74 HTTP/1.1" 301 0 "-" "Mozilla/5.0 (compatible; SERankingBacklinksBot/1.0; +https://seranking.com/backlinks-crawler)"
144.76.19.157 - - [18/Aug/2026:14:39:11 +0000] "GET /product/marquee/?add_to_wishlist=18545&_wpnonce=32cc803d74 HTTP/1.1" 200 44868 "-" "Mozilla/5.0 (compatible; SERankingBacklinksBot/1.0; +https://seranking.com/backlinks-crawler)"
144.76.19.157 - - [18/Aug/2026:14:39:15 +0000] "GET /product/marquee/?add_to_wishlist=18545&_wpnonce=3b8935374b HTTP/1.1" 301 0 "-" "Mozilla/5.0 (compatible; SERankingBacklinksBot/1.0; +https://seranking.com/backlinks-crawler)"
144.76.19.157 - - [18/Aug/2026:14:39:16 +0000] "GET /product/marquee/?add_to_wishlist=18545&_wpnonce=3b8935374b HTTP/1.1" 200 44809 "-" "Mozilla/5.0 (compatible; SERankingBacklinksBot/1.0; +https://seranking.com/backlinks-crawler)"
121.229.156.112 - - [18/Aug/2026:14:39:19 +0000] "GET /product/yosemite-2/ HTTP/1.1" 301 0 "-" "Sogou web spider/4.0(+http://www.sogou.com/docs/help/webmasters.htm#07)"
121.229.156.112 - - [18/Aug/2026:14:39:20 +0000] "GET / HTTP/1.1" 301 0 "-" "Sogou web spider/4.0(+http://www.sogou.com/docs/help/webmasters.htm#07)"
57.141.4.25 - - [18/Aug/2026:14:39:21 +0000] "GET /detail/891904848322 HTTP/2" 301 0 "-" "Mozilla/5.0 (Windows NT 10.0; Win64; x64) AppleWebKit/537.36 (KHTML, like Gecko) Chrome/145.0.0.0 Safari/537.36 (compatible; meta-externalagent/1.1 (+https://developers.facebook.com/docs/sharing/webmasters/crawler))"
144.76.19.157 - - [18/Aug/2026:14:39:22 +0000] "GET /product/marquee/?add_to_wishlist=18545&_wpnonce=e7a007f243 HTTP/1.1" 301 0 "-" "Mozilla/5.0 (compatible; SERankingBacklinksBot/1.0; +https://seranking.com/backlinks-crawler)"
121.229.156.112 - - [18/Aug/2026:14:39:23 +0000] "GET / HTTP/1.1" 200 54129 "-" "Sogou web spider/4.0(+http://www.sogou.com/docs/help/webmasters.htm#07)"
57.141.4.51 - - [18/Aug/2026:14:39:23 +0000] "GET / HTTP/2" 200 54129 "-" "Mozilla/5.0 (Windows NT 10.0; Win64; x64) AppleWebKit/537.36 (KHTML, like Gecko) Chrome/145.0.0.0 Safari/537.36 (compatible; meta-externalagent/1.1 (+https://developers.facebook.com/docs/sharing/webmasters/crawler))"
144.76.19.157 - - [18/Aug/2026:14:39:24 +0000] "GET /product/marquee/?add_to_wishlist=18545&_wpnonce=e7a007f243 HTTP/1.1" 200 44873 "-" "Mozilla/5.0 (compatible; SERankingBacklinksBot/1.0; +https://seranking.com/backlinks-crawler)"
192.250.227.238 - - [18/Aug/2026:14:39:30 +0000] "POST /wp-cron.php?doing_wp_cron=1787063970.2317800521850585937500 HTTP/1.1" 200 0 "-" "WordPress/7.0.4; https://glamourflooringla.com"
144.76.19.157 - - [18/Aug/2026:14:39:29 +0000] "GET /product/marquee/?add_to_wishlist=18545&_wpnonce=ee2ab5adbb HTTP/1.1" 301 0 "-" "Mozilla/5.0 (compatible; SERankingBacklinksBot/1.0; +https://seranking.com/backlinks-crawler)"
144.76.19.157 - - [18/Aug/2026:14:39:31 +0000] "GET /product/marquee/?add_to_wishlist=18545&_wpnonce=ee2ab5adbb HTTP/1.1" 200 44852 "-" "Mozilla/5.0 (compatible; SERankingBacklinksBot/1.0; +https://seranking.com/backlinks-crawler)"
57.141.4.28 - - [18/Aug/2026:14:39:36 +0000] "GET /detail/1866356089937 HTTP/2" 301 0 "-" "Mozilla/5.0 (Macintosh; Intel Mac OS X 10_15_7) AppleWebKit/537.36 (KHTML, like Gecko) Chrome/145.0.0.0 Safari/537.36 (compatible; meta-externalagent/1.1 (+https://developers.facebook.com/docs/sharing/webmasters/crawler))"
144.76.19.157 - - [18/Aug/2026:14:39:37 +0000] "GET /product/marquee/?add_to_wishlist=18549&_wpnonce=32cc803d74 HTTP/1.1" 301 0 "-" "Mozilla/5.0 (compatible; SERankingBacklinksBot/1.0; +https://seranking.com/backlinks-crawler)"
57.141.4.1 - - [18/Aug/2026:14:39:38 +0000] "GET / HTTP/2" 200 54129 "-" "Mozilla/5.0 (Macintosh; Intel Mac OS X 10_15_7) AppleWebKit/537.36 (KHTML, like Gecko) Chrome/145.0.0.0 Safari/537.36 (compatible; meta-externalagent/1.1 (+https://developers.facebook.com/docs/sharing/webmasters/crawler))"
144.76.19.157 - - [18/Aug/2026:14:39:39 +0000] "GET /product/marquee/?add_to_wishlist=18549&_wpnonce=32cc803d74 HTTP/1.1" 200 44895 "-" "Mozilla/5.0 (compatible; SERankingBacklinksBot/1.0; +https://seranking.com/backlinks-crawler)"
144.76.19.157 - - [18/Aug/2026:14:39:44 +0000] "GET /product/marquee/?add_to_wishlist=18549&_wpnonce=3b8935374b HTTP/1.1" 301 0 "-" "Mozilla/5.0 (compatible; SERankingBacklinksBot/1.0; +https://seranking.com/backlinks-crawler)"
144.76.19.157 - - [18/Aug/2026:14:39:46 +0000] "GET /product/marquee/?add_to_wishlist=18549&_wpnonce=3b8935374b HTTP/1.1" 200 44845 "-" "Mozilla/5.0 (compatible; SERankingBacklinksBot/1.0; +https://seranking.com/backlinks-crawler)"
57.141.4.34 - - [18/Aug/2026:14:39:49 +0000] "GET /detail/1922459412451 HTTP/2" 429 0 "-" "Mozilla/5.0 (Macintosh; Intel Mac OS X 10_15_7) AppleWebKit/537.36 (KHTML, like Gecko) Chrome/145.0.0.0 Safari/537.36 (compatible; meta-externalagent/1.1 (+https://developers.facebook.com/docs/sharing/webmasters/crawler))"
144.76.19.157 - - [18/Aug/2026:14:39:52 +0000] "GET /product/marquee/?add_to_wishlist=18549&_wpnonce=e7a007f243 HTTP/1.1" 301 0 "-" "Mozilla/5.0 (compatible; SERankingBacklinksBot/1.0; +https://seranking.com/backlinks-crawler)"
83.99.206.245 - - [18/Aug/2026:14:39:52 +0000] "GET /product/matisse-monarch/ HTTP/1.1" 200 38394 "-" "Mozilla/5.0 (X11; Linux x86_64) AppleWebKit/537.36 (KHTML, like Gecko; GeedoShopProductFinder) Chrome/142.0.0.0 Safari/537.36"
144.76.19.157 - - [18/Aug/2026:14:39:54 +0000] "GET /product/marquee/?add_to_wishlist=18549&_wpnonce=e7a007f243 HTTP/1.1" 200 44893 "-" "Mozilla/5.0 (compatible; SERankingBacklinksBot/1.0; +https://seranking.com/backlinks-crawler)"
194.44.46.94 - - [18/Aug/2026:14:39:55 +0000] "GET /hardwood-special/ HTTP/2" 200 35848 "-" "Mozilla/5.0 (Macintosh; Intel Mac OS X 10_15_7) AppleWebKit/537.36 (KHTML, like Gecko) Chrome/133.0.0.0 Safari/537.36"
144.76.19.157 - - [18/Aug/2026:14:39:59 +0000] "GET /product/marquee/?add_to_wishlist=18549&_wpnonce=ee2ab5adbb HTTP/1.1" 301 0 "-" "Mozilla/5.0 (compatible; SERankingBacklinksBot/1.0; +https://seranking.com/backlinks-crawler)"
57.141.4.46 - - [18/Aug/2026:14:40:00 +0000] "GET /detail/1842748295725 HTTP/2" 429 0 "-" "Mozilla/5.0 (Windows NT 10.0; Win64; x64) AppleWebKit/537.36 (KHTML, like Gecko) Chrome/145.0.0.0 Safari/537.36 (compatible; meta-externalagent/1.1 (+https://developers.facebook.com/docs/sharing/webmasters/crawler))"
144.76.19.157 - - [18/Aug/2026:14:40:01 +0000] "GET /product/marquee/?add_to_wishlist=18549&_wpnonce=ee2ab5adbb HTTP/1.1" 200 44846 "-" "Mozilla/5.0 (compatible; SERankingBacklinksBot/1.0; +https://seranking.com/backlinks-crawler)"
57.141.4.28 - - [18/Aug/2026:14:40:03 +0000] "GET /detail/2201730989652 HTTP/2" 429 0 "-" "Mozilla/5.0 (Windows NT 10.0; Win64; x64) AppleWebKit/537.36 (KHTML, like Gecko) Chrome/145.0.0.0 Safari/537.36 (compatible; meta-externalagent/1.1 (+https://developers.facebook.com/docs/sharing/webmasters/crawler))"
57.141.4.17 - - [18/Aug/2026:14:40:04 +0000] "GET /detail/334802543600 HTTP/2" 429 0 "-" "Mozilla/5.0 (Windows NT 10.0; Win64; x64) AppleWebKit/537.36 (KHTML, like Gecko) Chrome/145.0.0.0 Safari/537.36 (compatible; meta-externalagent/1.1 (+https://developers.facebook.com/docs/sharing/webmasters/crawler))"
144.76.19.157 - - [18/Aug/2026:14:40:07 +0000] "GET /product/marquee/?add_to_wishlist=18557&_wpnonce=3b8935374b HTTP/1.1" 301 0 "-" "Mozilla/5.0 (compatible; SERankingBacklinksBot/1.0; +https://seranking.com/backlinks-crawler)"
40.77.167.61 - - [18/Aug/2026:14:40:09 +0000] "GET / HTTP/2" 200 46842 "-" "Mozilla/5.0 AppleWebKit/537.36 (KHTML, like Gecko; compatible; bingbot/2.0; +http://www.bing.com/bingbot.htm) Chrome/116.0.1938.76 Safari/537.36"
144.76.19.157 - - [18/Aug/2026:14:40:09 +0000] "GET /product/marquee/?add_to_wishlist=18557&_wpnonce=3b8935374b HTTP/1.1" 200 44843 "-" "Mozilla/5.0 (compatible; SERankingBacklinksBot/1.0; +https://seranking.com/backlinks-crawler)"
83.99.206.231 - - [18/Aug/2026:14:40:11 +0000] "GET /product/morisot-vellichor/ HTTP/1.1" 200 38498 "-" "Mozilla/5.0 (X11; Linux x86_64) AppleWebKit/537.36 (KHTML, like Gecko; GeedoShopProductFinder) Chrome/142.0.0.0 Safari/537.36"
144.76.19.157 - - [18/Aug/2026:14:40:15 +0000] "GET /product/marquee/?add_to_wishlist=18557&_wpnonce=ee2ab5adbb HTTP/1.1" 301 0 "-" "Mozilla/5.0 (compatible; SERankingBacklinksBot/1.0; +https://seranking.com/backlinks-crawler)"
144.76.19.157 - - [18/Aug/2026:14:40:17 +0000] "GET /product/marquee/?add_to_wishlist=18557&_wpnonce=ee2ab5adbb HTTP/1.1" 200 44806 "-" "Mozilla/5.0 (compatible; SERankingBacklinksBot/1.0; +https://seranking.com/backlinks-crawler)"
57.141.4.46 - - [18/Aug/2026:14:40:19 +0000] "GET /detail/1986071481525 HTTP/2" 429 0 "-" "Mozilla/5.0 (Macintosh; Intel Mac OS X 10_15_7) AppleWebKit/537.36 (KHTML, like Gecko) Chrome/145.0.0.0 Safari/537.36 (compatible; meta-externalagent/1.1 (+https://developers.facebook.com/docs/sharing/webmasters/crawler))"
57.141.4.42 - - [18/Aug/2026:14:40:22 +0000] "GET /detail/580863795409 HTTP/2" 429 0 "-" "Mozilla/5.0 (Windows NT 10.0; Win64; x64) AppleWebKit/537.36 (KHTML, like Gecko) Chrome/145.0.0.0 Safari/537.36 (compatible; meta-externalagent/1.1 (+https://developers.facebook.com/docs/sharing/webmasters/crawler))"
144.76.19.157 - - [18/Aug/2026:14:40:23 +0000] "GET /product/marquee/?add_to_wishlist=18563&_wpnonce=32cc803d74 HTTP/1.1" 301 0 "-" "Mozilla/5.0 (compatible; SERankingBacklinksBot/1.0; +https://seranking.com/backlinks-crawler)"
57.141.4.36 - - [18/Aug/2026:14:40:25 +0000] "GET /detail/2012893781418 HTTP/2" 429 0 "-" "Mozilla/5.0 (Windows NT 10.0; Win64; x64) AppleWebKit/537.36 (KHTML, like Gecko) Chrome/145.0.0.0 Safari/537.36 (compatible; meta-externalagent/1.1 (+https://developers.facebook.com/docs/sharing/webmasters/crawler))"
144.76.19.157 - - [18/Aug/2026:14:40:25 +0000] "GET /product/marquee/?add_to_wishlist=18563&_wpnonce=32cc803d74 HTTP/1.1" 200 44793 "-" "Mozilla/5.0 (compatible; SERankingBacklinksBot/1.0; +https://seranking.com/backlinks-crawler)"
57.141.4.66 - - [18/Aug/2026:14:40:26 +0000] "GET /detail/362574386552 HTTP/2" 429 0 "-" "Mozilla/5.0 (Macintosh; Intel Mac OS X 10_15_7) AppleWebKit/537.36 (KHTML, like Gecko) Chrome/145.0.0.0 Safari/537.36 (compatible; meta-externalagent/1.1 (+https://developers.facebook.com/docs/sharing/webmasters/crawler))"
57.141.4.4 - - [18/Aug/2026:14:40:29 +0000] "GET /detail/2710018169680 HTTP/2" 429 0 "-" "Mozilla/5.0 (Windows NT 10.0; Win64; x64) AppleWebKit/537.36 (KHTML, like Gecko) Chrome/145.0.0.0 Safari/537.36 (compatible; meta-externalagent/1.1 (+https://developers.facebook.com/docs/sharing/webmasters/crawler))"
50.6.6.8 - - [18/Aug/2026:14:40:31 +0000] "GET /wp-login.php HTTP/1.1" 403 169 "-" "Mozilla/5.0 (Windows NT 10.0; Win64; x64) AppleWebKit/537.36 (KHTML, like Gecko) Chrome/149.0.0.0 Safari/537.36"
192.250.227.238 - - [18/Aug/2026:14:40:31 +0000] "POST /wp-cron.php?doing_wp_cron=1787064031.3193380832672119140625 HTTP/1.1" 200 0 "-" "WordPress/7.0.4; https://glamourflooringla.com"
144.76.19.157 - - [18/Aug/2026:14:40:30 +0000] "GET /product/marquee/?add_to_wishlist=18563&_wpnonce=3b8935374b HTTP/1.1" 301 0 "-" "Mozilla/5.0 (compatible; SERankingBacklinksBot/1.0; +https://seranking.com/backlinks-crawler)"
57.141.4.45 - - [18/Aug/2026:14:40:32 +0000] "GET /detail/181344011897 HTTP/2" 429 0 "-" "Mozilla/5.0 (Windows NT 10.0; Win64; x64) AppleWebKit/537.36 (KHTML, like Gecko) Chrome/145.0.0.0 Safari/537.36 (compatible; meta-externalagent/1.1 (+https://developers.facebook.com/docs/sharing/webmasters/crawler))"
83.99.206.245 - - [18/Aug/2026:14:40:32 +0000] "GET /calabasas-2/2 HTTP/1.1" 301 0 "-" "Mozilla/5.0 (X11; Linux x86_64) AppleWebKit/537.36 (KHTML, like Gecko; GeedoShopProductFinder) Chrome/142.0.0.0 Safari/537.36"
144.76.19.157 - - [18/Aug/2026:14:40:32 +0000] "GET /product/marquee/?add_to_wishlist=18563&_wpnonce=3b8935374b HTTP/1.1" 200 44856 "-" "Mozilla/5.0 (compatible; SERankingBacklinksBot/1.0; +https://seranking.com/backlinks-crawler)"
57.141.4.32 - - [18/Aug/2026:14:40:35 +0000] "GET /detail/2679361391378 HTTP/2" 429 0 "-" "Mozilla/5.0 (Macintosh; Intel Mac OS X 10_15_7) AppleWebKit/537.36 (KHTML, like Gecko) Chrome/145.0.0.0 Safari/537.36 (compatible; meta-externalagent/1.1 (+https://developers.facebook.com/docs/sharing/webmasters/crawler))"
83.99.206.245 - - [18/Aug/2026:14:40:37 +0000] "GET / HTTP/1.1" 200 46842 "-" "Mozilla/5.0 (X11; Linux x86_64) AppleWebKit/537.36 (KHTML, like Gecko; GeedoShopProductFinder) Chrome/142.0.0.0 Safari/537.36"
57.141.4.68 - - [18/Aug/2026:14:40:37 +0000] "GET /detail/2526081430491 HTTP/2" 429 0 "-" "Mozilla/5.0 (Macintosh; Intel Mac OS X 10_15_7) AppleWebKit/537.36 (KHTML, like Gecko) Chrome/145.0.0.0 Safari/537.36 (compatible; meta-externalagent/1.1 (+https://developers.facebook.com/docs/sharing/webmasters/crawler))"
77.75.78.171 - - [18/Aug/2026:14:40:36 +0000] "GET /contact/ HTTP/1.1" 200 36690 "-" "Mozilla/5.0 (compatible; SeznamBot/4.0; +https://o-seznam.cz/napoveda/vyhledavani/en/seznambot-crawler/)"
144.76.19.157 - - [18/Aug/2026:14:40:38 +0000] "GET /product/marquee/?add_to_wishlist=18563&_wpnonce=7fc678ce79 HTTP/1.1" 301 0 "-" "Mozilla/5.0 (compatible; SERankingBacklinksBot/1.0; +https://seranking.com/backlinks-crawler)"
144.76.19.157 - - [18/Aug/2026:14:40:40 +0000] "GET /product/marquee/?add_to_wishlist=18563&_wpnonce=7fc678ce79 HTTP/1.1" 200 44885 "-" "Mozilla/5.0 (compatible; SERankingBacklinksBot/1.0; +https://seranking.com/backlinks-crawler)"
57.141.4.34 - - [18/Aug/2026:14:40:42 +0000] "GET /product-category/engineered-hardwood-floor/page/17/?add_to_wishlist=16751&_wpnonce=27ff772af0 HTTP/2" 429 0 "-" "Mozilla/5.0 (Macintosh; Intel Mac OS X 10_15_7) AppleWebKit/537.36 (KHTML, like Gecko) Chrome/145.0.0.0 Safari/537.36 (compatible; meta-externalagent/1.1 (+https://developers.facebook.com/docs/sharing/webmasters/crawler))"
57.141.4.10 - - [18/Aug/2026:14:40:46 +0000] "GET /detail/275485222094 HTTP/2" 429 0 "-" "Mozilla/5.0 (Windows NT 10.0; Win64; x64) AppleWebKit/537.36 (KHTML, like Gecko) Chrome/145.0.0.0 Safari/537.36 (compatible; meta-externalagent/1.1 (+https://developers.facebook.com/docs/sharing/webmasters/crawler))"
144.76.19.157 - - [18/Aug/2026:14:40:46 +0000] "GET /product/marquee/?add_to_wishlist=18563&_wpnonce=ee2ab5adbb HTTP/1.1" 301 0 "-" "Mozilla/5.0 (compatible; SERankingBacklinksBot/1.0; +https://seranking.com/backlinks-crawler)"
144.76.19.157 - - [18/Aug/2026:14:40:48 +0000] "GET /product/marquee/?add_to_wishlist=18563&_wpnonce=ee2ab5adbb HTTP/1.1" 200 44839 "-" "Mozilla/5.0 (compatible; SERankingBacklinksBot/1.0; +https://seranking.com/backlinks-crawler)"
57.141.4.17 - - [18/Aug/2026:14:40:50 +0000] "GET /detail/1400328700236 HTTP/2" 429 0 "-" "Mozilla/5.0 (X11; Linux x86_64) AppleWebKit/537.36 (KHTML, like Gecko) Chrome/145.0.0.0 Safari/537.36 (compatible; meta-externalagent/1.1 (+https://developers.facebook.com/docs/sharing/webmasters/crawler))"
83.99.206.245 - - [18/Aug/2026:14:40:52 +0000] "GET /pasadena/2 HTTP/1.1" 301 0 "-" "Mozilla/5.0 (X11; Linux x86_64) AppleWebKit/537.36 (KHTML, like Gecko; GeedoShopProductFinder) Chrome/142.0.0.0 Safari/537.36"
144.76.19.157 - - [18/Aug/2026:14:40:53 +0000] "GET /product/marquee/?add_to_wishlist=18572&_wpnonce=32cc803d74 HTTP/1.1" 301 0 "-" "Mozilla/5.0 (compatible; SERankingBacklinksBot/1.0; +https://seranking.com/backlinks-crawler)"
57.141.4.52 - - [18/Aug/2026:14:40:56 +0000] "GET /detail/1624904853383 HTTP/2" 429 0 "-" "Mozilla/5.0 (Windows NT 10.0; Win64; x64) AppleWebKit/537.36 (KHTML, like Gecko) Chrome/145.0.0.0 Safari/537.36 Edg/145.0.0.0 (compatible; meta-externalagent/1.1 (+https://developers.facebook.com/docs/sharing/webmasters/crawler))"
192.250.227.238 - - [18/Aug/2026:14:40:56 +0000] "POST /wp-cron.php?doing_wp_cron=1787064056.6549680233001708984375 HTTP/1.1" 200 0 "-" "WordPress/7.0.4; https://glamourflooringla.com"
144.76.19.157 - - [18/Aug/2026:14:40:55 +0000] "GET /product/marquee/?add_to_wishlist=18572&_wpnonce=32cc803d74 HTTP/1.1" 200 44865 "-" "Mozilla/5.0 (compatible; SERankingBacklinksBot/1.0; +https://seranking.com/backlinks-crawler)"
