93.158.213.25 - - [18/Aug/2026:14:54:47 +0000] "GET /product-category/engineered-hardwood-floor/page/11/?add_to_wishlist=15582&_wpnonce=a2965fc487 HTTP/1.1" 200 36636 "-" "Mozilla/5.0 (compatible; MJ12bot/v1.4.8; http://mj12bot.com/)"
216.73.216.14 - - [18/Aug/2026:14:54:47 +0000] "GET /product/hickory-dark-brown-artisan/ HTTP/2" 200 38534 "-" "Mozilla/5.0 AppleWebKit/537.36 (KHTML, like Gecko; compatible; ClaudeBot/1.0; +claudebot@anthropic.com)"
144.76.19.157 - - [18/Aug/2026:14:54:47 +0000] "GET /product/mauritius-her-urb/?add_to_wishlist=15556&_wpnonce=32cc803d74 HTTP/1.1" 200 45166 "-" "Mozilla/5.0 (compatible; SERankingBacklinksBot/1.0; +https://seranking.com/backlinks-crawler)"
83.99.206.116 - - [18/Aug/2026:14:54:50 +0000] "GET /carpet-flooring/ HTTP/1.1" 200 29965 "-" "Mozilla/5.0 (X11; Linux x86_64) AppleWebKit/537.36 (KHTML, like Gecko; GeedoShopProductFinder) Chrome/142.0.0.0 Safari/537.36"
93.158.213.25 - - [18/Aug/2026:14:54:50 +0000] "GET /product-category/engineered-hardwood-floor/page/11/?add_to_wishlist=15587&_wpnonce=6c2d5ff27d HTTP/1.1" 200 36590 "-" "Mozilla/5.0 (compatible; MJ12bot/v1.4.8; http://mj12bot.com/)"
216.73.216.14 - - [18/Aug/2026:14:54:52 +0000] "GET /product/acacia-cocoa-brown-plus/ HTTP/2" 200 38566 "-" "Mozilla/5.0 AppleWebKit/537.36 (KHTML, like Gecko; compatible; ClaudeBot/1.0; +claudebot@anthropic.com)"
144.76.19.157 - - [18/Aug/2026:14:54:53 +0000] "GET /product/mauritius-her-urb/?add_to_wishlist=15559&_wpnonce=32cc803d74 HTTP/1.1" 301 0 "-" "Mozilla/5.0 (compatible; SERankingBacklinksBot/1.0; +https://seranking.com/backlinks-crawler)"
93.158.213.25 - - [18/Aug/2026:14:54:54 +0000] "GET /product-category/engineered-hardwood-floor/page/11/?add_to_wishlist=16204&_wpnonce=d5a66d583e HTTP/1.1" 200 36594 "-" "Mozilla/5.0 (compatible; MJ12bot/v1.4.8; http://mj12bot.com/)"
144.76.19.157 - - [18/Aug/2026:14:54:55 +0000] "GET /product/mauritius-her-urb/?add_to_wishlist=15559&_wpnonce=32cc803d74 HTTP/1.1" 200 45149 "-" "Mozilla/5.0 (compatible; SERankingBacklinksBot/1.0; +https://seranking.com/backlinks-crawler)"
216.73.216.14 - - [18/Aug/2026:14:54:57 +0000] "GET /product/hickory-barrel-artisan/ HTTP/2" 200 38523 "-" "Mozilla/5.0 AppleWebKit/537.36 (KHTML, like Gecko; compatible; ClaudeBot/1.0; +claudebot@anthropic.com)"
93.158.213.25 - - [18/Aug/2026:14:54:58 +0000] "GET /product-category/engineered-hardwood-floor/page/11/?add_to_wishlist=16205&_wpnonce=d5a66d583e HTTP/1.1" 200 36592 "-" "Mozilla/5.0 (compatible; MJ12bot/v1.4.8; http://mj12bot.com/)"
144.76.19.157 - - [18/Aug/2026:14:55:01 +0000] "GET /product/mauritius-her-urb/?add_to_wishlist=15962&_wpnonce=32cc803d74 HTTP/1.1" 301 0 "-" "Mozilla/5.0 (compatible; SERankingBacklinksBot/1.0; +https://seranking.com/backlinks-crawler)"
216.73.216.14 - - [18/Aug/2026:14:55:02 +0000] "GET /product/aspenhills-naf/ HTTP/2" 200 38422 "-" "Mozilla/5.0 AppleWebKit/537.36 (KHTML, like Gecko; compatible; ClaudeBot/1.0; +claudebot@anthropic.com)"
93.158.213.25 - - [18/Aug/2026:14:55:02 +0000] "GET /product-category/engineered-hardwood-floor/page/11/?add_to_wishlist=16206&_wpnonce=d5a66d583e HTTP/1.1" 200 36586 "-" "Mozilla/5.0 (compatible; MJ12bot/v1.4.8; http://mj12bot.com/)"
144.76.19.157 - - [18/Aug/2026:14:55:03 +0000] "GET /product/mauritius-her-urb/?add_to_wishlist=15962&_wpnonce=32cc803d74 HTTP/1.1" 200 45017 "-" "Mozilla/5.0 (compatible; SERankingBacklinksBot/1.0; +https://seranking.com/backlinks-crawler)"
144.76.19.157 - - [18/Aug/2026:14:55:09 +0000] "GET /product/mauritius-urb/ HTTP/1.1" 301 0 "-" "Mozilla/5.0 (compatible; SERankingBacklinksBot/1.0; +https://seranking.com/backlinks-crawler)"
216.73.217.177 - - [18/Aug/2026:14:55:08 +0000] "GET /product-category/engineered-hardwood-floor/page/1/?add_to_wishlist=15544 HTTP/2" 301 0 "-" "Mozilla/5.0 AppleWebKit/537.36 (KHTML, like Gecko; compatible; ClaudeBot/1.0; +claudebot@anthropic.com)"
93.158.213.25 - - [18/Aug/2026:14:55:08 +0000] "GET /product-category/engineered-hardwood-floor/page/11/?add_to_wishlist=16207&_wpnonce=d5a66d583e HTTP/1.1" 200 36642 "-" "Mozilla/5.0 (compatible; MJ12bot/v1.4.8; http://mj12bot.com/)"
83.99.206.116 - - [18/Aug/2026:14:55:10 +0000] "GET /tag/flooring-installation/2 HTTP/1.1" 301 0 "-" "Mozilla/5.0 (X11; Linux x86_64) AppleWebKit/537.36 (KHTML, like Gecko; GeedoShopProductFinder) Chrome/142.0.0.0 Safari/537.36"
83.99.206.116 - - [18/Aug/2026:14:55:11 +0000] "GET / HTTP/1.1" 200 46845 "-" "Mozilla/5.0 (X11; Linux x86_64) AppleWebKit/537.36 (KHTML, like Gecko; GeedoShopProductFinder) Chrome/142.0.0.0 Safari/537.36"
144.76.19.157 - - [18/Aug/2026:14:55:11 +0000] "GET /product/mauritius-urb/ HTTP/1.1" 200 44909 "-" "Mozilla/5.0 (compatible; SERankingBacklinksBot/1.0; +https://seranking.com/backlinks-crawler)"
216.73.217.177 - - [18/Aug/2026:14:55:11 +0000] "GET /product-category/engineered-hardwood-floor/?add_to_wishlist=15544 HTTP/2" 200 36881 "https://glamourflooringla.com/product-category/engineered-hardwood-floor/page/1/?add_to_wishlist=15544" "Mozilla/5.0 AppleWebKit/537.36 (KHTML, like Gecko; compatible; ClaudeBot/1.0; +claudebot@anthropic.com)"
103.161.2.208 - - [18/Aug/2026:14:55:11 +0000] "GET /product-category/reddish-brown/ HTTP/2" 200 29463 "-" "Mozilla/5.0 (Linux; Android 8.0; Pixel 2 Build/OPD3.170816.012) AppleWebKit/537.36 (KHTML, like Gecko) Chrome/47.0.4800.1055 Mobile Safari/537.36"
216.73.217.177 - - [18/Aug/2026:14:55:13 +0000] "GET /product-category/engineered-hardwood-floor/page/3/?add_to_wishlist=15542 HTTP/2" 200 36514 "-" "Mozilla/5.0 AppleWebKit/537.36 (KHTML, like Gecko; compatible; ClaudeBot/1.0; +claudebot@anthropic.com)"
93.158.213.25 - - [18/Aug/2026:14:55:13 +0000] "GET /product-category/engineered-hardwood-floor/page/11/?add_to_wishlist=16208&_wpnonce=d5a66d583e HTTP/1.1" 200 36588 "-" "Mozilla/5.0 (compatible; MJ12bot/v1.4.8; http://mj12bot.com/)"
144.76.19.157 - - [18/Aug/2026:14:55:17 +0000] "GET /product/mauritius-urb/?add_to_wishlist=15484&_wpnonce=bbb71dd7ae HTTP/1.1" 301 0 "-" "Mozilla/5.0 (compatible; SERankingBacklinksBot/1.0; +https://seranking.com/backlinks-crawler)"
144.76.19.157 - - [18/Aug/2026:14:55:18 +0000] "GET /product/mauritius-urb/?add_to_wishlist=15484&_wpnonce=bbb71dd7ae HTTP/1.1" 200 44970 "-" "Mozilla/5.0 (compatible; SERankingBacklinksBot/1.0; +https://seranking.com/backlinks-crawler)"
192.204.134.79 - - [18/Aug/2026:14:55:18 +0000] "POST /?wc-ajax=get_refreshed_fragments HTTP/2" 200 916 "https://glamourflooringla.com/product-category/reddish-brown/" "Mozilla/5.0 (Linux; Android 8.0; Pixel 2 Build/OPD3.170816.012) AppleWebKit/537.36 (KHTML, like Gecko) Chrome/47.0.4800.1055 Mobile Safari/537.36"
93.158.213.25 - - [18/Aug/2026:14:55:18 +0000] "GET /product-category/engineered-hardwood-floor/page/11/?add_to_wishlist=16209&_wpnonce=d5a66d583e HTTP/1.1" 200 36589 "-" "Mozilla/5.0 (compatible; MJ12bot/v1.4.8; http://mj12bot.com/)"
216.73.217.177 - - [18/Aug/2026:14:55:18 +0000] "GET /product-category/engineered-hardwood-floor/page/2/?add_to_wishlist=15542 HTTP/2" 200 36666 "-" "Mozilla/5.0 AppleWebKit/537.36 (KHTML, like Gecko; compatible; ClaudeBot/1.0; +claudebot@anthropic.com)"
144.76.19.157 - - [18/Aug/2026:14:55:23 +0000] "GET /product/shoreline-decor/?add_to_wishlist=18454&_wpnonce=7fc678ce79 HTTP/1.1" 301 0 "-" "Mozilla/5.0 (compatible; SERankingBacklinksBot/1.0; +https://seranking.com/backlinks-crawler)"
93.158.213.25 - - [18/Aug/2026:14:55:23 +0000] "GET /product-category/engineered-hardwood-floor/page/11/?add_to_wishlist=16216&_wpnonce=d5a66d583e HTTP/1.1" 200 36578 "-" "Mozilla/5.0 (compatible; MJ12bot/v1.4.8; http://mj12bot.com/)"
216.73.217.177 - - [18/Aug/2026:14:55:23 +0000] "GET /product-category/engineered-hardwood-floor/page/2/?add_to_wishlist=15544 HTTP/2" 200 36732 "-" "Mozilla/5.0 AppleWebKit/537.36 (KHTML, like Gecko; compatible; ClaudeBot/1.0; +claudebot@anthropic.com)"
144.76.19.157 - - [18/Aug/2026:14:55:25 +0000] "GET /product/shoreline-decor/?add_to_wishlist=18454&_wpnonce=7fc678ce79 HTTP/1.1" 200 45145 "-" "Mozilla/5.0 (compatible; SERankingBacklinksBot/1.0; +https://seranking.com/backlinks-crawler)"
93.158.213.25 - - [18/Aug/2026:14:55:27 +0000] "GET /product-category/engineered-hardwood-floor/page/11/?add_to_wishlist=16219&_wpnonce=d5a66d583e HTTP/1.1" 200 36579 "-" "Mozilla/5.0 (compatible; MJ12bot/v1.4.8; http://mj12bot.com/)"
216.73.217.177 - - [18/Aug/2026:14:55:28 +0000] "GET /product/rondo-pro/?add_to_wishlist=15507 HTTP/2" 200 38505 "-" "Mozilla/5.0 AppleWebKit/537.36 (KHTML, like Gecko; compatible; ClaudeBot/1.0; +claudebot@anthropic.com)"
192.250.227.238 - - [18/Aug/2026:14:55:30 +0000] "POST /wp-cron.php?doing_wp_cron=1787064930.6299951076507568359375 HTTP/1.1" 200 0 "-" "WordPress/7.0.4; https://glamourflooringla.com"
83.99.206.116 - - [18/Aug/2026:14:55:29 +0000] "GET /product-category/engineered-hardwood-floor/california-classics-floors/ HTTP/1.1" 200 36047 "-" "Mozilla/5.0 (X11; Linux x86_64) AppleWebKit/537.36 (KHTML, like Gecko; GeedoShopProductFinder) Chrome/142.0.0.0 Safari/537.36"
144.76.19.157 - - [18/Aug/2026:14:55:30 +0000] "GET /product/mauritius-urb/?add_to_wishlist=15487&_wpnonce=44202cc6af HTTP/1.1" 301 0 "-" "Mozilla/5.0 (compatible; SERankingBacklinksBot/1.0; +https://seranking.com/backlinks-crawler)"
93.158.213.25 - - [18/Aug/2026:14:55:31 +0000] "GET /product-category/engineered-hardwood-floor/page/11/?add_to_wishlist=16221&_wpnonce=d5a66d583e HTTP/1.1" 200 36616 "-" "Mozilla/5.0 (compatible; MJ12bot/v1.4.8; http://mj12bot.com/)"
144.76.19.157 - - [18/Aug/2026:14:55:33 +0000] "GET /product/mauritius-urb/?add_to_wishlist=15487&_wpnonce=44202cc6af HTTP/1.1" 200 44938 "-" "Mozilla/5.0 (compatible; SERankingBacklinksBot/1.0; +https://seranking.com/backlinks-crawler)"
216.73.217.177 - - [18/Aug/2026:14:55:34 +0000] "GET /product-category/engineered-hardwood-floor/page/3/?add_to_wishlist=15665 HTTP/2" 200 36516 "-" "Mozilla/5.0 AppleWebKit/537.36 (KHTML, like Gecko; compatible; ClaudeBot/1.0; +claudebot@anthropic.com)"
93.158.213.25 - - [18/Aug/2026:14:55:35 +0000] "GET /product-category/engineered-hardwood-floor/page/11/?add_to_wishlist=16223&_wpnonce=d5a66d583e HTTP/1.1" 200 36592 "-" "Mozilla/5.0 (compatible; MJ12bot/v1.4.8; http://mj12bot.com/)"
57.141.4.28 - - [18/Aug/2026:14:55:38 +0000] "GET /detail/1761691415329 HTTP/2" 301 0 "-" "Mozilla/5.0 (Macintosh; Intel Mac OS X 10_15_7) AppleWebKit/537.36 (KHTML, like Gecko) Chrome/145.0.0.0 Safari/537.36 (compatible; meta-externalagent/1.1 (+https://developers.facebook.com/docs/sharing/webmasters/crawler))"
144.76.19.157 - - [18/Aug/2026:14:55:38 +0000] "GET /product/mauritius-urb/?add_to_wishlist=15487&_wpnonce=bbb71dd7ae HTTP/1.1" 301 0 "-" "Mozilla/5.0 (compatible; SERankingBacklinksBot/1.0; +https://seranking.com/backlinks-crawler)"
57.141.4.72 - - [18/Aug/2026:14:55:39 +0000] "GET / HTTP/2" 200 54063 "-" "Mozilla/5.0 (Macintosh; Intel Mac OS X 10_15_7) AppleWebKit/537.36 (KHTML, like Gecko) Chrome/145.0.0.0 Safari/537.36 (compatible; meta-externalagent/1.1 (+https://developers.facebook.com/docs/sharing/webmasters/crawler))"
93.158.213.25 - - [18/Aug/2026:14:55:39 +0000] "GET /product-category/engineered-hardwood-floor/page/11/?add_to_wishlist=16224&_wpnonce=d5a66d583e HTTP/1.1" 200 36577 "-" "Mozilla/5.0 (compatible; MJ12bot/v1.4.8; http://mj12bot.com/)"
144.76.19.157 - - [18/Aug/2026:14:55:40 +0000] "GET /product/mauritius-urb/?add_to_wishlist=15487&_wpnonce=bbb71dd7ae HTTP/1.1" 200 44961 "-" "Mozilla/5.0 (compatible; SERankingBacklinksBot/1.0; +https://seranking.com/backlinks-crawler)"
93.158.213.25 - - [18/Aug/2026:14:55:43 +0000] "GET /product-category/engineered-hardwood-floor/page/11/?add_to_wishlist=16225&_wpnonce=d5a66d583e HTTP/1.1" 200 36585 "-" "Mozilla/5.0 (compatible; MJ12bot/v1.4.8; http://mj12bot.com/)"
179.0.118.96 - - [18/Aug/2026:14:55:45 +0000] "GET /product-category/tavertine/ HTTP/2" 200 29377 "-" "Mozilla/5.0 (Linux; Android 6.0; Nexus 5 Build/MRA58N) AppleWebKit/537.36 (KHTML, like Gecko) Chrome/48.0.6857.1983 Mobile Safari/537.36"
216.73.216.187 - - [18/Aug/2026:14:55:45 +0000] "GET /product-category/engineered-hardwood-floor/page/3/?add_to_wishlist=15709 HTTP/2" 200 36513 "-" "Mozilla/5.0 AppleWebKit/537.36 (KHTML, like Gecko; compatible; ClaudeBot/1.0; +claudebot@anthropic.com)"
144.76.19.157 - - [18/Aug/2026:14:55:45 +0000] "GET /product/mauritius-urb/?add_to_wishlist=15489&_wpnonce=44202cc6af HTTP/1.1" 301 0 "-" "Mozilla/5.0 (compatible; SERankingBacklinksBot/1.0; +https://seranking.com/backlinks-crawler)"
93.158.213.25 - - [18/Aug/2026:14:55:47 +0000] "GET /product-category/engineered-hardwood-floor/page/11/?add_to_wishlist=16226&_wpnonce=d5a66d583e HTTP/1.1" 200 36637 "-" "Mozilla/5.0 (compatible; MJ12bot/v1.4.8; http://mj12bot.com/)"
198.55.105.84 - - [18/Aug/2026:14:55:47 +0000] "POST /?wc-ajax=get_refreshed_fragments HTTP/2" 200 916 "https://glamourflooringla.com/product-category/tavertine/" "Mozilla/5.0 (Linux; Android 6.0; Nexus 5 Build/MRA58N) AppleWebKit/537.36 (KHTML, like Gecko) Chrome/48.0.6857.1983 Mobile Safari/537.36"
144.76.19.157 - - [18/Aug/2026:14:55:47 +0000] "GET /product/mauritius-urb/?add_to_wishlist=15489&_wpnonce=44202cc6af HTTP/1.1" 200 45013 "-" "Mozilla/5.0 (compatible; SERankingBacklinksBot/1.0; +https://seranking.com/backlinks-crawler)"
83.99.206.116 - - [18/Aug/2026:14:55:49 +0000] "GET /product/dovetail-provenza-floors/ HTTP/1.1" 200 38394 "-" "Mozilla/5.0 (X11; Linux x86_64) AppleWebKit/537.36 (KHTML, like Gecko; GeedoShopProductFinder) Chrome/142.0.0.0 Safari/537.36"
216.73.216.187 - - [18/Aug/2026:14:55:50 +0000] "GET /product-category/engineered-hardwood-floor/page/3/?add_to_wishlist=15694 HTTP/2" 200 36506 "-" "Mozilla/5.0 AppleWebKit/537.36 (KHTML, like Gecko; compatible; ClaudeBot/1.0; +claudebot@anthropic.com)"
93.158.213.25 - - [18/Aug/2026:14:55:51 +0000] "GET /product-category/engineered-hardwood-floor/page/11/?add_to_wishlist=16229&_wpnonce=d5a66d583e HTTP/1.1" 200 36568 "-" "Mozilla/5.0 (compatible; MJ12bot/v1.4.8; http://mj12bot.com/)"
144.76.19.157 - - [18/Aug/2026:14:55:53 +0000] "GET /product/mauritius-urb/?add_to_wishlist=15489&_wpnonce=bbb71dd7ae HTTP/1.1" 301 0 "-" "Mozilla/5.0 (compatible; SERankingBacklinksBot/1.0; +https://seranking.com/backlinks-crawler)"
129.121.103.155 - - [18/Aug/2026:14:55:55 +0000] "GET /wp-login.php HTTP/1.1" 403 169 "-" "Mozilla/5.0 (Windows NT 10.0; Win64; x64) AppleWebKit/537.36 (KHTML, like Gecko) Chrome/149.0.0.0 Safari/537.36"
216.73.216.187 - - [18/Aug/2026:14:55:55 +0000] "GET /product-category/engineered-hardwood-floor/page/3/?add_to_wishlist=15696 HTTP/2" 200 36515 "-" "Mozilla/5.0 AppleWebKit/537.36 (KHTML, like Gecko; compatible; ClaudeBot/1.0; +claudebot@anthropic.com)"
93.158.213.25 - - [18/Aug/2026:14:55:55 +0000] "GET /product-category/engineered-hardwood-floor/page/11/?add_to_wishlist=16235&_wpnonce=d5a66d583e HTTP/1.1" 200 36577 "-" "Mozilla/5.0 (compatible; MJ12bot/v1.4.8; http://mj12bot.com/)"
144.76.19.157 - - [18/Aug/2026:14:55:55 +0000] "GET /product/mauritius-urb/?add_to_wishlist=15489&_wpnonce=bbb71dd7ae HTTP/1.1" 200 44981 "-" "Mozilla/5.0 (compatible; SERankingBacklinksBot/1.0; +https://seranking.com/backlinks-crawler)"
93.158.213.25 - - [18/Aug/2026:14:55:59 +0000] "GET /product-category/engineered-hardwood-floor/page/11/?add_to_wishlist=16237&_wpnonce=d5a66d583e HTTP/1.1" 200 36587 "-" "Mozilla/5.0 (compatible; MJ12bot/v1.4.8; http://mj12bot.com/)"
216.73.216.187 - - [18/Aug/2026:14:56:00 +0000] "GET /product-category/engineered-hardwood-floor/page/3/?add_to_wishlist=15702 HTTP/2" 200 36510 "-" "Mozilla/5.0 AppleWebKit/537.36 (KHTML, like Gecko; compatible; ClaudeBot/1.0; +claudebot@anthropic.com)"
144.76.19.157 - - [18/Aug/2026:14:56:00 +0000] "GET /product/mauritius-urb/?add_to_wishlist=15492&_wpnonce=32cc803d74 HTTP/1.1" 301 0 "-" "Mozilla/5.0 (compatible; SERankingBacklinksBot/1.0; +https://seranking.com/backlinks-crawler)"
144.76.19.157 - - [18/Aug/2026:14:56:02 +0000] "GET /product/mauritius-urb/?add_to_wishlist=15492&_wpnonce=32cc803d74 HTTP/1.1" 200 44950 "-" "Mozilla/5.0 (compatible; SERankingBacklinksBot/1.0; +https://seranking.com/backlinks-crawler)"
93.158.213.25 - - [18/Aug/2026:14:56:03 +0000] "GET /product-category/engineered-hardwood-floor/page/11/?add_to_wishlist=16239&_wpnonce=d5a66d583e HTTP/1.1" 200 36641 "-" "Mozilla/5.0 (compatible; MJ12bot/v1.4.8; http://mj12bot.com/)"
93.158.213.25 - - [18/Aug/2026:14:56:07 +0000] "GET /product-category/engineered-hardwood-floor/page/11/?add_to_wishlist=16241&_wpnonce=d5a66d583e HTTP/1.1" 200 36572 "-" "Mozilla/5.0 (compatible; MJ12bot/v1.4.8; http://mj12bot.com/)"
216.73.216.187 - - [18/Aug/2026:14:56:07 +0000] "GET /product-category/engineered-hardwood-floor/provenza-floors/?add_to_wishlist=16233 HTTP/2" 200 35989 "-" "Mozilla/5.0 AppleWebKit/537.36 (KHTML, like Gecko; compatible; ClaudeBot/1.0; +claudebot@anthropic.com)"
144.76.19.157 - - [18/Aug/2026:14:56:08 +0000] "GET /product/mauritius-urb/?add_to_wishlist=15495&_wpnonce=32cc803d74 HTTP/1.1" 301 0 "-" "Mozilla/5.0 (compatible; SERankingBacklinksBot/1.0; +https://seranking.com/backlinks-crawler)"
54.74.21.139 - - [18/Aug/2026:14:56:10 +0000] "GET /robots.txt HTTP/2" 200 449 "-" "Mozilla/5.0 (compatible; CompanyMapBot/0.1; +https://companymap.co.uk/bot.html)"
144.76.19.157 - - [18/Aug/2026:14:56:10 +0000] "GET /product/mauritius-urb/?add_to_wishlist=15495&_wpnonce=32cc803d74 HTTP/1.1" 200 45007 "-" "Mozilla/5.0 (compatible; SERankingBacklinksBot/1.0; +https://seranking.com/backlinks-crawler)"
83.99.206.116 - - [18/Aug/2026:14:56:10 +0000] "GET /product/stonehenge-provenza-floors/ HTTP/1.1" 200 38492 "-" "Mozilla/5.0 (X11; Linux x86_64) AppleWebKit/537.36 (KHTML, like Gecko; GeedoShopProductFinder) Chrome/142.0.0.0 Safari/537.36"
54.74.21.139 - - [18/Aug/2026:14:56:11 +0000] "GET / HTTP/2" 200 256972 "-" "Mozilla/5.0 (compatible; CompanyMapBot/0.1; +https://companymap.co.uk/bot.html)"
93.158.213.25 - - [18/Aug/2026:14:56:11 +0000] "GET /product-category/engineered-hardwood-floor/page/11/?add_to_wishlist=16275&_wpnonce=c28de8fee6 HTTP/1.1" 200 36565 "-" "Mozilla/5.0 (compatible; MJ12bot/v1.4.8; http://mj12bot.com/)"
216.73.216.187 - - [18/Aug/2026:14:56:12 +0000] "GET /product-category/engineered-hardwood-floor/page/3/?add_to_wishlist=15684 HTTP/2" 200 36505 "-" "Mozilla/5.0 AppleWebKit/537.36 (KHTML, like Gecko; compatible; ClaudeBot/1.0; +claudebot@anthropic.com)"
144.76.19.157 - - [18/Aug/2026:14:56:15 +0000] "GET /product/mauritius-urb/?add_to_wishlist=15507&_wpnonce=32cc803d74 HTTP/1.1" 301 0 "-" "Mozilla/5.0 (compatible; SERankingBacklinksBot/1.0; +https://seranking.com/backlinks-crawler)"
93.158.213.25 - - [18/Aug/2026:14:56:15 +0000] "GET /product-category/engineered-hardwood-floor/page/11/?add_to_wishlist=16277&_wpnonce=c28de8fee6 HTTP/1.1" 200 36554 "-" "Mozilla/5.0 (compatible; MJ12bot/v1.4.8; http://mj12bot.com/)"
144.76.19.157 - - [18/Aug/2026:14:56:16 +0000] "GET /product/mauritius-urb/?add_to_wishlist=15507&_wpnonce=32cc803d74 HTTP/1.1" 200 44916 "-" "Mozilla/5.0 (compatible; SERankingBacklinksBot/1.0; +https://seranking.com/backlinks-crawler)"
57.141.4.45 - - [18/Aug/2026:14:56:17 +0000] "GET /detail/1672018463871 HTTP/2" 301 0 "-" "Mozilla/5.0 (Windows NT 10.0; Win64; x64) AppleWebKit/537.36 (KHTML, like Gecko) Chrome/145.0.0.0 Safari/537.36 (compatible; meta-externalagent/1.1 (+https://developers.facebook.com/docs/sharing/webmasters/crawler))"
216.73.216.187 - - [18/Aug/2026:14:56:17 +0000] "GET /product-category/engineered-hardwood-floor/page/3/?add_to_wishlist=15707 HTTP/2" 200 36511 "-" "Mozilla/5.0 AppleWebKit/537.36 (KHTML, like Gecko; compatible; ClaudeBot/1.0; +claudebot@anthropic.com)"
57.141.4.34 - - [18/Aug/2026:14:56:19 +0000] "GET / HTTP/2" 200 54063 "-" "Mozilla/5.0 (Windows NT 10.0; Win64; x64) AppleWebKit/537.36 (KHTML, like Gecko) Chrome/145.0.0.0 Safari/537.36 (compatible; meta-externalagent/1.1 (+https://developers.facebook.com/docs/sharing/webmasters/crawler))"
93.158.213.25 - - [18/Aug/2026:14:56:19 +0000] "GET /product-category/engineered-hardwood-floor/page/11/?add_to_wishlist=16284&_wpnonce=c28de8fee6 HTTP/1.1" 200 36557 "-" "Mozilla/5.0 (compatible; MJ12bot/v1.4.8; http://mj12bot.com/)"
144.76.19.157 - - [18/Aug/2026:14:56:21 +0000] "GET /product/mauritius-urb/?add_to_wishlist=15507&_wpnonce=44202cc6af HTTP/1.1" 301 0 "-" "Mozilla/5.0 (compatible; SERankingBacklinksBot/1.0; +https://seranking.com/backlinks-crawler)"
216.73.216.187 - - [18/Aug/2026:14:56:22 +0000] "GET /product-category/engineered-hardwood-floor/page/3/?add_to_wishlist=15692 HTTP/2" 200 36589 "-" "Mozilla/5.0 AppleWebKit/537.36 (KHTML, like Gecko; compatible; ClaudeBot/1.0; +claudebot@anthropic.com)"
144.76.19.157 - - [18/Aug/2026:14:56:23 +0000] "GET /product/mauritius-urb/?add_to_wishlist=15507&_wpnonce=44202cc6af HTTP/1.1" 200 44948 "-" "Mozilla/5.0 (compatible; SERankingBacklinksBot/1.0; +https://seranking.com/backlinks-crawler)"
93.158.213.25 - - [18/Aug/2026:14:56:23 +0000] "GET /product-category/engineered-hardwood-floor/page/11/?add_to_wishlist=16285&_wpnonce=c28de8fee6 HTTP/1.1" 200 36544 "-" "Mozilla/5.0 (compatible; MJ12bot/v1.4.8; http://mj12bot.com/)"
216.73.216.187 - - [18/Aug/2026:14:56:28 +0000] "GET /product/arroyo-naf/?add_to_wishlist=15507 HTTP/2" 200 38360 "-" "Mozilla/5.0 AppleWebKit/537.36 (KHTML, like Gecko; compatible; ClaudeBot/1.0; +claudebot@anthropic.com)"
192.250.227.238 - - [18/Aug/2026:14:56:30 +0000] "POST /wp-cron.php?doing_wp_cron=1787064990.4329071044921875000000 HTTP/1.1" 200 0 "-" "WordPress/7.0.4; https://glamourflooringla.com"
144.76.19.157 - - [18/Aug/2026:14:56:30 +0000] "GET /product/mauritius-urb/?add_to_wishlist=15507&_wpnonce=bbb71dd7ae HTTP/1.1" 301 0 "-" "Mozilla/5.0 (compatible; SERankingBacklinksBot/1.0; +https://seranking.com/backlinks-crawler)"
83.99.206.116 - - [18/Aug/2026:14:56:30 +0000] "GET /product/birch-saddle-artisan/2 HTTP/1.1" 301 0 "-" "Mozilla/5.0 (X11; Linux x86_64) AppleWebKit/537.36 (KHTML, like Gecko; GeedoShopProductFinder) Chrome/142.0.0.0 Safari/537.36"
93.158.213.25 - - [18/Aug/2026:14:56:29 +0000] "GET /product-category/engineered-hardwood-floor/page/11/?add_to_wishlist=16286&_wpnonce=c28de8fee6 HTTP/1.1" 200 36563 "-" "Mozilla/5.0 (compatible; MJ12bot/v1.4.8; http://mj12bot.com/)"
83.99.206.116 - - [18/Aug/2026:14:56:31 +0000] "GET / HTTP/1.1" 200 46845 "-" "Mozilla/5.0 (X11; Linux x86_64) AppleWebKit/537.36 (KHTML, like Gecko; GeedoShopProductFinder) Chrome/142.0.0.0 Safari/537.36"
216.73.217.177 - - [18/Aug/2026:14:56:32 +0000] "GET /product/donaroak-naf/ HTTP/2" 200 38482 "-" "Mozilla/5.0 AppleWebKit/537.36 (KHTML, like Gecko; compatible; ClaudeBot/1.0; +claudebot@anthropic.com)"
144.76.19.157 - - [18/Aug/2026:14:56:32 +0000] "GET /product/mauritius-urb/?add_to_wishlist=15507&_wpnonce=bbb71dd7ae HTTP/1.1" 200 45029 "-" "Mozilla/5.0 (compatible; SERankingBacklinksBot/1.0; +https://seranking.com/backlinks-crawler)"
93.158.213.25 - - [18/Aug/2026:14:56:34 +0000] "GET /product-category/engineered-hardwood-floor/page/11/?add_to_wishlist=16288&_wpnonce=c28de8fee6 HTTP/1.1" 200 36565 "-" "Mozilla/5.0 (compatible; MJ12bot/v1.4.8; http://mj12bot.com/)"
216.73.217.177 - - [18/Aug/2026:14:56:36 +0000] "GET /product/oak-lakeside-artisan/?add_to_wishlist=15556 HTTP/2" 200 38504 "-" "Mozilla/5.0 AppleWebKit/537.36 (KHTML, like Gecko; compatible; ClaudeBot/1.0; +claudebot@anthropic.com)"
144.76.19.157 - - [18/Aug/2026:14:56:38 +0000] "GET /product/mauritius-urb/?add_to_wishlist=15510&_wpnonce=bbb71dd7ae HTTP/1.1" 301 0 "-" "Mozilla/5.0 (compatible; SERankingBacklinksBot/1.0; +https://seranking.com/backlinks-crawler)"
93.158.213.25 - - [18/Aug/2026:14:56:38 +0000] "GET /product-category/engineered-hardwood-floor/page/11/?add_to_wishlist=16289&_wpnonce=c28de8fee6 HTTP/1.1" 200 36557 "-" "Mozilla/5.0 (compatible; MJ12bot/v1.4.8; http://mj12bot.com/)"
144.76.19.157 - - [18/Aug/2026:14:56:40 +0000] "GET /product/mauritius-urb/?add_to_wishlist=15510&_wpnonce=bbb71dd7ae HTTP/1.1" 200 44974 "-" "Mozilla/5.0 (compatible; SERankingBacklinksBot/1.0; +https://seranking.com/backlinks-crawler)"
93.158.213.25 - - [18/Aug/2026:14:56:42 +0000] "GET /product-category/engineered-hardwood-floor/page/11/?add_to_wishlist=16292&_wpnonce=c28de8fee6 HTTP/1.1" 200 36565 "-" "Mozilla/5.0 (compatible; MJ12bot/v1.4.8; http://mj12bot.com/)"
57.141.4.13 - - [18/Aug/2026:14:56:45 +0000] "GET /detail/899165724705 HTTP/2" 301 0 "-" "Mozilla/5.0 (Windows NT 10.0; Win64; x64) AppleWebKit/537.36 (KHTML, like Gecko) Chrome/145.0.0.0 Safari/537.36 (compatible; meta-externalagent/1.1 (+https://developers.facebook.com/docs/sharing/webmasters/crawler))"
93.158.213.25 - - [18/Aug/2026:14:56:46 +0000] "GET /product-category/engineered-hardwood-floor/page/11/?add_to_wishlist=16296&_wpnonce=c28de8fee6 HTTP/1.1" 200 36562 "-" "Mozilla/5.0 (compatible; MJ12bot/v1.4.8; http://mj12bot.com/)"
144.76.19.157 - - [18/Aug/2026:14:56:46 +0000] "GET /product/mauritius-urb/?add_to_wishlist=15515&_wpnonce=bbb71dd7ae HTTP/1.1" 301 0 "-" "Mozilla/5.0 (compatible; SERankingBacklinksBot/1.0; +https://seranking.com/backlinks-crawler)"
57.141.4.61 - - [18/Aug/2026:14:56:47 +0000] "GET / HTTP/2" 200 54063 "-" "Mozilla/5.0 (Windows NT 10.0; Win64; x64) AppleWebKit/537.36 (KHTML, like Gecko) Chrome/145.0.0.0 Safari/537.36 (compatible; meta-externalagent/1.1 (+https://developers.facebook.com/docs/sharing/webmasters/crawler))"
144.76.19.157 - - [18/Aug/2026:14:56:48 +0000] "GET /product/mauritius-urb/?add_to_wishlist=15515&_wpnonce=bbb71dd7ae HTTP/1.1" 200 44927 "-" "Mozilla/5.0 (compatible; SERankingBacklinksBot/1.0; +https://seranking.com/backlinks-crawler)"
93.158.213.25 - - [18/Aug/2026:14:56:50 +0000] "GET /product-category/engineered-hardwood-floor/page/11/?add_to_wishlist=16297&_wpnonce=c28de8fee6 HTTP/1.1" 200 36554 "-" "Mozilla/5.0 (compatible; MJ12bot/v1.4.8; http://mj12bot.com/)"
216.73.217.177 - - [18/Aug/2026:14:56:51 +0000] "GET /product/decordova-opus/feed/ HTTP/2" 429 0 "-" "Mozilla/5.0 AppleWebKit/537.36 (KHTML, like Gecko; compatible; ClaudeBot/1.0; +claudebot@anthropic.com)"
144.76.19.157 - - [18/Aug/2026:14:56:54 +0000] "GET /product/mauritius-urb/?add_to_wishlist=15519&_wpnonce=bbb71dd7ae HTTP/1.1" 301 0 "-" "Mozilla/5.0 (compatible; SERankingBacklinksBot/1.0; +https://seranking.com/backlinks-crawler)"
93.158.213.25 - - [18/Aug/2026:14:56:54 +0000] "GET /product-category/engineered-hardwood-floor/page/11/?add_to_wishlist=16298&_wpnonce=c28de8fee6 HTTP/1.1" 200 36562 "-" "Mozilla/5.0 (compatible; MJ12bot/v1.4.8; http://mj12bot.com/)"
216.73.217.177 - - [18/Aug/2026:14:56:56 +0000] "GET /product/naples-opus/?add_to_wishlist=15570 HTTP/2" 429 0 "-" "Mozilla/5.0 AppleWebKit/537.36 (KHTML, like Gecko; compatible; ClaudeBot/1.0; +claudebot@anthropic.com)"
144.76.19.157 - - [18/Aug/2026:14:56:56 +0000] "GET /product/mauritius-urb/?add_to_wishlist=15519&_wpnonce=bbb71dd7ae HTTP/1.1" 200 44996 "-" "Mozilla/5.0 (compatible; SERankingBacklinksBot/1.0; +https://seranking.com/backlinks-crawler)"
93.158.213.25 - - [18/Aug/2026:14:56:57 +0000] "GET /product-category/engineered-hardwood-floor/page/11/?add_to_wishlist=16299&_wpnonce=c28de8fee6 HTTP/1.1" 200 36562 "-" "Mozilla/5.0 (compatible; MJ12bot/v1.4.8; http://mj12bot.com/)"
216.73.217.177 - - [18/Aug/2026:14:57:01 +0000] "GET /product/birch-saddle-artisan/feed/ HTTP/2" 429 0 "-" "Mozilla/5.0 AppleWebKit/537.36 (KHTML, like Gecko; compatible; ClaudeBot/1.0; +claudebot@anthropic.com)"
144.76.19.157 - - [18/Aug/2026:14:57:01 +0000] "GET /product/mauritius-urb/?add_to_wishlist=15521&_wpnonce=bbb71dd7ae HTTP/1.1" 301 0 "-" "Mozilla/5.0 (compatible; SERankingBacklinksBot/1.0; +https://seranking.com/backlinks-crawler)"
93.158.213.25 - - [18/Aug/2026:14:57:01 +0000] "GET /product-category/engineered-hardwood-floor/page/11/?add_to_wishlist=16300&_wpnonce=c28de8fee6 HTTP/1.1" 200 36551 "-" "Mozilla/5.0 (compatible; MJ12bot/v1.4.8; http://mj12bot.com/)"
144.76.19.157 - - [18/Aug/2026:14:57:04 +0000] "GET /product/mauritius-urb/?add_to_wishlist=15521&_wpnonce=bbb71dd7ae HTTP/1.1" 200 44905 "-" "Mozilla/5.0 (compatible; SERankingBacklinksBot/1.0; +https://seranking.com/backlinks-crawler)"
216.73.217.177 - - [18/Aug/2026:14:57:06 +0000] "GET /product/oak-lakeside-artisan/feed/ HTTP/2" 429 0 "-" "Mozilla/5.0 AppleWebKit/537.36 (KHTML, like Gecko; compatible; ClaudeBot/1.0; +claudebot@anthropic.com)"
93.158.213.25 - - [18/Aug/2026:14:57:05 +0000] "GET /product-category/engineered-hardwood-floor/page/11/?add_to_wishlist=16301&_wpnonce=c28de8fee6 HTTP/1.1" 200 36559 "-" "Mozilla/5.0 (compatible; MJ12bot/v1.4.8; http://mj12bot.com/)"
144.76.19.157 - - [18/Aug/2026:14:57:09 +0000] "GET /product/mauritius-urb/?add_to_wishlist=15538&_wpnonce=bbb71dd7ae HTTP/1.1" 301 0 "-" "Mozilla/5.0 (compatible; SERankingBacklinksBot/1.0; +https://seranking.com/backlinks-crawler)"
223.109.255.151 - - [18/Aug/2026:14:57:09 +0000] "GET /product/brazilian-cherry-natural-3/?add_to_wishlist=7385 HTTP/1.1" 301 0 "-" "Sogou web spider/4.0(+http://www.sogou.com/docs/help/webmasters.htm#07)"
57.141.4.40 - - [18/Aug/2026:14:57:09 +0000] "GET /detail/402468322807 HTTP/2" 301 0 "-" "Mozilla/5.0 (Windows NT 10.0; Win64; x64) AppleWebKit/537.36 (KHTML, like Gecko) Chrome/145.0.0.0 Safari/537.36 (compatible; meta-externalagent/1.1 (+https://developers.facebook.com/docs/sharing/webmasters/crawler))"
144.76.19.157 - - [18/Aug/2026:14:57:09 +0000] "GET /product/mauritius-urb/?add_to_wishlist=15538&_wpnonce=bbb71dd7ae HTTP/1.1" 200 44987 "-" "Mozilla/5.0 (compatible; SERankingBacklinksBot/1.0; +https://seranking.com/backlinks-crawler)"
93.158.213.25 - - [18/Aug/2026:14:57:09 +0000] "GET /product-category/engineered-hardwood-floor/page/11/?add_to_wishlist=16308&_wpnonce=c28de8fee6 HTTP/1.1" 200 36560 "-" "Mozilla/5.0 (compatible; MJ12bot/v1.4.8; http://mj12bot.com/)"
223.109.255.151 - - [18/Aug/2026:14:57:10 +0000] "GET / HTTP/1.1" 301 0 "-" "Sogou web spider/4.0(+http://www.sogou.com/docs/help/webmasters.htm#07)"
57.141.4.5 - - [18/Aug/2026:14:57:11 +0000] "GET / HTTP/2" 200 54063 "-" "Mozilla/5.0 (Windows NT 10.0; Win64; x64) AppleWebKit/537.36 (KHTML, like Gecko) Chrome/145.0.0.0 Safari/537.36 (compatible; meta-externalagent/1.1 (+https://developers.facebook.com/docs/sharing/webmasters/crawler))"
223.109.255.151 - - [18/Aug/2026:14:57:12 +0000] "GET / HTTP/1.1" 200 54063 "-" "Sogou web spider/4.0(+http://www.sogou.com/docs/help/webmasters.htm#07)"
93.158.213.25 - - [18/Aug/2026:14:57:13 +0000] "GET /product-category/engineered-hardwood-floor/page/11/?add_to_wishlist=16311&_wpnonce=c28de8fee6 HTTP/1.1" 200 36622 "-" "Mozilla/5.0 (compatible; MJ12bot/v1.4.8; http://mj12bot.com/)"
144.76.19.157 - - [18/Aug/2026:14:57:14 +0000] "GET /product/mauritius-urb/?add_to_wishlist=15540&_wpnonce=32cc803d74 HTTP/1.1" 301 0 "-" "Mozilla/5.0 (compatible; SERankingBacklinksBot/1.0; +https://seranking.com/backlinks-crawler)"
216.73.216.187 - - [18/Aug/2026:14:57:16 +0000] "GET /product/decordova-opus/?add_to_wishlist=15570 HTTP/2" 429 0 "-" "Mozilla/5.0 AppleWebKit/537.36 (KHTML, like Gecko; compatible; ClaudeBot/1.0; +claudebot@anthropic.com)"
144.76.19.157 - - [18/Aug/2026:14:57:16 +0000] "GET /product/mauritius-urb/?add_to_wishlist=15540&_wpnonce=32cc803d74 HTTP/1.1" 200 44982 "-" "Mozilla/5.0 (compatible; SERankingBacklinksBot/1.0; +https://seranking.com/backlinks-crawler)"
93.158.213.25 - - [18/Aug/2026:14:57:17 +0000] "GET /product-category/engineered-hardwood-floor/page/11/?add_to_wishlist=16312&_wpnonce=c28de8fee6 HTTP/1.1" 200 36564 "-" "Mozilla/5.0 (compatible; MJ12bot/v1.4.8; http://mj12bot.com/)"
216.73.216.187 - - [18/Aug/2026:14:57:20 +0000] "GET /product/birch-saddle-artisan/?add_to_wishlist=15685 HTTP/2" 429 0 "-" "Mozilla/5.0 AppleWebKit/537.36 (KHTML, like Gecko; compatible; ClaudeBot/1.0; +claudebot@anthropic.com)"
93.158.213.25 - - [18/Aug/2026:14:57:21 +0000] "GET /product-category/engineered-hardwood-floor/page/11/?add_to_wishlist=16313&_wpnonce=c28de8fee6 HTTP/1.1" 200 36566 "-" "Mozilla/5.0 (compatible; MJ12bot/v1.4.8; http://mj12bot.com/)"
144.76.19.157 - - [18/Aug/2026:14:57:22 +0000] "GET /product/mauritius-urb/?add_to_wishlist=15540&_wpnonce=44202cc6af HTTP/1.1" 301 0 "-" "Mozilla/5.0 (compatible; SERankingBacklinksBot/1.0; +https://seranking.com/backlinks-crawler)"
144.76.19.157 - - [18/Aug/2026:14:57:24 +0000] "GET /product/mauritius-urb/?add_to_wishlist=15540&_wpnonce=44202cc6af HTTP/1.1" 200 44993 "-" "Mozilla/5.0 (compatible; SERankingBacklinksBot/1.0; +https://seranking.com/backlinks-crawler)"
216.73.216.187 - - [18/Aug/2026:14:57:25 +0000] "GET /product/decordova-opus/?add_to_wishlist=15515 HTTP/2" 429 0 "-" "Mozilla/5.0 AppleWebKit/537.36 (KHTML, like Gecko; compatible; ClaudeBot/1.0; +claudebot@anthropic.com)"
93.158.213.25 - - [18/Aug/2026:14:57:25 +0000] "GET /product-category/engineered-hardwood-floor/page/11/?add_to_wishlist=16314&_wpnonce=c28de8fee6 HTTP/1.1" 200 36545 "-" "Mozilla/5.0 (compatible; MJ12bot/v1.4.8; http://mj12bot.com/)"
57.141.4.67 - - [18/Aug/2026:14:57:27 +0000] "GET /detail/1598957482441 HTTP/2" 301 0 "-" "Mozilla/5.0 (Macintosh; Intel Mac OS X 10_15_7) AppleWebKit/537.36 (KHTML, like Gecko) Chrome/145.0.0.0 Safari/537.36 (compatible; meta-externalagent/1.1 (+https://developers.facebook.com/docs/sharing/webmasters/crawler))"
57.141.4.36 - - [18/Aug/2026:14:57:28 +0000] "GET / HTTP/2" 200 54063 "-" "Mozilla/5.0 (Macintosh; Intel Mac OS X 10_15_7) AppleWebKit/537.36 (KHTML, like Gecko) Chrome/145.0.0.0 Safari/537.36 (compatible; meta-externalagent/1.1 (+https://developers.facebook.com/docs/sharing/webmasters/crawler))"
93.158.213.25 - - [18/Aug/2026:14:57:29 +0000] "GET /product-category/engineered-hardwood-floor/page/11/?add_to_wishlist=16315&_wpnonce=c28de8fee6 HTTP/1.1" 200 36557 "-" "Mozilla/5.0 (compatible; MJ12bot/v1.4.8; http://mj12bot.com/)"
192.250.227.238 - - [18/Aug/2026:14:57:30 +0000] "POST /wp-cron.php?doing_wp_cron=1787065050.1992149353027343750000 HTTP/1.1" 200 0 "-" "WordPress/7.0.4; https://glamourflooringla.com"
144.76.19.157 - - [18/Aug/2026:14:57:29 +0000] "GET /product/mauritius-urb/?add_to_wishlist=15540&_wpnonce=bbb71dd7ae HTTP/1.1" 301 0 "-" "Mozilla/5.0 (compatible; SERankingBacklinksBot/1.0; +https://seranking.com/backlinks-crawler)"
216.73.216.187 - - [18/Aug/2026:14:57:30 +0000] "GET /product/decordova-opus/?add_to_wishlist=15542 HTTP/2" 429 0 "-" "Mozilla/5.0 AppleWebKit/537.36 (KHTML, like Gecko; compatible; ClaudeBot/1.0; +claudebot@anthropic.com)"
144.76.19.157 - - [18/Aug/2026:14:57:31 +0000] "GET /product/mauritius-urb/?add_to_wishlist=15540&_wpnonce=bbb71dd7ae HTTP/1.1" 200 45010 "-" "Mozilla/5.0 (compatible; SERankingBacklinksBot/1.0; +https://seranking.com/backlinks-crawler)"
31.128.179.78 - - [18/Aug/2026:14:57:32 +0000] "GET /product/acacia-cocoa-brown-artisan/2 HTTP/2" 301 0 "-" "Mozilla/5.0 (Macintosh; Intel Mac OS X 10_15_7) AppleWebKit/537.36 (KHTML, like Gecko) Chrome/133.0.0.0 Safari/537.36"
31.128.179.78 - - [18/Aug/2026:14:57:33 +0000] "GET / HTTP/2" 200 46845 "-" "Mozilla/5.0 (Macintosh; Intel Mac OS X 10_15_7) AppleWebKit/537.36 (KHTML, like Gecko) Chrome/133.0.0.0 Safari/537.36"
93.158.213.25 - - [18/Aug/2026:14:57:33 +0000] "GET /product-category/engineered-hardwood-floor/page/11/?add_to_wishlist=16316&_wpnonce=c28de8fee6 HTTP/1.1" 200 36560 "-" "Mozilla/5.0 (compatible; MJ12bot/v1.4.8; http://mj12bot.com/)"
216.73.216.187 - - [18/Aug/2026:14:57:35 +0000] "GET /product/birch-saddle-artisan/?add_to_wishlist=15551 HTTP/2" 200 38485 "-" "Mozilla/5.0 AppleWebKit/537.36 (KHTML, like Gecko; compatible; ClaudeBot/1.0; +claudebot@anthropic.com)"
93.158.213.25 - - [18/Aug/2026:14:57:36 +0000] "GET /product-category/engineered-hardwood-floor/page/11/?add_to_wishlist=16318&_wpnonce=c28de8fee6 HTTP/1.1" 200 36561 "-" "Mozilla/5.0 (compatible; MJ12bot/v1.4.8; http://mj12bot.com/)"
144.76.19.157 - - [18/Aug/2026:14:57:37 +0000] "GET /product/mauritius-urb/?add_to_wishlist=15542&_wpnonce=bbb71dd7ae HTTP/1.1" 301 0 "-" "Mozilla/5.0 (compatible; SERankingBacklinksBot/1.0; +https://seranking.com/backlinks-crawler)"
144.76.19.157 - - [18/Aug/2026:14:57:39 +0000] "GET /product/mauritius-urb/?add_to_wishlist=15542&_wpnonce=bbb71dd7ae HTTP/1.1" 200 45087 "-" "Mozilla/5.0 (compatible; SERankingBacklinksBot/1.0; +https://seranking.com/backlinks-crawler)"
216.73.216.187 - - [18/Aug/2026:14:57:40 +0000] "GET /product/shadyt-naf/?add_to_wishlist=15549 HTTP/2" 429 0 "-" "Mozilla/5.0 AppleWebKit/537.36 (KHTML, like Gecko; compatible; ClaudeBot/1.0; +claudebot@anthropic.com)"
93.158.213.25 - - [18/Aug/2026:14:57:40 +0000] "GET /product-category/engineered-hardwood-floor/page/11/?add_to_wishlist=16323&_wpnonce=c28de8fee6 HTTP/1.1" 200 36546 "-" "Mozilla/5.0 (compatible; MJ12bot/v1.4.8; http://mj12bot.com/)"
57.141.4.37 - - [18/Aug/2026:14:57:42 +0000] "GET /detail/2368035371019 HTTP/2" 301 0 "-" "Mozilla/5.0 (Windows NT 10.0; Win64; x64) AppleWebKit/537.36 (KHTML, like Gecko) Chrome/145.0.0.0 Safari/537.36 (compatible; meta-externalagent/1.1 (+https://developers.facebook.com/docs/sharing/webmasters/crawler))"
57.141.4.21 - - [18/Aug/2026:14:57:44 +0000] "GET / HTTP/2" 200 54063 "-" "Mozilla/5.0 (Windows NT 10.0; Win64; x64) AppleWebKit/537.36 (KHTML, like Gecko) Chrome/145.0.0.0 Safari/537.36 (compatible; meta-externalagent/1.1 (+https://developers.facebook.com/docs/sharing/webmasters/crawler))"
144.76.19.157 - - [18/Aug/2026:14:57:44 +0000] "GET /product/mauritius-urb/?add_to_wishlist=15544&_wpnonce=bbb71dd7ae HTTP/1.1" 301 0 "-" "Mozilla/5.0 (compatible; SERankingBacklinksBot/1.0; +https://seranking.com/backlinks-crawler)"
93.158.213.25 - - [18/Aug/2026:14:57:44 +0000] "GET /product-category/engineered-hardwood-floor/page/11/?add_to_wishlist=16327&_wpnonce=c28de8fee6 HTTP/1.1" 200 36559 "-" "Mozilla/5.0 (compatible; MJ12bot/v1.4.8; http://mj12bot.com/)"
216.73.216.187 - - [18/Aug/2026:14:57:45 +0000] "GET /product/birch-saddle-artisan/?add_to_wishlist=15507 HTTP/2" 429 0 "-" "Mozilla/5.0 AppleWebKit/537.36 (KHTML, like Gecko; compatible; ClaudeBot/1.0; +claudebot@anthropic.com)"
144.76.19.157 - - [18/Aug/2026:14:57:46 +0000] "GET /product/mauritius-urb/?add_to_wishlist=15544&_wpnonce=bbb71dd7ae HTTP/1.1" 200 44954 "-" "Mozilla/5.0 (compatible; SERankingBacklinksBot/1.0; +https://seranking.com/backlinks-crawler)"
93.158.213.25 - - [18/Aug/2026:14:57:48 +0000] "GET /product-category/engineered-hardwood-floor/page/11/?add_to_wishlist=16328&_wpnonce=c28de8fee6 HTTP/1.1" 200 36546 "-" "Mozilla/5.0 (compatible; MJ12bot/v1.4.8; http://mj12bot.com/)"
216.73.216.187 - - [18/Aug/2026:14:57:51 +0000] "GET /product/oak-lakeside-artisan/?add_to_wishlist=15540 HTTP/2" 429 0 "-" "Mozilla/5.0 AppleWebKit/537.36 (KHTML, like Gecko; compatible; ClaudeBot/1.0; +claudebot@anthropic.com)"
144.76.19.157 - - [18/Aug/2026:14:57:52 +0000] "GET /product/mauritius-urb/?add_to_wishlist=15547&_wpnonce=bbb71dd7ae HTTP/1.1" 301 0 "-" "Mozilla/5.0 (compatible; SERankingBacklinksBot/1.0; +https://seranking.com/backlinks-crawler)"
93.158.213.25 - - [18/Aug/2026:14:57:51 +0000] "GET /product-category/engineered-hardwood-floor/page/11/?add_to_wishlist=16329&_wpnonce=c28de8fee6 HTTP/1.1" 200 36550 "-" "Mozilla/5.0 (compatible; MJ12bot/v1.4.8; http://mj12bot.com/)"
216.73.216.187 - - [18/Aug/2026:14:57:54 +0000] "GET /product/shadyt-naf/?add_to_wishlist=15515 HTTP/2" 429 0 "-" "Mozilla/5.0 AppleWebKit/537.36 (KHTML, like Gecko; compatible; ClaudeBot/1.0; +claudebot@anthropic.com)"
144.76.19.157 - - [18/Aug/2026:14:57:54 +0000] "GET /product/mauritius-urb/?add_to_wishlist=15547&_wpnonce=bbb71dd7ae HTTP/1.1" 200 45002 "-" "Mozilla/5.0 (compatible; SERankingBacklinksBot/1.0; +https://seranking.com/backlinks-crawler)"
57.141.4.27 - - [18/Aug/2026:14:57:56 +0000] "GET /detail/2170889038020 HTTP/2" 301 0 "-" "Mozilla/5.0 (Windows NT 10.0; Win64; x64) AppleWebKit/537.36 (KHTML, like Gecko) Chrome/145.0.0.0 Safari/537.36 (compatible; meta-externalagent/1.1 (+https://developers.facebook.com/docs/sharing/webmasters/crawler))"
93.158.213.25 - - [18/Aug/2026:14:57:55 +0000] "GET /product-category/engineered-hardwood-floor/page/11/?add_to_wishlist=16330&_wpnonce=c28de8fee6 HTTP/1.1" 200 36559 "-" "Mozilla/5.0 (compatible; MJ12bot/v1.4.8; http://mj12bot.com/)"
57.141.4.13 - - [18/Aug/2026:14:57:57 +0000] "GET / HTTP/2" 200 54063 "-" "Mozilla/5.0 (Windows NT 10.0; Win64; x64) AppleWebKit/537.36 (KHTML, like Gecko) Chrome/145.0.0.0 Safari/537.36 (compatible; meta-externalagent/1.1 (+https://developers.facebook.com/docs/sharing/webmasters/crawler))"
144.76.19.157 - - [18/Aug/2026:14:57:59 +0000] "GET /product/mauritius-urb/?add_to_wishlist=15549&_wpnonce=bbb71dd7ae HTTP/1.1" 301 0 "-" "Mozilla/5.0 (compatible; SERankingBacklinksBot/1.0; +https://seranking.com/backlinks-crawler)"
93.158.213.25 - - [18/Aug/2026:14:57:59 +0000] "GET /product-category/engineered-hardwood-floor/page/11/?add_to_wishlist=16331&_wpnonce=c28de8fee6 HTTP/1.1" 200 36548 "-" "Mozilla/5.0 (compatible; MJ12bot/v1.4.8; http://mj12bot.com/)"
144.76.19.157 - - [18/Aug/2026:14:58:01 +0000] "GET /product/mauritius-urb/?add_to_wishlist=15549&_wpnonce=bbb71dd7ae HTTP/1.1" 200 44915 "-" "Mozilla/5.0 (compatible; SERankingBacklinksBot/1.0; +https://seranking.com/backlinks-crawler)"
93.158.213.25 - - [18/Aug/2026:14:58:03 +0000] "GET /product-category/engineered-hardwood-floor/page/11/?add_to_wishlist=16333&_wpnonce=c28de8fee6 HTTP/1.1" 200 36562 "-" "Mozilla/5.0 (compatible; MJ12bot/v1.4.8; http://mj12bot.com/)"
185.223.40.217 - - [18/Aug/2026:14:58:06 +0000] "GET /product-category/engineered-hardwood-floor/page/15/?_wpnonce=2bf7e3c26e&add_to_wishlist=15519 HTTP/2" 200 36381 "-" "Mozilla/5.0 (Macintosh; Intel Mac OS X 10_15_7) AppleWebKit/537.36 (KHTML, like Gecko) Chrome/146.0.0.0 Safari/537.36"
144.76.19.157 - - [18/Aug/2026:14:58:07 +0000] "GET /product/mauritius-urb/?add_to_wishlist=15552&_wpnonce=32cc803d74 HTTP/1.1" 301 0 "-" "Mozilla/5.0 (compatible; SERankingBacklinksBot/1.0; +https://seranking.com/backlinks-crawler)"
82.77.34.34 - - [18/Aug/2026:14:58:07 +0000] "GET /product-category/engineered-hardwood-floor/page/17/?_wpnonce=2bf7e3c26e&add_to_wishlist=15519 HTTP/2" 200 34996 "-" "Mozilla/5.0 (Macintosh; Intel Mac OS X 10_15_7) AppleWebKit/537.36 (KHTML, like Gecko) Chrome/146.0.0.0 Safari/537.36"
93.158.213.25 - - [18/Aug/2026:14:58:07 +0000] "GET /product-category/engineered-hardwood-floor/page/11/?add_to_wishlist=16340&_wpnonce=c28de8fee6 HTTP/1.1" 200 36567 "-" "Mozilla/5.0 (compatible; MJ12bot/v1.4.8; http://mj12bot.com/)"
57.141.4.11 - - [18/Aug/2026:14:58:07 +0000] "GET /product-category/engineered-hardwood-floor/provenza-floors/page/3/?add_to_wishlist=16530&_wpnonce=53eb9ce6c5 HTTP/2" 200 45189 "-" "Mozilla/5.0 (Windows NT 10.0; Win64; x64) AppleWebKit/537.36 (KHTML, like Gecko) Chrome/144.0.0.0 Safari/537.36 Edg/144.0.0.0 (compatible; meta-externalagent/1.1 (+https://developers.facebook.com/docs/sharing/webmasters/crawler))"
186.225.237.111 - - [18/Aug/2026:14:58:07 +0000] "GET /product-category/engineered-hardwood-floor/page/16/?_wpnonce=2bf7e3c26e&add_to_wishlist=15519 HTTP/2" 200 36837 "-" "Mozilla/5.0 (Macintosh; Intel Mac OS X 10_15_7) AppleWebKit/537.36 (KHTML, like Gecko) Chrome/146.0.0.0 Safari/537.36"
144.76.19.157 - - [18/Aug/2026:14:58:09 +0000] "GET /product/mauritius-urb/?add_to_wishlist=15552&_wpnonce=32cc803d74 HTTP/1.1" 200 44912 "-" "Mozilla/5.0 (compatible; SERankingBacklinksBot/1.0; +https://seranking.com/backlinks-crawler)"
93.158.213.25 - - [18/Aug/2026:14:58:11 +0000] "GET /product-category/engineered-hardwood-floor/page/11/?add_to_wishlist=16345&_wpnonce=c28de8fee6 HTTP/1.1" 200 36567 "-" "Mozilla/5.0 (compatible; MJ12bot/v1.4.8; http://mj12bot.com/)"
216.73.216.187 - - [18/Aug/2026:14:58:13 +0000] "GET /product/shadyt-naf/?add_to_wishlist=15551 HTTP/2" 429 0 "-" "Mozilla/5.0 AppleWebKit/537.36 (KHTML, like Gecko; compatible; ClaudeBot/1.0; +claudebot@anthropic.com)"
144.76.19.157 - - [18/Aug/2026:14:58:15 +0000] "GET /product/mauritius-urb/?add_to_wishlist=15552&_wpnonce=bbb71dd7ae HTTP/1.1" 301 0 "-" "Mozilla/5.0 (compatible; SERankingBacklinksBot/1.0; +https://seranking.com/backlinks-crawler)"
93.158.213.25 - - [18/Aug/2026:14:58:15 +0000] "GET /product-category/engineered-hardwood-floor/page/11/?add_to_wishlist=16350&_wpnonce=c28de8fee6 HTTP/1.1" 200 36540 "-" "Mozilla/5.0 (compatible; MJ12bot/v1.4.8; http://mj12bot.com/)"
57.141.4.62 - - [18/Aug/2026:14:58:18 +0000] "GET /detail/119972750219 HTTP/2" 429 0 "-" "Mozilla/5.0 (Windows NT 10.0; Win64; x64) AppleWebKit/537.36 (KHTML, like Gecko) Chrome/145.0.0.0 Safari/537.36 (compatible; meta-externalagent/1.1 (+https://developers.facebook.com/docs/sharing/webmasters/crawler))"
144.76.19.157 - - [18/Aug/2026:14:58:17 +0000] "GET /product/mauritius-urb/?add_to_wishlist=15552&_wpnonce=bbb71dd7ae HTTP/1.1" 200 45040 "-" "Mozilla/5.0 (compatible; SERankingBacklinksBot/1.0; +https://seranking.com/backlinks-crawler)"
216.73.216.187 - - [18/Aug/2026:14:58:18 +0000] "GET /product/shadyt-naf/?add_to_wishlist=15507 HTTP/2" 429 0 "-" "Mozilla/5.0 AppleWebKit/537.36 (KHTML, like Gecko; compatible; ClaudeBot/1.0; +claudebot@anthropic.com)"
93.158.213.25 - - [18/Aug/2026:14:58:19 +0000] "GET /product-category/engineered-hardwood-floor/page/11/?add_to_wishlist=16360&_wpnonce=c28de8fee6 HTTP/1.1" 200 36556 "-" "Mozilla/5.0 (compatible; MJ12bot/v1.4.8; http://mj12bot.com/)"
144.76.19.157 - - [18/Aug/2026:14:58:22 +0000] "GET /product/mauritius-urb/?add_to_wishlist=15555&_wpnonce=bbb71dd7ae HTTP/1.1" 301 0 "-" "Mozilla/5.0 (compatible; SERankingBacklinksBot/1.0; +https://seranking.com/backlinks-crawler)"
216.73.216.187 - - [18/Aug/2026:14:58:23 +0000] "GET /product/oak-lakeside-artisan/?add_to_wishlist=15521 HTTP/2" 200 38426 "-" "Mozilla/5.0 AppleWebKit/537.36 (KHTML, like Gecko; compatible; ClaudeBot/1.0; +claudebot@anthropic.com)"
93.158.213.25 - - [18/Aug/2026:14:58:23 +0000] "GET /product-category/engineered-hardwood-floor/page/11/?add_to_wishlist=16366&_wpnonce=c28de8fee6 HTTP/1.1" 200 36549 "-" "Mozilla/5.0 (compatible; MJ12bot/v1.4.8; http://mj12bot.com/)"
144.76.19.157 - - [18/Aug/2026:14:58:24 +0000] "GET /product/mauritius-urb/?add_to_wishlist=15555&_wpnonce=bbb71dd7ae HTTP/1.1" 200 44954 "-" "Mozilla/5.0 (compatible; SERankingBacklinksBot/1.0; +https://seranking.com/backlinks-crawler)"
57.141.4.51 - - [18/Aug/2026:14:58:27 +0000] "GET /detail/116607371237 HTTP/2" 429 0 "-" "Mozilla/5.0 (Windows NT 10.0; Win64; x64) AppleWebKit/537.36 (KHTML, like Gecko) Chrome/145.0.0.0 Safari/537.36 (compatible; meta-externalagent/1.1 (+https://developers.facebook.com/docs/sharing/webmasters/crawler))"
93.158.213.25 - - [18/Aug/2026:14:58:27 +0000] "GET /product-category/engineered-hardwood-floor/page/11/?add_to_wishlist=16367&_wpnonce=c28de8fee6 HTTP/1.1" 200 36542 "-" "Mozilla/5.0 (compatible; MJ12bot/v1.4.8; http://mj12bot.com/)"
216.73.216.187 - - [18/Aug/2026:14:58:28 +0000] "GET /product/shadyt-naf/?add_to_wishlist=15555 HTTP/2" 429 0 "-" "Mozilla/5.0 AppleWebKit/537.36 (KHTML, like Gecko; compatible; ClaudeBot/1.0; +claudebot@anthropic.com)"
57.141.4.17 - - [18/Aug/2026:14:58:28 +0000] "GET /product/tyrrhenian-california-classics/ HTTP/2" 429 0 "-" "Mozilla/5.0 (X11; Linux x86_64) AppleWebKit/537.36 (KHTML, like Gecko) Chrome/145.0.0.0 Safari/537.36 (compatible; meta-externalagent/1.1 (+https://developers.facebook.com/docs/sharing/webmasters/crawler))"
192.250.227.238 - - [18/Aug/2026:14:58:31 +0000] "POST /wp-cron.php?doing_wp_cron=1787065110.8722600936889648437500 HTTP/1.1" 200 0 "-" "WordPress/7.0.4; https://glamourflooringla.com"
144.76.19.157 - - [18/Aug/2026:14:58:30 +0000] "GET /product/mauritius-urb/?add_to_wishlist=15556&_wpnonce=bbb71dd7ae HTTP/1.1" 301 0 "-" "Mozilla/5.0 (compatible; SERankingBacklinksBot/1.0; +https://seranking.com/backlinks-crawler)"
93.158.213.25 - - [18/Aug/2026:14:58:30 +0000] "GET /product-category/engineered-hardwood-floor/page/11/?add_to_wishlist=16373&_wpnonce=c28de8fee6 HTTP/1.1" 200 36555 "-" "Mozilla/5.0 (compatible; MJ12bot/v1.4.8; http://mj12bot.com/)"
144.76.19.157 - - [18/Aug/2026:14:58:32 +0000] "GET /product/mauritius-urb/?add_to_wishlist=15556&_wpnonce=bbb71dd7ae HTTP/1.1" 200 44988 "-" "Mozilla/5.0 (compatible; SERankingBacklinksBot/1.0; +https://seranking.com/backlinks-crawler)"
216.73.216.187 - - [18/Aug/2026:14:58:33 +0000] "GET /product/shadyt-naf/?add_to_wishlist=15492 HTTP/2" 429 0 "-" "Mozilla/5.0 AppleWebKit/537.36 (KHTML, like Gecko; compatible; ClaudeBot/1.0; +claudebot@anthropic.com)"
83.99.206.230 - - [18/Aug/2026:14:58:35 +0000] "GET /product/cypress-spc-oasis/2 HTTP/1.1" 301 0 "-" "Mozilla/5.0 (X11; Linux x86_64) AppleWebKit/537.36 (KHTML, like Gecko; GeedoShopProductFinder) Chrome/142.0.0.0 Safari/537.36"
83.99.206.230 - - [18/Aug/2026:14:58:35 +0000] "GET / HTTP/1.1" 200 46845 "-" "Mozilla/5.0 (X11; Linux x86_64) AppleWebKit/537.36 (KHTML, like Gecko; GeedoShopProductFinder) Chrome/142.0.0.0 Safari/537.36"
112.86.225.212 - - [18/Aug/2026:14:58:35 +0000] "GET /product-category/vinyl/?add_to_wishlist=11043 HTTP/1.1" 301 0 "-" "Sogou web spider/4.0(+http://www.sogou.com/docs/help/webmasters.htm#07)"
93.158.213.25 - - [18/Aug/2026:14:58:35 +0000] "GET /product-category/engineered-hardwood-floor/page/12/?add_to_wishlist=16204&_wpnonce=d5a66d583e HTTP/1.1" 200 36482 "-" "Mozilla/5.0 (compatible; MJ12bot/v1.4.8; http://mj12bot.com/)"
216.73.216.187 - - [18/Aug/2026:14:58:38 +0000] "GET /product/oak-lakeside-artisan/?add_to_wishlist=15559 HTTP/2" 429 0 "-" "Mozilla/5.0 AppleWebKit/537.36 (KHTML, like Gecko; compatible; ClaudeBot/1.0; +claudebot@anthropic.com)"
144.76.19.157 - - [18/Aug/2026:14:58:37 +0000] "GET /product/mauritius-urb/?add_to_wishlist=15559&_wpnonce=44202cc6af HTTP/1.1" 301 0 "-" "Mozilla/5.0 (compatible; SERankingBacklinksBot/1.0; +https://seranking.com/backlinks-crawler)"
