178.156.128.204 - - [18/Aug/2026:15:07:24 +0000] "GET /wp-content/plugins/woocommerce/assets/js/frontend/add-to-cart.min.js?ver=11.0.1 HTTP/2" 200 1296 "https://glamourflooringla.com/?x=1787065641871" "Mozilla/5.0 (Windows NT 10.0; Win64; x64) AppleWebKit/537.36 (KHTML, like Gecko) Chrome/138.0.0.0 Safari/537.36"
178.156.128.204 - - [18/Aug/2026:15:07:24 +0000] "GET /wp-content/uploads/2026/02/youtube-1.png HTTP/2" 200 1815 "https://glamourflooringla.com/?x=1787065641871" "Mozilla/5.0 (Windows NT 10.0; Win64; x64) AppleWebKit/537.36 (KHTML, like Gecko) Chrome/138.0.0.0 Safari/537.36"
178.156.128.204 - - [18/Aug/2026:15:07:24 +0000] "GET /wp-content/uploads/2024/06/Link-logo.png HTTP/2" 200 1925 "https://glamourflooringla.com/?x=1787065641871" "Mozilla/5.0 (Windows NT 10.0; Win64; x64) AppleWebKit/537.36 (KHTML, like Gecko) Chrome/138.0.0.0 Safari/537.36"
178.156.128.204 - - [18/Aug/2026:15:07:24 +0000] "GET /wp-content/uploads/2024/06/location-11-1.png HTTP/2" 200 332 "https://glamourflooringla.com/?x=1787065641871" "Mozilla/5.0 (Windows NT 10.0; Win64; x64) AppleWebKit/537.36 (KHTML, like Gecko) Chrome/138.0.0.0 Safari/537.36"
178.156.128.204 - - [18/Aug/2026:15:07:24 +0000] "GET /wp-content/uploads/2024/06/telephone-call-3-1-1.png HTTP/2" 200 309 "https://glamourflooringla.com/?x=1787065641871" "Mozilla/5.0 (Windows NT 10.0; Win64; x64) AppleWebKit/537.36 (KHTML, like Gecko) Chrome/138.0.0.0 Safari/537.36"
178.156.128.204 - - [18/Aug/2026:15:07:24 +0000] "GET /wp-content/plugins/woocommerce/assets/js/frontend/cart-fragments.min.js?ver=11.0.1 HTTP/2" 200 943 "https://glamourflooringla.com/?x=1787065641871" "Mozilla/5.0 (Windows NT 10.0; Win64; x64) AppleWebKit/537.36 (KHTML, like Gecko) Chrome/138.0.0.0 Safari/537.36"
178.156.128.204 - - [18/Aug/2026:15:07:24 +0000] "GET /wp-content/uploads/2024/06/email-4-1.png HTTP/2" 200 237 "https://glamourflooringla.com/?x=1787065641871" "Mozilla/5.0 (Windows NT 10.0; Win64; x64) AppleWebKit/537.36 (KHTML, like Gecko) Chrome/138.0.0.0 Safari/537.36"
178.156.128.204 - - [18/Aug/2026:15:07:24 +0000] "GET /wp-content/plugins/woocommerce/assets/js/sourcebuster/sourcebuster.min.js?ver=11.0.1 HTTP/2" 200 4609 "https://glamourflooringla.com/?x=1787065641871" "Mozilla/5.0 (Windows NT 10.0; Win64; x64) AppleWebKit/537.36 (KHTML, like Gecko) Chrome/138.0.0.0 Safari/537.36"
178.156.128.204 - - [18/Aug/2026:15:07:24 +0000] "GET /wp-content/plugins/elementskit-lite/assets/libs/magnific-popup/jquery.magnific-popup.min.js?ver=4.0.1 HTTP/2" 200 7252 "https://glamourflooringla.com/?x=1787065641871" "Mozilla/5.0 (Windows NT 10.0; Win64; x64) AppleWebKit/537.36 (KHTML, like Gecko) Chrome/138.0.0.0 Safari/537.36"
178.156.128.204 - - [18/Aug/2026:15:07:24 +0000] "GET /wp-content/themes/flatsome/assets/js/woocommerce.js?ver=1c9be63d628ff7c3ff4c HTTP/2" 200 7932 "https://glamourflooringla.com/?x=1787065641871" "Mozilla/5.0 (Windows NT 10.0; Win64; x64) AppleWebKit/537.36 (KHTML, like Gecko) Chrome/138.0.0.0 Safari/537.36"
178.156.128.204 - - [18/Aug/2026:15:07:24 +0000] "GET /wp-content/plugins/elementor-pro/assets/js/frontend.min.js?ver=4.2.1 HTTP/2" 200 6193 "https://glamourflooringla.com/?x=1787065641871" "Mozilla/5.0 (Windows NT 10.0; Win64; x64) AppleWebKit/537.36 (KHTML, like Gecko) Chrome/138.0.0.0 Safari/537.36"
178.156.128.204 - - [18/Aug/2026:15:07:24 +0000] "GET /wp-content/plugins/elementor-pro/assets/js/elements-handlers.min.js?ver=4.2.1 HTTP/2" 200 10079 "https://glamourflooringla.com/?x=1787065641871" "Mozilla/5.0 (Windows NT 10.0; Win64; x64) AppleWebKit/537.36 (KHTML, like Gecko) Chrome/138.0.0.0 Safari/537.36"
178.156.128.204 - - [18/Aug/2026:15:07:24 +0000] "GET /wp-content/uploads/2021/12/Still72-600x400.jpg HTTP/2" 200 29996 "https://glamourflooringla.com/?x=1787065641871" "Mozilla/5.0 (Windows NT 10.0; Win64; x64) AppleWebKit/537.36 (KHTML, like Gecko) Chrome/138.0.0.0 Safari/537.36"
178.156.128.204 - - [18/Aug/2026:15:07:24 +0000] "GET /wp-content/uploads/2021/12/Still80-600x400.jpg HTTP/2" 200 29571 "https://glamourflooringla.com/?x=1787065641871" "Mozilla/5.0 (Windows NT 10.0; Win64; x64) AppleWebKit/537.36 (KHTML, like Gecko) Chrome/138.0.0.0 Safari/537.36"
178.156.128.204 - - [18/Aug/2026:15:07:24 +0000] "GET /wp-content/uploads/2021/12/Still73-600x400.jpg HTTP/2" 200 27830 "https://glamourflooringla.com/?x=1787065641871" "Mozilla/5.0 (Windows NT 10.0; Win64; x64) AppleWebKit/537.36 (KHTML, like Gecko) Chrome/138.0.0.0 Safari/537.36"
178.156.128.204 - - [18/Aug/2026:15:07:24 +0000] "GET /wp-content/uploads/2021/12/Still79-600x400.jpg HTTP/2" 200 27539 "https://glamourflooringla.com/?x=1787065641871" "Mozilla/5.0 (Windows NT 10.0; Win64; x64) AppleWebKit/537.36 (KHTML, like Gecko) Chrome/138.0.0.0 Safari/537.36"
178.156.128.204 - - [18/Aug/2026:15:07:24 +0000] "GET /wp-content/uploads/2021/12/Still71-600x400.jpg HTTP/2" 200 29973 "https://glamourflooringla.com/?x=1787065641871" "Mozilla/5.0 (Windows NT 10.0; Win64; x64) AppleWebKit/537.36 (KHTML, like Gecko) Chrome/138.0.0.0 Safari/537.36"
178.156.128.204 - - [18/Aug/2026:15:07:24 +0000] "GET /wp-content/uploads/2021/12/Still74-600x400.jpg HTTP/2" 200 28773 "https://glamourflooringla.com/?x=1787065641871" "Mozilla/5.0 (Windows NT 10.0; Win64; x64) AppleWebKit/537.36 (KHTML, like Gecko) Chrome/138.0.0.0 Safari/537.36"
178.156.128.204 - - [18/Aug/2026:15:07:24 +0000] "GET /wp-content/uploads/2021/12/Still70-600x400.jpg HTTP/2" 200 28599 "https://glamourflooringla.com/?x=1787065641871" "Mozilla/5.0 (Windows NT 10.0; Win64; x64) AppleWebKit/537.36 (KHTML, like Gecko) Chrome/138.0.0.0 Safari/537.36"
178.156.128.204 - - [18/Aug/2026:15:07:24 +0000] "GET /wp-content/uploads/2025/08/12-1.jpg HTTP/2" 200 28003 "https://glamourflooringla.com/?x=1787065641871" "Mozilla/5.0 (Windows NT 10.0; Win64; x64) AppleWebKit/537.36 (KHTML, like Gecko) Chrome/138.0.0.0 Safari/537.36"
178.156.128.204 - - [18/Aug/2026:15:07:24 +0000] "GET /wp-content/uploads/2026/02/facebook.png HTTP/2" 200 1814 "https://glamourflooringla.com/?x=1787065641871" "Mozilla/5.0 (Windows NT 10.0; Win64; x64) AppleWebKit/537.36 (KHTML, like Gecko) Chrome/138.0.0.0 Safari/537.36"
178.156.128.204 - - [18/Aug/2026:15:07:24 +0000] "GET /wp-content/uploads/2021/12/Still54-600x400.jpg HTTP/2" 200 41193 "https://glamourflooringla.com/?x=1787065641871" "Mozilla/5.0 (Windows NT 10.0; Win64; x64) AppleWebKit/537.36 (KHTML, like Gecko) Chrome/138.0.0.0 Safari/537.36"
178.156.128.204 - - [18/Aug/2026:15:07:24 +0000] "GET /wp-content/uploads/2021/12/Still60-600x400.jpg HTTP/2" 200 35719 "https://glamourflooringla.com/?x=1787065641871" "Mozilla/5.0 (Windows NT 10.0; Win64; x64) AppleWebKit/537.36 (KHTML, like Gecko) Chrome/138.0.0.0 Safari/537.36"
178.156.128.204 - - [18/Aug/2026:15:07:24 +0000] "GET /wp-content/uploads/2021/12/Still55-600x400.jpg HTTP/2" 200 37447 "https://glamourflooringla.com/?x=1787065641871" "Mozilla/5.0 (Windows NT 10.0; Win64; x64) AppleWebKit/537.36 (KHTML, like Gecko) Chrome/138.0.0.0 Safari/537.36"
178.156.128.204 - - [18/Aug/2026:15:07:24 +0000] "GET /wp-content/uploads/2021/12/Still78-600x400.jpg HTTP/2" 200 34775 "https://glamourflooringla.com/?x=1787065641871" "Mozilla/5.0 (Windows NT 10.0; Win64; x64) AppleWebKit/537.36 (KHTML, like Gecko) Chrome/138.0.0.0 Safari/537.36"
178.156.128.204 - - [18/Aug/2026:15:07:24 +0000] "GET /wp-content/uploads/2021/12/Still51-600x400.jpg HTTP/2" 200 33147 "https://glamourflooringla.com/?x=1787065641871" "Mozilla/5.0 (Windows NT 10.0; Win64; x64) AppleWebKit/537.36 (KHTML, like Gecko) Chrome/138.0.0.0 Safari/537.36"
178.156.128.204 - - [18/Aug/2026:15:07:24 +0000] "GET /wp-content/uploads/2021/12/Still50-600x400.jpg HTTP/2" 200 36171 "https://glamourflooringla.com/?x=1787065641871" "Mozilla/5.0 (Windows NT 10.0; Win64; x64) AppleWebKit/537.36 (KHTML, like Gecko) Chrome/138.0.0.0 Safari/537.36"
178.156.128.204 - - [18/Aug/2026:15:07:24 +0000] "GET /wp-content/uploads/2021/12/Still49-600x400.jpg HTTP/2" 200 34838 "https://glamourflooringla.com/?x=1787065641871" "Mozilla/5.0 (Windows NT 10.0; Win64; x64) AppleWebKit/537.36 (KHTML, like Gecko) Chrome/138.0.0.0 Safari/537.36"
178.156.128.204 - - [18/Aug/2026:15:07:24 +0000] "GET /wp-content/uploads/2021/12/Still22-600x400.jpg HTTP/2" 200 37272 "https://glamourflooringla.com/?x=1787065641871" "Mozilla/5.0 (Windows NT 10.0; Win64; x64) AppleWebKit/537.36 (KHTML, like Gecko) Chrome/138.0.0.0 Safari/537.36"
178.156.128.204 - - [18/Aug/2026:15:07:24 +0000] "GET /wp-content/uploads/2021/12/Still48-601x400.jpg HTTP/2" 200 39969 "https://glamourflooringla.com/?x=1787065641871" "Mozilla/5.0 (Windows NT 10.0; Win64; x64) AppleWebKit/537.36 (KHTML, like Gecko) Chrome/138.0.0.0 Safari/537.36"
178.156.128.204 - - [18/Aug/2026:15:07:24 +0000] "GET /wp-content/uploads/2021/12/Still46-1-600x400.jpg HTTP/2" 200 40852 "https://glamourflooringla.com/?x=1787065641871" "Mozilla/5.0 (Windows NT 10.0; Win64; x64) AppleWebKit/537.36 (KHTML, like Gecko) Chrome/138.0.0.0 Safari/537.36"
178.156.128.204 - - [18/Aug/2026:15:07:24 +0000] "GET /wp-content/uploads/2021/12/Still20-600x400.jpg HTTP/2" 200 43293 "https://glamourflooringla.com/?x=1787065641871" "Mozilla/5.0 (Windows NT 10.0; Win64; x64) AppleWebKit/537.36 (KHTML, like Gecko) Chrome/138.0.0.0 Safari/537.36"
178.156.128.204 - - [18/Aug/2026:15:07:24 +0000] "GET /wp-content/uploads/2021/12/Still19-600x400.jpg HTTP/2" 200 37442 "https://glamourflooringla.com/?x=1787065641871" "Mozilla/5.0 (Windows NT 10.0; Win64; x64) AppleWebKit/537.36 (KHTML, like Gecko) Chrome/138.0.0.0 Safari/537.36"
178.156.128.204 - - [18/Aug/2026:15:07:24 +0000] "GET /wp-content/uploads/2021/12/Still46-600x400.jpg HTTP/2" 200 40852 "https://glamourflooringla.com/?x=1787065641871" "Mozilla/5.0 (Windows NT 10.0; Win64; x64) AppleWebKit/537.36 (KHTML, like Gecko) Chrome/138.0.0.0 Safari/537.36"
178.156.128.204 - - [18/Aug/2026:15:07:24 +0000] "GET /wp-content/uploads/2025/08/Santa-Monica-iimg-1.jpg HTTP/2" 200 41516 "https://glamourflooringla.com/?x=1787065641871" "Mozilla/5.0 (Windows NT 10.0; Win64; x64) AppleWebKit/537.36 (KHTML, like Gecko) Chrome/138.0.0.0 Safari/537.36"
178.156.128.204 - - [18/Aug/2026:15:07:24 +0000] "GET /wp-content/uploads/2025/08/93.jpg HTTP/2" 200 39280 "https://glamourflooringla.com/?x=1787065641871" "Mozilla/5.0 (Windows NT 10.0; Win64; x64) AppleWebKit/537.36 (KHTML, like Gecko) Chrome/138.0.0.0 Safari/537.36"
178.156.128.204 - - [18/Aug/2026:15:07:24 +0000] "GET /wp-content/uploads/2025/08/Malibu-img.jpg HTTP/2" 200 34144 "https://glamourflooringla.com/?x=1787065641871" "Mozilla/5.0 (Windows NT 10.0; Win64; x64) AppleWebKit/537.36 (KHTML, like Gecko) Chrome/138.0.0.0 Safari/537.36"
178.156.128.204 - - [18/Aug/2026:15:07:24 +0000] "GET /wp-content/uploads/2025/08/bg14.jpeg HTTP/2" 200 44234 "https://glamourflooringla.com/?x=1787065641871" "Mozilla/5.0 (Windows NT 10.0; Win64; x64) AppleWebKit/537.36 (KHTML, like Gecko) Chrome/138.0.0.0 Safari/537.36"
178.156.128.204 - - [18/Aug/2026:15:07:24 +0000] "GET /wp-content/uploads/2024/02/bg16.jpeg HTTP/2" 200 21932 "https://glamourflooringla.com/?x=1787065641871" "Mozilla/5.0 (Windows NT 10.0; Win64; x64) AppleWebKit/537.36 (KHTML, like Gecko) Chrome/138.0.0.0 Safari/537.36"
178.156.128.204 - - [18/Aug/2026:15:07:24 +0000] "GET /wp-content/uploads/2025/08/Hardwood-Flooring-Stair-Case-new.jpg HTTP/2" 200 51463 "https://glamourflooringla.com/?x=1787065641871" "Mozilla/5.0 (Windows NT 10.0; Win64; x64) AppleWebKit/537.36 (KHTML, like Gecko) Chrome/138.0.0.0 Safari/537.36"
178.156.128.204 - - [18/Aug/2026:15:07:24 +0000] "GET /wp-content/uploads/2025/08/Bathroom-Remodels-new.jpg HTTP/2" 200 47297 "https://glamourflooringla.com/?x=1787065641871" "Mozilla/5.0 (Windows NT 10.0; Win64; x64) AppleWebKit/537.36 (KHTML, like Gecko) Chrome/138.0.0.0 Safari/537.36"
178.156.128.204 - - [18/Aug/2026:15:07:24 +0000] "GET /wp-content/uploads/2025/08/Kitchen-Countertops-Los-Angeles-new.jpg HTTP/2" 200 73535 "https://glamourflooringla.com/?x=1787065641871" "Mozilla/5.0 (Windows NT 10.0; Win64; x64) AppleWebKit/537.36 (KHTML, like Gecko) Chrome/138.0.0.0 Safari/537.36"
178.156.128.204 - - [18/Aug/2026:15:07:24 +0000] "GET /wp-content/uploads/2025/08/Herringbone-hardwood-Installation-new.jpg HTTP/2" 200 61214 "https://glamourflooringla.com/?x=1787065641871" "Mozilla/5.0 (Windows NT 10.0; Win64; x64) AppleWebKit/537.36 (KHTML, like Gecko) Chrome/138.0.0.0 Safari/537.36"
178.156.128.204 - - [18/Aug/2026:15:07:24 +0000] "GET /wp-content/plugins/wp-stats-manager/js/wsm_new.js HTTP/2" 200 17679 "https://glamourflooringla.com/?x=1787065641871" "Mozilla/5.0 (Windows NT 10.0; Win64; x64) AppleWebKit/537.36 (KHTML, like Gecko) Chrome/138.0.0.0 Safari/537.36"
178.156.128.204 - - [18/Aug/2026:15:07:24 +0000] "GET /wp-content/uploads/2025/08/pp1-1.png HTTP/2" 200 170530 "https://glamourflooringla.com/?x=1787065641871" "Mozilla/5.0 (Windows NT 10.0; Win64; x64) AppleWebKit/537.36 (KHTML, like Gecko) Chrome/138.0.0.0 Safari/537.36"
178.156.128.204 - - [18/Aug/2026:15:07:24 +0000] "GET /wp-content/uploads/2025/08/Marble-Mosaics.jpg HTTP/2" 200 50052 "https://glamourflooringla.com/?x=1787065641871" "Mozilla/5.0 (Windows NT 10.0; Win64; x64) AppleWebKit/537.36 (KHTML, like Gecko) Chrome/138.0.0.0 Safari/537.36"
178.156.128.204 - - [18/Aug/2026:15:07:24 +0000] "GET /wp-content/themes/flatsome/assets/js/chunk.popups.js?ver=3.20.5 HTTP/2" 200 7210 "https://glamourflooringla.com/?x=1787065641871" "Mozilla/5.0 (Windows NT 10.0; Win64; x64) AppleWebKit/537.36 (KHTML, like Gecko) Chrome/138.0.0.0 Safari/537.36"
178.156.128.204 - - [18/Aug/2026:15:07:24 +0000] "GET /wp-content/themes/flatsome/assets/js/chunk.tooltips.js?ver=3.20.5 HTTP/2" 200 9743 "https://glamourflooringla.com/?x=1787065641871" "Mozilla/5.0 (Windows NT 10.0; Win64; x64) AppleWebKit/537.36 (KHTML, like Gecko) Chrome/138.0.0.0 Safari/537.36"
178.156.128.204 - - [18/Aug/2026:15:07:24 +0000] "GET /wp-content/themes/flatsome/assets/js/chunk.slider.js?ver=3.20.5 HTTP/2" 200 12971 "https://glamourflooringla.com/?x=1787065641871" "Mozilla/5.0 (Windows NT 10.0; Win64; x64) AppleWebKit/537.36 (KHTML, like Gecko) Chrome/138.0.0.0 Safari/537.36"
178.156.128.204 - - [18/Aug/2026:15:07:25 +0000] "GET /wp-content/plugins/elementor/assets/js/397f2d183c19202777d6.bundle.min.js HTTP/2" 200 8468 "https://glamourflooringla.com/?x=1787065641871" "Mozilla/5.0 (Windows NT 10.0; Win64; x64) AppleWebKit/537.36 (KHTML, like Gecko) Chrome/138.0.0.0 Safari/537.36"
178.156.128.204 - - [18/Aug/2026:15:07:25 +0000] "GET /wp-content/plugins/elementor/assets/js/lightbox.3f9b3a051b2336dd5372.bundle.min.js HTTP/2" 200 9252 "https://glamourflooringla.com/?x=1787065641871" "Mozilla/5.0 (Windows NT 10.0; Win64; x64) AppleWebKit/537.36 (KHTML, like Gecko) Chrome/138.0.0.0 Safari/537.36"
178.156.128.204 - - [18/Aug/2026:15:07:25 +0000] "GET /wp-content/plugins/elementor/assets/lib/dialog/dialog.min.js?ver=4.9.3 HTTP/2" 200 3593 "https://glamourflooringla.com/?x=1787065641871" "Mozilla/5.0 (Windows NT 10.0; Win64; x64) AppleWebKit/537.36 (KHTML, like Gecko) Chrome/138.0.0.0 Safari/537.36"
178.156.128.204 - - [18/Aug/2026:15:07:25 +0000] "GET /wp-content/plugins/elementor/assets/css/conditionals/dialog.min.css?ver=4.2.2 HTTP/2" 200 1428 "https://glamourflooringla.com/?x=1787065641871" "Mozilla/5.0 (Windows NT 10.0; Win64; x64) AppleWebKit/537.36 (KHTML, like Gecko) Chrome/138.0.0.0 Safari/537.36"
178.156.128.204 - - [18/Aug/2026:15:07:25 +0000] "GET /wp-content/plugins/elementor/assets/lib/share-link/share-link.min.js?ver=4.2.2 HTTP/2" 200 1072 "https://glamourflooringla.com/?x=1787065641871" "Mozilla/5.0 (Windows NT 10.0; Win64; x64) AppleWebKit/537.36 (KHTML, like Gecko) Chrome/138.0.0.0 Safari/537.36"
178.156.128.204 - - [18/Aug/2026:15:07:25 +0000] "GET /wp-content/plugins/elementor/assets/css/conditionals/lightbox.min.css?ver=4.2.2 HTTP/2" 200 1757 "https://glamourflooringla.com/?x=1787065641871" "Mozilla/5.0 (Windows NT 10.0; Win64; x64) AppleWebKit/537.36 (KHTML, like Gecko) Chrome/138.0.0.0 Safari/537.36"
178.156.128.204 - - [18/Aug/2026:15:07:25 +0000] "GET /wp-content/plugins/elementor/assets/js/shared-frontend-handlers.03caa53373b56d3bab67.bundle.min.js HTTP/2" 200 2511 "https://glamourflooringla.com/?x=1787065641871" "Mozilla/5.0 (Windows NT 10.0; Win64; x64) AppleWebKit/537.36 (KHTML, like Gecko) Chrome/138.0.0.0 Safari/537.36"
178.156.128.204 - - [18/Aug/2026:15:07:25 +0000] "GET /wp-content/plugins/elementor-pro/assets/js/popup.61d4fcab8891b2e07802.bundle.min.js HTTP/2" 200 390 "https://glamourflooringla.com/?x=1787065641871" "Mozilla/5.0 (Windows NT 10.0; Win64; x64) AppleWebKit/537.36 (KHTML, like Gecko) Chrome/138.0.0.0 Safari/537.36"
178.156.128.204 - - [18/Aug/2026:15:07:25 +0000] "GET /wp-content/plugins/elementor-pro/assets/js/form.cfd61a9174be80f835c6.bundle.min.js HTTP/2" 200 4944 "https://glamourflooringla.com/?x=1787065641871" "Mozilla/5.0 (Windows NT 10.0; Win64; x64) AppleWebKit/537.36 (KHTML, like Gecko) Chrome/138.0.0.0 Safari/537.36"
178.156.128.204 - - [18/Aug/2026:15:07:25 +0000] "GET /wp-content/plugins/elementor/assets/js/text-editor.45609661e409413f1cef.bundle.min.js HTTP/2" 200 592 "https://glamourflooringla.com/?x=1787065641871" "Mozilla/5.0 (Windows NT 10.0; Win64; x64) AppleWebKit/537.36 (KHTML, like Gecko) Chrome/138.0.0.0 Safari/537.36"
178.156.128.204 - - [18/Aug/2026:15:07:25 +0000] "GET /wp-content/plugins/elementor/assets/js/video.86d44e46e43d0807e708.bundle.min.js HTTP/2" 200 1186 "https://glamourflooringla.com/?x=1787065641871" "Mozilla/5.0 (Windows NT 10.0; Win64; x64) AppleWebKit/537.36 (KHTML, like Gecko) Chrome/138.0.0.0 Safari/537.36"
178.156.128.204 - - [18/Aug/2026:15:07:25 +0000] "GET /wp-content/plugins/elementor/assets/js/image-carousel.6167d20b95b33386757b.bundle.min.js HTTP/2" 200 229 "https://glamourflooringla.com/?x=1787065641871" "Mozilla/5.0 (Windows NT 10.0; Win64; x64) AppleWebKit/537.36 (KHTML, like Gecko) Chrome/138.0.0.0 Safari/537.36"
178.156.128.204 - - [18/Aug/2026:15:07:25 +0000] "GET /wp-includes/js/wp-emoji-release.min.js?ver=7.0.4 HTTP/2" 200 4974 "https://glamourflooringla.com/?x=1787065641871" "Mozilla/5.0 (Windows NT 10.0; Win64; x64) AppleWebKit/537.36 (KHTML, like Gecko) Chrome/138.0.0.0 Safari/537.36"
178.156.128.204 - - [18/Aug/2026:15:07:25 +0000] "GET /?wmcAction=wmcTrack&action_name=Hardwood%20Flooring%20Store%20Woodland%20Hills%20%7C%20Glamour%20Flooring%20LA&siteId=1&rec=1&rand=760950&h=15&m=7&s=25&url=https%3A%2F%2Fglamourflooringla.com%2F%3Fx%3D1787065641871&uid=0&pid=17829&visitorId=222e9750a3437e96&fvts=1787065645&vc=1&idn=0&refts=1787065645&lvts=1787065645&ref=www.google.com%2F&refType=ssl&fullRef=www.google.com%2F&send_image=1&cookie=1&res=1920x1080>ms=1143&pvId=9ORmcw&browser=Chrome_144&os=Linux_-&device=Desktop HTTP/2" 200 20 "https://glamourflooringla.com/?x=1787065641871" "Mozilla/5.0 (Windows NT 10.0; Win64; x64) AppleWebKit/537.36 (KHTML, like Gecko) Chrome/138.0.0.0 Safari/537.36"
178.156.128.204 - - [18/Aug/2026:15:07:25 +0000] "POST /?wc-ajax=get_refreshed_fragments HTTP/2" 200 916 "https://glamourflooringla.com/?x=1787065641871" "Mozilla/5.0 (Windows NT 10.0; Win64; x64) AppleWebKit/537.36 (KHTML, like Gecko) Chrome/138.0.0.0 Safari/537.36"
178.156.128.204 - - [18/Aug/2026:15:07:25 +0000] "GET /wp-json/contact-form-7/v1/contact-forms/22324/feedback/schema HTTP/2" 200 241 "https://glamourflooringla.com/?x=1787065641871" "Mozilla/5.0 (Windows NT 10.0; Win64; x64) AppleWebKit/537.36 (KHTML, like Gecko) Chrome/138.0.0.0 Safari/537.36"
178.156.128.204 - - [18/Aug/2026:15:07:25 +0000] "GET /wp-json/contact-form-7/v1/contact-forms/22308/feedback/schema HTTP/2" 200 322 "https://glamourflooringla.com/?x=1787065641871" "Mozilla/5.0 (Windows NT 10.0; Win64; x64) AppleWebKit/537.36 (KHTML, like Gecko) Chrome/138.0.0.0 Safari/537.36"
144.76.19.157 - - [18/Aug/2026:15:07:26 +0000] "GET /product/medici-pro/?add_to_wishlist=15515&_wpnonce=ee2ab5adbb HTTP/1.1" 200 44931 "-" "Mozilla/5.0 (compatible; SERankingBacklinksBot/1.0; +https://seranking.com/backlinks-crawler)"
178.156.128.204 - - [18/Aug/2026:15:07:27 +0000] "GET /wp-json/contact-form-7/v1/contact-forms/22308/refill HTTP/2" 200 6 "https://glamourflooringla.com/?x=1787065641871" "Mozilla/5.0 (Windows NT 10.0; Win64; x64) AppleWebKit/537.36 (KHTML, like Gecko) Chrome/138.0.0.0 Safari/537.36"
178.156.128.204 - - [18/Aug/2026:15:07:27 +0000] "GET /wp-json/contact-form-7/v1/contact-forms/22324/refill HTTP/2" 200 6 "https://glamourflooringla.com/?x=1787065641871" "Mozilla/5.0 (Windows NT 10.0; Win64; x64) AppleWebKit/537.36 (KHTML, like Gecko) Chrome/138.0.0.0 Safari/537.36"
178.156.136.36 - - [18/Aug/2026:15:07:31 +0000] "GET / HTTP/1.1" 200 54129 "-" "Mozilla/5.0 (Windows NT 10.0; Win64; x64) AppleWebKit/537.36 (KHTML, like Gecko) Chrome/138.0.0.0 Safari/537.36"
178.156.136.36 - - [18/Aug/2026:15:07:32 +0000] "GET /wp-content/plugins/contact-form-7/includes/swv/js/index.js?ver=6.1.7 HTTP/2" 200 3369 "http://localhost:9090/" "Mozilla/5.0 (X11; Linux x86_64) AppleWebKit/537.36 (KHTML, like Gecko) HeadlessChrome/144.0.7559.96 Safari/537.36"
178.156.136.36 - - [18/Aug/2026:15:07:32 +0000] "GET /wp-content/plugins/contact-form-7/includes/js/index.js?ver=6.1.7 HTTP/2" 200 4008 "http://localhost:9090/" "Mozilla/5.0 (X11; Linux x86_64) AppleWebKit/537.36 (KHTML, like Gecko) HeadlessChrome/144.0.7559.96 Safari/537.36"
192.250.227.238 - - [18/Aug/2026:15:07:32 +0000] "POST /wp-cron.php?doing_wp_cron=1787065652.5874550342559814453125 HTTP/1.1" 200 0 "-" "WordPress/7.0.4; https://glamourflooringla.com"
144.76.19.157 - - [18/Aug/2026:15:07:32 +0000] "GET /product/medici-pro/?add_to_wishlist=15519&_wpnonce=ee2ab5adbb HTTP/1.1" 301 0 "-" "Mozilla/5.0 (compatible; SERankingBacklinksBot/1.0; +https://seranking.com/backlinks-crawler)"
144.76.19.157 - - [18/Aug/2026:15:07:34 +0000] "GET /product/medici-pro/?add_to_wishlist=15519&_wpnonce=ee2ab5adbb HTTP/1.1" 200 44927 "-" "Mozilla/5.0 (compatible; SERankingBacklinksBot/1.0; +https://seranking.com/backlinks-crawler)"
5.161.201.188 - - [18/Aug/2026:15:07:37 +0000] "GET /wp-content/plugins/contact-form-7/includes/js/index.js?ver=6.1.7 HTTP/2" 200 4008 "http://localhost:9090/" "Mozilla/5.0 (X11; Linux x86_64) AppleWebKit/537.36 (KHTML, like Gecko) HeadlessChrome/144.0.7559.96 Safari/537.36"
5.161.201.188 - - [18/Aug/2026:15:07:37 +0000] "GET /wp-content/plugins/contact-form-7/includes/swv/js/index.js?ver=6.1.7 HTTP/2" 200 3369 "http://localhost:9090/" "Mozilla/5.0 (X11; Linux x86_64) AppleWebKit/537.36 (KHTML, like Gecko) HeadlessChrome/144.0.7559.96 Safari/537.36"
144.76.19.157 - - [18/Aug/2026:15:07:39 +0000] "GET /product/medici-pro/?add_to_wishlist=15521&_wpnonce=32cc803d74 HTTP/1.1" 301 0 "-" "Mozilla/5.0 (compatible; SERankingBacklinksBot/1.0; +https://seranking.com/backlinks-crawler)"
88.99.13.2 - - [18/Aug/2026:15:07:41 +0000] "GET /wp-content/plugins/contact-form-7/includes/swv/js/index.js?ver=6.1.7 HTTP/2" 200 3369 "http://localhost:9090/" "Mozilla/5.0 (X11; Linux x86_64) AppleWebKit/537.36 (KHTML, like Gecko) HeadlessChrome/144.0.7559.96 Safari/537.36"
88.99.13.2 - - [18/Aug/2026:15:07:41 +0000] "GET /wp-content/plugins/contact-form-7/includes/js/index.js?ver=6.1.7 HTTP/2" 200 4008 "http://localhost:9090/" "Mozilla/5.0 (X11; Linux x86_64) AppleWebKit/537.36 (KHTML, like Gecko) HeadlessChrome/144.0.7559.96 Safari/537.36"
144.76.19.157 - - [18/Aug/2026:15:07:41 +0000] "GET /product/medici-pro/?add_to_wishlist=15521&_wpnonce=32cc803d74 HTTP/1.1" 200 44948 "-" "Mozilla/5.0 (compatible; SERankingBacklinksBot/1.0; +https://seranking.com/backlinks-crawler)"
144.76.19.157 - - [18/Aug/2026:15:07:47 +0000] "GET /product/medici-pro/?add_to_wishlist=15521&_wpnonce=ee2ab5adbb HTTP/1.1" 301 0 "-" "Mozilla/5.0 (compatible; SERankingBacklinksBot/1.0; +https://seranking.com/backlinks-crawler)"
144.76.19.157 - - [18/Aug/2026:15:07:49 +0000] "GET /product/medici-pro/?add_to_wishlist=15521&_wpnonce=ee2ab5adbb HTTP/1.1" 200 44932 "-" "Mozilla/5.0 (compatible; SERankingBacklinksBot/1.0; +https://seranking.com/backlinks-crawler)"
5.161.52.234 - - [18/Aug/2026:15:07:50 +0000] "GET /wp-content/plugins/contact-form-7/includes/swv/js/index.js?ver=6.1.7 HTTP/2" 200 3369 "http://localhost:9090/" "Mozilla/5.0 (X11; Linux x86_64) AppleWebKit/537.36 (KHTML, like Gecko) HeadlessChrome/144.0.7559.96 Safari/537.36"
216.73.217.177 - - [18/Aug/2026:15:07:54 +0000] "GET /tag/low-cost-laminate-flooriong/feed/ HTTP/2" 200 2254 "-" "Mozilla/5.0 AppleWebKit/537.36 (KHTML, like Gecko; compatible; ClaudeBot/1.0; +claudebot@anthropic.com)"
144.76.19.157 - - [18/Aug/2026:15:07:55 +0000] "GET /product/medici-pro/?add_to_wishlist=15538&_wpnonce=ee2ab5adbb HTTP/1.1" 301 0 "-" "Mozilla/5.0 (compatible; SERankingBacklinksBot/1.0; +https://seranking.com/backlinks-crawler)"
113.23.51.214 - - [18/Aug/2026:15:07:54 +0000] "GET /robots.txt HTTP/2" 200 226 "-" "Mozilla/5.0 (iPhone; CPU iPhone OS 16_5_1 like Mac OS X) AppleWebKit/605.1.15 (KHTML, like Gecko) EdgiOS/126.2592.68 Mobile/15E148 Safari/605.1.15"
144.76.19.157 - - [18/Aug/2026:15:07:56 +0000] "GET /product/medici-pro/?add_to_wishlist=15538&_wpnonce=ee2ab5adbb HTTP/1.1" 200 44951 "-" "Mozilla/5.0 (compatible; SERankingBacklinksBot/1.0; +https://seranking.com/backlinks-crawler)"
216.73.217.177 - - [18/Aug/2026:15:08:00 +0000] "GET /tecsun-laminate-flooring-store-santa-monica/ HTTP/2" 429 0 "-" "Mozilla/5.0 AppleWebKit/537.36 (KHTML, like Gecko; compatible; ClaudeBot/1.0; +claudebot@anthropic.com)"
144.76.19.157 - - [18/Aug/2026:15:08:02 +0000] "GET /product/medici-pro/?add_to_wishlist=15540&_wpnonce=ee2ab5adbb HTTP/1.1" 301 0 "-" "Mozilla/5.0 (compatible; SERankingBacklinksBot/1.0; +https://seranking.com/backlinks-crawler)"
144.76.19.157 - - [18/Aug/2026:15:08:04 +0000] "GET /product/medici-pro/?add_to_wishlist=15540&_wpnonce=ee2ab5adbb HTTP/1.1" 200 44893 "-" "Mozilla/5.0 (compatible; SERankingBacklinksBot/1.0; +https://seranking.com/backlinks-crawler)"
144.76.19.157 - - [18/Aug/2026:15:08:09 +0000] "GET /product/medici-pro/?add_to_wishlist=15542&_wpnonce=ee2ab5adbb HTTP/1.1" 301 0 "-" "Mozilla/5.0 (compatible; SERankingBacklinksBot/1.0; +https://seranking.com/backlinks-crawler)"
216.73.217.177 - - [18/Aug/2026:15:08:12 +0000] "GET /product/hardwick-monarch/ HTTP/2" 429 0 "-" "Mozilla/5.0 AppleWebKit/537.36 (KHTML, like Gecko; compatible; ClaudeBot/1.0; +claudebot@anthropic.com)"
144.76.19.157 - - [18/Aug/2026:15:08:11 +0000] "GET /product/medici-pro/?add_to_wishlist=15542&_wpnonce=ee2ab5adbb HTTP/1.1" 200 44949 "-" "Mozilla/5.0 (compatible; SERankingBacklinksBot/1.0; +https://seranking.com/backlinks-crawler)"
216.73.217.177 - - [18/Aug/2026:15:08:17 +0000] "GET /product/wasatch-naf/ HTTP/2" 429 0 "-" "Mozilla/5.0 AppleWebKit/537.36 (KHTML, like Gecko; compatible; ClaudeBot/1.0; +claudebot@anthropic.com)"
144.76.19.157 - - [18/Aug/2026:15:08:17 +0000] "GET /product/medici-pro/?add_to_wishlist=15544&_wpnonce=ee2ab5adbb HTTP/1.1" 301 0 "-" "Mozilla/5.0 (compatible; SERankingBacklinksBot/1.0; +https://seranking.com/backlinks-crawler)"
66.249.69.170 - - [18/Aug/2026:15:08:18 +0000] "GET /?tid=EPD86ss00Q0J9dndxqr3gD_QvZj2gTmoi2Y HTTP/1.1" 200 46880 "-" "Mozilla/5.0 (Linux; Android 6.0.1; Nexus 5X Build/MMB29P) AppleWebKit/537.36 (KHTML, like Gecko) Chrome/151.0.7922.137 Mobile Safari/537.36 (compatible; Googlebot/2.1; +http://www.google.com/bot.html)"
144.76.19.157 - - [18/Aug/2026:15:08:19 +0000] "GET /product/medici-pro/?add_to_wishlist=15544&_wpnonce=ee2ab5adbb HTTP/1.1" 200 44993 "-" "Mozilla/5.0 (compatible; SERankingBacklinksBot/1.0; +https://seranking.com/backlinks-crawler)"
216.73.217.177 - - [18/Aug/2026:15:08:22 +0000] "GET /product/sunseth-naf/ HTTP/2" 429 0 "-" "Mozilla/5.0 AppleWebKit/537.36 (KHTML, like Gecko; compatible; ClaudeBot/1.0; +claudebot@anthropic.com)"
144.76.19.157 - - [18/Aug/2026:15:08:24 +0000] "GET /product/medici-pro/?add_to_wishlist=15547&_wpnonce=ee2ab5adbb HTTP/1.1" 301 0 "-" "Mozilla/5.0 (compatible; SERankingBacklinksBot/1.0; +https://seranking.com/backlinks-crawler)"
216.73.217.177 - - [18/Aug/2026:15:08:27 +0000] "GET /product/cascade-naf/ HTTP/2" 429 0 "-" "Mozilla/5.0 AppleWebKit/537.36 (KHTML, like Gecko; compatible; ClaudeBot/1.0; +claudebot@anthropic.com)"
144.76.19.157 - - [18/Aug/2026:15:08:26 +0000] "GET /product/medici-pro/?add_to_wishlist=15547&_wpnonce=ee2ab5adbb HTTP/1.1" 200 44914 "-" "Mozilla/5.0 (compatible; SERankingBacklinksBot/1.0; +https://seranking.com/backlinks-crawler)"
57.141.4.71 - - [18/Aug/2026:15:08:28 +0000] "GET /detail/1179526302215 HTTP/2" 429 0 "-" "Mozilla/5.0 (Windows NT 10.0; Win64; x64) AppleWebKit/537.36 (KHTML, like Gecko) Chrome/145.0.0.0 Safari/537.36 (compatible; meta-externalagent/1.1 (+https://developers.facebook.com/docs/sharing/webmasters/crawler))"
216.73.217.177 - - [18/Aug/2026:15:08:32 +0000] "GET /product/capri-eu/ HTTP/2" 429 0 "-" "Mozilla/5.0 AppleWebKit/537.36 (KHTML, like Gecko; compatible; ClaudeBot/1.0; +claudebot@anthropic.com)"
192.250.227.238 - - [18/Aug/2026:15:08:33 +0000] "POST /wp-cron.php?doing_wp_cron=1787065712.9187479019165039062500 HTTP/1.1" 200 0 "-" "WordPress/7.0.4; https://glamourflooringla.com"
144.76.19.157 - - [18/Aug/2026:15:08:32 +0000] "GET /product/medici-pro/?add_to_wishlist=15551&_wpnonce=ee2ab5adbb HTTP/1.1" 301 0 "-" "Mozilla/5.0 (compatible; SERankingBacklinksBot/1.0; +https://seranking.com/backlinks-crawler)"
144.76.19.157 - - [18/Aug/2026:15:08:34 +0000] "GET /product/medici-pro/?add_to_wishlist=15551&_wpnonce=ee2ab5adbb HTTP/1.1" 200 44868 "-" "Mozilla/5.0 (compatible; SERankingBacklinksBot/1.0; +https://seranking.com/backlinks-crawler)"
216.73.217.177 - - [18/Aug/2026:15:08:37 +0000] "GET /product/lostc-naf/ HTTP/2" 429 0 "-" "Mozilla/5.0 AppleWebKit/537.36 (KHTML, like Gecko; compatible; ClaudeBot/1.0; +claudebot@anthropic.com)"
144.76.19.157 - - [18/Aug/2026:15:08:40 +0000] "GET /product/medici-pro/?add_to_wishlist=15552&_wpnonce=ee2ab5adbb HTTP/1.1" 301 0 "-" "Mozilla/5.0 (compatible; SERankingBacklinksBot/1.0; +https://seranking.com/backlinks-crawler)"
144.76.19.157 - - [18/Aug/2026:15:08:41 +0000] "GET /product/medici-pro/?add_to_wishlist=15552&_wpnonce=ee2ab5adbb HTTP/1.1" 200 44950 "-" "Mozilla/5.0 (compatible; SERankingBacklinksBot/1.0; +https://seranking.com/backlinks-crawler)"
216.73.217.177 - - [18/Aug/2026:15:08:42 +0000] "GET /product/whitney-naf/ HTTP/2" 200 38502 "-" "Mozilla/5.0 AppleWebKit/537.36 (KHTML, like Gecko; compatible; ClaudeBot/1.0; +claudebot@anthropic.com)"
216.73.217.177 - - [18/Aug/2026:15:08:47 +0000] "GET /product/hemsby-monarch/ HTTP/2" 429 0 "-" "Mozilla/5.0 AppleWebKit/537.36 (KHTML, like Gecko; compatible; ClaudeBot/1.0; +claudebot@anthropic.com)"
144.76.19.157 - - [18/Aug/2026:15:08:47 +0000] "GET /product/medici-pro/?add_to_wishlist=15555&_wpnonce=32cc803d74 HTTP/1.1" 301 0 "-" "Mozilla/5.0 (compatible; SERankingBacklinksBot/1.0; +https://seranking.com/backlinks-crawler)"
216.73.217.43 - - [18/Aug/2026:15:08:49 +0000] "GET /product/marsala-naf/ HTTP/2" 429 0 "-" "Mozilla/5.0 AppleWebKit/537.36 (KHTML, like Gecko; compatible; ClaudeBot/1.0; +claudebot@anthropic.com)"
144.76.19.157 - - [18/Aug/2026:15:08:49 +0000] "GET /product/medici-pro/?add_to_wishlist=15555&_wpnonce=32cc803d74 HTTP/1.1" 200 44884 "-" "Mozilla/5.0 (compatible; SERankingBacklinksBot/1.0; +https://seranking.com/backlinks-crawler)"
216.73.217.43 - - [18/Aug/2026:15:08:54 +0000] "GET /product/tramonto-eu/ HTTP/2" 429 0 "-" "Mozilla/5.0 AppleWebKit/537.36 (KHTML, like Gecko; compatible; ClaudeBot/1.0; +claudebot@anthropic.com)"
144.76.19.157 - - [18/Aug/2026:15:08:54 +0000] "GET /product/medici-pro/?add_to_wishlist=15555&_wpnonce=ee2ab5adbb HTTP/1.1" 301 0 "-" "Mozilla/5.0 (compatible; SERankingBacklinksBot/1.0; +https://seranking.com/backlinks-crawler)"
144.76.19.157 - - [18/Aug/2026:15:08:56 +0000] "GET /product/medici-pro/?add_to_wishlist=15555&_wpnonce=ee2ab5adbb HTTP/1.1" 200 44898 "-" "Mozilla/5.0 (compatible; SERankingBacklinksBot/1.0; +https://seranking.com/backlinks-crawler)"
216.73.217.43 - - [18/Aug/2026:15:08:59 +0000] "GET /product/usini-ult-eu/ HTTP/2" 429 0 "-" "Mozilla/5.0 AppleWebKit/537.36 (KHTML, like Gecko; compatible; ClaudeBot/1.0; +claudebot@anthropic.com)"
192.250.227.238 - - [18/Aug/2026:15:09:03 +0000] "POST /wp-cron.php?doing_wp_cron=1787065742.9914319515228271484375 HTTP/1.1" 200 0 "-" "WordPress/7.0.4; https://glamourflooringla.com"
144.76.19.157 - - [18/Aug/2026:15:09:02 +0000] "GET /product/medici-pro/?add_to_wishlist=15556&_wpnonce=ee2ab5adbb HTTP/1.1" 301 0 "-" "Mozilla/5.0 (compatible; SERankingBacklinksBot/1.0; +https://seranking.com/backlinks-crawler)"
144.76.19.157 - - [18/Aug/2026:15:09:04 +0000] "GET /product/medici-pro/?add_to_wishlist=15556&_wpnonce=ee2ab5adbb HTTP/1.1" 200 44913 "-" "Mozilla/5.0 (compatible; SERankingBacklinksBot/1.0; +https://seranking.com/backlinks-crawler)"
144.76.19.157 - - [18/Aug/2026:15:09:09 +0000] "GET /product/sienna-sand-provenza-floors/ HTTP/1.1" 301 0 "-" "Mozilla/5.0 (compatible; SERankingBacklinksBot/1.0; +https://seranking.com/backlinks-crawler)"
144.76.19.157 - - [18/Aug/2026:15:09:10 +0000] "GET /product/sienna-sand-provenza-floors/ HTTP/1.1" 200 45025 "-" "Mozilla/5.0 (compatible; SERankingBacklinksBot/1.0; +https://seranking.com/backlinks-crawler)"
144.76.19.157 - - [18/Aug/2026:15:09:14 +0000] "GET /product/medici-pro/?add_to_wishlist=15559&_wpnonce=32cc803d74 HTTP/1.1" 301 0 "-" "Mozilla/5.0 (compatible; SERankingBacklinksBot/1.0; +https://seranking.com/backlinks-crawler)"
83.99.206.108 - - [18/Aug/2026:15:09:15 +0000] "GET /product-category/engineered-hardwood-floor/style/eucalyptus/ HTTP/1.1" 200 30544 "-" "Mozilla/5.0 (X11; Linux x86_64) AppleWebKit/537.36 (KHTML, like Gecko; GeedoShopProductFinder) Chrome/142.0.0.0 Safari/537.36"
216.73.217.43 - - [18/Aug/2026:15:09:16 +0000] "GET /product/pisa-ult-eu/ HTTP/2" 429 0 "-" "Mozilla/5.0 AppleWebKit/537.36 (KHTML, like Gecko; compatible; ClaudeBot/1.0; +claudebot@anthropic.com)"
191.53.30.122 - - [18/Aug/2026:15:09:15 +0000] "GET /product/sandy-shore HTTP/1.1" 301 0 "https://www.glamourflooringla.com/product/sandy-shore" "Mozilla/5.0 (Linux; Android 12; OPPO PCLM3) AppleWebKit/537.36 (KHTML, like Gecko) Chrome/143.0.5223.98 Mobile Safari/537.36 MicroMessenger/8.0.41(0x18001B3F) NetType/WIFI Language/zh_CN"
144.76.19.157 - - [18/Aug/2026:15:09:15 +0000] "GET /product/medici-pro/?add_to_wishlist=15559&_wpnonce=32cc803d74 HTTP/1.1" 200 44976 "-" "Mozilla/5.0 (compatible; SERankingBacklinksBot/1.0; +https://seranking.com/backlinks-crawler)"
45.186.208.90 - - [18/Aug/2026:15:09:19 +0000] "GET / HTTP/1.1" 301 0 "https://www.glamourflooringla.com/product/sandy-shore" "Mozilla/5.0 (Linux; Android 12; OPPO PCLM3) AppleWebKit/537.36 (KHTML, like Gecko) Chrome/143.0.5223.98 Mobile Safari/537.36 MicroMessenger/8.0.41(0x18001B3F) NetType/WIFI Language/zh_CN"
216.73.217.43 - - [18/Aug/2026:15:09:21 +0000] "GET /product/grand-naf/ HTTP/2" 429 0 "-" "Mozilla/5.0 AppleWebKit/537.36 (KHTML, like Gecko; compatible; ClaudeBot/1.0; +claudebot@anthropic.com)"
103.120.170.105 - - [18/Aug/2026:15:09:21 +0000] "GET / HTTP/1.1" 200 46842 "https://www.glamourflooringla.com/product/sandy-shore" "Mozilla/5.0 (Linux; Android 12; OPPO PCLM3) AppleWebKit/537.36 (KHTML, like Gecko) Chrome/143.0.5223.98 Mobile Safari/537.36 MicroMessenger/8.0.41(0x18001B3F) NetType/WIFI Language/zh_CN"
144.76.19.157 - - [18/Aug/2026:15:09:21 +0000] "GET /product/medici-pro/?add_to_wishlist=15559&_wpnonce=44202cc6af HTTP/1.1" 301 0 "-" "Mozilla/5.0 (compatible; SERankingBacklinksBot/1.0; +https://seranking.com/backlinks-crawler)"
144.76.19.157 - - [18/Aug/2026:15:09:23 +0000] "GET /product/medici-pro/?add_to_wishlist=15559&_wpnonce=44202cc6af HTTP/1.1" 200 44876 "-" "Mozilla/5.0 (compatible; SERankingBacklinksBot/1.0; +https://seranking.com/backlinks-crawler)"
216.73.217.43 - - [18/Aug/2026:15:09:26 +0000] "GET /tag/sierra-nevada/2 HTTP/2" 429 0 "-" "Mozilla/5.0 AppleWebKit/537.36 (KHTML, like Gecko; compatible; ClaudeBot/1.0; +claudebot@anthropic.com)"
144.76.19.157 - - [18/Aug/2026:15:09:28 +0000] "GET /product/medici-pro/?add_to_wishlist=15559&_wpnonce=ee2ab5adbb HTTP/1.1" 301 0 "-" "Mozilla/5.0 (compatible; SERankingBacklinksBot/1.0; +https://seranking.com/backlinks-crawler)"
155.117.163.201 - - [18/Aug/2026:15:09:30 +0000] "GET /wp-content/uploads/2019/02/summit-peak-estates-sierra-nevada-22d.jpg HTTP/1.1" 200 62374 "https://www.glamourflooringla.com/" "Mozilla/5.0 (Windows NT 10.0; Win64; x64) AppleWebKit/537.36 (KHTML, like Gecko) Chrome/133.0.0.0 Safari/537.36"
192.250.227.238 - - [18/Aug/2026:15:09:31 +0000] "POST /wp-cron.php?doing_wp_cron=1787065771.3998460769653320312500 HTTP/1.1" 200 0 "-" "WordPress/7.0.4; https://glamourflooringla.com"
144.76.19.157 - - [18/Aug/2026:15:09:30 +0000] "GET /product/medici-pro/?add_to_wishlist=15559&_wpnonce=ee2ab5adbb HTTP/1.1" 200 44945 "-" "Mozilla/5.0 (compatible; SERankingBacklinksBot/1.0; +https://seranking.com/backlinks-crawler)"
216.73.217.43 - - [18/Aug/2026:15:09:31 +0000] "GET /product/lighth-naf/ HTTP/2" 200 38516 "-" "Mozilla/5.0 AppleWebKit/537.36 (KHTML, like Gecko; compatible; ClaudeBot/1.0; +claudebot@anthropic.com)"
57.141.4.38 - - [18/Aug/2026:15:09:34 +0000] "GET /detail/2197852609439 HTTP/2" 429 0 "-" "Mozilla/5.0 (Windows NT 10.0; Win64; x64) AppleWebKit/537.36 (KHTML, like Gecko) Chrome/145.0.0.0 Safari/537.36 (compatible; meta-externalagent/1.1 (+https://developers.facebook.com/docs/sharing/webmasters/crawler))"
83.99.206.108 - - [18/Aug/2026:15:09:34 +0000] "GET /product-category/color-wpc/2 HTTP/1.1" 301 0 "-" "Mozilla/5.0 (X11; Linux x86_64) AppleWebKit/537.36 (KHTML, like Gecko; GeedoShopProductFinder) Chrome/142.0.0.0 Safari/537.36"
83.99.206.108 - - [18/Aug/2026:15:09:35 +0000] "GET / HTTP/1.1" 200 46842 "-" "Mozilla/5.0 (X11; Linux x86_64) AppleWebKit/537.36 (KHTML, like Gecko; GeedoShopProductFinder) Chrome/142.0.0.0 Safari/537.36"
216.73.217.43 - - [18/Aug/2026:15:09:36 +0000] "GET /product/shasta-naf/ HTTP/2" 429 0 "-" "Mozilla/5.0 AppleWebKit/537.36 (KHTML, like Gecko; compatible; ClaudeBot/1.0; +claudebot@anthropic.com)"
144.76.19.157 - - [18/Aug/2026:15:09:36 +0000] "GET /product/medici-pro/?add_to_wishlist=15560&_wpnonce=44202cc6af HTTP/1.1" 301 0 "-" "Mozilla/5.0 (compatible; SERankingBacklinksBot/1.0; +https://seranking.com/backlinks-crawler)"
144.76.19.157 - - [18/Aug/2026:15:09:38 +0000] "GET /product/medici-pro/?add_to_wishlist=15560&_wpnonce=44202cc6af HTTP/1.1" 200 44874 "-" "Mozilla/5.0 (compatible; SERankingBacklinksBot/1.0; +https://seranking.com/backlinks-crawler)"
216.73.217.43 - - [18/Aug/2026:15:09:41 +0000] "GET /product/turin-eu/ HTTP/2" 429 0 "-" "Mozilla/5.0 AppleWebKit/537.36 (KHTML, like Gecko; compatible; ClaudeBot/1.0; +claudebot@anthropic.com)"
144.76.19.157 - - [18/Aug/2026:15:09:43 +0000] "GET /product/medici-pro/?add_to_wishlist=15560&_wpnonce=ee2ab5adbb HTTP/1.1" 301 0 "-" "Mozilla/5.0 (compatible; SERankingBacklinksBot/1.0; +https://seranking.com/backlinks-crawler)"
144.76.19.157 - - [18/Aug/2026:15:09:45 +0000] "GET /product/medici-pro/?add_to_wishlist=15560&_wpnonce=ee2ab5adbb HTTP/1.1" 200 44945 "-" "Mozilla/5.0 (compatible; SERankingBacklinksBot/1.0; +https://seranking.com/backlinks-crawler)"
216.73.217.177 - - [18/Aug/2026:15:09:46 +0000] "GET /product-category/engineered-hardwood-floor/page/5/2 HTTP/2" 429 0 "-" "Mozilla/5.0 AppleWebKit/537.36 (KHTML, like Gecko; compatible; ClaudeBot/1.0; +claudebot@anthropic.com)"
216.73.217.177 - - [18/Aug/2026:15:09:51 +0000] "GET /tag/low-cost-laminate-flooriong/2 HTTP/2" 429 0 "-" "Mozilla/5.0 AppleWebKit/537.36 (KHTML, like Gecko; compatible; ClaudeBot/1.0; +claudebot@anthropic.com)"
144.76.19.157 - - [18/Aug/2026:15:09:51 +0000] "GET /product/medici-pro/?add_to_wishlist=15561&_wpnonce=32cc803d74 HTTP/1.1" 301 0 "-" "Mozilla/5.0 (compatible; SERankingBacklinksBot/1.0; +https://seranking.com/backlinks-crawler)"
144.76.19.157 - - [18/Aug/2026:15:09:53 +0000] "GET /product/medici-pro/?add_to_wishlist=15561&_wpnonce=32cc803d74 HTTP/1.1" 200 44965 "-" "Mozilla/5.0 (compatible; SERankingBacklinksBot/1.0; +https://seranking.com/backlinks-crawler)"
57.141.4.15 - - [18/Aug/2026:15:09:55 +0000] "GET /detail/1033222308869 HTTP/2" 429 0 "-" "Mozilla/5.0 (Windows NT 10.0; Win64; x64) AppleWebKit/537.36 (KHTML, like Gecko) Chrome/145.0.0.0 Safari/537.36 (compatible; meta-externalagent/1.1 (+https://developers.facebook.com/docs/sharing/webmasters/crawler))"
83.99.206.108 - - [18/Aug/2026:15:09:55 +0000] "GET /studio-city-2/ HTTP/1.1" 200 34551 "-" "Mozilla/5.0 (X11; Linux x86_64) AppleWebKit/537.36 (KHTML, like Gecko; GeedoShopProductFinder) Chrome/142.0.0.0 Safari/537.36"
216.73.217.177 - - [18/Aug/2026:15:09:56 +0000] "GET /tag/hilltop-hickory-laminate-flooring/feed/ HTTP/2" 429 0 "-" "Mozilla/5.0 AppleWebKit/537.36 (KHTML, like Gecko; compatible; ClaudeBot/1.0; +claudebot@anthropic.com)"
144.76.19.157 - - [18/Aug/2026:15:09:58 +0000] "GET /product/medici-pro/?add_to_wishlist=15561&_wpnonce=44202cc6af HTTP/1.1" 301 0 "-" "Mozilla/5.0 (compatible; SERankingBacklinksBot/1.0; +https://seranking.com/backlinks-crawler)"
144.76.19.157 - - [18/Aug/2026:15:10:00 +0000] "GET /product/medici-pro/?add_to_wishlist=15561&_wpnonce=44202cc6af HTTP/1.1" 200 44876 "-" "Mozilla/5.0 (compatible; SERankingBacklinksBot/1.0; +https://seranking.com/backlinks-crawler)"
216.73.217.177 - - [18/Aug/2026:15:10:01 +0000] "GET /product-category/engineered-hardwood-floor/page/5/?add_to_wishlist=15840 HTTP/2" 429 0 "-" "Mozilla/5.0 AppleWebKit/537.36 (KHTML, like Gecko; compatible; ClaudeBot/1.0; +claudebot@anthropic.com)"
144.76.19.157 - - [18/Aug/2026:15:10:06 +0000] "GET /product/medici-pro/?add_to_wishlist=15561&_wpnonce=ee2ab5adbb HTTP/1.1" 301 0 "-" "Mozilla/5.0 (compatible; SERankingBacklinksBot/1.0; +https://seranking.com/backlinks-crawler)"
216.73.217.177 - - [18/Aug/2026:15:10:06 +0000] "GET /product-category/engineered-hardwood-floor/page/5/?add_to_wishlist=15877 HTTP/2" 429 0 "-" "Mozilla/5.0 AppleWebKit/537.36 (KHTML, like Gecko; compatible; ClaudeBot/1.0; +claudebot@anthropic.com)"
144.76.19.157 - - [18/Aug/2026:15:10:08 +0000] "GET /product/medici-pro/?add_to_wishlist=15561&_wpnonce=ee2ab5adbb HTTP/1.1" 200 44942 "-" "Mozilla/5.0 (compatible; SERankingBacklinksBot/1.0; +https://seranking.com/backlinks-crawler)"
189.29.146.4 - - [18/Aug/2026:15:10:10 +0000] "GET /product/capitol-hill/2 HTTP/2" 301 0 "-" "Mozilla/5.0 (Macintosh; Intel Mac OS X 10_15_7) AppleWebKit/537.36 (KHTML, like Gecko) Chrome/133.0.0.0 Safari/537.36"
189.29.146.4 - - [18/Aug/2026:15:10:11 +0000] "GET / HTTP/2" 200 46842 "-" "Mozilla/5.0 (Macintosh; Intel Mac OS X 10_15_7) AppleWebKit/537.36 (KHTML, like Gecko) Chrome/133.0.0.0 Safari/537.36"
216.73.217.43 - - [18/Aug/2026:15:10:12 +0000] "GET /product/kilauea-naf/ HTTP/2" 429 0 "-" "Mozilla/5.0 AppleWebKit/537.36 (KHTML, like Gecko; compatible; ClaudeBot/1.0; +claudebot@anthropic.com)"
144.76.19.157 - - [18/Aug/2026:15:10:13 +0000] "GET /product/medici-pro/?add_to_wishlist=15565&_wpnonce=ee2ab5adbb HTTP/1.1" 301 0 "-" "Mozilla/5.0 (compatible; SERankingBacklinksBot/1.0; +https://seranking.com/backlinks-crawler)"
83.99.206.108 - - [18/Aug/2026:15:10:14 +0000] "GET /hardwood-flooring-in-los-angeles-glamour-flooring/2 HTTP/1.1" 301 0 "-" "Mozilla/5.0 (X11; Linux x86_64) AppleWebKit/537.36 (KHTML, like Gecko; GeedoShopProductFinder) Chrome/142.0.0.0 Safari/537.36"
83.99.206.108 - - [18/Aug/2026:15:10:15 +0000] "GET / HTTP/1.1" 200 46842 "-" "Mozilla/5.0 (X11; Linux x86_64) AppleWebKit/537.36 (KHTML, like Gecko; GeedoShopProductFinder) Chrome/142.0.0.0 Safari/537.36"
144.76.19.157 - - [18/Aug/2026:15:10:15 +0000] "GET /product/medici-pro/?add_to_wishlist=15565&_wpnonce=ee2ab5adbb HTTP/1.1" 200 44955 "-" "Mozilla/5.0 (compatible; SERankingBacklinksBot/1.0; +https://seranking.com/backlinks-crawler)"
216.73.217.43 - - [18/Aug/2026:15:10:16 +0000] "GET /product/smoky-naf/ HTTP/2" 200 38510 "-" "Mozilla/5.0 AppleWebKit/537.36 (KHTML, like Gecko; compatible; ClaudeBot/1.0; +claudebot@anthropic.com)"
216.73.217.177 - - [18/Aug/2026:15:10:18 +0000] "GET /product-category/engineered-hardwood-floor/page/5/?add_to_wishlist=15875 HTTP/2" 429 0 "-" "Mozilla/5.0 AppleWebKit/537.36 (KHTML, like Gecko; compatible; ClaudeBot/1.0; +claudebot@anthropic.com)"
144.76.19.157 - - [18/Aug/2026:15:10:21 +0000] "GET /product/medici-pro/?add_to_wishlist=15566&_wpnonce=32cc803d74 HTTP/1.1" 301 0 "-" "Mozilla/5.0 (compatible; SERankingBacklinksBot/1.0; +https://seranking.com/backlinks-crawler)"
216.73.217.177 - - [18/Aug/2026:15:10:23 +0000] "GET /product-category/engineered-hardwood-floor/page/5/?add_to_wishlist=15871 HTTP/2" 429 0 "-" "Mozilla/5.0 AppleWebKit/537.36 (KHTML, like Gecko; compatible; ClaudeBot/1.0; +claudebot@anthropic.com)"
144.76.19.157 - - [18/Aug/2026:15:10:23 +0000] "GET /product/medici-pro/?add_to_wishlist=15566&_wpnonce=32cc803d74 HTTP/1.1" 200 44902 "-" "Mozilla/5.0 (compatible; SERankingBacklinksBot/1.0; +https://seranking.com/backlinks-crawler)"
216.73.217.177 - - [18/Aug/2026:15:10:28 +0000] "GET /product-category/engineered-hardwood-floor/page/5/?add_to_wishlist=15865 HTTP/2" 429 0 "-" "Mozilla/5.0 AppleWebKit/537.36 (KHTML, like Gecko; compatible; ClaudeBot/1.0; +claudebot@anthropic.com)"
144.76.19.157 - - [18/Aug/2026:15:10:29 +0000] "GET /product/medici-pro/?add_to_wishlist=15566&_wpnonce=ee2ab5adbb HTTP/1.1" 301 0 "-" "Mozilla/5.0 (compatible; SERankingBacklinksBot/1.0; +https://seranking.com/backlinks-crawler)"
192.250.227.238 - - [18/Aug/2026:15:10:32 +0000] "POST /wp-cron.php?doing_wp_cron=1787065832.0760641098022460937500 HTTP/1.1" 200 0 "-" "WordPress/7.0.4; https://glamourflooringla.com"
144.76.19.157 - - [18/Aug/2026:15:10:31 +0000] "GET /product/medici-pro/?add_to_wishlist=15566&_wpnonce=ee2ab5adbb HTTP/1.1" 200 45014 "-" "Mozilla/5.0 (compatible; SERankingBacklinksBot/1.0; +https://seranking.com/backlinks-crawler)"
5.45.74.120 - - [18/Aug/2026:15:10:32 +0000] "GET /wp-login.php HTTP/1.1" 200 2218 "https://glamourflooringla.com/" "Mozilla/5.0 (Windows NT 10.0; Win64; x64) AppleWebKit/537.36 (KHTML, like Gecko) Chrome/149.0.0.0 Safari/537.36"
5.45.74.120 - - [18/Aug/2026:15:10:32 +0000] "GET /wp-includes/js/dist/i18n.min.js?ver=781d11515ad3d91786ec HTTP/3" 200 2354 "https://glamourflooringla.com/wp-login.php" "Mozilla/5.0 (Windows NT 10.0; Win64; x64) AppleWebKit/537.36 (KHTML, like Gecko) Chrome/149.0.0.0 Safari/537.36"
5.45.74.120 - - [18/Aug/2026:15:10:32 +0000] "GET /wp-includes/js/dist/hooks.min.js?ver=7496969728ca0f95732d HTTP/3" 200 1734 "https://glamourflooringla.com/wp-login.php" "Mozilla/5.0 (Windows NT 10.0; Win64; x64) AppleWebKit/537.36 (KHTML, like Gecko) Chrome/149.0.0.0 Safari/537.36"
5.45.74.120 - - [18/Aug/2026:15:10:32 +0000] "GET /wp-includes/css/buttons.min.css?ver=7.0.4 HTTP/3" 200 1457 "https://glamourflooringla.com/wp-login.php" "Mozilla/5.0 (Windows NT 10.0; Win64; x64) AppleWebKit/537.36 (KHTML, like Gecko) Chrome/149.0.0.0 Safari/537.36"
5.45.74.120 - - [18/Aug/2026:15:10:32 +0000] "GET /wp-includes/js/dist/dom-ready.min.js?ver=a06281ae5cf5500e9317 HTTP/3" 200 420 "https://glamourflooringla.com/wp-login.php" "Mozilla/5.0 (Windows NT 10.0; Win64; x64) AppleWebKit/537.36 (KHTML, like Gecko) Chrome/149.0.0.0 Safari/537.36"
5.45.74.120 - - [18/Aug/2026:15:10:32 +0000] "GET /wp-includes/js/zxcvbn-async.min.js?ver=1.0 HTTP/3" 200 187 "https://glamourflooringla.com/wp-login.php" "Mozilla/5.0 (Windows NT 10.0; Win64; x64) AppleWebKit/537.36 (KHTML, like Gecko) Chrome/149.0.0.0 Safari/537.36"
5.45.74.120 - - [18/Aug/2026:15:10:32 +0000] "GET /wp-admin/css/l10n.min.css?ver=7.0.4 HTTP/3" 200 675 "https://glamourflooringla.com/wp-login.php" "Mozilla/5.0 (Windows NT 10.0; Win64; x64) AppleWebKit/537.36 (KHTML, like Gecko) Chrome/149.0.0.0 Safari/537.36"
5.45.74.120 - - [18/Aug/2026:15:10:32 +0000] "GET /wp-admin/js/password-strength-meter.min.js?ver=7.0.4 HTTP/3" 200 558 "https://glamourflooringla.com/wp-login.php" "Mozilla/5.0 (Windows NT 10.0; Win64; x64) AppleWebKit/537.36 (KHTML, like Gecko) Chrome/149.0.0.0 Safari/537.36"
5.45.74.120 - - [18/Aug/2026:15:10:32 +0000] "GET /wp-includes/js/dist/a11y.min.js?ver=af934e5259bc51b8718e HTTP/3" 200 935 "https://glamourflooringla.com/wp-login.php" "Mozilla/5.0 (Windows NT 10.0; Win64; x64) AppleWebKit/537.36 (KHTML, like Gecko) Chrome/149.0.0.0 Safari/537.36"
5.45.74.120 - - [18/Aug/2026:15:10:32 +0000] "GET /wp-includes/js/wp-util.min.js?ver=7.0.4 HTTP/3" 200 693 "https://glamourflooringla.com/wp-login.php" "Mozilla/5.0 (Windows NT 10.0; Win64; x64) AppleWebKit/537.36 (KHTML, like Gecko) Chrome/149.0.0.0 Safari/537.36"
5.45.74.120 - - [18/Aug/2026:15:10:32 +0000] "GET /wp-includes/css/dist/base-styles/admin-schemes.min.css?ver=7.0.4 HTTP/3" 200 725 "https://glamourflooringla.com/wp-login.php" "Mozilla/5.0 (Windows NT 10.0; Win64; x64) AppleWebKit/537.36 (KHTML, like Gecko) Chrome/149.0.0.0 Safari/537.36"
5.45.74.120 - - [18/Aug/2026:15:10:32 +0000] "GET /wp-includes/css/dashicons.min.css?ver=7.0.4 HTTP/3" 200 35101 "https://glamourflooringla.com/wp-login.php" "Mozilla/5.0 (Windows NT 10.0; Win64; x64) AppleWebKit/537.36 (KHTML, like Gecko) Chrome/149.0.0.0 Safari/537.36"
5.45.74.120 - - [18/Aug/2026:15:10:32 +0000] "GET /wp-admin/css/forms.min.css?ver=7.0.4 HTTP/3" 200 6522 "https://glamourflooringla.com/wp-login.php" "Mozilla/5.0 (Windows NT 10.0; Win64; x64) AppleWebKit/537.36 (KHTML, like Gecko) Chrome/149.0.0.0 Safari/537.36"
5.45.74.120 - - [18/Aug/2026:15:10:32 +0000] "GET /wp-admin/css/login.min.css?ver=7.0.4 HTTP/3" 200 2019 "https://glamourflooringla.com/wp-login.php" "Mozilla/5.0 (Windows NT 10.0; Win64; x64) AppleWebKit/537.36 (KHTML, like Gecko) Chrome/149.0.0.0 Safari/537.36"
