152.42.174.191 - - [18/Aug/2026:15:04:55 +0000] "GET / HTTP/1.1" 200 54129 "https://glamourflooringla.com/" "Mozilla/5.0 (Windows NT 10.0; Win64; x64) AppleWebKit/537.36 (KHTML, like Gecko) Chrome/120.0.0.0 Safari/537.36"
157.245.134.15 - - [18/Aug/2026:15:04:55 +0000] "GET / HTTP/1.1" 200 54129 "https://glamourflooringla.com/" "Mozilla/5.0 (Windows NT 10.0; Win64; x64) AppleWebKit/537.36 (KHTML, like Gecko) Chrome/117.0.0.0 Safari/537.36"
144.76.19.157 - - [18/Aug/2026:15:04:55 +0000] "GET /product/mayenne-monarch/?add_to_wishlist=15560&_wpnonce=bbb71dd7ae HTTP/1.1" 301 0 "-" "Mozilla/5.0 (compatible; SERankingBacklinksBot/1.0; +https://seranking.com/backlinks-crawler)"
144.76.19.157 - - [18/Aug/2026:15:04:57 +0000] "GET /product/mayenne-monarch/?add_to_wishlist=15560&_wpnonce=bbb71dd7ae HTTP/1.1" 200 44985 "-" "Mozilla/5.0 (compatible; SERankingBacklinksBot/1.0; +https://seranking.com/backlinks-crawler)"
144.76.19.157 - - [18/Aug/2026:15:05:03 +0000] "GET /product/mayenne-monarch/?add_to_wishlist=15561&_wpnonce=44202cc6af HTTP/1.1" 301 0 "-" "Mozilla/5.0 (compatible; SERankingBacklinksBot/1.0; +https://seranking.com/backlinks-crawler)"
144.76.19.157 - - [18/Aug/2026:15:05:04 +0000] "GET /product/mayenne-monarch/?add_to_wishlist=15561&_wpnonce=44202cc6af HTTP/1.1" 200 44994 "-" "Mozilla/5.0 (compatible; SERankingBacklinksBot/1.0; +https://seranking.com/backlinks-crawler)"
57.141.4.70 - - [18/Aug/2026:15:05:08 +0000] "GET /detail/2275095645109 HTTP/2" 429 0 "-" "Mozilla/5.0 (Windows NT 10.0; Win64; x64) AppleWebKit/537.36 (KHTML, like Gecko) Chrome/145.0.0.0 Safari/537.36 (compatible; meta-externalagent/1.1 (+https://developers.facebook.com/docs/sharing/webmasters/crawler))"
144.76.19.157 - - [18/Aug/2026:15:05:09 +0000] "GET /product/mayenne-monarch/?add_to_wishlist=15565&_wpnonce=bbb71dd7ae HTTP/1.1" 301 0 "-" "Mozilla/5.0 (compatible; SERankingBacklinksBot/1.0; +https://seranking.com/backlinks-crawler)"
144.76.19.157 - - [18/Aug/2026:15:05:10 +0000] "GET /product/mayenne-monarch/?add_to_wishlist=15565&_wpnonce=bbb71dd7ae HTTP/1.1" 200 44935 "-" "Mozilla/5.0 (compatible; SERankingBacklinksBot/1.0; +https://seranking.com/backlinks-crawler)"
144.76.19.157 - - [18/Aug/2026:15:05:14 +0000] "GET /product/mayenne-monarch/?add_to_wishlist=15566&_wpnonce=bbb71dd7ae HTTP/1.1" 301 0 "-" "Mozilla/5.0 (compatible; SERankingBacklinksBot/1.0; +https://seranking.com/backlinks-crawler)"
144.76.19.157 - - [18/Aug/2026:15:05:15 +0000] "GET /product/mayenne-monarch/?add_to_wishlist=15566&_wpnonce=bbb71dd7ae HTTP/1.1" 200 44963 "-" "Mozilla/5.0 (compatible; SERankingBacklinksBot/1.0; +https://seranking.com/backlinks-crawler)"
144.76.19.157 - - [18/Aug/2026:15:05:21 +0000] "GET /product/mayenne-monarch/?add_to_wishlist=15569&_wpnonce=44202cc6af HTTP/1.1" 301 0 "-" "Mozilla/5.0 (compatible; SERankingBacklinksBot/1.0; +https://seranking.com/backlinks-crawler)"
144.76.19.157 - - [18/Aug/2026:15:05:23 +0000] "GET /product/mayenne-monarch/?add_to_wishlist=15569&_wpnonce=44202cc6af HTTP/1.1" 200 45054 "-" "Mozilla/5.0 (compatible; SERankingBacklinksBot/1.0; +https://seranking.com/backlinks-crawler)"
144.76.19.157 - - [18/Aug/2026:15:05:28 +0000] "GET /product/mayenne-monarch/?add_to_wishlist=15569&_wpnonce=bbb71dd7ae HTTP/1.1" 301 0 "-" "Mozilla/5.0 (compatible; SERankingBacklinksBot/1.0; +https://seranking.com/backlinks-crawler)"
77.75.79.62 - - [18/Aug/2026:15:05:30 +0000] "GET /wp-content/uploads/2019/04/elbrus-hardwood-flooring-natural-hickory-woodland-hills1.jpg HTTP/1.1" 304 0 "-" "Mozilla/5.0 (compatible; SeznamBot/4.0; +https://o-seznam.cz/napoveda/vyhledavani/en/seznambot-crawler/)"
40.77.167.65 - - [18/Aug/2026:15:05:31 +0000] "GET /wp-content/uploads/2019/02/California-Sable-Maple.jpg HTTP/2" 200 21350 "-" "Mozilla/5.0 AppleWebKit/537.36 (KHTML, like Gecko; compatible; bingbot/2.0; +http://www.bing.com/bingbot.htm) Chrome/116.0.1938.76 Safari/537.36"
192.250.227.238 - - [18/Aug/2026:15:05:32 +0000] "POST /wp-cron.php?doing_wp_cron=1787065531.9513850212097167968750 HTTP/1.1" 200 0 "-" "WordPress/7.0.4; https://glamourflooringla.com"
144.76.19.157 - - [18/Aug/2026:15:05:30 +0000] "GET /product/mayenne-monarch/?add_to_wishlist=15569&_wpnonce=bbb71dd7ae HTTP/1.1" 200 45026 "-" "Mozilla/5.0 (compatible; SERankingBacklinksBot/1.0; +https://seranking.com/backlinks-crawler)"
83.99.206.158 - - [18/Aug/2026:15:05:35 +0000] "GET /product/daisy-pearl/ HTTP/1.1" 200 38746 "-" "Mozilla/5.0 (X11; Linux x86_64) AppleWebKit/537.36 (KHTML, like Gecko; GeedoShopProductFinder) Chrome/142.0.0.0 Safari/537.36"
144.76.19.157 - - [18/Aug/2026:15:05:36 +0000] "GET /product/mayenne-monarch/?add_to_wishlist=15570&_wpnonce=bbb71dd7ae HTTP/1.1" 301 0 "-" "Mozilla/5.0 (compatible; SERankingBacklinksBot/1.0; +https://seranking.com/backlinks-crawler)"
144.76.19.157 - - [18/Aug/2026:15:05:38 +0000] "GET /product/mayenne-monarch/?add_to_wishlist=15570&_wpnonce=bbb71dd7ae HTTP/1.1" 200 44996 "-" "Mozilla/5.0 (compatible; SERankingBacklinksBot/1.0; +https://seranking.com/backlinks-crawler)"
144.76.19.157 - - [18/Aug/2026:15:05:44 +0000] "GET /product/mayenne-monarch/?add_to_wishlist=15793&_wpnonce=32cc803d74 HTTP/1.1" 301 0 "-" "Mozilla/5.0 (compatible; SERankingBacklinksBot/1.0; +https://seranking.com/backlinks-crawler)"
192.250.227.238 - - [18/Aug/2026:15:05:47 +0000] "POST /wp-cron.php?doing_wp_cron=1787065547.2957849502563476562500 HTTP/1.1" 200 0 "-" "WordPress/7.0.4; https://glamourflooringla.com"
144.76.19.157 - - [18/Aug/2026:15:05:46 +0000] "GET /product/mayenne-monarch/?add_to_wishlist=15793&_wpnonce=32cc803d74 HTTP/1.1" 200 45025 "-" "Mozilla/5.0 (compatible; SERankingBacklinksBot/1.0; +https://seranking.com/backlinks-crawler)"
144.76.19.157 - - [18/Aug/2026:15:05:51 +0000] "GET /product/mayenne-monarch/?add_to_wishlist=15793&_wpnonce=44202cc6af HTTP/1.1" 301 0 "-" "Mozilla/5.0 (compatible; SERankingBacklinksBot/1.0; +https://seranking.com/backlinks-crawler)"
83.99.206.158 - - [18/Aug/2026:15:05:52 +0000] "GET /product/naperville/2 HTTP/1.1" 301 0 "-" "Mozilla/5.0 (X11; Linux x86_64) AppleWebKit/537.36 (KHTML, like Gecko; GeedoShopProductFinder) Chrome/142.0.0.0 Safari/537.36"
83.99.206.158 - - [18/Aug/2026:15:05:53 +0000] "GET / HTTP/1.1" 200 46842 "-" "Mozilla/5.0 (X11; Linux x86_64) AppleWebKit/537.36 (KHTML, like Gecko; GeedoShopProductFinder) Chrome/142.0.0.0 Safari/537.36"
144.76.19.157 - - [18/Aug/2026:15:05:53 +0000] "GET /product/mayenne-monarch/?add_to_wishlist=15793&_wpnonce=44202cc6af HTTP/1.1" 200 45066 "-" "Mozilla/5.0 (compatible; SERankingBacklinksBot/1.0; +https://seranking.com/backlinks-crawler)"
144.76.19.157 - - [18/Aug/2026:15:05:59 +0000] "GET /product/mayenne-monarch/?add_to_wishlist=15793&_wpnonce=bbb71dd7ae HTTP/1.1" 301 0 "-" "Mozilla/5.0 (compatible; SERankingBacklinksBot/1.0; +https://seranking.com/backlinks-crawler)"
144.76.19.157 - - [18/Aug/2026:15:06:01 +0000] "GET /product/mayenne-monarch/?add_to_wishlist=15793&_wpnonce=bbb71dd7ae HTTP/1.1" 200 45000 "-" "Mozilla/5.0 (compatible; SERankingBacklinksBot/1.0; +https://seranking.com/backlinks-crawler)"
120.29.77.93 - - [18/Aug/2026:15:06:03 +0000] "GET /product/pescara-opus/2 HTTP/2" 301 0 "-" "Mozilla/5.0 (Macintosh; Intel Mac OS X 10_15_7) AppleWebKit/537.36 (KHTML, like Gecko) Chrome/133.0.0.0 Safari/537.36"
52.167.144.222 - - [18/Aug/2026:15:06:04 +0000] "GET /wp-content/uploads/2018/10/2018-05-nav-laminate.jpg HTTP/2" 301 0 "-" "Mozilla/5.0 AppleWebKit/537.36 (KHTML, like Gecko; compatible; bingbot/2.0; +http://www.bing.com/bingbot.htm) Chrome/116.0.1938.76 Safari/537.36"
120.29.77.93 - - [18/Aug/2026:15:06:05 +0000] "GET / HTTP/2" 200 46842 "-" "Mozilla/5.0 (Macintosh; Intel Mac OS X 10_15_7) AppleWebKit/537.36 (KHTML, like Gecko) Chrome/133.0.0.0 Safari/537.36"
52.167.144.222 - - [18/Aug/2026:15:06:06 +0000] "GET / HTTP/2" 200 46842 "-" "Mozilla/5.0 AppleWebKit/537.36 (KHTML, like Gecko; compatible; bingbot/2.0; +http://www.bing.com/bingbot.htm) Chrome/116.0.1938.76 Safari/537.36"
144.76.19.157 - - [18/Aug/2026:15:06:06 +0000] "GET /product/medici-pro/ HTTP/1.1" 301 0 "-" "Mozilla/5.0 (compatible; SERankingBacklinksBot/1.0; +https://seranking.com/backlinks-crawler)"
144.76.19.157 - - [18/Aug/2026:15:06:06 +0000] "GET /product/medici-pro/ HTTP/1.1" 200 44891 "-" "Mozilla/5.0 (compatible; SERankingBacklinksBot/1.0; +https://seranking.com/backlinks-crawler)"
144.76.19.157 - - [18/Aug/2026:15:06:11 +0000] "GET /product/medici-pro/?add_to_wishlist=15484&_wpnonce=32cc803d74 HTTP/1.1" 301 0 "-" "Mozilla/5.0 (compatible; SERankingBacklinksBot/1.0; +https://seranking.com/backlinks-crawler)"
83.99.206.158 - - [18/Aug/2026:15:06:12 +0000] "GET /product/burlington-colonial/2 HTTP/1.1" 301 0 "-" "Mozilla/5.0 (X11; Linux x86_64) AppleWebKit/537.36 (KHTML, like Gecko; GeedoShopProductFinder) Chrome/142.0.0.0 Safari/537.36"
144.76.19.157 - - [18/Aug/2026:15:06:12 +0000] "GET /product/medici-pro/?add_to_wishlist=15484&_wpnonce=32cc803d74 HTTP/1.1" 200 44943 "-" "Mozilla/5.0 (compatible; SERankingBacklinksBot/1.0; +https://seranking.com/backlinks-crawler)"
83.99.206.158 - - [18/Aug/2026:15:06:13 +0000] "GET / HTTP/1.1" 200 46842 "-" "Mozilla/5.0 (X11; Linux x86_64) AppleWebKit/537.36 (KHTML, like Gecko; GeedoShopProductFinder) Chrome/142.0.0.0 Safari/537.36"
57.141.4.63 - - [18/Aug/2026:15:06:14 +0000] "GET /detail/2749394125210 HTTP/2" 429 0 "-" "Mozilla/5.0 (Macintosh; Intel Mac OS X 10_15_7) AppleWebKit/537.36 (KHTML, like Gecko) Chrome/145.0.0.0 Safari/537.36 (compatible; meta-externalagent/1.1 (+https://developers.facebook.com/docs/sharing/webmasters/crawler))"
5.161.216.238 - - [18/Aug/2026:15:06:17 +0000] "POST /wp-load.php?270097=4982 HTTP/1.1" 200 1510 "https://glamourflooringla.com/" "Mozilla/5.0 (Windows NT 10.0; Win64; x64) AppleWebKit/537.36 (KHTML, like Gecko) Chrome/138.0.0.0 Safari/537.36"
144.76.19.157 - - [18/Aug/2026:15:06:17 +0000] "GET /product/medici-pro/?add_to_wishlist=15484&_wpnonce=44202cc6af HTTP/1.1" 301 0 "-" "Mozilla/5.0 (compatible; SERankingBacklinksBot/1.0; +https://seranking.com/backlinks-crawler)"
88.99.13.2 - - [18/Aug/2026:15:06:18 +0000] "POST /wp-load.php?f5623e=77991 HTTP/1.1" 200 1510 "https://glamourflooringla.com/" "Mozilla/5.0 (Windows NT 10.0; Win64; x64) AppleWebKit/537.36 (KHTML, like Gecko) Chrome/138.0.0.0 Safari/537.36"
5.161.52.234 - - [18/Aug/2026:15:06:19 +0000] "POST /wp-load.php?2575f4=80922 HTTP/1.1" 200 1504 "https://glamourflooringla.com/" "Mozilla/5.0 (Windows NT 10.0; Win64; x64) AppleWebKit/537.36 (KHTML, like Gecko) Chrome/138.0.0.0 Safari/537.36"
144.76.19.157 - - [18/Aug/2026:15:06:18 +0000] "GET /product/medici-pro/?add_to_wishlist=15484&_wpnonce=44202cc6af HTTP/1.1" 200 44927 "-" "Mozilla/5.0 (compatible; SERankingBacklinksBot/1.0; +https://seranking.com/backlinks-crawler)"
5.161.106.94 - - [18/Aug/2026:15:06:20 +0000] "POST /wp-load.php?456ae6=20286 HTTP/1.1" 200 9773 "https://glamourflooringla.com/" "Mozilla/5.0 (Windows NT 10.0; Win64; x64) AppleWebKit/537.36 (KHTML, like Gecko) Chrome/138.0.0.0 Safari/537.36"
5.161.201.188 - - [18/Aug/2026:15:06:21 +0000] "POST /wp-load.php?046d8b=5315 HTTP/1.1" 200 1090 "https://glamourflooringla.com/" "Mozilla/5.0 (Windows NT 10.0; Win64; x64) AppleWebKit/537.36 (KHTML, like Gecko) Chrome/138.0.0.0 Safari/537.36"
178.156.128.204 - - [18/Aug/2026:15:06:22 +0000] "POST /wp-load.php?db8fb1=92006 HTTP/1.1" 200 10440 "https://glamourflooringla.com/" "Mozilla/5.0 (Windows NT 10.0; Win64; x64) AppleWebKit/537.36 (KHTML, like Gecko) Chrome/138.0.0.0 Safari/537.36"
144.76.19.157 - - [18/Aug/2026:15:06:23 +0000] "GET /product/medici-pro/?add_to_wishlist=15487&_wpnonce=ee2ab5adbb HTTP/1.1" 301 0 "-" "Mozilla/5.0 (compatible; SERankingBacklinksBot/1.0; +https://seranking.com/backlinks-crawler)"
178.156.128.204 - - [18/Aug/2026:15:06:23 +0000] "POST /wp-load.php?364e1f=14186 HTTP/1.1" 302 0 "https://glamourflooringla.com/" "Mozilla/5.0 (Windows NT 10.0; Win64; x64) AppleWebKit/537.36 (KHTML, like Gecko) Chrome/138.0.0.0 Safari/537.36"
178.156.128.204 - - [18/Aug/2026:15:06:25 +0000] "POST /wp-load.php?5bbd87=87659 HTTP/1.1" 200 170774 "-" "Mozilla/5.0 (Windows NT 10.0; Win64; x64) AppleWebKit/537.36 (KHTML, like Gecko) Chrome/138.0.0.0 Safari/537.36"
144.76.19.157 - - [18/Aug/2026:15:06:25 +0000] "GET /product/medici-pro/?add_to_wishlist=15487&_wpnonce=ee2ab5adbb HTTP/1.1" 200 44949 "-" "Mozilla/5.0 (compatible; SERankingBacklinksBot/1.0; +https://seranking.com/backlinks-crawler)"
5.161.44.164 - - [18/Aug/2026:15:06:25 +0000] "POST /wp-admin/admin-ajax.php?373c55=3674 HTTP/1.1" 200 45336 "https://glamourflooringla.com/" "Mozilla/5.0 (Windows NT 10.0; Win64; x64) AppleWebKit/537.36 (KHTML, like Gecko) Chrome/138.0.0.0 Safari/537.36"
5.161.52.234 - - [18/Aug/2026:15:06:30 +0000] "POST /wp-load.php?1af73b=55864 HTTP/1.1" 200 992 "https://glamourflooringla.com/" "Mozilla/5.0 (Windows NT 10.0; Win64; x64) AppleWebKit/537.36 (KHTML, like Gecko) Chrome/138.0.0.0 Safari/537.36"
5.161.201.188 - - [18/Aug/2026:15:06:30 +0000] "POST /?65acd9=31024 HTTP/1.1" 200 1510 "https://glamourflooringla.com/" "Mozilla/5.0 (Windows NT 10.0; Win64; x64) AppleWebKit/537.36 (KHTML, like Gecko) Chrome/138.0.0.0 Safari/537.36"
5.161.52.234 - - [18/Aug/2026:15:06:31 +0000] "POST /wp-load.php?6e6fc2=5145 HTTP/1.1" 200 7353 "https://glamourflooringla.com/" "Mozilla/5.0 (Windows NT 10.0; Win64; x64) AppleWebKit/537.36 (KHTML, like Gecko) Chrome/138.0.0.0 Safari/537.36"
192.250.227.238 - - [18/Aug/2026:15:06:31 +0000] "POST /wp-cron.php?doing_wp_cron=1787065591.8020489215850830078125 HTTP/1.1" 200 0 "-" "WordPress/7.0.4; https://glamourflooringla.com"
144.76.19.157 - - [18/Aug/2026:15:06:31 +0000] "GET /product/medici-pro/?add_to_wishlist=15489&_wpnonce=ee2ab5adbb HTTP/1.1" 301 0 "-" "Mozilla/5.0 (compatible; SERankingBacklinksBot/1.0; +https://seranking.com/backlinks-crawler)"
5.161.106.94 - - [18/Aug/2026:15:06:31 +0000] "POST /wp-load.php?f2af47=49667 HTTP/1.1" 200 981 "https://glamourflooringla.com/" "Mozilla/5.0 (Windows NT 10.0; Win64; x64) AppleWebKit/537.36 (KHTML, like Gecko) Chrome/138.0.0.0 Safari/537.36"
5.161.69.178 - - [18/Aug/2026:15:06:32 +0000] "POST /wp-load.php?276f53=68915 HTTP/1.1" 200 60146 "https://glamourflooringla.com/" "Mozilla/5.0 (Windows NT 10.0; Win64; x64) AppleWebKit/537.36 (KHTML, like Gecko) Chrome/138.0.0.0 Safari/537.36"
83.99.206.158 - - [18/Aug/2026:15:06:32 +0000] "GET /product/gascony-pro/ HTTP/1.1" 200 38509 "-" "Mozilla/5.0 (X11; Linux x86_64) AppleWebKit/537.36 (KHTML, like Gecko; GeedoShopProductFinder) Chrome/142.0.0.0 Safari/537.36"
144.76.19.157 - - [18/Aug/2026:15:06:33 +0000] "GET /product/medici-pro/?add_to_wishlist=15489&_wpnonce=ee2ab5adbb HTTP/1.1" 200 44949 "-" "Mozilla/5.0 (compatible; SERankingBacklinksBot/1.0; +https://seranking.com/backlinks-crawler)"
5.161.44.164 - - [18/Aug/2026:15:06:34 +0000] "POST /wp-load.php?8a4009=45092 HTTP/1.1" 200 1053 "https://glamourflooringla.com/" "Mozilla/5.0 (Windows NT 10.0; Win64; x64) AppleWebKit/537.36 (KHTML, like Gecko) Chrome/138.0.0.0 Safari/537.36"
5.161.44.164 - - [18/Aug/2026:15:06:34 +0000] "POST /wp-load.php?10d5a6=41605 HTTP/1.1" 200 982 "https://glamourflooringla.com/" "Mozilla/5.0 (Windows NT 10.0; Win64; x64) AppleWebKit/537.36 (KHTML, like Gecko) Chrome/138.0.0.0 Safari/537.36"
5.161.69.178 - - [18/Aug/2026:15:06:35 +0000] "POST /wp-load.php?116056=31500 HTTP/1.1" 200 979 "https://glamourflooringla.com/" "Mozilla/5.0 (Windows NT 10.0; Win64; x64) AppleWebKit/537.36 (KHTML, like Gecko) Chrome/138.0.0.0 Safari/537.36"
5.161.201.188 - - [18/Aug/2026:15:06:37 +0000] "POST /wp-load.php?94ea35=59909 HTTP/1.1" 200 978 "https://glamourflooringla.com/" "Mozilla/5.0 (Windows NT 10.0; Win64; x64) AppleWebKit/537.36 (KHTML, like Gecko) Chrome/138.0.0.0 Safari/537.36"
144.76.19.157 - - [18/Aug/2026:15:06:38 +0000] "GET /product/medici-pro/?add_to_wishlist=15492&_wpnonce=ee2ab5adbb HTTP/1.1" 301 0 "-" "Mozilla/5.0 (compatible; SERankingBacklinksBot/1.0; +https://seranking.com/backlinks-crawler)"
144.76.19.157 - - [18/Aug/2026:15:06:40 +0000] "GET /product/medici-pro/?add_to_wishlist=15492&_wpnonce=ee2ab5adbb HTTP/1.1" 200 45004 "-" "Mozilla/5.0 (compatible; SERankingBacklinksBot/1.0; +https://seranking.com/backlinks-crawler)"
5.161.44.164 - - [18/Aug/2026:15:06:45 +0000] "POST /wp-load.php?3873be=49900 HTTP/1.1" 200 81572 "https://glamourflooringla.com/" "Mozilla/5.0 (Windows NT 10.0; Win64; x64) AppleWebKit/537.36 (KHTML, like Gecko) Chrome/138.0.0.0 Safari/537.36"
192.250.227.238 - - [18/Aug/2026:15:06:46 +0000] "POST /wp-cron.php?doing_wp_cron=1787065606.7856819629669189453125 HTTP/1.1" 200 0 "-" "WordPress/7.0.4; https://glamourflooringla.com"
144.76.19.157 - - [18/Aug/2026:15:06:46 +0000] "GET /product/medici-pro/?add_to_wishlist=15495&_wpnonce=ee2ab5adbb HTTP/1.1" 301 0 "-" "Mozilla/5.0 (compatible; SERankingBacklinksBot/1.0; +https://seranking.com/backlinks-crawler)"
5.161.52.234 - - [18/Aug/2026:15:06:47 +0000] "POST /wp-load.php?cce187=79629 HTTP/1.1" 200 2449 "https://glamourflooringla.com/" "Mozilla/5.0 (Windows NT 10.0; Win64; x64) AppleWebKit/537.36 (KHTML, like Gecko) Chrome/138.0.0.0 Safari/537.36"
5.161.201.188 - - [18/Aug/2026:15:06:47 +0000] "POST /wp-load.php?e56d55=31209 HTTP/1.1" 200 16762 "https://glamourflooringla.com/" "Mozilla/5.0 (Windows NT 10.0; Win64; x64) AppleWebKit/537.36 (KHTML, like Gecko) Chrome/138.0.0.0 Safari/537.36"
5.161.216.238 - - [18/Aug/2026:15:06:48 +0000] "POST /wp-load.php?c06ab8=9039 HTTP/1.1" 200 16123 "https://glamourflooringla.com/" "Mozilla/5.0 (Windows NT 10.0; Win64; x64) AppleWebKit/537.36 (KHTML, like Gecko) Chrome/138.0.0.0 Safari/537.36"
5.161.52.234 - - [18/Aug/2026:15:06:48 +0000] "POST /wp-load.php?a47a9f=51431 HTTP/1.1" 200 8654 "https://glamourflooringla.com/" "Mozilla/5.0 (Windows NT 10.0; Win64; x64) AppleWebKit/537.36 (KHTML, like Gecko) Chrome/138.0.0.0 Safari/537.36"
144.76.19.157 - - [18/Aug/2026:15:06:48 +0000] "GET /product/medici-pro/?add_to_wishlist=15495&_wpnonce=ee2ab5adbb HTTP/1.1" 200 44950 "-" "Mozilla/5.0 (compatible; SERankingBacklinksBot/1.0; +https://seranking.com/backlinks-crawler)"
188.245.87.173 - - [18/Aug/2026:15:06:48 +0000] "POST /wp-load.php?6a8116=17689 HTTP/1.1" 200 226962 "https://glamourflooringla.com/" "Mozilla/5.0 (Windows NT 10.0; Win64; x64) AppleWebKit/537.36 (KHTML, like Gecko) Chrome/138.0.0.0 Safari/537.36"
66.42.61.105 - - [18/Aug/2026:15:06:50 +0000] "POST /wp-load.php?7c9aa4=1790 HTTP/1.1" 200 8538 "https://glamourflooringla.com/" "Mozilla/5.0 (Windows NT 10.0; Win64; x64) AppleWebKit/537.36 (KHTML, like Gecko) Chrome/138.0.0.0 Safari/537.36"
5.161.106.94 - - [18/Aug/2026:15:06:51 +0000] "POST /wp-load.php?e540fa=82500 HTTP/1.1" 200 7337 "https://glamourflooringla.com/" "Mozilla/5.0 (Windows NT 10.0; Win64; x64) AppleWebKit/537.36 (KHTML, like Gecko) Chrome/138.0.0.0 Safari/537.36"
5.161.201.188 - - [18/Aug/2026:15:06:51 +0000] "POST /wp-load.php?e2eb06=1987 HTTP/1.1" 200 7301 "https://glamourflooringla.com/" "Mozilla/5.0 (Windows NT 10.0; Win64; x64) AppleWebKit/537.36 (KHTML, like Gecko) Chrome/138.0.0.0 Safari/537.36"
5.161.44.164 - - [18/Aug/2026:15:06:52 +0000] "POST /wp-load.php?5c6bff=80623 HTTP/1.1" 200 7566 "https://glamourflooringla.com/" "Mozilla/5.0 (Windows NT 10.0; Win64; x64) AppleWebKit/537.36 (KHTML, like Gecko) Chrome/138.0.0.0 Safari/537.36"
178.156.128.204 - - [18/Aug/2026:15:06:53 +0000] "POST /wp-load.php?78f5aa=61846 HTTP/1.1" 200 6467 "https://glamourflooringla.com/" "Mozilla/5.0 (Windows NT 10.0; Win64; x64) AppleWebKit/537.36 (KHTML, like Gecko) Chrome/138.0.0.0 Safari/537.36"
83.99.206.158 - - [18/Aug/2026:15:06:52 +0000] "GET /product/los-angeles-2/ HTTP/1.1" 200 38332 "-" "Mozilla/5.0 (X11; Linux x86_64) AppleWebKit/537.36 (KHTML, like Gecko; GeedoShopProductFinder) Chrome/142.0.0.0 Safari/537.36"
5.161.106.94 - - [18/Aug/2026:15:06:53 +0000] "POST /wp-load.php?b286a0=1544 HTTP/1.1" 200 7158 "https://glamourflooringla.com/" "Mozilla/5.0 (Windows NT 10.0; Win64; x64) AppleWebKit/537.36 (KHTML, like Gecko) Chrome/138.0.0.0 Safari/537.36"
5.161.106.94 - - [18/Aug/2026:15:06:54 +0000] "POST /wp-load.php?d8abf0=86139 HTTP/1.1" 200 3763 "https://glamourflooringla.com/" "Mozilla/5.0 (Windows NT 10.0; Win64; x64) AppleWebKit/537.36 (KHTML, like Gecko) Chrome/138.0.0.0 Safari/537.36"
144.76.19.157 - - [18/Aug/2026:15:06:54 +0000] "GET /product/medici-pro/?add_to_wishlist=15507&_wpnonce=44202cc6af HTTP/1.1" 301 0 "-" "Mozilla/5.0 (compatible; SERankingBacklinksBot/1.0; +https://seranking.com/backlinks-crawler)"
5.161.106.94 - - [18/Aug/2026:15:06:54 +0000] "POST /wp-load.php?f55cd3=47300 HTTP/1.1" 200 3815 "https://glamourflooringla.com/" "Mozilla/5.0 (Windows NT 10.0; Win64; x64) AppleWebKit/537.36 (KHTML, like Gecko) Chrome/138.0.0.0 Safari/537.36"
49.13.10.198 - - [18/Aug/2026:15:06:55 +0000] "POST /wp-load.php?7f8270=55877 HTTP/1.1" 200 14615 "https://glamourflooringla.com/" "Mozilla/5.0 (Windows NT 10.0; Win64; x64) AppleWebKit/537.36 (KHTML, like Gecko) Chrome/138.0.0.0 Safari/537.36"
49.13.10.198 - - [18/Aug/2026:15:06:56 +0000] "POST /wp-load.php?176cae=80175 HTTP/1.1" 200 4063 "https://glamourflooringla.com/" "Mozilla/5.0 (Windows NT 10.0; Win64; x64) AppleWebKit/537.36 (KHTML, like Gecko) Chrome/138.0.0.0 Safari/537.36"
144.76.19.157 - - [18/Aug/2026:15:06:55 +0000] "GET /product/medici-pro/?add_to_wishlist=15507&_wpnonce=44202cc6af HTTP/1.1" 200 45039 "-" "Mozilla/5.0 (compatible; SERankingBacklinksBot/1.0; +https://seranking.com/backlinks-crawler)"
188.245.58.208 - - [18/Aug/2026:15:06:56 +0000] "POST /wp-load.php?ee6857=76782 HTTP/1.1" 200 1182549 "https://glamourflooringla.com/" "Mozilla/5.0 (Windows NT 10.0; Win64; x64) AppleWebKit/537.36 (KHTML, like Gecko) Chrome/138.0.0.0 Safari/537.36"
49.13.10.198 - - [18/Aug/2026:15:06:55 +0000] "POST /wp-load.php?50fb68=63116 HTTP/1.1" 200 24073 "https://glamourflooringla.com/" "Mozilla/5.0 (Windows NT 10.0; Win64; x64) AppleWebKit/537.36 (KHTML, like Gecko) Chrome/138.0.0.0 Safari/537.36"
188.245.87.173 - - [18/Aug/2026:15:06:57 +0000] "POST /wp-load.php?62ab52=62025 HTTP/1.1" 200 5512623 "https://glamourflooringla.com/" "Mozilla/5.0 (Windows NT 10.0; Win64; x64) AppleWebKit/537.36 (KHTML, like Gecko) Chrome/138.0.0.0 Safari/537.36"
49.12.66.195 - - [18/Aug/2026:15:06:58 +0000] "POST /wp-load.php?8867cf=19715 HTTP/1.1" 200 3674007 "https://glamourflooringla.com/" "Mozilla/5.0 (Windows NT 10.0; Win64; x64) AppleWebKit/537.36 (KHTML, like Gecko) Chrome/138.0.0.0 Safari/537.36"
144.76.19.157 - - [18/Aug/2026:15:07:01 +0000] "GET /product/medici-pro/?add_to_wishlist=15507&_wpnonce=ee2ab5adbb HTTP/1.1" 301 0 "-" "Mozilla/5.0 (compatible; SERankingBacklinksBot/1.0; +https://seranking.com/backlinks-crawler)"
144.76.19.157 - - [18/Aug/2026:15:07:03 +0000] "GET /product/medici-pro/?add_to_wishlist=15507&_wpnonce=ee2ab5adbb HTTP/1.1" 200 44985 "-" "Mozilla/5.0 (compatible; SERankingBacklinksBot/1.0; +https://seranking.com/backlinks-crawler)"
91.107.202.135 - - [18/Aug/2026:15:06:51 +0000] "POST /wp-load.php?32243a=48301 HTTP/1.1" 200 1821857 "https://glamourflooringla.com/" "Mozilla/5.0 (Windows NT 10.0; Win64; x64) AppleWebKit/537.36 (KHTML, like Gecko) Chrome/138.0.0.0 Safari/537.36"
49.12.66.195 - - [18/Aug/2026:15:07:08 +0000] "POST /wp-load.php?64479f=78394 HTTP/1.1" 200 1624 "https://glamourflooringla.com/" "Mozilla/5.0 (Windows NT 10.0; Win64; x64) AppleWebKit/537.36 (KHTML, like Gecko) Chrome/138.0.0.0 Safari/537.36"
144.76.19.157 - - [18/Aug/2026:15:07:09 +0000] "GET /product/medici-pro/?add_to_wishlist=15510&_wpnonce=44202cc6af HTTP/1.1" 301 0 "-" "Mozilla/5.0 (compatible; SERankingBacklinksBot/1.0; +https://seranking.com/backlinks-crawler)"
78.46.201.135 - - [18/Aug/2026:15:07:08 +0000] "POST /wp-load.php?206d63=93090 HTTP/1.1" 200 2086718 "https://glamourflooringla.com/" "Mozilla/5.0 (Windows NT 10.0; Win64; x64) AppleWebKit/537.36 (KHTML, like Gecko) Chrome/138.0.0.0 Safari/537.36"
178.156.128.204 - - [18/Aug/2026:15:07:10 +0000] "POST /wp-load.php?95bc8b=7587 HTTP/1.1" 200 1796 "https://glamourflooringla.com/" "Mozilla/5.0 (Windows NT 10.0; Win64; x64) AppleWebKit/537.36 (KHTML, like Gecko) Chrome/138.0.0.0 Safari/537.36"
49.12.66.195 - - [18/Aug/2026:15:07:11 +0000] "POST /wp-load.php?f11b4b=62148 HTTP/1.1" 200 3817 "https://glamourflooringla.com/" "Mozilla/5.0 (Windows NT 10.0; Win64; x64) AppleWebKit/537.36 (KHTML, like Gecko) Chrome/138.0.0.0 Safari/537.36"
144.76.19.157 - - [18/Aug/2026:15:07:11 +0000] "GET /product/medici-pro/?add_to_wishlist=15510&_wpnonce=44202cc6af HTTP/1.1" 200 44950 "-" "Mozilla/5.0 (compatible; SERankingBacklinksBot/1.0; +https://seranking.com/backlinks-crawler)"
83.99.206.55 - - [18/Aug/2026:15:07:15 +0000] "GET /hardwood-flooring-in-los-angeles-glamour-flooring/ HTTP/1.1" 200 34061 "-" "Mozilla/5.0 (X11; Linux x86_64) AppleWebKit/537.36 (KHTML, like Gecko; GeedoShopProductFinder) Chrome/142.0.0.0 Safari/537.36"
144.76.19.157 - - [18/Aug/2026:15:07:16 +0000] "GET /product/medici-pro/?add_to_wishlist=15510&_wpnonce=ee2ab5adbb HTTP/1.1" 301 0 "-" "Mozilla/5.0 (compatible; SERankingBacklinksBot/1.0; +https://seranking.com/backlinks-crawler)"
144.76.19.157 - - [18/Aug/2026:15:07:18 +0000] "GET /product/medici-pro/?add_to_wishlist=15510&_wpnonce=ee2ab5adbb HTTP/1.1" 200 44964 "-" "Mozilla/5.0 (compatible; SERankingBacklinksBot/1.0; +https://seranking.com/backlinks-crawler)"
57.141.4.7 - - [18/Aug/2026:15:07:20 +0000] "GET /detail/1428114971573 HTTP/2" 429 0 "-" "Mozilla/5.0 (Windows NT 10.0; Win64; x64) AppleWebKit/537.36 (KHTML, like Gecko) Chrome/145.0.0.0 Safari/537.36 (compatible; meta-externalagent/1.1 (+https://developers.facebook.com/docs/sharing/webmasters/crawler))"
116.202.106.0 - - [18/Aug/2026:15:07:20 +0000] "POST /wp-load.php?3371e8=96538 HTTP/1.1" 200 290755 "https://glamourflooringla.com/" "Mozilla/5.0 (Windows NT 10.0; Win64; x64) AppleWebKit/537.36 (KHTML, like Gecko) Chrome/138.0.0.0 Safari/537.36"
5.161.69.178 - - [18/Aug/2026:15:07:22 +0000] "POST /wp-load.php?b327d2=50573 HTTP/1.1" 200 1005 "https://glamourflooringla.com/" "Mozilla/5.0 (Windows NT 10.0; Win64; x64) AppleWebKit/537.36 (KHTML, like Gecko) Chrome/138.0.0.0 Safari/537.36"
178.156.128.204 - - [18/Aug/2026:15:07:22 +0000] "GET /?x=1787065641871 HTTP/2" 200 46804 "https://www.google.com/" "Mozilla/5.0 (Windows NT 10.0; Win64; x64) AppleWebKit/537.36 (KHTML, like Gecko) Chrome/138.0.0.0 Safari/537.36"
178.156.128.204 - - [18/Aug/2026:15:07:23 +0000] "GET /wp-content/plugins/wp-live-chat-software-for-wordpress/includes/css/text-icons.css?ver=5.0.12 HTTP/2" 200 293 "https://glamourflooringla.com/?x=1787065641871" "Mozilla/5.0 (Windows NT 10.0; Win64; x64) AppleWebKit/537.36 (KHTML, like Gecko) Chrome/138.0.0.0 Safari/537.36"
178.156.128.204 - - [18/Aug/2026:15:07:23 +0000] "GET /wp-content/themes/flatsome/inc/integrations/wc-yith-wishlist/wishlist.css?ver=3.20.5 HTTP/2" 200 1160 "https://glamourflooringla.com/?x=1787065641871" "Mozilla/5.0 (Windows NT 10.0; Win64; x64) AppleWebKit/537.36 (KHTML, like Gecko) Chrome/138.0.0.0 Safari/537.36"
178.156.128.204 - - [18/Aug/2026:15:07:23 +0000] "GET /wp-includes/css/admin-bar.min.css?ver=7.0.4 HTTP/2" 200 3698 "https://glamourflooringla.com/?x=1787065641871" "Mozilla/5.0 (Windows NT 10.0; Win64; x64) AppleWebKit/537.36 (KHTML, like Gecko) Chrome/138.0.0.0 Safari/537.36"
178.156.128.204 - - [18/Aug/2026:15:07:23 +0000] "GET /wp-content/plugins/wp-stats-manager/css/style.css?ver=1.2 HTTP/2" 200 1751 "https://glamourflooringla.com/?x=1787065641871" "Mozilla/5.0 (Windows NT 10.0; Win64; x64) AppleWebKit/537.36 (KHTML, like Gecko) Chrome/138.0.0.0 Safari/537.36"
178.156.128.204 - - [18/Aug/2026:15:07:23 +0000] "GET /wp-content/plugins/contact-form-7/includes/css/styles.css?ver=6.1.7 HTTP/2" 200 902 "https://glamourflooringla.com/?x=1787065641871" "Mozilla/5.0 (Windows NT 10.0; Win64; x64) AppleWebKit/537.36 (KHTML, like Gecko) Chrome/138.0.0.0 Safari/537.36"
178.156.128.204 - - [18/Aug/2026:15:07:23 +0000] "GET /wp-content/plugins/wp-live-chat-software-for-wordpress/includes/css/widgets.css?ver=5.0.12 HTTP/2" 200 141 "https://glamourflooringla.com/?x=1787065641871" "Mozilla/5.0 (Windows NT 10.0; Win64; x64) AppleWebKit/537.36 (KHTML, like Gecko) Chrome/138.0.0.0 Safari/537.36"
178.156.128.204 - - [18/Aug/2026:15:07:23 +0000] "GET /wp-content/plugins/elementor/assets/css/widget-heading.min.css?ver=4.2.2 HTTP/2" 200 126 "https://glamourflooringla.com/?x=1787065641871" "Mozilla/5.0 (Windows NT 10.0; Win64; x64) AppleWebKit/537.36 (KHTML, like Gecko) Chrome/138.0.0.0 Safari/537.36"
178.156.128.204 - - [18/Aug/2026:15:07:23 +0000] "GET /wp-content/plugins/elementor/assets/css/widget-image.min.css?ver=4.2.2 HTTP/2" 200 96 "https://glamourflooringla.com/?x=1787065641871" "Mozilla/5.0 (Windows NT 10.0; Win64; x64) AppleWebKit/537.36 (KHTML, like Gecko) Chrome/138.0.0.0 Safari/537.36"
178.156.128.204 - - [18/Aug/2026:15:07:23 +0000] "GET /wp-content/uploads/elementor/css/post-17606.css?ver=1786988062 HTTP/2" 200 458 "https://glamourflooringla.com/?x=1787065641871" "Mozilla/5.0 (Windows NT 10.0; Win64; x64) AppleWebKit/537.36 (KHTML, like Gecko) Chrome/138.0.0.0 Safari/537.36"
178.156.128.204 - - [18/Aug/2026:15:07:23 +0000] "GET /wp-content/plugins/elementor-pro/assets/css/widget-form.min.css?ver=4.2.1 HTTP/2" 200 1405 "https://glamourflooringla.com/?x=1787065641871" "Mozilla/5.0 (Windows NT 10.0; Win64; x64) AppleWebKit/537.36 (KHTML, like Gecko) Chrome/138.0.0.0 Safari/537.36"
178.156.128.204 - - [18/Aug/2026:15:07:23 +0000] "GET /wp-content/plugins/elementor/assets/lib/animations/styles/e-animation-shrink.min.css?ver=4.2.2 HTTP/2" 200 95 "https://glamourflooringla.com/?x=1787065641871" "Mozilla/5.0 (Windows NT 10.0; Win64; x64) AppleWebKit/537.36 (KHTML, like Gecko) Chrome/138.0.0.0 Safari/537.36"
178.156.128.204 - - [18/Aug/2026:15:07:23 +0000] "GET /wp-content/plugins/elementor/assets/css/widget-icon-box.min.css?ver=4.2.2 HTTP/2" 200 356 "https://glamourflooringla.com/?x=1787065641871" "Mozilla/5.0 (Windows NT 10.0; Win64; x64) AppleWebKit/537.36 (KHTML, like Gecko) Chrome/138.0.0.0 Safari/537.36"
178.156.128.204 - - [18/Aug/2026:15:07:23 +0000] "GET /wp-content/plugins/elementor/assets/css/conditionals/e-swiper.min.css?ver=4.2.2 HTTP/2" 200 699 "https://glamourflooringla.com/?x=1787065641871" "Mozilla/5.0 (Windows NT 10.0; Win64; x64) AppleWebKit/537.36 (KHTML, like Gecko) Chrome/138.0.0.0 Safari/537.36"
178.156.128.204 - - [18/Aug/2026:15:07:23 +0000] "GET /wp-includes/css/dashicons.min.css?ver=7.0.4 HTTP/2" 200 35101 "https://glamourflooringla.com/?x=1787065641871" "Mozilla/5.0 (Windows NT 10.0; Win64; x64) AppleWebKit/537.36 (KHTML, like Gecko) Chrome/138.0.0.0 Safari/537.36"
178.156.128.204 - - [18/Aug/2026:15:07:23 +0000] "GET /wp-content/plugins/elementor/assets/css/frontend.min.css?ver=4.2.2 HTTP/2" 200 6613 "https://glamourflooringla.com/?x=1787065641871" "Mozilla/5.0 (Windows NT 10.0; Win64; x64) AppleWebKit/537.36 (KHTML, like Gecko) Chrome/138.0.0.0 Safari/537.36"
178.156.128.204 - - [18/Aug/2026:15:07:23 +0000] "GET /wp-content/plugins/date-time-picker-for-contact-form-7/assets/css/jquery.datetimepicker.min.css?ver=1.0.0 HTTP/2" 200 4177 "https://glamourflooringla.com/?x=1787065641871" "Mozilla/5.0 (Windows NT 10.0; Win64; x64) AppleWebKit/537.36 (KHTML, like Gecko) Chrome/138.0.0.0 Safari/537.36"
178.156.128.204 - - [18/Aug/2026:15:07:23 +0000] "GET /wp-content/plugins/testimonial-slider-and-showcase/assets/css/wptestimonial.css?ver=2.4.2 HTTP/2" 200 8255 "https://glamourflooringla.com/?x=1787065641871" "Mozilla/5.0 (Windows NT 10.0; Win64; x64) AppleWebKit/537.36 (KHTML, like Gecko) Chrome/138.0.0.0 Safari/537.36"
178.156.128.204 - - [18/Aug/2026:15:07:23 +0000] "GET /wp-content/plugins/elementor/assets/lib/swiper/v8/css/swiper.min.css?ver=8.4.5 HTTP/2" 200 4248 "https://glamourflooringla.com/?x=1787065641871" "Mozilla/5.0 (Windows NT 10.0; Win64; x64) AppleWebKit/537.36 (KHTML, like Gecko) Chrome/138.0.0.0 Safari/537.36"
178.156.128.204 - - [18/Aug/2026:15:07:23 +0000] "GET /wp-content/plugins/elementor/assets/lib/animations/styles/slideInUp.min.css?ver=4.2.2 HTTP/2" 200 146 "https://glamourflooringla.com/?x=1787065641871" "Mozilla/5.0 (Windows NT 10.0; Win64; x64) AppleWebKit/537.36 (KHTML, like Gecko) Chrome/138.0.0.0 Safari/537.36"
178.156.128.204 - - [18/Aug/2026:15:07:23 +0000] "GET /wp-content/plugins/elementor/assets/css/widget-image-carousel.min.css?ver=4.2.2 HTTP/2" 200 140 "https://glamourflooringla.com/?x=1787065641871" "Mozilla/5.0 (Windows NT 10.0; Win64; x64) AppleWebKit/537.36 (KHTML, like Gecko) Chrome/138.0.0.0 Safari/537.36"
178.156.128.204 - - [18/Aug/2026:15:07:23 +0000] "GET /wp-content/plugins/elementor/assets/css/widget-icon-list.min.css?ver=4.2.2 HTTP/2" 200 928 "https://glamourflooringla.com/?x=1787065641871" "Mozilla/5.0 (Windows NT 10.0; Win64; x64) AppleWebKit/537.36 (KHTML, like Gecko) Chrome/138.0.0.0 Safari/537.36"
178.156.128.204 - - [18/Aug/2026:15:07:23 +0000] "GET /wp-content/plugins/elementor/assets/css/widget-video.min.css?ver=4.2.2 HTTP/2" 200 328 "https://glamourflooringla.com/?x=1787065641871" "Mozilla/5.0 (Windows NT 10.0; Win64; x64) AppleWebKit/537.36 (KHTML, like Gecko) Chrome/138.0.0.0 Safari/537.36"
178.156.128.204 - - [18/Aug/2026:15:07:23 +0000] "GET /wp-content/plugins/elementskit-lite/widgets/init/assets/css/nav-menu.css?ver=4.0.1 HTTP/2" 200 2974 "https://glamourflooringla.com/?x=1787065641871" "Mozilla/5.0 (Windows NT 10.0; Win64; x64) AppleWebKit/537.36 (KHTML, like Gecko) Chrome/138.0.0.0 Safari/537.36"
178.156.128.204 - - [18/Aug/2026:15:07:23 +0000] "GET /wp-content/uploads/elementor/css/post-17829.css?ver=1787034666 HTTP/2" 200 5899 "https://glamourflooringla.com/?x=1787065641871" "Mozilla/5.0 (Windows NT 10.0; Win64; x64) AppleWebKit/537.36 (KHTML, like Gecko) Chrome/138.0.0.0 Safari/537.36"
178.156.128.204 - - [18/Aug/2026:15:07:23 +0000] "GET /wp-content/plugins/variation-swatches-for-woocommerce/assets/css/frontend.css?ver=2.2.7 HTTP/2" 200 6201 "https://glamourflooringla.com/?x=1787065641871" "Mozilla/5.0 (Windows NT 10.0; Win64; x64) AppleWebKit/537.36 (KHTML, like Gecko) Chrome/138.0.0.0 Safari/537.36"
178.156.128.204 - - [18/Aug/2026:15:07:23 +0000] "GET /wp-content/plugins/elementskit-lite/widgets/init/assets/css/common.css?ver=4.0.1 HTTP/2" 200 17916 "https://glamourflooringla.com/?x=1787065641871" "Mozilla/5.0 (Windows NT 10.0; Win64; x64) AppleWebKit/537.36 (KHTML, like Gecko) Chrome/138.0.0.0 Safari/537.36"
178.156.128.204 - - [18/Aug/2026:15:07:23 +0000] "GET /wp-content/plugins/wp-live-chat-software-for-wordpress/includes/js/textConnect.js?ver=5.0.12 HTTP/2" 200 319 "https://glamourflooringla.com/?x=1787065641871" "Mozilla/5.0 (Windows NT 10.0; Win64; x64) AppleWebKit/537.36 (KHTML, like Gecko) Chrome/138.0.0.0 Safari/537.36"
178.156.128.204 - - [18/Aug/2026:15:07:23 +0000] "GET /wp-content/plugins/woocommerce/assets/js/js-cookie/js.cookie.min.js?ver=2.1.4-wc.11.0.1 HTTP/2" 200 760 "https://glamourflooringla.com/?x=1787065641871" "Mozilla/5.0 (Windows NT 10.0; Win64; x64) AppleWebKit/537.36 (KHTML, like Gecko) Chrome/138.0.0.0 Safari/537.36"
178.156.128.204 - - [18/Aug/2026:15:07:23 +0000] "GET /wp-includes/js/jquery/jquery-migrate.min.js?ver=3.4.1 HTTP/2" 200 4678 "https://glamourflooringla.com/?x=1787065641871" "Mozilla/5.0 (Windows NT 10.0; Win64; x64) AppleWebKit/537.36 (KHTML, like Gecko) Chrome/138.0.0.0 Safari/537.36"
178.156.128.204 - - [18/Aug/2026:15:07:23 +0000] "GET /wp-content/plugins/elementskit-lite/widgets/init/assets/css/header-info.css?ver=4.0.1 HTTP/2" 200 163 "https://glamourflooringla.com/?x=1787065641871" "Mozilla/5.0 (Windows NT 10.0; Win64; x64) AppleWebKit/537.36 (KHTML, like Gecko) Chrome/138.0.0.0 Safari/537.36"
178.156.128.204 - - [18/Aug/2026:15:07:23 +0000] "GET /wp-content/plugins/elementskit-lite/widgets/init/assets/css/header-search.css?ver=4.0.1 HTTP/2" 200 663 "https://glamourflooringla.com/?x=1787065641871" "Mozilla/5.0 (Windows NT 10.0; Win64; x64) AppleWebKit/537.36 (KHTML, like Gecko) Chrome/138.0.0.0 Safari/537.36"
178.156.128.204 - - [18/Aug/2026:15:07:23 +0000] "GET /wp-content/plugins/elementskit-lite/widgets/init/assets/css/header-offcanvas.css?ver=4.0.1 HTTP/2" 200 634 "https://glamourflooringla.com/?x=1787065641871" "Mozilla/5.0 (Windows NT 10.0; Win64; x64) AppleWebKit/537.36 (KHTML, like Gecko) Chrome/138.0.0.0 Safari/537.36"
178.156.128.204 - - [18/Aug/2026:15:07:23 +0000] "GET /wp-content/plugins/woocommerce/assets/js/jquery-blockui/jquery.blockUI.min.js?ver=2.7.0-wc.11.0.1 HTTP/2" 200 3277 "https://glamourflooringla.com/?x=1787065641871" "Mozilla/5.0 (Windows NT 10.0; Win64; x64) AppleWebKit/537.36 (KHTML, like Gecko) Chrome/138.0.0.0 Safari/537.36"
178.156.128.204 - - [18/Aug/2026:15:07:23 +0000] "GET /wp-content/themes/flatsome/assets/css/flatsome-shop.css?ver=3.20.5 HTTP/2" 200 6758 "https://glamourflooringla.com/?x=1787065641871" "Mozilla/5.0 (Windows NT 10.0; Win64; x64) AppleWebKit/537.36 (KHTML, like Gecko) Chrome/138.0.0.0 Safari/537.36"
178.156.128.204 - - [18/Aug/2026:15:07:23 +0000] "GET /wp-content/themes/flatsome/assets/css/flatsome.css?ver=3.20.5 HTTP/2" 200 28866 "https://glamourflooringla.com/?x=1787065641871" "Mozilla/5.0 (Windows NT 10.0; Win64; x64) AppleWebKit/537.36 (KHTML, like Gecko) Chrome/138.0.0.0 Safari/537.36"
178.156.128.204 - - [18/Aug/2026:15:07:23 +0000] "GET /wp-content/uploads/2025/08/Untitled-11-1.jpg HTTP/2" 200 39581 "https://glamourflooringla.com/?x=1787065641871" "Mozilla/5.0 (Windows NT 10.0; Win64; x64) AppleWebKit/537.36 (KHTML, like Gecko) Chrome/138.0.0.0 Safari/537.36"
178.156.128.204 - - [18/Aug/2026:15:07:23 +0000] "GET /wp-includes/js/jquery/jquery.min.js?ver=3.7.1 HTTP/2" 200 29744 "https://glamourflooringla.com/?x=1787065641871" "Mozilla/5.0 (Windows NT 10.0; Win64; x64) AppleWebKit/537.36 (KHTML, like Gecko) Chrome/138.0.0.0 Safari/537.36"
178.156.128.204 - - [18/Aug/2026:15:07:23 +0000] "GET /wp-content/uploads/2021/12/Still61-600x400.jpg HTTP/2" 200 34558 "https://glamourflooringla.com/?x=1787065641871" "Mozilla/5.0 (Windows NT 10.0; Win64; x64) AppleWebKit/537.36 (KHTML, like Gecko) Chrome/138.0.0.0 Safari/537.36"
178.156.128.204 - - [18/Aug/2026:15:07:23 +0000] "GET /wp-content/uploads/2019/04/gf-logo-12.png HTTP/2" 200 3369 "https://glamourflooringla.com/?x=1787065641871" "Mozilla/5.0 (Windows NT 10.0; Win64; x64) AppleWebKit/537.36 (KHTML, like Gecko) Chrome/138.0.0.0 Safari/537.36"
178.156.128.204 - - [18/Aug/2026:15:07:24 +0000] "GET /wp-content/plugins/woocommerce/assets/client/blocks/wc-blocks.css?ver=wc-11.0.1 HTTP/2" 200 2393 "https://glamourflooringla.com/?x=1787065641871" "Mozilla/5.0 (Windows NT 10.0; Win64; x64) AppleWebKit/537.36 (KHTML, like Gecko) Chrome/138.0.0.0 Safari/537.36"
178.156.128.204 - - [18/Aug/2026:15:07:24 +0000] "GET /wp-includes/js/dist/i18n.min.js?ver=781d11515ad3d91786ec HTTP/2" 200 2354 "https://glamourflooringla.com/?x=1787065641871" "Mozilla/5.0 (Windows NT 10.0; Win64; x64) AppleWebKit/537.36 (KHTML, like Gecko) Chrome/138.0.0.0 Safari/537.36"
178.156.128.204 - - [18/Aug/2026:15:07:24 +0000] "GET /wp-includes/js/dist/hooks.min.js?ver=7496969728ca0f95732d HTTP/2" 200 1734 "https://glamourflooringla.com/?x=1787065641871" "Mozilla/5.0 (Windows NT 10.0; Win64; x64) AppleWebKit/537.36 (KHTML, like Gecko) Chrome/138.0.0.0 Safari/537.36"
178.156.128.204 - - [18/Aug/2026:15:07:24 +0000] "GET /wp-content/uploads/so-css/so-css-flatsome.css?ver=1784265116 HTTP/2" 200 1511 "https://glamourflooringla.com/?x=1787065641871" "Mozilla/5.0 (Windows NT 10.0; Win64; x64) AppleWebKit/537.36 (KHTML, like Gecko) Chrome/138.0.0.0 Safari/537.36"
178.156.128.204 - - [18/Aug/2026:15:07:24 +0000] "GET /wp-content/plugins/contact-form-7/includes/swv/js/index.js?ver=6.1.7 HTTP/2" 200 3369 "https://glamourflooringla.com/?x=1787065641871" "Mozilla/5.0 (Windows NT 10.0; Win64; x64) AppleWebKit/537.36 (KHTML, like Gecko) Chrome/138.0.0.0 Safari/537.36"
178.156.128.204 - - [18/Aug/2026:15:07:24 +0000] "GET /wp-content/plugins/elementskit-lite/modules/elementskit-icon-pack/assets/css/ekiticons.css?ver=4.0.1 HTTP/2" 200 9831 "https://glamourflooringla.com/?x=1787065641871" "Mozilla/5.0 (Windows NT 10.0; Win64; x64) AppleWebKit/537.36 (KHTML, like Gecko) Chrome/138.0.0.0 Safari/537.36"
178.156.128.204 - - [18/Aug/2026:15:07:24 +0000] "GET /wp-content/plugins/contact-form-7/includes/js/index.js?ver=6.1.7 HTTP/2" 200 4008 "https://glamourflooringla.com/?x=1787065641871" "Mozilla/5.0 (Windows NT 10.0; Win64; x64) AppleWebKit/537.36 (KHTML, like Gecko) Chrome/138.0.0.0 Safari/537.36"
178.156.128.204 - - [18/Aug/2026:15:07:24 +0000] "GET /wp-content/plugins/date-time-picker-for-contact-form-7/assets/js/jquery.datetimepicker.full.min.js?ver=7.0.4 HTTP/2" 200 18741 "https://glamourflooringla.com/?x=1787065641871" "Mozilla/5.0 (Windows NT 10.0; Win64; x64) AppleWebKit/537.36 (KHTML, like Gecko) Chrome/138.0.0.0 Safari/537.36"
178.156.128.204 - - [18/Aug/2026:15:07:24 +0000] "GET /wp-content/uploads/2025/08/prydumano-design-VZ2z8ozzy10-unsplash-1.jpg HTTP/2" 200 126738 "https://glamourflooringla.com/wp-content/uploads/elementor/css/post-17829.css?ver=1787034666" "Mozilla/5.0 (Windows NT 10.0; Win64; x64) AppleWebKit/537.36 (KHTML, like Gecko) Chrome/138.0.0.0 Safari/537.36"
178.156.128.204 - - [18/Aug/2026:15:07:24 +0000] "GET /wp-content/fonts/lato/S6uyw4BMUTPHjx4wXg.woff2 HTTP/2" 200 23580 "https://glamourflooringla.com/?x=1787065641871" "Mozilla/5.0 (Windows NT 10.0; Win64; x64) AppleWebKit/537.36 (KHTML, like Gecko) Chrome/138.0.0.0 Safari/537.36"
178.156.128.204 - - [18/Aug/2026:15:07:24 +0000] "GET /wp-content/fonts/lato/S6u9w4BMUTPHh6UVSwiPGQ.woff2 HTTP/2" 200 23040 "https://glamourflooringla.com/?x=1787065641871" "Mozilla/5.0 (Windows NT 10.0; Win64; x64) AppleWebKit/537.36 (KHTML, like Gecko) Chrome/138.0.0.0 Safari/537.36"
178.156.128.204 - - [18/Aug/2026:15:07:24 +0000] "GET /wp-content/themes/flatsome/assets/css/icons/fl-icons.woff2?v=3.20.5 HTTP/2" 200 7560 "https://glamourflooringla.com/?x=1787065641871" "Mozilla/5.0 (Windows NT 10.0; Win64; x64) AppleWebKit/537.36 (KHTML, like Gecko) Chrome/138.0.0.0 Safari/537.36"
178.156.128.204 - - [18/Aug/2026:15:07:24 +0000] "GET /wp-content/plugins/date-time-picker-for-contact-form-7/assets/js/datetimepicker.js?ver=1.0.0 HTTP/2" 200 556 "https://glamourflooringla.com/?x=1787065641871" "Mozilla/5.0 (Windows NT 10.0; Win64; x64) AppleWebKit/537.36 (KHTML, like Gecko) Chrome/138.0.0.0 Safari/537.36"
178.156.128.204 - - [18/Aug/2026:15:07:24 +0000] "GET /wp-content/plugins/woocommerce/assets/js/frontend/woocommerce.min.js?ver=11.0.1 HTTP/2" 200 1384 "https://glamourflooringla.com/?x=1787065641871" "Mozilla/5.0 (Windows NT 10.0; Win64; x64) AppleWebKit/537.36 (KHTML, like Gecko) Chrome/138.0.0.0 Safari/537.36"
178.156.128.204 - - [18/Aug/2026:15:07:24 +0000] "GET /wp-includes/js/hoverIntent.min.js?ver=1.10.2 HTTP/2" 200 668 "https://glamourflooringla.com/?x=1787065641871" "Mozilla/5.0 (Windows NT 10.0; Win64; x64) AppleWebKit/537.36 (KHTML, like Gecko) Chrome/138.0.0.0 Safari/537.36"
178.156.128.204 - - [18/Aug/2026:15:07:24 +0000] "GET /wp-content/themes/flatsome/assets/js/flatsome.js?ver=e2eddd6c228105dac048 HTTP/2" 200 18337 "https://glamourflooringla.com/?x=1787065641871" "Mozilla/5.0 (Windows NT 10.0; Win64; x64) AppleWebKit/537.36 (KHTML, like Gecko) Chrome/138.0.0.0 Safari/537.36"
178.156.128.204 - - [18/Aug/2026:15:07:24 +0000] "GET /wp-content/fonts/Porcelain/Porcelain.ttf HTTP/2" 301 0 "https://glamourflooringla.com/?x=1787065641871" "Mozilla/5.0 (Windows NT 10.0; Win64; x64) AppleWebKit/537.36 (KHTML, like Gecko) Chrome/138.0.0.0 Safari/537.36"
178.156.128.204 - - [18/Aug/2026:15:07:24 +0000] "GET /wp-content/themes/flatsome/inc/integrations/wc-yith-wishlist/wishlist.js?ver=3.20.5 HTTP/2" 200 638 "https://glamourflooringla.com/?x=1787065641871" "Mozilla/5.0 (Windows NT 10.0; Win64; x64) AppleWebKit/537.36 (KHTML, like Gecko) Chrome/138.0.0.0 Safari/537.36"
178.156.128.204 - - [18/Aug/2026:15:07:24 +0000] "GET /wp-content/themes/flatsome/assets/js/extensions/flatsome-live-search.js?ver=3.20.5 HTTP/2" 200 4422 "https://glamourflooringla.com/?x=1787065641871" "Mozilla/5.0 (Windows NT 10.0; Win64; x64) AppleWebKit/537.36 (KHTML, like Gecko) Chrome/138.0.0.0 Safari/537.36"
178.156.128.204 - - [18/Aug/2026:15:07:24 +0000] "GET /wp-content/plugins/elementor/assets/js/webpack.runtime.min.js?ver=4.2.2 HTTP/2" 200 2335 "https://glamourflooringla.com/?x=1787065641871" "Mozilla/5.0 (Windows NT 10.0; Win64; x64) AppleWebKit/537.36 (KHTML, like Gecko) Chrome/138.0.0.0 Safari/537.36"
178.156.128.204 - - [18/Aug/2026:15:07:24 +0000] "GET /wp-includes/js/jquery/ui/core.min.js?ver=1.13.3 HTTP/2" 200 6812 "https://glamourflooringla.com/?x=1787065641871" "Mozilla/5.0 (Windows NT 10.0; Win64; x64) AppleWebKit/537.36 (KHTML, like Gecko) Chrome/138.0.0.0 Safari/537.36"
178.156.128.204 - - [18/Aug/2026:15:07:24 +0000] "GET /wp-content/plugins/elementor/assets/js/frontend-modules.min.js?ver=4.2.2 HTTP/2" 200 15445 "https://glamourflooringla.com/?x=1787065641871" "Mozilla/5.0 (Windows NT 10.0; Win64; x64) AppleWebKit/537.36 (KHTML, like Gecko) Chrome/138.0.0.0 Safari/537.36"
144.76.19.157 - - [18/Aug/2026:15:07:24 +0000] "GET /product/medici-pro/?add_to_wishlist=15515&_wpnonce=ee2ab5adbb HTTP/1.1" 301 0 "-" "Mozilla/5.0 (compatible; SERankingBacklinksBot/1.0; +https://seranking.com/backlinks-crawler)"
178.156.128.204 - - [18/Aug/2026:15:07:24 +0000] "GET / HTTP/2" 200 46842 "https://glamourflooringla.com/?x=1787065641871" "Mozilla/5.0 (Windows NT 10.0; Win64; x64) AppleWebKit/537.36 (KHTML, like Gecko) Chrome/138.0.0.0 Safari/537.36"
178.156.128.204 - - [18/Aug/2026:15:07:24 +0000] "GET /wp-content/plugins/elementor/assets/js/frontend.min.js?ver=4.2.2 HTTP/2" 200 10124 "https://glamourflooringla.com/?x=1787065641871" "Mozilla/5.0 (Windows NT 10.0; Win64; x64) AppleWebKit/537.36 (KHTML, like Gecko) Chrome/138.0.0.0 Safari/537.36"
178.156.128.204 - - [18/Aug/2026:15:07:24 +0000] "GET /wp-content/plugins/testimonial-slider-and-showcase/assets/vendor/swiper/swiper.min.js?ver=2.4.2 HTTP/2" 200 37996 "https://glamourflooringla.com/?x=1787065641871" "Mozilla/5.0 (Windows NT 10.0; Win64; x64) AppleWebKit/537.36 (KHTML, like Gecko) Chrome/138.0.0.0 Safari/537.36"
178.156.128.204 - - [18/Aug/2026:15:07:24 +0000] "GET /wp-content/plugins/woocommerce/assets/js/frontend/order-attribution.min.js?ver=11.0.1 HTTP/2" 200 1020 "https://glamourflooringla.com/?x=1787065641871" "Mozilla/5.0 (Windows NT 10.0; Win64; x64) AppleWebKit/537.36 (KHTML, like Gecko) Chrome/138.0.0.0 Safari/537.36"
178.156.128.204 - - [18/Aug/2026:15:07:24 +0000] "GET /wp-content/uploads/2026/02/yelp-1.png HTTP/2" 200 2727 "https://glamourflooringla.com/?x=1787065641871" "Mozilla/5.0 (Windows NT 10.0; Win64; x64) AppleWebKit/537.36 (KHTML, like Gecko) Chrome/138.0.0.0 Safari/537.36"
178.156.128.204 - - [18/Aug/2026:15:07:24 +0000] "GET /wp-content/uploads/2026/02/google.png HTTP/2" 200 2573 "https://glamourflooringla.com/?x=1787065641871" "Mozilla/5.0 (Windows NT 10.0; Win64; x64) AppleWebKit/537.36 (KHTML, like Gecko) Chrome/138.0.0.0 Safari/537.36"
178.156.128.204 - - [18/Aug/2026:15:07:24 +0000] "GET /wp-content/plugins/elementskit-lite/widgets/init/assets/js/widgets/core.js?ver=4.0.1 HTTP/2" 200 1157 "https://glamourflooringla.com/?x=1787065641871" "Mozilla/5.0 (Windows NT 10.0; Win64; x64) AppleWebKit/537.36 (KHTML, like Gecko) Chrome/138.0.0.0 Safari/537.36"
178.156.128.204 - - [18/Aug/2026:15:07:24 +0000] "GET /wp-content/plugins/elementskit-lite/widgets/init/assets/js/widgets/header-search.js?ver=4.0.1 HTTP/2" 200 298 "https://glamourflooringla.com/?x=1787065641871" "Mozilla/5.0 (Windows NT 10.0; Win64; x64) AppleWebKit/537.36 (KHTML, like Gecko) Chrome/138.0.0.0 Safari/537.36"
178.156.128.204 - - [18/Aug/2026:15:07:24 +0000] "GET /wp-content/plugins/elementskit-lite/widgets/init/assets/js/widgets/header-offcanvas.js?ver=4.0.1 HTTP/2" 200 236 "https://glamourflooringla.com/?x=1787065641871" "Mozilla/5.0 (Windows NT 10.0; Win64; x64) AppleWebKit/537.36 (KHTML, like Gecko) Chrome/138.0.0.0 Safari/537.36"
178.156.128.204 - - [18/Aug/2026:15:07:24 +0000] "GET /wp-content/plugins/elementor-pro/assets/js/webpack-pro.runtime.min.js?ver=4.2.1 HTTP/2" 200 2610 "https://glamourflooringla.com/?x=1787065641871" "Mozilla/5.0 (Windows NT 10.0; Win64; x64) AppleWebKit/537.36 (KHTML, like Gecko) Chrome/138.0.0.0 Safari/537.36"
178.156.128.204 - - [18/Aug/2026:15:07:24 +0000] "GET /wp-content/plugins/wpcf7-recaptcha/assets/js/wpcf7-recaptcha-controls.js?ver=1.2 HTTP/2" 200 590 "https://glamourflooringla.com/?x=1787065641871" "Mozilla/5.0 (Windows NT 10.0; Win64; x64) AppleWebKit/537.36 (KHTML, like Gecko) Chrome/138.0.0.0 Safari/537.36"
178.156.128.204 - - [18/Aug/2026:15:07:24 +0000] "GET /wp-content/plugins/elementskit-lite/widgets/init/assets/js/widgets/nav-menu.js?ver=4.0.1 HTTP/2" 200 848 "https://glamourflooringla.com/?x=1787065641871" "Mozilla/5.0 (Windows NT 10.0; Win64; x64) AppleWebKit/537.36 (KHTML, like Gecko) Chrome/138.0.0.0 Safari/537.36"
178.156.128.204 - - [18/Aug/2026:15:07:24 +0000] "GET /wp-content/plugins/elementskit-lite/widgets/init/assets/js/nav-menu.js?ver=4.0.1 HTTP/2" 200 607 "https://glamourflooringla.com/?x=1787065641871" "Mozilla/5.0 (Windows NT 10.0; Win64; x64) AppleWebKit/537.36 (KHTML, like Gecko) Chrome/138.0.0.0 Safari/537.36"
178.156.128.204 - - [18/Aug/2026:15:07:24 +0000] "GET /wp-content/plugins/variation-swatches-for-woocommerce/assets/js/frontend.js?ver=2.2.7 HTTP/2" 200 3417 "https://glamourflooringla.com/?x=1787065641871" "Mozilla/5.0 (Windows NT 10.0; Win64; x64) AppleWebKit/537.36 (KHTML, like Gecko) Chrome/138.0.0.0 Safari/537.36"
178.156.128.204 - - [18/Aug/2026:15:07:24 +0000] "GET /wp-content/uploads/2026/02/instagram-3.png HTTP/2" 200 3044 "https://glamourflooringla.com/?x=1787065641871" "Mozilla/5.0 (Windows NT 10.0; Win64; x64) AppleWebKit/537.36 (KHTML, like Gecko) Chrome/138.0.0.0 Safari/537.36"
