216.73.217.43 - - [18/Aug/2026:14:15:04 +0000] "GET /product-category/engineered-hardwood-floor/page/3/?add_to_wishlist=15676 HTTP/2" 429 0 "-" "Mozilla/5.0 AppleWebKit/537.36 (KHTML, like Gecko; compatible; ClaudeBot/1.0; +claudebot@anthropic.com)"
83.99.206.222 - - [18/Aug/2026:14:15:03 +0000] "GET /tag/gevaldo-hs/ HTTP/1.1" 200 30556 "-" "Mozilla/5.0 (X11; Linux x86_64) AppleWebKit/537.36 (KHTML, like Gecko; GeedoShopProductFinder) Chrome/142.0.0.0 Safari/537.36"
144.76.19.157 - - [18/Aug/2026:14:15:06 +0000] "GET /product/maple-gardens/?add_to_wishlist=18348&_wpnonce=32cc803d74 HTTP/1.1" 301 0 "-" "Mozilla/5.0 (compatible; SERankingBacklinksBot/1.0; +https://seranking.com/backlinks-crawler)"
51.161.37.148 - - [18/Aug/2026:14:15:07 +0000] "GET /blog/2/ HTTP/2" 200 34479 "-" "Mozilla/5.0 (compatible; AhrefsBot/7.0; +http://ahrefs.com/robot/)"
216.73.217.43 - - [18/Aug/2026:14:15:09 +0000] "GET /product-category/engineered-hardwood-floor/page/3/?add_to_wishlist=15710 HTTP/2" 429 0 "-" "Mozilla/5.0 AppleWebKit/537.36 (KHTML, like Gecko; compatible; ClaudeBot/1.0; +claudebot@anthropic.com)"
144.76.19.157 - - [18/Aug/2026:14:15:09 +0000] "GET /product/maple-gardens/?add_to_wishlist=18348&_wpnonce=32cc803d74 HTTP/1.1" 200 45082 "-" "Mozilla/5.0 (compatible; SERankingBacklinksBot/1.0; +https://seranking.com/backlinks-crawler)"
216.73.217.43 - - [18/Aug/2026:14:15:14 +0000] "GET /product-category/engineered-hardwood-floor/page/3/?add_to_wishlist=15672 HTTP/2" 429 0 "-" "Mozilla/5.0 AppleWebKit/537.36 (KHTML, like Gecko; compatible; ClaudeBot/1.0; +claudebot@anthropic.com)"
144.76.19.157 - - [18/Aug/2026:14:15:14 +0000] "GET /product/maple-gardens/?add_to_wishlist=18348&_wpnonce=bbb71dd7ae HTTP/1.1" 301 0 "-" "Mozilla/5.0 (compatible; SERankingBacklinksBot/1.0; +https://seranking.com/backlinks-crawler)"
149.57.191.17 - - [18/Aug/2026:14:12:24 +0000] "GET /wp-content/uploads/2019/03/logo-n.png HTTP/2" 200 5964 "https://glamourflooringla.com/" "Mozilla/5.0 (X11; Linux x86_64) AppleWebKit/537.36 (KHTML, like Gecko) Chrome/148.0.0.0 Safari/537.36"
144.76.19.157 - - [18/Aug/2026:14:12:25 +0000] "GET /product/manta-ray-gray-tecsun/?add_to_wishlist=16363&_wpnonce=32cc803d74 HTTP/1.1" 301 0 "-" "Mozilla/5.0 (compatible; SERankingBacklinksBot/1.0; +https://seranking.com/backlinks-crawler)"
144.76.19.157 - - [18/Aug/2026:14:15:16 +0000] "GET /product/maple-gardens/?add_to_wishlist=18348&_wpnonce=bbb71dd7ae HTTP/1.1" 200 45082 "-" "Mozilla/5.0 (compatible; SERankingBacklinksBot/1.0; +https://seranking.com/backlinks-crawler)"
216.73.217.43 - - [18/Aug/2026:14:15:19 +0000] "GET /product-category/engineered-hardwood-floor/page/3/?add_to_wishlist=15736 HTTP/2" 429 0 "-" "Mozilla/5.0 AppleWebKit/537.36 (KHTML, like Gecko; compatible; ClaudeBot/1.0; +claudebot@anthropic.com)"
57.141.4.59 - - [18/Aug/2026:14:15:19 +0000] "GET /detail/1958930145010 HTTP/2" 301 0 "-" "Mozilla/5.0 (Macintosh; Intel Mac OS X 10_15_7) AppleWebKit/537.36 (KHTML, like Gecko) Chrome/145.0.0.0 Safari/537.36 (compatible; meta-externalagent/1.1 (+https://developers.facebook.com/docs/sharing/webmasters/crawler))"
57.141.4.27 - - [18/Aug/2026:14:15:21 +0000] "GET / HTTP/2" 200 54062 "-" "Mozilla/5.0 (Macintosh; Intel Mac OS X 10_15_7) AppleWebKit/537.36 (KHTML, like Gecko) Chrome/145.0.0.0 Safari/537.36 (compatible; meta-externalagent/1.1 (+https://developers.facebook.com/docs/sharing/webmasters/crawler))"
144.76.19.157 - - [18/Aug/2026:14:15:21 +0000] "GET /product/maple-gardens/?add_to_wishlist=18370&_wpnonce=32cc803d74 HTTP/1.1" 301 0 "-" "Mozilla/5.0 (compatible; SERankingBacklinksBot/1.0; +https://seranking.com/backlinks-crawler)"
216.73.217.43 - - [18/Aug/2026:14:15:24 +0000] "GET /product-category/engineered-hardwood-floor/page/6/?add_to_wishlist=15544 HTTP/2" 429 0 "-" "Mozilla/5.0 AppleWebKit/537.36 (KHTML, like Gecko; compatible; ClaudeBot/1.0; +claudebot@anthropic.com)"
144.76.19.157 - - [18/Aug/2026:14:15:23 +0000] "GET /product/maple-gardens/?add_to_wishlist=18370&_wpnonce=32cc803d74 HTTP/1.1" 200 45146 "-" "Mozilla/5.0 (compatible; SERankingBacklinksBot/1.0; +https://seranking.com/backlinks-crawler)"
83.99.206.222 - - [18/Aug/2026:14:15:24 +0000] "GET /product/almont-haze/ HTTP/1.1" 200 38719 "-" "Mozilla/5.0 (X11; Linux x86_64) AppleWebKit/537.36 (KHTML, like Gecko; GeedoShopProductFinder) Chrome/142.0.0.0 Safari/537.36"
216.73.216.151 - - [18/Aug/2026:14:15:27 +0000] "GET /product/whitem-naf/ HTTP/2" 429 0 "-" "Mozilla/5.0 AppleWebKit/537.36 (KHTML, like Gecko; compatible; ClaudeBot/1.0; +claudebot@anthropic.com)"
144.76.19.157 - - [18/Aug/2026:14:15:29 +0000] "GET /product/maple-gardens/?add_to_wishlist=18370&_wpnonce=7fc678ce79 HTTP/1.1" 301 0 "-" "Mozilla/5.0 (compatible; SERankingBacklinksBot/1.0; +https://seranking.com/backlinks-crawler)"
192.250.227.238 - - [18/Aug/2026:14:15:32 +0000] "POST /wp-cron.php?doing_wp_cron=1787062531.9101641178131103515625 HTTP/1.1" 200 0 "-" "WordPress/7.0.4; https://glamourflooringla.com"
144.76.19.157 - - [18/Aug/2026:14:15:31 +0000] "GET /product/maple-gardens/?add_to_wishlist=18370&_wpnonce=7fc678ce79 HTTP/1.1" 200 45154 "-" "Mozilla/5.0 (compatible; SERankingBacklinksBot/1.0; +https://seranking.com/backlinks-crawler)"
216.73.216.151 - - [18/Aug/2026:14:15:31 +0000] "GET /product/arroyo-naf/ HTTP/2" 200 38356 "-" "Mozilla/5.0 AppleWebKit/537.36 (KHTML, like Gecko; compatible; ClaudeBot/1.0; +claudebot@anthropic.com)"
216.73.216.151 - - [18/Aug/2026:14:15:36 +0000] "GET /product/pescara-opus/ HTTP/2" 429 0 "-" "Mozilla/5.0 AppleWebKit/537.36 (KHTML, like Gecko; compatible; ClaudeBot/1.0; +claudebot@anthropic.com)"
144.76.19.157 - - [18/Aug/2026:14:15:36 +0000] "GET /product/maple-gardens/?add_to_wishlist=18370&_wpnonce=bbb71dd7ae HTTP/1.1" 301 0 "-" "Mozilla/5.0 (compatible; SERankingBacklinksBot/1.0; +https://seranking.com/backlinks-crawler)"
144.76.19.157 - - [18/Aug/2026:14:15:38 +0000] "GET /product/maple-gardens/?add_to_wishlist=18370&_wpnonce=bbb71dd7ae HTTP/1.1" 200 45140 "-" "Mozilla/5.0 (compatible; SERankingBacklinksBot/1.0; +https://seranking.com/backlinks-crawler)"
57.141.4.68 - - [18/Aug/2026:14:15:41 +0000] "GET /detail/2274398135 HTTP/2" 429 0 "-" "Mozilla/5.0 (Windows NT 10.0; Win64; x64) AppleWebKit/537.36 (KHTML, like Gecko) Chrome/145.0.0.0 Safari/537.36 (compatible; meta-externalagent/1.1 (+https://developers.facebook.com/docs/sharing/webmasters/crawler))"
216.73.216.151 - - [18/Aug/2026:14:15:41 +0000] "GET /product/crete-opus/ HTTP/2" 429 0 "-" "Mozilla/5.0 AppleWebKit/537.36 (KHTML, like Gecko; compatible; ClaudeBot/1.0; +claudebot@anthropic.com)"
144.76.19.157 - - [18/Aug/2026:14:15:44 +0000] "GET /product/maple-gardens/?add_to_wishlist=18379&_wpnonce=bbb71dd7ae HTTP/1.1" 301 0 "-" "Mozilla/5.0 (compatible; SERankingBacklinksBot/1.0; +https://seranking.com/backlinks-crawler)"
144.76.19.157 - - [18/Aug/2026:14:15:46 +0000] "GET /product/maple-gardens/?add_to_wishlist=18379&_wpnonce=bbb71dd7ae HTTP/1.1" 200 45127 "-" "Mozilla/5.0 (compatible; SERankingBacklinksBot/1.0; +https://seranking.com/backlinks-crawler)"
216.73.216.151 - - [18/Aug/2026:14:15:46 +0000] "GET /product/snowcap-naf/ HTTP/2" 429 0 "-" "Mozilla/5.0 AppleWebKit/537.36 (KHTML, like Gecko; compatible; ClaudeBot/1.0; +claudebot@anthropic.com)"
216.73.216.151 - - [18/Aug/2026:14:15:51 +0000] "GET /product/willoww-naf/ HTTP/2" 429 0 "-" "Mozilla/5.0 AppleWebKit/537.36 (KHTML, like Gecko; compatible; ClaudeBot/1.0; +claudebot@anthropic.com)"
144.76.19.157 - - [18/Aug/2026:14:15:51 +0000] "GET /product/maple-gardens/?add_to_wishlist=18389&_wpnonce=32cc803d74 HTTP/1.1" 301 0 "-" "Mozilla/5.0 (compatible; SERankingBacklinksBot/1.0; +https://seranking.com/backlinks-crawler)"
144.76.19.157 - - [18/Aug/2026:14:15:53 +0000] "GET /product/maple-gardens/?add_to_wishlist=18389&_wpnonce=32cc803d74 HTTP/1.1" 200 45077 "-" "Mozilla/5.0 (compatible; SERankingBacklinksBot/1.0; +https://seranking.com/backlinks-crawler)"
162.214.79.109 - - [18/Aug/2026:14:15:56 +0000] "GET /wp-login.php HTTP/1.1" 200 2218 "-" "Mozilla/5.0 (Windows NT 10.0; Win64; x64) AppleWebKit/537.36 (KHTML, like Gecko) Chrome/149.0.0.0 Safari/537.36"
216.73.216.151 - - [18/Aug/2026:14:15:56 +0000] "GET /product/metropolitan-opus/ HTTP/2" 429 0 "-" "Mozilla/5.0 AppleWebKit/537.36 (KHTML, like Gecko; compatible; ClaudeBot/1.0; +claudebot@anthropic.com)"
162.214.79.109 - - [18/Aug/2026:14:15:57 +0000] "POST /wp-login.php HTTP/1.1" 403 169 "-" "Mozilla/5.0 (Windows NT 10.0; Win64; x64) AppleWebKit/537.36 (KHTML, like Gecko) Chrome/149.0.0.0 Safari/537.36"
144.76.19.157 - - [18/Aug/2026:14:15:59 +0000] "GET /product/maple-gardens/?add_to_wishlist=18389&_wpnonce=7fc678ce79 HTTP/1.1" 301 0 "-" "Mozilla/5.0 (compatible; SERankingBacklinksBot/1.0; +https://seranking.com/backlinks-crawler)"
57.141.4.27 - - [18/Aug/2026:14:16:00 +0000] "GET /product/warmsand-pro/ HTTP/2" 429 0 "-" "Mozilla/5.0 (Macintosh; Intel Mac OS X 10_15_7) AppleWebKit/537.36 (KHTML, like Gecko) Chrome/145.0.0.0 Safari/537.36 (compatible; meta-externalagent/1.1 (+https://developers.facebook.com/docs/sharing/webmasters/crawler))"
216.73.216.151 - - [18/Aug/2026:14:16:01 +0000] "GET /product/rushmore-naf/ HTTP/2" 429 0 "-" "Mozilla/5.0 AppleWebKit/537.36 (KHTML, like Gecko; compatible; ClaudeBot/1.0; +claudebot@anthropic.com)"
144.76.19.157 - - [18/Aug/2026:14:16:00 +0000] "GET /product/maple-gardens/?add_to_wishlist=18389&_wpnonce=7fc678ce79 HTTP/1.1" 200 45064 "-" "Mozilla/5.0 (compatible; SERankingBacklinksBot/1.0; +https://seranking.com/backlinks-crawler)"
57.141.4.57 - - [18/Aug/2026:14:16:02 +0000] "GET /wp-content/uploads/2025/08/Santa-Monica-iimg-1-274x400.jpg HTTP/2" 429 0 "-" "Mozilla/5.0 (Windows NT 10.0; Win64; x64) AppleWebKit/537.36 (KHTML, like Gecko) Chrome/145.0.0.0 Safari/537.36 (compatible; meta-externalagent/1.1 (+https://developers.facebook.com/docs/sharing/webmasters/crawler))"
57.141.4.11 - - [18/Aug/2026:14:16:04 +0000] "GET /detail/697429441454 HTTP/2" 429 0 "-" "Mozilla/5.0 (Macintosh; Intel Mac OS X 10_15_7) AppleWebKit/537.36 (KHTML, like Gecko) Chrome/145.0.0.0 Safari/537.36 (compatible; meta-externalagent/1.1 (+https://developers.facebook.com/docs/sharing/webmasters/crawler))"
57.141.4.30 - - [18/Aug/2026:14:16:06 +0000] "GET /detail/1123352740174 HTTP/2" 429 0 "-" "Mozilla/5.0 (Macintosh; Intel Mac OS X 10_15_7) AppleWebKit/537.36 (KHTML, like Gecko) Chrome/145.0.0.0 Safari/537.36 (compatible; meta-externalagent/1.1 (+https://developers.facebook.com/docs/sharing/webmasters/crawler))"
216.73.216.151 - - [18/Aug/2026:14:16:06 +0000] "GET /product/genoa-opus/ HTTP/2" 429 0 "-" "Mozilla/5.0 AppleWebKit/537.36 (KHTML, like Gecko; compatible; ClaudeBot/1.0; +claudebot@anthropic.com)"
144.76.19.157 - - [18/Aug/2026:14:16:06 +0000] "GET /product/maple-gardens/?add_to_wishlist=18389&_wpnonce=bbb71dd7ae HTTP/1.1" 301 0 "-" "Mozilla/5.0 (compatible; SERankingBacklinksBot/1.0; +https://seranking.com/backlinks-crawler)"
144.76.19.157 - - [18/Aug/2026:14:16:08 +0000] "GET /product/maple-gardens/?add_to_wishlist=18389&_wpnonce=bbb71dd7ae HTTP/1.1" 200 45144 "-" "Mozilla/5.0 (compatible; SERankingBacklinksBot/1.0; +https://seranking.com/backlinks-crawler)"
57.141.4.45 - - [18/Aug/2026:14:16:09 +0000] "GET /detail/2706481559133 HTTP/2" 429 0 "-" "Mozilla/5.0 (Windows NT 10.0; Win64; x64) AppleWebKit/537.36 (KHTML, like Gecko) Chrome/145.0.0.0 Safari/537.36 (compatible; meta-externalagent/1.1 (+https://developers.facebook.com/docs/sharing/webmasters/crawler))"
216.73.216.151 - - [18/Aug/2026:14:16:11 +0000] "GET /product/acropolis-opus/ HTTP/2" 429 0 "-" "Mozilla/5.0 AppleWebKit/537.36 (KHTML, like Gecko; compatible; ClaudeBot/1.0; +claudebot@anthropic.com)"
57.141.4.22 - - [18/Aug/2026:14:16:12 +0000] "GET /detail/2126843896567 HTTP/2" 429 0 "-" "Mozilla/5.0 (Macintosh; Intel Mac OS X 10_15_7) AppleWebKit/537.36 (KHTML, like Gecko) Chrome/145.0.0.0 Safari/537.36 (compatible; meta-externalagent/1.1 (+https://developers.facebook.com/docs/sharing/webmasters/crawler))"
144.76.19.157 - - [18/Aug/2026:14:16:14 +0000] "GET /product/maple-gardens/?add_to_wishlist=18399&_wpnonce=32cc803d74 HTTP/1.1" 301 0 "-" "Mozilla/5.0 (compatible; SERankingBacklinksBot/1.0; +https://seranking.com/backlinks-crawler)"
57.141.4.19 - - [18/Aug/2026:14:16:16 +0000] "GET /detail/1823690064879 HTTP/2" 429 0 "-" "Mozilla/5.0 (Windows NT 10.0; Win64; x64) AppleWebKit/537.36 (KHTML, like Gecko) Chrome/145.0.0.0 Safari/537.36 (compatible; meta-externalagent/1.1 (+https://developers.facebook.com/docs/sharing/webmasters/crawler))"
144.76.19.157 - - [18/Aug/2026:14:16:16 +0000] "GET /product/maple-gardens/?add_to_wishlist=18399&_wpnonce=32cc803d74 HTTP/1.1" 200 45093 "-" "Mozilla/5.0 (compatible; SERankingBacklinksBot/1.0; +https://seranking.com/backlinks-crawler)"
51.222.95.212 - - [18/Aug/2026:14:16:16 +0000] "GET /shadow.php/?detail/2738285492237 HTTP/2" 301 0 "-" "Mozilla/5.0 (compatible; AhrefsBot/7.0; +http://ahrefs.com/robot/)"
216.73.216.151 - - [18/Aug/2026:14:16:16 +0000] "GET /product/naples-opus/ HTTP/2" 200 38395 "-" "Mozilla/5.0 AppleWebKit/537.36 (KHTML, like Gecko; compatible; ClaudeBot/1.0; +claudebot@anthropic.com)"
57.141.4.17 - - [18/Aug/2026:14:16:20 +0000] "GET /detail/342640913061 HTTP/2" 429 0 "-" "Mozilla/5.0 (Macintosh; Intel Mac OS X 10_15_7) AppleWebKit/537.36 (KHTML, like Gecko) Chrome/145.0.0.0 Safari/537.36 (compatible; meta-externalagent/1.1 (+https://developers.facebook.com/docs/sharing/webmasters/crawler))"
216.73.216.151 - - [18/Aug/2026:14:16:21 +0000] "GET /product/blanton-opus/ HTTP/2" 429 0 "-" "Mozilla/5.0 AppleWebKit/537.36 (KHTML, like Gecko; compatible; ClaudeBot/1.0; +claudebot@anthropic.com)"
144.76.19.157 - - [18/Aug/2026:14:16:21 +0000] "GET /product/maple-gardens/?add_to_wishlist=18399&_wpnonce=7fc678ce79 HTTP/1.1" 301 0 "-" "Mozilla/5.0 (compatible; SERankingBacklinksBot/1.0; +https://seranking.com/backlinks-crawler)"
57.141.4.44 - - [18/Aug/2026:14:16:24 +0000] "GET /detail/1370206444971 HTTP/2" 429 0 "-" "Mozilla/5.0 (Macintosh; Intel Mac OS X 10_15_7) AppleWebKit/537.36 (KHTML, like Gecko) Chrome/145.0.0.0 Safari/537.36 (compatible; meta-externalagent/1.1 (+https://developers.facebook.com/docs/sharing/webmasters/crawler))"
144.76.19.157 - - [18/Aug/2026:14:16:23 +0000] "GET /product/maple-gardens/?add_to_wishlist=18399&_wpnonce=7fc678ce79 HTTP/1.1" 200 45078 "-" "Mozilla/5.0 (compatible; SERankingBacklinksBot/1.0; +https://seranking.com/backlinks-crawler)"
216.73.216.151 - - [18/Aug/2026:14:16:27 +0000] "GET /product-category/engineered-hardwood-floor/provenza-floors/?add_to_wishlist=16141 HTTP/2" 429 0 "-" "Mozilla/5.0 AppleWebKit/537.36 (KHTML, like Gecko; compatible; ClaudeBot/1.0; +claudebot@anthropic.com)"
216.73.217.43 - - [18/Aug/2026:14:16:28 +0000] "GET /product-category/engineered-hardwood-floor/provenza-floors/?add_to_wishlist=16160 HTTP/2" 429 0 "-" "Mozilla/5.0 AppleWebKit/537.36 (KHTML, like Gecko; compatible; ClaudeBot/1.0; +claudebot@anthropic.com)"
57.141.4.60 - - [18/Aug/2026:14:16:28 +0000] "GET /detail/2624711556039 HTTP/2" 429 0 "-" "Mozilla/5.0 (Macintosh; Intel Mac OS X 10_15_7) AppleWebKit/537.36 (KHTML, like Gecko) Chrome/145.0.0.0 Safari/537.36 (compatible; meta-externalagent/1.1 (+https://developers.facebook.com/docs/sharing/webmasters/crawler))"
216.73.217.43 - - [18/Aug/2026:14:16:29 +0000] "GET /product-category/engineered-hardwood-floor/provenza-floors/?add_to_wishlist=16275 HTTP/2" 429 0 "-" "Mozilla/5.0 AppleWebKit/537.36 (KHTML, like Gecko; compatible; ClaudeBot/1.0; +claudebot@anthropic.com)"
192.250.227.238 - - [18/Aug/2026:14:16:30 +0000] "POST /wp-cron.php?doing_wp_cron=1787062590.2548570632934570312500 HTTP/1.1" 200 0 "-" "WordPress/7.0.4; https://glamourflooringla.com"
144.76.19.157 - - [18/Aug/2026:14:16:29 +0000] "GET /product/maple-gardens/?add_to_wishlist=18399&_wpnonce=bbb71dd7ae HTTP/1.1" 301 0 "-" "Mozilla/5.0 (compatible; SERankingBacklinksBot/1.0; +https://seranking.com/backlinks-crawler)"
144.76.19.157 - - [18/Aug/2026:14:16:31 +0000] "GET /product/maple-gardens/?add_to_wishlist=18399&_wpnonce=bbb71dd7ae HTTP/1.1" 200 45139 "-" "Mozilla/5.0 (compatible; SERankingBacklinksBot/1.0; +https://seranking.com/backlinks-crawler)"
216.73.217.43 - - [18/Aug/2026:14:16:35 +0000] "GET /product-category/engineered-hardwood-floor/provenza-floors/?add_to_wishlist=16216 HTTP/2" 200 35996 "-" "Mozilla/5.0 AppleWebKit/537.36 (KHTML, like Gecko; compatible; ClaudeBot/1.0; +claudebot@anthropic.com)"
57.141.4.23 - - [18/Aug/2026:14:16:35 +0000] "GET /detail/1466111432101 HTTP/2" 429 0 "-" "Mozilla/5.0 (Windows NT 10.0; Win64; x64) AppleWebKit/537.36 (KHTML, like Gecko) Chrome/145.0.0.0 Safari/537.36 (compatible; meta-externalagent/1.1 (+https://developers.facebook.com/docs/sharing/webmasters/crawler))"
144.76.19.157 - - [18/Aug/2026:14:16:37 +0000] "GET /product/maple-gardens/?add_to_wishlist=18408&_wpnonce=32cc803d74 HTTP/1.1" 301 0 "-" "Mozilla/5.0 (compatible; SERankingBacklinksBot/1.0; +https://seranking.com/backlinks-crawler)"
57.141.4.52 - - [18/Aug/2026:14:16:40 +0000] "GET /detail/2517237949765 HTTP/2" 429 0 "-" "Mozilla/5.0 (Macintosh; Intel Mac OS X 10_15_7) AppleWebKit/537.36 (KHTML, like Gecko) Chrome/145.0.0.0 Safari/537.36 (compatible; meta-externalagent/1.1 (+https://developers.facebook.com/docs/sharing/webmasters/crawler))"
144.76.19.157 - - [18/Aug/2026:14:16:39 +0000] "GET /product/maple-gardens/?add_to_wishlist=18408&_wpnonce=32cc803d74 HTTP/1.1" 200 45140 "-" "Mozilla/5.0 (compatible; SERankingBacklinksBot/1.0; +https://seranking.com/backlinks-crawler)"
144.76.19.157 - - [18/Aug/2026:14:16:44 +0000] "GET /product/maple-gardens/?add_to_wishlist=18408&_wpnonce=bbb71dd7ae HTTP/1.1" 301 0 "-" "Mozilla/5.0 (compatible; SERankingBacklinksBot/1.0; +https://seranking.com/backlinks-crawler)"
57.141.4.14 - - [18/Aug/2026:14:16:46 +0000] "GET /detail/697682861254 HTTP/2" 429 0 "-" "Mozilla/5.0 (Windows NT 10.0; Win64; x64) AppleWebKit/537.36 (KHTML, like Gecko) Chrome/145.0.0.0 Safari/537.36 (compatible; meta-externalagent/1.1 (+https://developers.facebook.com/docs/sharing/webmasters/crawler))"
144.76.19.157 - - [18/Aug/2026:14:16:46 +0000] "GET /product/maple-gardens/?add_to_wishlist=18408&_wpnonce=bbb71dd7ae HTTP/1.1" 200 45135 "-" "Mozilla/5.0 (compatible; SERankingBacklinksBot/1.0; +https://seranking.com/backlinks-crawler)"
57.141.4.39 - - [18/Aug/2026:14:16:48 +0000] "GET /detail/2253007100331 HTTP/2" 429 0 "-" "Mozilla/5.0 (Macintosh; Intel Mac OS X 10_15_7) AppleWebKit/537.36 (KHTML, like Gecko) Chrome/145.0.0.0 Safari/537.36 (compatible; meta-externalagent/1.1 (+https://developers.facebook.com/docs/sharing/webmasters/crawler))"
144.76.19.157 - - [18/Aug/2026:14:16:52 +0000] "GET /product/maple-gardens/?add_to_wishlist=18452&_wpnonce=32cc803d74 HTTP/1.1" 301 0 "-" "Mozilla/5.0 (compatible; SERankingBacklinksBot/1.0; +https://seranking.com/backlinks-crawler)"
144.76.19.157 - - [18/Aug/2026:14:16:54 +0000] "GET /product/maple-gardens/?add_to_wishlist=18452&_wpnonce=32cc803d74 HTTP/1.1" 200 45085 "-" "Mozilla/5.0 (compatible; SERankingBacklinksBot/1.0; +https://seranking.com/backlinks-crawler)"
216.73.216.151 - - [18/Aug/2026:14:16:59 +0000] "GET /tag/mamre-floors/feed/ HTTP/2" 429 0 "-" "Mozilla/5.0 AppleWebKit/537.36 (KHTML, like Gecko; compatible; ClaudeBot/1.0; +claudebot@anthropic.com)"
144.76.19.157 - - [18/Aug/2026:14:16:59 +0000] "GET /product/maple-gardens/?add_to_wishlist=18452&_wpnonce=bbb71dd7ae HTTP/1.1" 301 0 "-" "Mozilla/5.0 (compatible; SERankingBacklinksBot/1.0; +https://seranking.com/backlinks-crawler)"
144.76.19.157 - - [18/Aug/2026:14:17:01 +0000] "GET /product/maple-gardens/?add_to_wishlist=18452&_wpnonce=bbb71dd7ae HTTP/1.1" 200 45063 "-" "Mozilla/5.0 (compatible; SERankingBacklinksBot/1.0; +https://seranking.com/backlinks-crawler)"
216.73.216.151 - - [18/Aug/2026:14:17:04 +0000] "GET /blog/page/3/2 HTTP/2" 301 0 "-" "Mozilla/5.0 AppleWebKit/537.36 (KHTML, like Gecko; compatible; ClaudeBot/1.0; +claudebot@anthropic.com)"
159.65.235.131 - - [18/Aug/2026:14:17:06 +0000] "GET /wp-content/uploads/2019/02/summit-peak-estates-cacades-3be.jpg HTTP/1.1" 200 47666 "https://www.glamourflooringla.com/" "Mozilla/5.0 (Windows NT 10.0; Win64; x64) AppleWebKit/537.36 (KHTML, like Gecko) Chrome/107.0.0.0 Safari/537.36"
144.76.19.157 - - [18/Aug/2026:14:17:07 +0000] "GET /product/maple-gardens/?add_to_wishlist=18475&_wpnonce=32cc803d74 HTTP/1.1" 301 0 "-" "Mozilla/5.0 (compatible; SERankingBacklinksBot/1.0; +https://seranking.com/backlinks-crawler)"
144.76.19.157 - - [18/Aug/2026:14:17:09 +0000] "GET /product/maple-gardens/?add_to_wishlist=18475&_wpnonce=32cc803d74 HTTP/1.1" 200 45065 "-" "Mozilla/5.0 (compatible; SERankingBacklinksBot/1.0; +https://seranking.com/backlinks-crawler)"
144.76.19.157 - - [18/Aug/2026:14:17:14 +0000] "GET /product/maple-gardens/?add_to_wishlist=18475&_wpnonce=bbb71dd7ae HTTP/1.1" 301 0 "-" "Mozilla/5.0 (compatible; SERankingBacklinksBot/1.0; +https://seranking.com/backlinks-crawler)"
144.76.19.157 - - [18/Aug/2026:14:17:16 +0000] "GET /product/maple-gardens/?add_to_wishlist=18475&_wpnonce=bbb71dd7ae HTTP/1.1" 200 45104 "-" "Mozilla/5.0 (compatible; SERankingBacklinksBot/1.0; +https://seranking.com/backlinks-crawler)"
144.76.19.157 - - [18/Aug/2026:14:17:22 +0000] "GET /product/maple-gardens/?add_to_wishlist=18492&_wpnonce=7fc678ce79 HTTP/1.1" 301 0 "-" "Mozilla/5.0 (compatible; SERankingBacklinksBot/1.0; +https://seranking.com/backlinks-crawler)"
144.76.19.157 - - [18/Aug/2026:14:17:24 +0000] "GET /product/maple-gardens/?add_to_wishlist=18492&_wpnonce=7fc678ce79 HTTP/1.1" 200 45056 "-" "Mozilla/5.0 (compatible; SERankingBacklinksBot/1.0; +https://seranking.com/backlinks-crawler)"
83.99.206.4 - - [18/Aug/2026:14:17:24 +0000] "GET /tag/hardwood-flooring-los-angeles/2 HTTP/1.1" 301 0 "-" "Mozilla/5.0 (X11; Linux x86_64) AppleWebKit/537.36 (KHTML, like Gecko; GeedoShopProductFinder) Chrome/142.0.0.0 Safari/537.36"
83.99.206.4 - - [18/Aug/2026:14:17:25 +0000] "GET / HTTP/1.1" 200 46843 "-" "Mozilla/5.0 (X11; Linux x86_64) AppleWebKit/537.36 (KHTML, like Gecko; GeedoShopProductFinder) Chrome/142.0.0.0 Safari/537.36"
15.235.27.189 - - [18/Aug/2026:14:17:26 +0000] "GET /detail/2023349220594 HTTP/2" 301 0 "-" "Mozilla/5.0 (compatible; AhrefsBot/7.0; +http://ahrefs.com/robot/)"
192.250.227.238 - - [18/Aug/2026:14:17:30 +0000] "POST /wp-cron.php?doing_wp_cron=1787062650.4194331169128417968750 HTTP/1.1" 200 0 "-" "WordPress/7.0.4; https://glamourflooringla.com"
144.76.19.157 - - [18/Aug/2026:14:17:29 +0000] "GET /product/maple-gardens/?add_to_wishlist=18492&_wpnonce=bbb71dd7ae HTTP/1.1" 301 0 "-" "Mozilla/5.0 (compatible; SERankingBacklinksBot/1.0; +https://seranking.com/backlinks-crawler)"
144.76.19.157 - - [18/Aug/2026:14:17:31 +0000] "GET /product/maple-gardens/?add_to_wishlist=18492&_wpnonce=bbb71dd7ae HTTP/1.1" 200 45051 "-" "Mozilla/5.0 (compatible; SERankingBacklinksBot/1.0; +https://seranking.com/backlinks-crawler)"
144.76.19.157 - - [18/Aug/2026:14:17:37 +0000] "GET /product/maple-gardens/?add_to_wishlist=18521&_wpnonce=32cc803d74 HTTP/1.1" 301 0 "-" "Mozilla/5.0 (compatible; SERankingBacklinksBot/1.0; +https://seranking.com/backlinks-crawler)"
192.250.227.238 - - [18/Aug/2026:14:17:40 +0000] "POST /wp-cron.php?doing_wp_cron=1787062660.3536229133605957031250 HTTP/1.1" 200 0 "-" "WordPress/7.0.4; https://glamourflooringla.com"
144.76.19.157 - - [18/Aug/2026:14:17:39 +0000] "GET /product/maple-gardens/?add_to_wishlist=18521&_wpnonce=32cc803d74 HTTP/1.1" 200 45065 "-" "Mozilla/5.0 (compatible; SERankingBacklinksBot/1.0; +https://seranking.com/backlinks-crawler)"
216.73.217.43 - - [18/Aug/2026:14:17:44 +0000] "GET /tag/smokies/feed/ HTTP/2" 200 3418 "-" "Mozilla/5.0 AppleWebKit/537.36 (KHTML, like Gecko; compatible; ClaudeBot/1.0; +claudebot@anthropic.com)"
144.76.19.157 - - [18/Aug/2026:14:17:45 +0000] "GET /product/maple-gardens/?add_to_wishlist=18521&_wpnonce=7fc678ce79 HTTP/1.1" 301 0 "-" "Mozilla/5.0 (compatible; SERankingBacklinksBot/1.0; +https://seranking.com/backlinks-crawler)"
83.99.206.4 - - [18/Aug/2026:14:17:45 +0000] "GET /flooring-installation-van-nuys-ca/ HTTP/1.1" 200 36361 "-" "Mozilla/5.0 (X11; Linux x86_64) AppleWebKit/537.36 (KHTML, like Gecko; GeedoShopProductFinder) Chrome/142.0.0.0 Safari/537.36"
216.73.217.43 - - [18/Aug/2026:14:17:46 +0000] "GET /tag/smokies/2 HTTP/2" 429 0 "-" "Mozilla/5.0 AppleWebKit/537.36 (KHTML, like Gecko; compatible; ClaudeBot/1.0; +claudebot@anthropic.com)"
144.76.19.157 - - [18/Aug/2026:14:17:47 +0000] "GET /product/maple-gardens/?add_to_wishlist=18521&_wpnonce=7fc678ce79 HTTP/1.1" 200 45055 "-" "Mozilla/5.0 (compatible; SERankingBacklinksBot/1.0; +https://seranking.com/backlinks-crawler)"
216.73.217.43 - - [18/Aug/2026:14:17:51 +0000] "GET /tag/allegheny/ HTTP/2" 429 0 "-" "Mozilla/5.0 AppleWebKit/537.36 (KHTML, like Gecko; compatible; ClaudeBot/1.0; +claudebot@anthropic.com)"
144.76.19.157 - - [18/Aug/2026:14:17:52 +0000] "GET /product/maple-gardens/?add_to_wishlist=18521&_wpnonce=bbb71dd7ae HTTP/1.1" 301 0 "-" "Mozilla/5.0 (compatible; SERankingBacklinksBot/1.0; +https://seranking.com/backlinks-crawler)"
57.141.4.18 - - [18/Aug/2026:14:17:55 +0000] "GET /product/aumont-monarch/ HTTP/2" 429 0 "-" "Mozilla/5.0 (X11; Linux x86_64) AppleWebKit/537.36 (KHTML, like Gecko) Chrome/145.0.0.0 Safari/537.36 (compatible; meta-externalagent/1.1 (+https://developers.facebook.com/docs/sharing/webmasters/crawler))"
144.76.19.157 - - [18/Aug/2026:14:17:54 +0000] "GET /product/maple-gardens/?add_to_wishlist=18521&_wpnonce=bbb71dd7ae HTTP/1.1" 200 45082 "-" "Mozilla/5.0 (compatible; SERankingBacklinksBot/1.0; +https://seranking.com/backlinks-crawler)"
144.76.19.157 - - [18/Aug/2026:14:18:00 +0000] "GET /product/maple-gardens/?add_to_wishlist=18540&_wpnonce=32cc803d74 HTTP/1.1" 301 0 "-" "Mozilla/5.0 (compatible; SERankingBacklinksBot/1.0; +https://seranking.com/backlinks-crawler)"
144.76.19.157 - - [18/Aug/2026:14:18:02 +0000] "GET /product/maple-gardens/?add_to_wishlist=18540&_wpnonce=32cc803d74 HTTP/1.1" 200 45139 "-" "Mozilla/5.0 (compatible; SERankingBacklinksBot/1.0; +https://seranking.com/backlinks-crawler)"
83.99.206.4 - - [18/Aug/2026:14:18:05 +0000] "GET /product-category/engineered-hardwood-floor/style/betula/ HTTP/1.1" 200 30593 "-" "Mozilla/5.0 (X11; Linux x86_64) AppleWebKit/537.36 (KHTML, like Gecko; GeedoShopProductFinder) Chrome/142.0.0.0 Safari/537.36"
144.76.19.157 - - [18/Aug/2026:14:18:07 +0000] "GET /product/maple-gardens/?add_to_wishlist=18540&_wpnonce=7fc678ce79 HTTP/1.1" 301 0 "-" "Mozilla/5.0 (compatible; SERankingBacklinksBot/1.0; +https://seranking.com/backlinks-crawler)"
144.76.19.157 - - [18/Aug/2026:14:18:09 +0000] "GET /product/maple-gardens/?add_to_wishlist=18540&_wpnonce=7fc678ce79 HTTP/1.1" 200 45054 "-" "Mozilla/5.0 (compatible; SERankingBacklinksBot/1.0; +https://seranking.com/backlinks-crawler)"
144.76.19.157 - - [18/Aug/2026:14:18:15 +0000] "GET /product/maple-gardens/?add_to_wishlist=18540&_wpnonce=bbb71dd7ae HTTP/1.1" 301 0 "-" "Mozilla/5.0 (compatible; SERankingBacklinksBot/1.0; +https://seranking.com/backlinks-crawler)"
144.76.19.157 - - [18/Aug/2026:14:18:17 +0000] "GET /product/maple-gardens/?add_to_wishlist=18540&_wpnonce=bbb71dd7ae HTTP/1.1" 200 45184 "-" "Mozilla/5.0 (compatible; SERankingBacklinksBot/1.0; +https://seranking.com/backlinks-crawler)"
15.235.96.247 - - [18/Aug/2026:14:18:20 +0000] "GET /wp-content/uploads/2023/12/Bianco-Monarch-510x383.jpg HTTP/2" 200 13770 "-" "Mozilla/5.0 (compatible; AhrefsBot/7.0; +http://ahrefs.com/robot/)"
142.44.220.186 - - [18/Aug/2026:14:18:22 +0000] "GET /wp-content/uploads/elementor/css/post-19848.css?ver=1786989752 HTTP/2" 200 840 "-" "Mozilla/5.0 (compatible; AhrefsBot/7.0; +http://ahrefs.com/robot/)"
144.76.19.157 - - [18/Aug/2026:14:18:22 +0000] "GET /product/maple-gardens/?add_to_wishlist=18559&_wpnonce=32cc803d74 HTTP/1.1" 301 0 "-" "Mozilla/5.0 (compatible; SERankingBacklinksBot/1.0; +https://seranking.com/backlinks-crawler)"
144.76.19.157 - - [18/Aug/2026:14:18:24 +0000] "GET /product/maple-gardens/?add_to_wishlist=18559&_wpnonce=32cc803d74 HTTP/1.1" 200 45150 "-" "Mozilla/5.0 (compatible; SERankingBacklinksBot/1.0; +https://seranking.com/backlinks-crawler)"
83.99.206.4 - - [18/Aug/2026:14:18:24 +0000] "GET /featured_item/sherman-oaks-8/ HTTP/1.1" 200 31569 "-" "Mozilla/5.0 (X11; Linux x86_64) AppleWebKit/537.36 (KHTML, like Gecko; GeedoShopProductFinder) Chrome/142.0.0.0 Safari/537.36"
192.250.227.238 - - [18/Aug/2026:14:18:30 +0000] "POST /wp-cron.php?doing_wp_cron=1787062710.5081059932708740234375 HTTP/1.1" 200 0 "-" "WordPress/7.0.4; https://glamourflooringla.com"
144.76.19.157 - - [18/Aug/2026:14:18:30 +0000] "GET /product/maple-gardens/?add_to_wishlist=18559&_wpnonce=bbb71dd7ae HTTP/1.1" 301 0 "-" "Mozilla/5.0 (compatible; SERankingBacklinksBot/1.0; +https://seranking.com/backlinks-crawler)"
216.194.122.158 - - [18/Aug/2026:14:18:32 +0000] "GET /wp-login.php HTTP/1.1" 200 2218 "-" "Mozilla/5.0 (Windows NT 10.0; Win64; x64) AppleWebKit/537.36 (KHTML, like Gecko) Chrome/149.0.0.0 Safari/537.36"
216.73.216.151 - - [18/Aug/2026:14:18:32 +0000] "GET /tag/mamre-floors/2 HTTP/2" 301 0 "-" "Mozilla/5.0 AppleWebKit/537.36 (KHTML, like Gecko; compatible; ClaudeBot/1.0; +claudebot@anthropic.com)"
144.76.19.157 - - [18/Aug/2026:14:18:32 +0000] "GET /product/maple-gardens/?add_to_wishlist=18559&_wpnonce=bbb71dd7ae HTTP/1.1" 200 45086 "-" "Mozilla/5.0 (compatible; SERankingBacklinksBot/1.0; +https://seranking.com/backlinks-crawler)"
216.194.122.158 - - [18/Aug/2026:14:18:33 +0000] "POST /wp-login.php HTTP/1.1" 403 9678 "-" "Mozilla/5.0 (Windows NT 10.0; Win64; x64) AppleWebKit/537.36 (KHTML, like Gecko) Chrome/149.0.0.0 Safari/537.36"
216.73.216.54 - - [18/Aug/2026:14:18:35 +0000] "GET /tag/malibu/ HTTP/2" 429 0 "-" "Mozilla/5.0 AppleWebKit/537.36 (KHTML, like Gecko; compatible; ClaudeBot/1.0; +claudebot@anthropic.com)"
144.76.19.157 - - [18/Aug/2026:14:18:37 +0000] "GET /product/maple-gardens/?add_to_wishlist=18582&_wpnonce=32cc803d74 HTTP/1.1" 301 0 "-" "Mozilla/5.0 (compatible; SERankingBacklinksBot/1.0; +https://seranking.com/backlinks-crawler)"
51.222.168.139 - - [18/Aug/2026:14:18:38 +0000] "GET /detail/74882962576 HTTP/2" 301 0 "-" "Mozilla/5.0 (compatible; AhrefsBot/7.0; +http://ahrefs.com/robot/)"
144.76.19.157 - - [18/Aug/2026:14:18:39 +0000] "GET /product/maple-gardens/?add_to_wishlist=18582&_wpnonce=32cc803d74 HTTP/1.1" 200 45055 "-" "Mozilla/5.0 (compatible; SERankingBacklinksBot/1.0; +https://seranking.com/backlinks-crawler)"
216.73.216.54 - - [18/Aug/2026:14:18:40 +0000] "GET /tag/h/ HTTP/2" 429 0 "-" "Mozilla/5.0 AppleWebKit/537.36 (KHTML, like Gecko; compatible; ClaudeBot/1.0; +claudebot@anthropic.com)"
144.76.19.157 - - [18/Aug/2026:14:18:45 +0000] "GET /product/maple-gardens/?add_to_wishlist=18582&_wpnonce=7fc678ce79 HTTP/1.1" 301 0 "-" "Mozilla/5.0 (compatible; SERankingBacklinksBot/1.0; +https://seranking.com/backlinks-crawler)"
83.99.206.251 - - [18/Aug/2026:14:18:46 +0000] "GET /glamour-home-edit-new/2 HTTP/1.1" 301 0 "-" "Mozilla/5.0 (X11; Linux x86_64) AppleWebKit/537.36 (KHTML, like Gecko; GeedoShopProductFinder) Chrome/142.0.0.0 Safari/537.36"
144.76.19.157 - - [18/Aug/2026:14:18:47 +0000] "GET /product/maple-gardens/?add_to_wishlist=18582&_wpnonce=7fc678ce79 HTTP/1.1" 200 45070 "-" "Mozilla/5.0 (compatible; SERankingBacklinksBot/1.0; +https://seranking.com/backlinks-crawler)"
83.99.206.251 - - [18/Aug/2026:14:18:48 +0000] "GET / HTTP/1.1" 200 46845 "-" "Mozilla/5.0 (X11; Linux x86_64) AppleWebKit/537.36 (KHTML, like Gecko; GeedoShopProductFinder) Chrome/142.0.0.0 Safari/537.36"
144.76.19.157 - - [18/Aug/2026:14:18:52 +0000] "GET /product/maple-gardens/?add_to_wishlist=18582&_wpnonce=bbb71dd7ae HTTP/1.1" 301 0 "-" "Mozilla/5.0 (compatible; SERankingBacklinksBot/1.0; +https://seranking.com/backlinks-crawler)"
216.73.216.54 - - [18/Aug/2026:14:18:54 +0000] "GET /tag/flooring-store/ HTTP/2" 429 0 "-" "Mozilla/5.0 AppleWebKit/537.36 (KHTML, like Gecko; compatible; ClaudeBot/1.0; +claudebot@anthropic.com)"
144.76.19.157 - - [18/Aug/2026:14:18:54 +0000] "GET /product/maple-gardens/?add_to_wishlist=18582&_wpnonce=bbb71dd7ae HTTP/1.1" 200 45061 "-" "Mozilla/5.0 (compatible; SERankingBacklinksBot/1.0; +https://seranking.com/backlinks-crawler)"
144.76.19.157 - - [18/Aug/2026:14:19:00 +0000] "GET /product/mara-pro/ HTTP/1.1" 301 0 "-" "Mozilla/5.0 (compatible; SERankingBacklinksBot/1.0; +https://seranking.com/backlinks-crawler)"
57.141.4.15 - - [18/Aug/2026:14:19:01 +0000] "GET /detail/1572887560109 HTTP/2" 429 0 "-" "Mozilla/5.0 (Windows NT 10.0; Win64; x64) AppleWebKit/537.36 (KHTML, like Gecko) Chrome/145.0.0.0 Safari/537.36 (compatible; meta-externalagent/1.1 (+https://developers.facebook.com/docs/sharing/webmasters/crawler))"
144.76.19.157 - - [18/Aug/2026:14:19:01 +0000] "GET /product/mara-pro/ HTTP/1.1" 200 44994 "-" "Mozilla/5.0 (compatible; SERankingBacklinksBot/1.0; +https://seranking.com/backlinks-crawler)"
83.99.206.0 - - [18/Aug/2026:14:19:05 +0000] "GET /featured_item_category/whitesail/2 HTTP/1.1" 301 0 "-" "Mozilla/5.0 (X11; Linux x86_64) AppleWebKit/537.36 (KHTML, like Gecko; GeedoShopProductFinder) Chrome/142.0.0.0 Safari/537.36"
83.99.206.0 - - [18/Aug/2026:14:19:06 +0000] "GET / HTTP/1.1" 200 46845 "-" "Mozilla/5.0 (X11; Linux x86_64) AppleWebKit/537.36 (KHTML, like Gecko; GeedoShopProductFinder) Chrome/142.0.0.0 Safari/537.36"
144.76.19.157 - - [18/Aug/2026:14:19:06 +0000] "GET /product/mara-pro/?add_to_wishlist=15484&_wpnonce=32cc803d74 HTTP/1.1" 301 0 "-" "Mozilla/5.0 (compatible; SERankingBacklinksBot/1.0; +https://seranking.com/backlinks-crawler)"
144.76.19.157 - - [18/Aug/2026:14:19:07 +0000] "GET /product/mara-pro/?add_to_wishlist=15484&_wpnonce=32cc803d74 HTTP/1.1" 200 44971 "-" "Mozilla/5.0 (compatible; SERankingBacklinksBot/1.0; +https://seranking.com/backlinks-crawler)"
216.73.216.151 - - [18/Aug/2026:14:19:10 +0000] "GET /tag/thousand-oaks/ HTTP/2" 429 0 "-" "Mozilla/5.0 AppleWebKit/537.36 (KHTML, like Gecko; compatible; ClaudeBot/1.0; +claudebot@anthropic.com)"
144.76.19.157 - - [18/Aug/2026:14:19:12 +0000] "GET /product/mara-pro/?add_to_wishlist=15484&_wpnonce=3b8935374b HTTP/1.1" 301 0 "-" "Mozilla/5.0 (compatible; SERankingBacklinksBot/1.0; +https://seranking.com/backlinks-crawler)"
144.76.19.157 - - [18/Aug/2026:14:19:13 +0000] "GET /product/mara-pro/?add_to_wishlist=15484&_wpnonce=3b8935374b HTTP/1.1" 200 45002 "-" "Mozilla/5.0 (compatible; SERankingBacklinksBot/1.0; +https://seranking.com/backlinks-crawler)"
144.76.19.157 - - [18/Aug/2026:14:19:17 +0000] "GET /product/mara-pro/?add_to_wishlist=15484&_wpnonce=ee2ab5adbb HTTP/1.1" 301 0 "-" "Mozilla/5.0 (compatible; SERankingBacklinksBot/1.0; +https://seranking.com/backlinks-crawler)"
144.76.19.157 - - [18/Aug/2026:14:19:19 +0000] "GET /product/mara-pro/?add_to_wishlist=15484&_wpnonce=ee2ab5adbb HTTP/1.1" 200 44988 "-" "Mozilla/5.0 (compatible; SERankingBacklinksBot/1.0; +https://seranking.com/backlinks-crawler)"
216.73.216.151 - - [18/Aug/2026:14:19:19 +0000] "GET /tag/ayos-laminate-flooring/2 HTTP/2" 301 0 "-" "Mozilla/5.0 AppleWebKit/537.36 (KHTML, like Gecko; compatible; ClaudeBot/1.0; +claudebot@anthropic.com)"
216.73.216.151 - - [18/Aug/2026:14:19:24 +0000] "GET /tag/waterproof-vinyl/ HTTP/2" 429 0 "-" "Mozilla/5.0 AppleWebKit/537.36 (KHTML, like Gecko; compatible; ClaudeBot/1.0; +claudebot@anthropic.com)"
144.76.19.157 - - [18/Aug/2026:14:19:24 +0000] "GET /product/mara-pro/?add_to_wishlist=15487&_wpnonce=3b8935374b HTTP/1.1" 301 0 "-" "Mozilla/5.0 (compatible; SERankingBacklinksBot/1.0; +https://seranking.com/backlinks-crawler)"
144.76.19.157 - - [18/Aug/2026:14:19:26 +0000] "GET /product/mara-pro/?add_to_wishlist=15487&_wpnonce=3b8935374b HTTP/1.1" 200 44954 "-" "Mozilla/5.0 (compatible; SERankingBacklinksBot/1.0; +https://seranking.com/backlinks-crawler)"
192.250.227.238 - - [18/Aug/2026:14:19:33 +0000] "POST /wp-cron.php?doing_wp_cron=1787062772.9974300861358642578125 HTTP/1.1" 200 0 "-" "WordPress/7.0.4; https://glamourflooringla.com"
144.76.19.157 - - [18/Aug/2026:14:19:32 +0000] "GET /product/mara-pro/?add_to_wishlist=15489&_wpnonce=ee2ab5adbb HTTP/1.1" 301 0 "-" "Mozilla/5.0 (compatible; SERankingBacklinksBot/1.0; +https://seranking.com/backlinks-crawler)"
144.76.19.157 - - [18/Aug/2026:14:19:34 +0000] "GET /product/mara-pro/?add_to_wishlist=15489&_wpnonce=ee2ab5adbb HTTP/1.1" 200 44935 "-" "Mozilla/5.0 (compatible; SERankingBacklinksBot/1.0; +https://seranking.com/backlinks-crawler)"
144.76.19.157 - - [18/Aug/2026:14:19:40 +0000] "GET /product/mara-pro/?add_to_wishlist=15492&_wpnonce=3b8935374b HTTP/1.1" 301 0 "-" "Mozilla/5.0 (compatible; SERankingBacklinksBot/1.0; +https://seranking.com/backlinks-crawler)"
144.76.19.157 - - [18/Aug/2026:14:19:42 +0000] "GET /product/mara-pro/?add_to_wishlist=15492&_wpnonce=3b8935374b HTTP/1.1" 200 44934 "-" "Mozilla/5.0 (compatible; SERankingBacklinksBot/1.0; +https://seranking.com/backlinks-crawler)"
144.76.19.157 - - [18/Aug/2026:14:19:47 +0000] "GET /product/mara-pro/?add_to_wishlist=15492&_wpnonce=44202cc6af HTTP/1.1" 301 0 "-" "Mozilla/5.0 (compatible; SERankingBacklinksBot/1.0; +https://seranking.com/backlinks-crawler)"
52.167.144.227 - - [18/Aug/2026:14:19:50 +0000] "GET /wp-content/uploads/2023/10/PicProvidence-Colonial-500x500.jpg HTTP/2" 200 34064 "-" "Mozilla/5.0 AppleWebKit/537.36 (KHTML, like Gecko; compatible; bingbot/2.0; +http://www.bing.com/bingbot.htm) Chrome/116.0.1938.76 Safari/537.36"
144.76.19.157 - - [18/Aug/2026:14:19:49 +0000] "GET /product/mara-pro/?add_to_wishlist=15492&_wpnonce=44202cc6af HTTP/1.1" 200 44935 "-" "Mozilla/5.0 (compatible; SERankingBacklinksBot/1.0; +https://seranking.com/backlinks-crawler)"
144.76.19.157 - - [18/Aug/2026:14:19:55 +0000] "GET /product/mara-pro/?add_to_wishlist=15492&_wpnonce=ee2ab5adbb HTTP/1.1" 301 0 "-" "Mozilla/5.0 (compatible; SERankingBacklinksBot/1.0; +https://seranking.com/backlinks-crawler)"
144.76.19.157 - - [18/Aug/2026:14:19:57 +0000] "GET /product/mara-pro/?add_to_wishlist=15492&_wpnonce=ee2ab5adbb HTTP/1.1" 200 44946 "-" "Mozilla/5.0 (compatible; SERankingBacklinksBot/1.0; +https://seranking.com/backlinks-crawler)"
216.73.216.151 - - [18/Aug/2026:14:20:00 +0000] "GET /my-account/lost-password/2 HTTP/2" 429 0 "-" "Mozilla/5.0 AppleWebKit/537.36 (KHTML, like Gecko; compatible; ClaudeBot/1.0; +claudebot@anthropic.com)"
144.76.19.157 - - [18/Aug/2026:14:20:02 +0000] "GET /product/mara-pro/?add_to_wishlist=15495&_wpnonce=3b8935374b HTTP/1.1" 301 0 "-" "Mozilla/5.0 (compatible; SERankingBacklinksBot/1.0; +https://seranking.com/backlinks-crawler)"
216.73.216.151 - - [18/Aug/2026:14:20:03 +0000] "GET /mega-clic-grand-legend-wpc-flooring/2 HTTP/2" 429 0 "-" "Mozilla/5.0 AppleWebKit/537.36 (KHTML, like Gecko; compatible; ClaudeBot/1.0; +claudebot@anthropic.com)"
144.76.19.157 - - [18/Aug/2026:14:20:04 +0000] "GET /product/mara-pro/?add_to_wishlist=15495&_wpnonce=3b8935374b HTTP/1.1" 200 44948 "-" "Mozilla/5.0 (compatible; SERankingBacklinksBot/1.0; +https://seranking.com/backlinks-crawler)"
57.141.4.12 - - [18/Aug/2026:14:20:08 +0000] "GET /detail/494619689956 HTTP/2" 429 0 "-" "Mozilla/5.0 (Windows NT 10.0; Win64; x64) AppleWebKit/537.36 (KHTML, like Gecko) Chrome/145.0.0.0 Safari/537.36 (compatible; meta-externalagent/1.1 (+https://developers.facebook.com/docs/sharing/webmasters/crawler))"
216.73.216.151 - - [18/Aug/2026:14:20:08 +0000] "GET /tag/sierra-nevada/ HTTP/2" 200 30473 "-" "Mozilla/5.0 AppleWebKit/537.36 (KHTML, like Gecko; compatible; ClaudeBot/1.0; +claudebot@anthropic.com)"
144.76.19.157 - - [18/Aug/2026:14:20:10 +0000] "GET /product/mara-pro/?add_to_wishlist=15495&_wpnonce=44202cc6af HTTP/1.1" 301 0 "-" "Mozilla/5.0 (compatible; SERankingBacklinksBot/1.0; +https://seranking.com/backlinks-crawler)"
144.76.19.157 - - [18/Aug/2026:14:20:12 +0000] "GET /product/mara-pro/?add_to_wishlist=15495&_wpnonce=44202cc6af HTTP/1.1" 200 45008 "-" "Mozilla/5.0 (compatible; SERankingBacklinksBot/1.0; +https://seranking.com/backlinks-crawler)"
216.73.216.151 - - [18/Aug/2026:14:20:15 +0000] "GET /tag/enhanced-vinyl-plank/ HTTP/2" 429 0 "-" "Mozilla/5.0 AppleWebKit/537.36 (KHTML, like Gecko; compatible; ClaudeBot/1.0; +claudebot@anthropic.com)"
81.103.242.0 - - [18/Aug/2026:14:20:16 +0000] "GET /carmel-collection-hardwood-flooring/?add_to_wishlist=18730&_wpnonce=613973178c HTTP/1.1" 200 43216 "-" "Mozilla/5.0 (Macintosh; Intel Mac OS X 11_7_0) AppleWebKit/537.36 (KHTML, like Gecko) Chrome/126.0.6478.126 Safari/537.36"
144.76.19.157 - - [18/Aug/2026:14:20:17 +0000] "GET /product/mara-pro/?add_to_wishlist=15495&_wpnonce=ee2ab5adbb HTTP/1.1" 301 0 "-" "Mozilla/5.0 (compatible; SERankingBacklinksBot/1.0; +https://seranking.com/backlinks-crawler)"
82.38.180.133 - - [18/Aug/2026:14:20:18 +0000] "GET /product/capitol-hill/feed/ HTTP/1.1" 200 381 "-" "Mozilla/5.0 (Macintosh; Intel Mac OS X 10_15_7) AppleWebKit/537.36 (KHTML, like Gecko) Chrome/131.0.0.0 Safari/537.36"
144.76.19.157 - - [18/Aug/2026:14:20:19 +0000] "GET /product/mara-pro/?add_to_wishlist=15495&_wpnonce=ee2ab5adbb HTTP/1.1" 200 44916 "-" "Mozilla/5.0 (compatible; SERankingBacklinksBot/1.0; +https://seranking.com/backlinks-crawler)"
144.76.19.157 - - [18/Aug/2026:14:20:23 +0000] "GET /product/mara-pro/?add_to_wishlist=15507&_wpnonce=3b8935374b HTTP/1.1" 301 0 "-" "Mozilla/5.0 (compatible; SERankingBacklinksBot/1.0; +https://seranking.com/backlinks-crawler)"
144.76.19.157 - - [18/Aug/2026:14:20:24 +0000] "GET /product/mara-pro/?add_to_wishlist=15507&_wpnonce=3b8935374b HTTP/1.1" 200 44985 "-" "Mozilla/5.0 (compatible; SERankingBacklinksBot/1.0; +https://seranking.com/backlinks-crawler)"
216.73.216.151 - - [18/Aug/2026:14:20:27 +0000] "GET /tag/johnson-hardwood-flooring/ HTTP/2" 429 0 "-" "Mozilla/5.0 AppleWebKit/537.36 (KHTML, like Gecko; compatible; ClaudeBot/1.0; +claudebot@anthropic.com)"
216.73.216.151 - - [18/Aug/2026:14:20:30 +0000] "GET /tag/ayos-driftwood-maple/2 HTTP/2" 429 0 "-" "Mozilla/5.0 AppleWebKit/537.36 (KHTML, like Gecko; compatible; ClaudeBot/1.0; +claudebot@anthropic.com)"
192.250.227.238 - - [18/Aug/2026:14:20:30 +0000] "POST /wp-cron.php?doing_wp_cron=1787062830.7752718925476074218750 HTTP/1.1" 200 0 "-" "WordPress/7.0.4; https://glamourflooringla.com"
144.76.19.157 - - [18/Aug/2026:14:20:30 +0000] "GET /product/mara-pro/?add_to_wishlist=15507&_wpnonce=44202cc6af HTTP/1.1" 301 0 "-" "Mozilla/5.0 (compatible; SERankingBacklinksBot/1.0; +https://seranking.com/backlinks-crawler)"
144.76.19.157 - - [18/Aug/2026:14:20:32 +0000] "GET /product/mara-pro/?add_to_wishlist=15507&_wpnonce=44202cc6af HTTP/1.1" 200 44948 "-" "Mozilla/5.0 (compatible; SERankingBacklinksBot/1.0; +https://seranking.com/backlinks-crawler)"
144.76.19.157 - - [18/Aug/2026:14:20:37 +0000] "GET /product/mara-pro/?add_to_wishlist=15507&_wpnonce=ee2ab5adbb HTTP/1.1" 301 0 "-" "Mozilla/5.0 (compatible; SERankingBacklinksBot/1.0; +https://seranking.com/backlinks-crawler)"
144.76.19.157 - - [18/Aug/2026:14:20:39 +0000] "GET /product/mara-pro/?add_to_wishlist=15507&_wpnonce=ee2ab5adbb HTTP/1.1" 200 44959 "-" "Mozilla/5.0 (compatible; SERankingBacklinksBot/1.0; +https://seranking.com/backlinks-crawler)"
216.73.216.54 - - [18/Aug/2026:14:20:42 +0000] "GET /category/flooring-hardwood/ HTTP/2" 429 0 "-" "Mozilla/5.0 AppleWebKit/537.36 (KHTML, like Gecko; compatible; ClaudeBot/1.0; +claudebot@anthropic.com)"
144.76.19.157 - - [18/Aug/2026:14:20:45 +0000] "GET /product/shoreline-decor/?add_to_wishlist=18447&_wpnonce=32cc803d74 HTTP/1.1" 301 0 "-" "Mozilla/5.0 (compatible; SERankingBacklinksBot/1.0; +https://seranking.com/backlinks-crawler)"
144.76.19.157 - - [18/Aug/2026:14:20:47 +0000] "GET /product/shoreline-decor/?add_to_wishlist=18447&_wpnonce=32cc803d74 HTTP/1.1" 200 45161 "-" "Mozilla/5.0 (compatible; SERankingBacklinksBot/1.0; +https://seranking.com/backlinks-crawler)"
144.76.19.157 - - [18/Aug/2026:14:20:52 +0000] "GET /product/mara-pro/?add_to_wishlist=15510&_wpnonce=32cc803d74 HTTP/1.1" 301 0 "-" "Mozilla/5.0 (compatible; SERankingBacklinksBot/1.0; +https://seranking.com/backlinks-crawler)"
144.76.19.157 - - [18/Aug/2026:14:20:54 +0000] "GET /product/mara-pro/?add_to_wishlist=15510&_wpnonce=32cc803d74 HTTP/1.1" 200 45022 "-" "Mozilla/5.0 (compatible; SERankingBacklinksBot/1.0; +https://seranking.com/backlinks-crawler)"
216.73.216.54 - - [18/Aug/2026:14:20:56 +0000] "GET /tag/oak-marzen/ HTTP/2" 200 30543 "-" "Mozilla/5.0 AppleWebKit/537.36 (KHTML, like Gecko; compatible; ClaudeBot/1.0; +claudebot@anthropic.com)"
82.5.247.237 - - [18/Aug/2026:14:20:57 +0000] "GET /wp-content/uploads/2025/07/licc02_alpine_ambiance__room-510x319.jpg HTTP/2" 200 30153 "https://glamourflooringla.com/product/alpine-ambiance/" "Mozilla/5.0 (Macintosh; Intel Mac OS X 10_5_8) AppleWebKit/535.19 (KHTML, like Gecko) Chrome/18.0.1025.151 Safari/535.19"
144.76.19.157 - - [18/Aug/2026:14:21:00 +0000] "GET /product/mara-pro/?add_to_wishlist=15510&_wpnonce=3b8935374b HTTP/1.1" 301 0 "-" "Mozilla/5.0 (compatible; SERankingBacklinksBot/1.0; +https://seranking.com/backlinks-crawler)"
144.76.19.157 - - [18/Aug/2026:14:21:02 +0000] "GET /product/mara-pro/?add_to_wishlist=15510&_wpnonce=3b8935374b HTTP/1.1" 200 44964 "-" "Mozilla/5.0 (compatible; SERankingBacklinksBot/1.0; +https://seranking.com/backlinks-crawler)"
144.76.19.157 - - [18/Aug/2026:14:21:07 +0000] "GET /product/mara-pro/?add_to_wishlist=15510&_wpnonce=ee2ab5adbb HTTP/1.1" 301 0 "-" "Mozilla/5.0 (compatible; SERankingBacklinksBot/1.0; +https://seranking.com/backlinks-crawler)"
216.73.216.54 - - [18/Aug/2026:14:21:07 +0000] "GET /tag/best-flooring-store/2 HTTP/2" 429 0 "-" "Mozilla/5.0 AppleWebKit/537.36 (KHTML, like Gecko; compatible; ClaudeBot/1.0; +claudebot@anthropic.com)"
144.76.19.157 - - [18/Aug/2026:14:21:08 +0000] "GET /product/mara-pro/?add_to_wishlist=15510&_wpnonce=ee2ab5adbb HTTP/1.1" 200 45024 "-" "Mozilla/5.0 (compatible; SERankingBacklinksBot/1.0; +https://seranking.com/backlinks-crawler)"
83.99.206.4 - - [18/Aug/2026:14:21:10 +0000] "GET /product-category/travetine-flooring2/2 HTTP/1.1" 301 0 "-" "Mozilla/5.0 (X11; Linux x86_64) AppleWebKit/537.36 (KHTML, like Gecko; GeedoShopProductFinder) Chrome/142.0.0.0 Safari/537.36"
83.99.206.4 - - [18/Aug/2026:14:21:10 +0000] "GET / HTTP/1.1" 200 46845 "-" "Mozilla/5.0 (X11; Linux x86_64) AppleWebKit/537.36 (KHTML, like Gecko; GeedoShopProductFinder) Chrome/142.0.0.0 Safari/537.36"
176.117.95.19 - - [18/Aug/2026:14:21:10 +0000] "GET /product/fortress-dawn/?_wpnonce=305f5d0752&add_to_wishlist=18375 HTTP/2" 200 38806 "-" "Mozilla/5.0 (Macintosh; Intel Mac OS X 10_15_7) AppleWebKit/537.36 (KHTML, like Gecko) Chrome/146.0.0.0 Safari/537.36"
216.73.216.54 - - [18/Aug/2026:14:21:12 +0000] "GET /tag/quartz-counters/ HTTP/2" 429 0 "-" "Mozilla/5.0 AppleWebKit/537.36 (KHTML, like Gecko; compatible; ClaudeBot/1.0; +claudebot@anthropic.com)"
144.76.19.157 - - [18/Aug/2026:14:21:12 +0000] "GET /product/mara-pro/?add_to_wishlist=15515&_wpnonce=3b8935374b HTTP/1.1" 301 0 "-" "Mozilla/5.0 (compatible; SERankingBacklinksBot/1.0; +https://seranking.com/backlinks-crawler)"
144.76.19.157 - - [18/Aug/2026:14:21:13 +0000] "GET /product/mara-pro/?add_to_wishlist=15515&_wpnonce=3b8935374b HTTP/1.1" 200 45010 "-" "Mozilla/5.0 (compatible; SERankingBacklinksBot/1.0; +https://seranking.com/backlinks-crawler)"
57.141.4.41 - - [18/Aug/2026:14:21:15 +0000] "GET /detail/397898749434 HTTP/2" 429 0 "-" "Mozilla/5.0 (Macintosh; Intel Mac OS X 10_15_7) AppleWebKit/537.36 (KHTML, like Gecko) Chrome/145.0.0.0 Safari/537.36 (compatible; meta-externalagent/1.1 (+https://developers.facebook.com/docs/sharing/webmasters/crawler))"
216.73.216.54 - - [18/Aug/2026:14:21:17 +0000] "GET /tag/flooring/ HTTP/2" 429 0 "-" "Mozilla/5.0 AppleWebKit/537.36 (KHTML, like Gecko; compatible; ClaudeBot/1.0; +claudebot@anthropic.com)"
144.76.19.157 - - [18/Aug/2026:14:21:18 +0000] "GET /product/mara-pro/?add_to_wishlist=15515&_wpnonce=44202cc6af HTTP/1.1" 301 0 "-" "Mozilla/5.0 (compatible; SERankingBacklinksBot/1.0; +https://seranking.com/backlinks-crawler)"
144.76.19.157 - - [18/Aug/2026:14:21:20 +0000] "GET /product/mara-pro/?add_to_wishlist=15515&_wpnonce=44202cc6af HTTP/1.1" 200 44906 "-" "Mozilla/5.0 (compatible; SERankingBacklinksBot/1.0; +https://seranking.com/backlinks-crawler)"
216.73.216.54 - - [18/Aug/2026:14:21:23 +0000] "GET /tag/top-laminate-store/ HTTP/2" 429 0 "-" "Mozilla/5.0 AppleWebKit/537.36 (KHTML, like Gecko; compatible; ClaudeBot/1.0; +claudebot@anthropic.com)"
112.86.225.23 - - [18/Aug/2026:14:21:23 +0000] "GET /product/strand-tiger/ HTTP/1.1" 301 0 "-" "Sogou web spider/4.0(+http://www.sogou.com/docs/help/webmasters.htm#07)"
162.241.60.251 - - [18/Aug/2026:14:21:25 +0000] "GET /wp-login.php HTTP/1.1" 403 169 "-" "Mozilla/5.0 (Windows NT 10.0; Win64; x64) AppleWebKit/537.36 (KHTML, like Gecko) Chrome/149.0.0.0 Safari/537.36"
112.86.225.23 - - [18/Aug/2026:14:21:25 +0000] "GET / HTTP/1.1" 301 0 "-" "Sogou web spider/4.0(+http://www.sogou.com/docs/help/webmasters.htm#07)"
144.76.19.157 - - [18/Aug/2026:14:21:25 +0000] "GET /product/mara-pro/?add_to_wishlist=15515&_wpnonce=ee2ab5adbb HTTP/1.1" 301 0 "-" "Mozilla/5.0 (compatible; SERankingBacklinksBot/1.0; +https://seranking.com/backlinks-crawler)"
112.86.225.23 - - [18/Aug/2026:14:21:28 +0000] "GET / HTTP/1.1" 200 54063 "-" "Sogou web spider/4.0(+http://www.sogou.com/docs/help/webmasters.htm#07)"
216.73.216.54 - - [18/Aug/2026:14:21:28 +0000] "GET /?p=11573 HTTP/2" 429 0 "-" "Mozilla/5.0 AppleWebKit/537.36 (KHTML, like Gecko; compatible; ClaudeBot/1.0; +claudebot@anthropic.com)"
144.76.19.157 - - [18/Aug/2026:14:21:27 +0000] "GET /product/mara-pro/?add_to_wishlist=15515&_wpnonce=ee2ab5adbb HTTP/1.1" 200 44941 "-" "Mozilla/5.0 (compatible; SERankingBacklinksBot/1.0; +https://seranking.com/backlinks-crawler)"
