57.141.4.60 - - [18/Aug/2026:12:41:58 +0000] "GET /detail/2717183165306 HTTP/2" 429 0 "-" "Mozilla/5.0 (Windows NT 10.0; Win64; x64) AppleWebKit/537.36 (KHTML, like Gecko) Chrome/145.0.0.0 Safari/537.36 (compatible; meta-externalagent/1.1 (+https://developers.facebook.com/docs/sharing/webmasters/crawler))"
144.76.19.157 - - [18/Aug/2026:12:41:58 +0000] "GET /product/lake-point/?add_to_wishlist=18475&_wpnonce=ee2ab5adbb HTTP/1.1" 200 45161 "-" "Mozilla/5.0 (compatible; SERankingBacklinksBot/1.0; +https://seranking.com/backlinks-crawler)"
83.99.206.72 - - [18/Aug/2026:12:42:02 +0000] "GET /tag/woodland-hills/ HTTP/1.1" 200 34470 "-" "Mozilla/5.0 (X11; Linux x86_64) AppleWebKit/537.36 (KHTML, like Gecko; GeedoShopProductFinder) Chrome/142.0.0.0 Safari/537.36"
144.76.19.157 - - [18/Aug/2026:12:42:03 +0000] "GET /product/lake-point/?add_to_wishlist=18492&_wpnonce=32cc803d74 HTTP/1.1" 301 0 "-" "Mozilla/5.0 (compatible; SERankingBacklinksBot/1.0; +https://seranking.com/backlinks-crawler)"
144.76.19.157 - - [18/Aug/2026:12:42:05 +0000] "GET /product/lake-point/?add_to_wishlist=18492&_wpnonce=32cc803d74 HTTP/1.1" 200 45072 "-" "Mozilla/5.0 (compatible; SERankingBacklinksBot/1.0; +https://seranking.com/backlinks-crawler)"
144.76.19.157 - - [18/Aug/2026:12:42:10 +0000] "GET /product/lake-point/?add_to_wishlist=18492&_wpnonce=7fc678ce79 HTTP/1.1" 301 0 "-" "Mozilla/5.0 (compatible; SERankingBacklinksBot/1.0; +https://seranking.com/backlinks-crawler)"
144.76.19.157 - - [18/Aug/2026:12:42:12 +0000] "GET /product/lake-point/?add_to_wishlist=18492&_wpnonce=7fc678ce79 HTTP/1.1" 200 45162 "-" "Mozilla/5.0 (compatible; SERankingBacklinksBot/1.0; +https://seranking.com/backlinks-crawler)"
144.76.19.157 - - [18/Aug/2026:12:42:17 +0000] "GET /product/lake-point/?add_to_wishlist=18492&_wpnonce=e7a007f243 HTTP/1.1" 301 0 "-" "Mozilla/5.0 (compatible; SERankingBacklinksBot/1.0; +https://seranking.com/backlinks-crawler)"
144.76.19.157 - - [18/Aug/2026:12:42:18 +0000] "GET /product/lake-point/?add_to_wishlist=18492&_wpnonce=e7a007f243 HTTP/1.1" 200 45108 "-" "Mozilla/5.0 (compatible; SERankingBacklinksBot/1.0; +https://seranking.com/backlinks-crawler)"
131.221.225.247 - - [18/Aug/2026:12:42:21 +0000] "GET /product-category/tavertine-mosiacs/manufactures-tavertine-mosiacs/2 HTTP/2" 301 0 "-" "Mozilla/5.0 (Linux; Android 6.0; Nexus 5 Build/MRA58N) AppleWebKit/537.36 (KHTML, like Gecko) Chrome/55.0.4054.1284 Mobile Safari/537.36"
83.99.206.72 - - [18/Aug/2026:12:42:21 +0000] "GET /product/sienna-sand-provenza-floors/ HTTP/1.1" 200 38432 "-" "Mozilla/5.0 (X11; Linux x86_64) AppleWebKit/537.36 (KHTML, like Gecko; GeedoShopProductFinder) Chrome/142.0.0.0 Safari/537.36"
131.221.225.247 - - [18/Aug/2026:12:42:22 +0000] "GET / HTTP/2" 200 46840 "-" "Mozilla/5.0 (Linux; Android 6.0; Nexus 5 Build/MRA58N) AppleWebKit/537.36 (KHTML, like Gecko) Chrome/55.0.4054.1284 Mobile Safari/537.36"
144.76.19.157 - - [18/Aug/2026:12:42:22 +0000] "GET /product/lake-point/?add_to_wishlist=18492&_wpnonce=ee2ab5adbb HTTP/1.1" 301 0 "-" "Mozilla/5.0 (compatible; SERankingBacklinksBot/1.0; +https://seranking.com/backlinks-crawler)"
144.76.19.157 - - [18/Aug/2026:12:42:23 +0000] "GET /product/lake-point/?add_to_wishlist=18492&_wpnonce=ee2ab5adbb HTTP/1.1" 200 45167 "-" "Mozilla/5.0 (compatible; SERankingBacklinksBot/1.0; +https://seranking.com/backlinks-crawler)"
223.109.252.205 - - [18/Aug/2026:12:42:25 +0000] "GET /product-category/waterproof-flooring/spc/?add_to_wishlist=18554&_wpnonce=bbea1cadf7 HTTP/1.1" 200 50773 "-" "Sogou web spider/4.0(+http://www.sogou.com/docs/help/webmasters.htm#07)"
144.76.19.157 - - [18/Aug/2026:12:42:29 +0000] "GET /product/lake-point/?add_to_wishlist=18521&_wpnonce=e7a007f243 HTTP/1.1" 301 0 "-" "Mozilla/5.0 (compatible; SERankingBacklinksBot/1.0; +https://seranking.com/backlinks-crawler)"
192.250.227.238 - - [18/Aug/2026:12:42:32 +0000] "POST /wp-cron.php?doing_wp_cron=1787056952.1632161140441894531250 HTTP/1.1" 200 0 "-" "WordPress/7.0.4; https://glamourflooringla.com"
144.76.19.157 - - [18/Aug/2026:12:42:31 +0000] "GET /product/lake-point/?add_to_wishlist=18521&_wpnonce=e7a007f243 HTTP/1.1" 200 45063 "-" "Mozilla/5.0 (compatible; SERankingBacklinksBot/1.0; +https://seranking.com/backlinks-crawler)"
144.76.19.157 - - [18/Aug/2026:12:42:36 +0000] "GET /product/lake-point/?add_to_wishlist=18521&_wpnonce=ee2ab5adbb HTTP/1.1" 301 0 "-" "Mozilla/5.0 (compatible; SERankingBacklinksBot/1.0; +https://seranking.com/backlinks-crawler)"
144.76.19.157 - - [18/Aug/2026:12:42:38 +0000] "GET /product/lake-point/?add_to_wishlist=18521&_wpnonce=ee2ab5adbb HTTP/1.1" 200 45160 "-" "Mozilla/5.0 (compatible; SERankingBacklinksBot/1.0; +https://seranking.com/backlinks-crawler)"
83.99.206.72 - - [18/Aug/2026:12:42:42 +0000] "GET /top-florring-store-in-woodland-hills-for-viny-laminate-engineered-hardwood/ HTTP/1.1" 200 33685 "-" "Mozilla/5.0 (X11; Linux x86_64) AppleWebKit/537.36 (KHTML, like Gecko; GeedoShopProductFinder) Chrome/142.0.0.0 Safari/537.36"
144.76.19.157 - - [18/Aug/2026:12:42:44 +0000] "GET /product/lake-point/?add_to_wishlist=18540&_wpnonce=32cc803d74 HTTP/1.1" 301 0 "-" "Mozilla/5.0 (compatible; SERankingBacklinksBot/1.0; +https://seranking.com/backlinks-crawler)"
144.76.19.157 - - [18/Aug/2026:12:42:46 +0000] "GET /product/lake-point/?add_to_wishlist=18540&_wpnonce=32cc803d74 HTTP/1.1" 200 45160 "-" "Mozilla/5.0 (compatible; SERankingBacklinksBot/1.0; +https://seranking.com/backlinks-crawler)"
144.76.19.157 - - [18/Aug/2026:12:42:51 +0000] "GET /product/lake-point/?add_to_wishlist=18540&_wpnonce=7fc678ce79 HTTP/1.1" 301 0 "-" "Mozilla/5.0 (compatible; SERankingBacklinksBot/1.0; +https://seranking.com/backlinks-crawler)"
144.76.19.157 - - [18/Aug/2026:12:42:53 +0000] "GET /product/lake-point/?add_to_wishlist=18540&_wpnonce=7fc678ce79 HTTP/1.1" 200 45149 "-" "Mozilla/5.0 (compatible; SERankingBacklinksBot/1.0; +https://seranking.com/backlinks-crawler)"
144.76.19.157 - - [18/Aug/2026:12:42:59 +0000] "GET /product/lake-point/?add_to_wishlist=18540&_wpnonce=ee2ab5adbb HTTP/1.1" 301 0 "-" "Mozilla/5.0 (compatible; SERankingBacklinksBot/1.0; +https://seranking.com/backlinks-crawler)"
144.76.19.157 - - [18/Aug/2026:12:43:01 +0000] "GET /product/lake-point/?add_to_wishlist=18540&_wpnonce=ee2ab5adbb HTTP/1.1" 200 45085 "-" "Mozilla/5.0 (compatible; SERankingBacklinksBot/1.0; +https://seranking.com/backlinks-crawler)"
83.99.206.157 - - [18/Aug/2026:12:43:01 +0000] "GET /product-category/travetine-flooring2/ HTTP/1.1" 200 29654 "-" "Mozilla/5.0 (X11; Linux x86_64) AppleWebKit/537.36 (KHTML, like Gecko; GeedoShopProductFinder) Chrome/142.0.0.0 Safari/537.36"
51.36.174.159 - - [18/Aug/2026:12:43:01 +0000] "GET /product/scabos-vein-cut-tumbled-french-pattern-travertine-pavers HTTP/1.1" 301 0 "https://www.glamourflooringla.com/product/scabos-vein-cut-tumbled-french-pattern-travertine-pavers" "Mozilla/5.0 (Linux; Android 13; M2102J23) AppleWebKit/537.36 (KHTML, like Gecko) Chrome/144.0.5111.122 Mobile Safari/537.36 MicroMessenger/8.0.36(0x18001B3F) NetType/WIFI Language/zh_CN"
103.17.38.74 - - [18/Aug/2026:12:43:02 +0000] "GET /tag/oak-blonde/2 HTTP/2" 301 0 "-" "Mozilla/5.0 (iPhone; CPU iPhone OS 11_0 like Mac OS X) AppleWebKit/537.36 (KHTML, like Gecko) Chrome/60.0.1501.1574 Mobile Safari/537.36"
57.141.4.66 - - [18/Aug/2026:12:43:04 +0000] "GET /detail/337243459693 HTTP/2" 429 0 "-" "Mozilla/5.0 (Macintosh; Intel Mac OS X 10_15_7) AppleWebKit/537.36 (KHTML, like Gecko) Chrome/145.0.0.0 Safari/537.36 (compatible; meta-externalagent/1.1 (+https://developers.facebook.com/docs/sharing/webmasters/crawler))"
103.17.38.74 - - [18/Aug/2026:12:43:04 +0000] "GET / HTTP/2" 200 46840 "-" "Mozilla/5.0 (iPhone; CPU iPhone OS 11_0 like Mac OS X) AppleWebKit/537.36 (KHTML, like Gecko) Chrome/60.0.1501.1574 Mobile Safari/537.36"
103.133.140.28 - - [18/Aug/2026:12:43:05 +0000] "GET / HTTP/1.1" 301 0 "https://www.glamourflooringla.com/product/scabos-vein-cut-tumbled-french-pattern-travertine-pavers" "Mozilla/5.0 (Linux; Android 13; M2102J23) AppleWebKit/537.36 (KHTML, like Gecko) Chrome/144.0.5111.122 Mobile Safari/537.36 MicroMessenger/8.0.36(0x18001B3F) NetType/WIFI Language/zh_CN"
144.76.19.157 - - [18/Aug/2026:12:43:07 +0000] "GET /product/lake-point/?add_to_wishlist=18559&_wpnonce=32cc803d74 HTTP/1.1" 301 0 "-" "Mozilla/5.0 (compatible; SERankingBacklinksBot/1.0; +https://seranking.com/backlinks-crawler)"
109.161.226.135 - - [18/Aug/2026:12:43:09 +0000] "GET / HTTP/1.1" 200 46840 "https://www.glamourflooringla.com/product/scabos-vein-cut-tumbled-french-pattern-travertine-pavers" "Mozilla/5.0 (Linux; Android 13; M2102J23) AppleWebKit/537.36 (KHTML, like Gecko) Chrome/144.0.5111.122 Mobile Safari/537.36 MicroMessenger/8.0.36(0x18001B3F) NetType/WIFI Language/zh_CN"
144.76.19.157 - - [18/Aug/2026:12:43:08 +0000] "GET /product/lake-point/?add_to_wishlist=18559&_wpnonce=32cc803d74 HTTP/1.1" 200 45083 "-" "Mozilla/5.0 (compatible; SERankingBacklinksBot/1.0; +https://seranking.com/backlinks-crawler)"
192.161.171.154 - - [18/Aug/2026:12:43:09 +0000] "GET /wp-json/contact-form-7/v1/contact-forms/22308/feedback/schema HTTP/2" 200 322 "https://glamourflooringla.com/" "Mozilla/5.0 (iPhone; CPU iPhone OS 11_0 like Mac OS X) AppleWebKit/537.36 (KHTML, like Gecko) Chrome/60.0.1501.1574 Mobile Safari/537.36"
192.161.171.154 - - [18/Aug/2026:12:43:09 +0000] "GET /wp-json/contact-form-7/v1/contact-forms/22324/feedback/schema HTTP/2" 200 241 "https://glamourflooringla.com/" "Mozilla/5.0 (iPhone; CPU iPhone OS 11_0 like Mac OS X) AppleWebKit/537.36 (KHTML, like Gecko) Chrome/60.0.1501.1574 Mobile Safari/537.36"
192.161.171.154 - - [18/Aug/2026:12:43:09 +0000] "POST /?wc-ajax=get_refreshed_fragments HTTP/2" 200 916 "https://glamourflooringla.com/" "Mozilla/5.0 (iPhone; CPU iPhone OS 11_0 like Mac OS X) AppleWebKit/537.36 (KHTML, like Gecko) Chrome/60.0.1501.1574 Mobile Safari/537.36"
192.161.171.154 - - [18/Aug/2026:12:43:11 +0000] "GET /wp-json/contact-form-7/v1/contact-forms/22308/refill HTTP/2" 200 6 "https://glamourflooringla.com/" "Mozilla/5.0 (iPhone; CPU iPhone OS 11_0 like Mac OS X) AppleWebKit/537.36 (KHTML, like Gecko) Chrome/60.0.1501.1574 Mobile Safari/537.36"
192.161.171.154 - - [18/Aug/2026:12:43:11 +0000] "GET /wp-json/contact-form-7/v1/contact-forms/22324/refill HTTP/2" 200 6 "https://glamourflooringla.com/" "Mozilla/5.0 (iPhone; CPU iPhone OS 11_0 like Mac OS X) AppleWebKit/537.36 (KHTML, like Gecko) Chrome/60.0.1501.1574 Mobile Safari/537.36"
142.44.228.109 - - [18/Aug/2026:12:43:11 +0000] "GET /sitemap_index.xml HTTP/2" 200 352 "-" "Mozilla/5.0 (compatible; AhrefsBot/7.0; +http://ahrefs.com/robot/)"
142.44.220.72 - - [18/Aug/2026:12:43:13 +0000] "GET /post-sitemap.xml HTTP/2" 200 3108 "-" "Mozilla/5.0 (compatible; AhrefsBot/7.0; +http://ahrefs.com/robot/)"
144.76.19.157 - - [18/Aug/2026:12:43:14 +0000] "GET /product/lake-point/?add_to_wishlist=18559&_wpnonce=7fc678ce79 HTTP/1.1" 301 0 "-" "Mozilla/5.0 (compatible; SERankingBacklinksBot/1.0; +https://seranking.com/backlinks-crawler)"
54.39.89.254 - - [18/Aug/2026:12:43:14 +0000] "GET /page-sitemap.xml HTTP/2" 200 5694 "-" "Mozilla/5.0 (compatible; AhrefsBot/7.0; +http://ahrefs.com/robot/)"
144.76.19.157 - - [18/Aug/2026:12:43:16 +0000] "GET /product/lake-point/?add_to_wishlist=18559&_wpnonce=7fc678ce79 HTTP/1.1" 200 45178 "-" "Mozilla/5.0 (compatible; SERankingBacklinksBot/1.0; +https://seranking.com/backlinks-crawler)"
15.235.98.148 - - [18/Aug/2026:12:43:16 +0000] "GET /elementskit_template-sitemap.xml HTTP/2" 200 353 "-" "Mozilla/5.0 (compatible; AhrefsBot/7.0; +http://ahrefs.com/robot/)"
51.161.37.53 - - [18/Aug/2026:12:43:18 +0000] "GET /product-sitemap.xml HTTP/2" 200 14137 "-" "Mozilla/5.0 (compatible; AhrefsBot/7.0; +http://ahrefs.com/robot/)"
51.222.168.112 - - [18/Aug/2026:12:43:21 +0000] "GET /featured_item-sitemap.xml HTTP/2" 200 1547 "-" "Mozilla/5.0 (compatible; AhrefsBot/7.0; +http://ahrefs.com/robot/)"
144.76.19.157 - - [18/Aug/2026:12:43:21 +0000] "GET /product/lake-point/?add_to_wishlist=18559&_wpnonce=e7a007f243 HTTP/1.1" 301 0 "-" "Mozilla/5.0 (compatible; SERankingBacklinksBot/1.0; +https://seranking.com/backlinks-crawler)"
144.76.19.157 - - [18/Aug/2026:12:43:23 +0000] "GET /product/lake-point/?add_to_wishlist=18559&_wpnonce=e7a007f243 HTTP/1.1" 200 45157 "-" "Mozilla/5.0 (compatible; SERankingBacklinksBot/1.0; +https://seranking.com/backlinks-crawler)"
182.253.233.227 - - [18/Aug/2026:12:43:24 +0000] "POST /wp-json/batch/v1 HTTP/1.1" 207 16 "-" "Mozilla/5.0 (Windows NT 10.0; Win64; x64) AppleWebKit/537.36 (KHTML, like Gecko) Chrome/131.0.0.0 Safari/537.36"
182.253.233.227 - - [18/Aug/2026:12:43:26 +0000] "POST /wp-json/batch/v1 HTTP/1.1" 403 31025 "-" "Mozilla/5.0 (Windows NT 10.0; Win64; x64) AppleWebKit/537.36 (KHTML, like Gecko) Chrome/131.0.0.0 Safari/537.36"
182.253.233.227 - - [18/Aug/2026:12:43:28 +0000] "POST /wp-json/batch/v1 HTTP/1.1" 403 31025 "-" "Mozilla/5.0 (Windows NT 10.0; Win64; x64) AppleWebKit/537.36 (KHTML, like Gecko) Chrome/131.0.0.0 Safari/537.36"
144.76.19.157 - - [18/Aug/2026:12:43:29 +0000] "GET /product/lake-point/?add_to_wishlist=18559&_wpnonce=ee2ab5adbb HTTP/1.1" 301 0 "-" "Mozilla/5.0 (compatible; SERankingBacklinksBot/1.0; +https://seranking.com/backlinks-crawler)"
182.253.233.227 - - [18/Aug/2026:12:43:30 +0000] "POST /wp-json/batch/v1 HTTP/1.1" 403 31025 "-" "Mozilla/5.0 (Windows NT 10.0; Win64; x64) AppleWebKit/537.36 (KHTML, like Gecko) Chrome/131.0.0.0 Safari/537.36"
182.253.233.227 - - [18/Aug/2026:12:43:32 +0000] "POST /wp-json/batch/v1 HTTP/1.1" 403 31025 "-" "Mozilla/5.0 (Windows NT 10.0; Win64; x64) AppleWebKit/537.36 (KHTML, like Gecko) Chrome/131.0.0.0 Safari/537.36"
182.253.233.227 - - [18/Aug/2026:12:43:34 +0000] "POST /wp-json/batch/v1 HTTP/1.1" 403 31025 "-" "Mozilla/5.0 (Windows NT 10.0; Win64; x64) AppleWebKit/537.36 (KHTML, like Gecko) Chrome/131.0.0.0 Safari/537.36"
192.250.227.238 - - [18/Aug/2026:12:43:34 +0000] "POST /wp-cron.php?doing_wp_cron=1787057014.3290460109710693359375 HTTP/1.1" 200 0 "-" "WordPress/7.0.4; https://glamourflooringla.com"
144.76.19.157 - - [18/Aug/2026:12:43:30 +0000] "GET /product/lake-point/?add_to_wishlist=18559&_wpnonce=ee2ab5adbb HTTP/1.1" 200 45081 "-" "Mozilla/5.0 (compatible; SERankingBacklinksBot/1.0; +https://seranking.com/backlinks-crawler)"
182.253.233.227 - - [18/Aug/2026:12:43:36 +0000] "POST /wp-json/batch/v1 HTTP/1.1" 403 31025 "-" "Mozilla/5.0 (Windows NT 10.0; Win64; x64) AppleWebKit/537.36 (KHTML, like Gecko) Chrome/131.0.0.0 Safari/537.36"
144.76.19.157 - - [18/Aug/2026:12:43:38 +0000] "GET /product/lake-point/?add_to_wishlist=18582&_wpnonce=e7a007f243 HTTP/1.1" 301 0 "-" "Mozilla/5.0 (compatible; SERankingBacklinksBot/1.0; +https://seranking.com/backlinks-crawler)"
144.76.19.157 - - [18/Aug/2026:12:43:40 +0000] "GET /product/lake-point/?add_to_wishlist=18582&_wpnonce=e7a007f243 HTTP/1.1" 200 45092 "-" "Mozilla/5.0 (compatible; SERankingBacklinksBot/1.0; +https://seranking.com/backlinks-crawler)"
177.127.2.5 - - [18/Aug/2026:12:43:45 +0000] "GET /product/naples-opus/2 HTTP/2" 301 0 "-" "Mozilla/5.0 (iPhone; CPU iPhone OS 11_0 like Mac OS X) AppleWebKit/537.36 (KHTML, like Gecko) Chrome/56.0.3329.1226 Mobile Safari/537.36"
144.76.19.157 - - [18/Aug/2026:12:43:46 +0000] "GET /product/lake-point/?add_to_wishlist=18582&_wpnonce=ee2ab5adbb HTTP/1.1" 301 0 "-" "Mozilla/5.0 (compatible; SERankingBacklinksBot/1.0; +https://seranking.com/backlinks-crawler)"
177.127.2.5 - - [18/Aug/2026:12:43:47 +0000] "GET / HTTP/2" 200 46845 "-" "Mozilla/5.0 (iPhone; CPU iPhone OS 11_0 like Mac OS X) AppleWebKit/537.36 (KHTML, like Gecko) Chrome/56.0.3329.1226 Mobile Safari/537.36"
144.76.19.157 - - [18/Aug/2026:12:43:48 +0000] "GET /product/lake-point/?add_to_wishlist=18582&_wpnonce=ee2ab5adbb HTTP/1.1" 200 45155 "-" "Mozilla/5.0 (compatible; SERankingBacklinksBot/1.0; +https://seranking.com/backlinks-crawler)"
103.130.18.32 - - [18/Aug/2026:12:43:51 +0000] "GET /product/moro-monarch/ HTTP/2" 200 38562 "-" "Mozilla/5.0 (Macintosh; Intel Mac OS X 10_15_7) AppleWebKit/537.36 (KHTML, like Gecko) Chrome/133.0.0.0 Safari/537.36"
144.76.19.157 - - [18/Aug/2026:12:43:53 +0000] "GET /product/lambrusco-urb/?add_to_wishlist=15484&_wpnonce=bbb71dd7ae HTTP/1.1" 301 0 "-" "Mozilla/5.0 (compatible; SERankingBacklinksBot/1.0; +https://seranking.com/backlinks-crawler)"
62.3.6.17 - - [18/Aug/2026:12:43:55 +0000] "GET /wp-json/contact-form-7/v1/contact-forms/22308/feedback/schema HTTP/2" 200 322 "https://glamourflooringla.com/" "Mozilla/5.0 (iPhone; CPU iPhone OS 11_0 like Mac OS X) AppleWebKit/537.36 (KHTML, like Gecko) Chrome/56.0.3329.1226 Mobile Safari/537.36"
62.3.6.17 - - [18/Aug/2026:12:43:55 +0000] "GET /wp-json/contact-form-7/v1/contact-forms/22324/feedback/schema HTTP/2" 200 241 "https://glamourflooringla.com/" "Mozilla/5.0 (iPhone; CPU iPhone OS 11_0 like Mac OS X) AppleWebKit/537.36 (KHTML, like Gecko) Chrome/56.0.3329.1226 Mobile Safari/537.36"
144.76.19.157 - - [18/Aug/2026:12:43:55 +0000] "GET /product/lambrusco-urb/?add_to_wishlist=15484&_wpnonce=bbb71dd7ae HTTP/1.1" 200 44892 "-" "Mozilla/5.0 (compatible; SERankingBacklinksBot/1.0; +https://seranking.com/backlinks-crawler)"
62.3.6.17 - - [18/Aug/2026:12:43:55 +0000] "POST /?wc-ajax=get_refreshed_fragments HTTP/2" 200 916 "https://glamourflooringla.com/" "Mozilla/5.0 (iPhone; CPU iPhone OS 11_0 like Mac OS X) AppleWebKit/537.36 (KHTML, like Gecko) Chrome/56.0.3329.1226 Mobile Safari/537.36"
121.229.156.26 - - [18/Aug/2026:12:43:57 +0000] "GET /flooring-installation-valley-village-ca/ HTTP/1.1" 301 0 "-" "Sogou web spider/4.0(+http://www.sogou.com/docs/help/webmasters.htm#07)"
62.3.6.17 - - [18/Aug/2026:12:43:57 +0000] "GET /wp-json/contact-form-7/v1/contact-forms/22308/refill HTTP/2" 200 6 "https://glamourflooringla.com/" "Mozilla/5.0 (iPhone; CPU iPhone OS 11_0 like Mac OS X) AppleWebKit/537.36 (KHTML, like Gecko) Chrome/56.0.3329.1226 Mobile Safari/537.36"
62.3.6.17 - - [18/Aug/2026:12:43:57 +0000] "GET /wp-json/contact-form-7/v1/contact-forms/22324/refill HTTP/2" 200 6 "https://glamourflooringla.com/" "Mozilla/5.0 (iPhone; CPU iPhone OS 11_0 like Mac OS X) AppleWebKit/537.36 (KHTML, like Gecko) Chrome/56.0.3329.1226 Mobile Safari/537.36"
121.229.156.26 - - [18/Aug/2026:12:44:00 +0000] "GET /flooring-installation-valley-village-ca/ HTTP/1.1" 200 41792 "-" "Sogou web spider/4.0(+http://www.sogou.com/docs/help/webmasters.htm#07)"
144.76.19.157 - - [18/Aug/2026:12:44:01 +0000] "GET /product/lambrusco-urb/?add_to_wishlist=15507&_wpnonce=bbb71dd7ae HTTP/1.1" 301 0 "-" "Mozilla/5.0 (compatible; SERankingBacklinksBot/1.0; +https://seranking.com/backlinks-crawler)"
144.76.19.157 - - [18/Aug/2026:12:44:03 +0000] "GET /product/lambrusco-urb/?add_to_wishlist=15507&_wpnonce=bbb71dd7ae HTTP/1.1" 200 45004 "-" "Mozilla/5.0 (compatible; SERankingBacklinksBot/1.0; +https://seranking.com/backlinks-crawler)"
45.229.145.0 - - [18/Aug/2026:12:44:04 +0000] "GET /product/west-chelsea/?_wpnonce=b237dee058&add_to_wishlist=18486 HTTP/2" 200 38642 "-" "Mozilla/5.0 (Macintosh; Intel Mac OS X 10_15_7) AppleWebKit/537.36 (KHTML, like Gecko) Chrome/146.0.0.0 Safari/537.36"
190.129.103.41 - - [18/Aug/2026:12:44:04 +0000] "GET /product/west-chelsea/?_wpnonce=b237dee058&add_to_wishlist=18545 HTTP/2" 200 38687 "-" "Mozilla/5.0 (Macintosh; Intel Mac OS X 10_15_7) AppleWebKit/537.36 (KHTML, like Gecko) Chrome/146.0.0.0 Safari/537.36"
190.52.66.250 - - [18/Aug/2026:12:44:06 +0000] "GET /product/west-chelsea/?_wpnonce=b237dee058&add_to_wishlist=18416 HTTP/2" 200 38675 "-" "Mozilla/5.0 (Macintosh; Intel Mac OS X 10_15_7) AppleWebKit/537.36 (KHTML, like Gecko) Chrome/146.0.0.0 Safari/537.36"
144.76.19.157 - - [18/Aug/2026:12:44:08 +0000] "GET /product/lambrusco-urb/?add_to_wishlist=15510&_wpnonce=bbb71dd7ae HTTP/1.1" 301 0 "-" "Mozilla/5.0 (compatible; SERankingBacklinksBot/1.0; +https://seranking.com/backlinks-crawler)"
144.76.19.157 - - [18/Aug/2026:12:44:09 +0000] "GET /product/lambrusco-urb/?add_to_wishlist=15510&_wpnonce=bbb71dd7ae HTTP/1.1" 200 44943 "-" "Mozilla/5.0 (compatible; SERankingBacklinksBot/1.0; +https://seranking.com/backlinks-crawler)"
57.141.4.55 - - [18/Aug/2026:12:44:10 +0000] "GET /detail/1212547222702 HTTP/2" 429 0 "-" "Mozilla/5.0 (Windows NT 10.0; Win64; x64) AppleWebKit/537.36 (KHTML, like Gecko) Chrome/145.0.0.0 Safari/537.36 (compatible; meta-externalagent/1.1 (+https://developers.facebook.com/docs/sharing/webmasters/crawler))"
144.76.19.157 - - [18/Aug/2026:12:44:13 +0000] "GET /product/lambrusco-urb/?add_to_wishlist=15519&_wpnonce=bbb71dd7ae HTTP/1.1" 301 0 "-" "Mozilla/5.0 (compatible; SERankingBacklinksBot/1.0; +https://seranking.com/backlinks-crawler)"
144.76.19.157 - - [18/Aug/2026:12:44:14 +0000] "GET /product/lambrusco-urb/?add_to_wishlist=15519&_wpnonce=bbb71dd7ae HTTP/1.1" 200 45025 "-" "Mozilla/5.0 (compatible; SERankingBacklinksBot/1.0; +https://seranking.com/backlinks-crawler)"
144.76.19.157 - - [18/Aug/2026:12:44:19 +0000] "GET /product/lambrusco-urb/?add_to_wishlist=15542&_wpnonce=bbb71dd7ae HTTP/1.1" 301 0 "-" "Mozilla/5.0 (compatible; SERankingBacklinksBot/1.0; +https://seranking.com/backlinks-crawler)"
144.76.19.157 - - [18/Aug/2026:12:44:21 +0000] "GET /product/lambrusco-urb/?add_to_wishlist=15542&_wpnonce=bbb71dd7ae HTTP/1.1" 200 45014 "-" "Mozilla/5.0 (compatible; SERankingBacklinksBot/1.0; +https://seranking.com/backlinks-crawler)"
144.76.19.157 - - [18/Aug/2026:12:44:26 +0000] "GET /product/lambrusco-urb/?add_to_wishlist=15560&_wpnonce=bbb71dd7ae HTTP/1.1" 301 0 "-" "Mozilla/5.0 (compatible; SERankingBacklinksBot/1.0; +https://seranking.com/backlinks-crawler)"
144.76.19.157 - - [18/Aug/2026:12:44:28 +0000] "GET /product/lambrusco-urb/?add_to_wishlist=15560&_wpnonce=bbb71dd7ae HTTP/1.1" 200 44973 "-" "Mozilla/5.0 (compatible; SERankingBacklinksBot/1.0; +https://seranking.com/backlinks-crawler)"
192.250.227.238 - - [18/Aug/2026:12:44:30 +0000] "POST /wp-cron.php?doing_wp_cron=1787057070.6054770946502685546875 HTTP/1.1" 200 0 "-" "WordPress/7.0.4; https://glamourflooringla.com"
54.37.118.74 - - [18/Aug/2026:12:44:30 +0000] "GET /robots.txt HTTP/2" 200 206 "-" "Mozilla/5.0 (compatible; AhrefsBot/7.0; +http://ahrefs.com/robot/)"
54.39.0.248 - - [18/Aug/2026:12:44:32 +0000] "GET /product/strada-provenza-floors/ HTTP/2" 200 38529 "-" "Mozilla/5.0 (compatible; AhrefsBot/7.0; +http://ahrefs.com/robot/)"
144.76.19.157 - - [18/Aug/2026:12:44:34 +0000] "GET /product/lambrusco-urb/?add_to_wishlist=15561&_wpnonce=bbb71dd7ae HTTP/1.1" 301 0 "-" "Mozilla/5.0 (compatible; SERankingBacklinksBot/1.0; +https://seranking.com/backlinks-crawler)"
144.76.19.157 - - [18/Aug/2026:12:44:36 +0000] "GET /product/lambrusco-urb/?add_to_wishlist=15561&_wpnonce=bbb71dd7ae HTTP/1.1" 200 45040 "-" "Mozilla/5.0 (compatible; SERankingBacklinksBot/1.0; +https://seranking.com/backlinks-crawler)"
144.76.19.157 - - [18/Aug/2026:12:44:41 +0000] "GET /product/lambrusco-urb/?add_to_wishlist=16073&_wpnonce=bbb71dd7ae HTTP/1.1" 301 0 "-" "Mozilla/5.0 (compatible; SERankingBacklinksBot/1.0; +https://seranking.com/backlinks-crawler)"
144.76.19.157 - - [18/Aug/2026:12:44:43 +0000] "GET /product/lambrusco-urb/?add_to_wishlist=16073&_wpnonce=bbb71dd7ae HTTP/1.1" 200 44998 "-" "Mozilla/5.0 (compatible; SERankingBacklinksBot/1.0; +https://seranking.com/backlinks-crawler)"
144.76.19.157 - - [18/Aug/2026:12:44:49 +0000] "GET /product/latour-monarch/?add_to_wishlist=15495&_wpnonce=ee2ab5adbb HTTP/1.1" 301 0 "-" "Mozilla/5.0 (compatible; SERankingBacklinksBot/1.0; +https://seranking.com/backlinks-crawler)"
144.76.19.157 - - [18/Aug/2026:12:44:50 +0000] "GET /product/latour-monarch/?add_to_wishlist=15495&_wpnonce=ee2ab5adbb HTTP/1.1" 200 44981 "-" "Mozilla/5.0 (compatible; SERankingBacklinksBot/1.0; +https://seranking.com/backlinks-crawler)"
144.76.19.157 - - [18/Aug/2026:12:44:56 +0000] "GET /product/latour-monarch/?add_to_wishlist=15540&_wpnonce=ee2ab5adbb HTTP/1.1" 301 0 "-" "Mozilla/5.0 (compatible; SERankingBacklinksBot/1.0; +https://seranking.com/backlinks-crawler)"
144.76.19.157 - - [18/Aug/2026:12:44:58 +0000] "GET /product/latour-monarch/?add_to_wishlist=15540&_wpnonce=ee2ab5adbb HTTP/1.1" 200 44929 "-" "Mozilla/5.0 (compatible; SERankingBacklinksBot/1.0; +https://seranking.com/backlinks-crawler)"
144.76.19.157 - - [18/Aug/2026:12:45:05 +0000] "GET /product/latour-monarch/?add_to_wishlist=15542&_wpnonce=ee2ab5adbb HTTP/1.1" 301 0 "-" "Mozilla/5.0 (compatible; SERankingBacklinksBot/1.0; +https://seranking.com/backlinks-crawler)"
144.76.19.157 - - [18/Aug/2026:12:45:07 +0000] "GET /product/latour-monarch/?add_to_wishlist=15542&_wpnonce=ee2ab5adbb HTTP/1.1" 200 44984 "-" "Mozilla/5.0 (compatible; SERankingBacklinksBot/1.0; +https://seranking.com/backlinks-crawler)"
83.99.206.171 - - [18/Aug/2026:12:45:11 +0000] "GET /product/laguna-beach/ HTTP/1.1" 200 38898 "-" "Mozilla/5.0 (X11; Linux x86_64) AppleWebKit/537.36 (KHTML, like Gecko; GeedoShopProductFinder) Chrome/142.0.0.0 Safari/537.36"
144.76.19.157 - - [18/Aug/2026:12:45:13 +0000] "GET /product/latour-monarch/?add_to_wishlist=15551&_wpnonce=ee2ab5adbb HTTP/1.1" 301 0 "-" "Mozilla/5.0 (compatible; SERankingBacklinksBot/1.0; +https://seranking.com/backlinks-crawler)"
144.76.19.157 - - [18/Aug/2026:12:45:15 +0000] "GET /product/latour-monarch/?add_to_wishlist=15551&_wpnonce=ee2ab5adbb HTTP/1.1" 200 44904 "-" "Mozilla/5.0 (compatible; SERankingBacklinksBot/1.0; +https://seranking.com/backlinks-crawler)"
57.141.4.66 - - [18/Aug/2026:12:45:17 +0000] "GET /detail/2501619307907 HTTP/2" 429 0 "-" "Mozilla/5.0 (Windows NT 10.0; Win64; x64) AppleWebKit/537.36 (KHTML, like Gecko) Chrome/145.0.0.0 Safari/537.36 (compatible; meta-externalagent/1.1 (+https://developers.facebook.com/docs/sharing/webmasters/crawler))"
144.76.19.157 - - [18/Aug/2026:12:45:20 +0000] "GET /product/latour-monarch/?add_to_wishlist=15552&_wpnonce=ee2ab5adbb HTTP/1.1" 301 0 "-" "Mozilla/5.0 (compatible; SERankingBacklinksBot/1.0; +https://seranking.com/backlinks-crawler)"
144.76.19.157 - - [18/Aug/2026:12:45:22 +0000] "GET /product/latour-monarch/?add_to_wishlist=15552&_wpnonce=ee2ab5adbb HTTP/1.1" 200 45037 "-" "Mozilla/5.0 (compatible; SERankingBacklinksBot/1.0; +https://seranking.com/backlinks-crawler)"
192.250.227.238 - - [18/Aug/2026:12:45:28 +0000] "POST /wp-cron.php?doing_wp_cron=1787057128.6575798988342285156250 HTTP/1.1" 200 0 "-" "WordPress/7.0.4; https://glamourflooringla.com"
144.76.19.157 - - [18/Aug/2026:12:45:28 +0000] "GET /product/latour-monarch/?add_to_wishlist=15556&_wpnonce=ee2ab5adbb HTTP/1.1" 301 0 "-" "Mozilla/5.0 (compatible; SERankingBacklinksBot/1.0; +https://seranking.com/backlinks-crawler)"
192.250.227.238 - - [18/Aug/2026:12:45:31 +0000] "POST /wp-cron.php?doing_wp_cron=1787057131.0759370326995849609375 HTTP/1.1" 200 0 "-" "WordPress/7.0.4; https://glamourflooringla.com"
144.76.19.157 - - [18/Aug/2026:12:45:30 +0000] "GET /product/latour-monarch/?add_to_wishlist=15556&_wpnonce=ee2ab5adbb HTTP/1.1" 200 44984 "-" "Mozilla/5.0 (compatible; SERankingBacklinksBot/1.0; +https://seranking.com/backlinks-crawler)"
83.99.206.171 - - [18/Aug/2026:12:45:30 +0000] "GET /product/tempo-provenza-floors/ HTTP/1.1" 200 38509 "-" "Mozilla/5.0 (X11; Linux x86_64) AppleWebKit/537.36 (KHTML, like Gecko; GeedoShopProductFinder) Chrome/142.0.0.0 Safari/537.36"
144.76.19.157 - - [18/Aug/2026:12:45:35 +0000] "GET /product/latour-monarch/?add_to_wishlist=15560&_wpnonce=ee2ab5adbb HTTP/1.1" 301 0 "-" "Mozilla/5.0 (compatible; SERankingBacklinksBot/1.0; +https://seranking.com/backlinks-crawler)"
144.76.19.157 - - [18/Aug/2026:12:45:37 +0000] "GET /product/latour-monarch/?add_to_wishlist=15560&_wpnonce=ee2ab5adbb HTTP/1.1" 200 44993 "-" "Mozilla/5.0 (compatible; SERankingBacklinksBot/1.0; +https://seranking.com/backlinks-crawler)"
144.76.19.157 - - [18/Aug/2026:12:45:43 +0000] "GET /product/latour-monarch/?add_to_wishlist=15570&_wpnonce=ee2ab5adbb HTTP/1.1" 301 0 "-" "Mozilla/5.0 (compatible; SERankingBacklinksBot/1.0; +https://seranking.com/backlinks-crawler)"
57.141.4.5 - - [18/Aug/2026:12:45:44 +0000] "GET /detail/932530213083 HTTP/2" 429 0 "-" "Mozilla/5.0 (Windows NT 10.0; Win64; x64) AppleWebKit/537.36 (KHTML, like Gecko) Chrome/145.0.0.0 Safari/537.36 (compatible; meta-externalagent/1.1 (+https://developers.facebook.com/docs/sharing/webmasters/crawler))"
144.76.19.157 - - [18/Aug/2026:12:45:45 +0000] "GET /product/latour-monarch/?add_to_wishlist=15570&_wpnonce=ee2ab5adbb HTTP/1.1" 200 44869 "-" "Mozilla/5.0 (compatible; SERankingBacklinksBot/1.0; +https://seranking.com/backlinks-crawler)"
82.38.180.241 - - [18/Aug/2026:12:45:47 +0000] "GET /tag/hardwood-flooring-costs/feed/ HTTP/1.1" 200 1823 "-" "Mozilla/5.0 (Macintosh; Intel Mac OS X 10_15_7) AppleWebKit/537.36 (KHTML, like Gecko) Chrome/133.0.0.0 Safari/537.36"
144.76.19.157 - - [18/Aug/2026:12:45:50 +0000] "GET /product/latour-monarch/?add_to_wishlist=15933&_wpnonce=ee2ab5adbb HTTP/1.1" 301 0 "-" "Mozilla/5.0 (compatible; SERankingBacklinksBot/1.0; +https://seranking.com/backlinks-crawler)"
83.99.206.171 - - [18/Aug/2026:12:45:51 +0000] "GET /featured_item/sherman-oaks-6/ HTTP/1.1" 200 31590 "-" "Mozilla/5.0 (X11; Linux x86_64) AppleWebKit/537.36 (KHTML, like Gecko; GeedoShopProductFinder) Chrome/142.0.0.0 Safari/537.36"
144.76.19.157 - - [18/Aug/2026:12:45:52 +0000] "GET /product/latour-monarch/?add_to_wishlist=15933&_wpnonce=ee2ab5adbb HTTP/1.1" 200 44967 "-" "Mozilla/5.0 (compatible; SERankingBacklinksBot/1.0; +https://seranking.com/backlinks-crawler)"
51.222.168.13 - - [18/Aug/2026:12:45:53 +0000] "GET /product/pier-55-provenza-floors/ HTTP/2" 200 38356 "-" "Mozilla/5.0 (compatible; AhrefsBot/7.0; +http://ahrefs.com/robot/)"
144.76.19.157 - - [18/Aug/2026:12:45:58 +0000] "GET /product/lazio-urb/ HTTP/1.1" 301 0 "-" "Mozilla/5.0 (compatible; SERankingBacklinksBot/1.0; +https://seranking.com/backlinks-crawler)"
144.76.19.157 - - [18/Aug/2026:12:45:59 +0000] "GET /product/lazio-urb/ HTTP/1.1" 200 44912 "-" "Mozilla/5.0 (compatible; SERankingBacklinksBot/1.0; +https://seranking.com/backlinks-crawler)"
144.76.19.157 - - [18/Aug/2026:12:46:05 +0000] "GET /product/lazio-urb/?add_to_wishlist=15484&_wpnonce=ee2ab5adbb HTTP/1.1" 301 0 "-" "Mozilla/5.0 (compatible; SERankingBacklinksBot/1.0; +https://seranking.com/backlinks-crawler)"
144.76.19.157 - - [18/Aug/2026:12:46:07 +0000] "GET /product/lazio-urb/?add_to_wishlist=15484&_wpnonce=ee2ab5adbb HTTP/1.1" 200 45010 "-" "Mozilla/5.0 (compatible; SERankingBacklinksBot/1.0; +https://seranking.com/backlinks-crawler)"
83.99.206.171 - - [18/Aug/2026:12:46:10 +0000] "GET /tag/flooring-store/ HTTP/1.1" 200 32027 "-" "Mozilla/5.0 (X11; Linux x86_64) AppleWebKit/537.36 (KHTML, like Gecko; GeedoShopProductFinder) Chrome/142.0.0.0 Safari/537.36"
144.76.19.157 - - [18/Aug/2026:12:46:13 +0000] "GET /product/lazio-urb/?add_to_wishlist=15487&_wpnonce=44202cc6af HTTP/1.1" 301 0 "-" "Mozilla/5.0 (compatible; SERankingBacklinksBot/1.0; +https://seranking.com/backlinks-crawler)"
144.76.19.157 - - [18/Aug/2026:12:46:15 +0000] "GET /product/lazio-urb/?add_to_wishlist=15487&_wpnonce=44202cc6af HTTP/1.1" 200 44949 "-" "Mozilla/5.0 (compatible; SERankingBacklinksBot/1.0; +https://seranking.com/backlinks-crawler)"
200.110.105.173 - - [18/Aug/2026:12:46:18 +0000] "GET /product/santos-mahogany-3/ HTTP/1.1" 301 0 "https://www.glamourflooringla.com/product-category/laminate/manufacturer-laminate/woody-lammy/page/1" "Mozilla/5.0 (iPhone; CPU iPhone OS 16_3 like Mac OS X) AppleWebKit/605.1.15 (KHTML, like Gecko) Version/16.3 Mobile/15E148 Safari/604.1 MicroMessenger/8.0.47(0x18001B3F) NetType/WIFI Language/zh_CN"
144.76.19.157 - - [18/Aug/2026:12:46:20 +0000] "GET /product/lazio-urb/?add_to_wishlist=15487&_wpnonce=ee2ab5adbb HTTP/1.1" 301 0 "-" "Mozilla/5.0 (compatible; SERankingBacklinksBot/1.0; +https://seranking.com/backlinks-crawler)"
179.127.249.46 - - [18/Aug/2026:12:46:22 +0000] "GET / HTTP/1.1" 301 0 "https://www.glamourflooringla.com/product-category/laminate/manufacturer-laminate/woody-lammy/page/1" "Mozilla/5.0 (iPhone; CPU iPhone OS 16_3 like Mac OS X) AppleWebKit/605.1.15 (KHTML, like Gecko) Version/16.3 Mobile/15E148 Safari/604.1 MicroMessenger/8.0.47(0x18001B3F) NetType/WIFI Language/zh_CN"
144.76.19.157 - - [18/Aug/2026:12:46:22 +0000] "GET /product/lazio-urb/?add_to_wishlist=15487&_wpnonce=ee2ab5adbb HTTP/1.1" 200 44866 "-" "Mozilla/5.0 (compatible; SERankingBacklinksBot/1.0; +https://seranking.com/backlinks-crawler)"
57.141.4.13 - - [18/Aug/2026:12:46:23 +0000] "GET /detail/2182374442059 HTTP/2" 429 0 "-" "Mozilla/5.0 (Windows NT 10.0; Win64; x64) AppleWebKit/537.36 (KHTML, like Gecko) Chrome/145.0.0.0 Safari/537.36 (compatible; meta-externalagent/1.1 (+https://developers.facebook.com/docs/sharing/webmasters/crawler))"
45.188.167.65 - - [18/Aug/2026:12:46:24 +0000] "GET / HTTP/1.1" 200 46845 "https://www.glamourflooringla.com/product-category/laminate/manufacturer-laminate/woody-lammy/page/1" "Mozilla/5.0 (iPhone; CPU iPhone OS 16_3 like Mac OS X) AppleWebKit/605.1.15 (KHTML, like Gecko) Version/16.3 Mobile/15E148 Safari/604.1 MicroMessenger/8.0.47(0x18001B3F) NetType/WIFI Language/zh_CN"
144.76.19.157 - - [18/Aug/2026:12:46:28 +0000] "GET /product/lazio-urb/?add_to_wishlist=15489&_wpnonce=32cc803d74 HTTP/1.1" 301 0 "-" "Mozilla/5.0 (compatible; SERankingBacklinksBot/1.0; +https://seranking.com/backlinks-crawler)"
192.250.227.238 - - [18/Aug/2026:12:46:31 +0000] "POST /wp-cron.php?doing_wp_cron=1787057190.9423260688781738281250 HTTP/1.1" 200 0 "-" "WordPress/7.0.4; https://glamourflooringla.com"
144.76.19.157 - - [18/Aug/2026:12:46:30 +0000] "GET /product/lazio-urb/?add_to_wishlist=15489&_wpnonce=32cc803d74 HTTP/1.1" 200 44979 "-" "Mozilla/5.0 (compatible; SERankingBacklinksBot/1.0; +https://seranking.com/backlinks-crawler)"
83.99.206.171 - - [18/Aug/2026:12:46:30 +0000] "GET /product/avellino-pro/ HTTP/1.1" 200 38542 "-" "Mozilla/5.0 (X11; Linux x86_64) AppleWebKit/537.36 (KHTML, like Gecko; GeedoShopProductFinder) Chrome/142.0.0.0 Safari/537.36"
144.76.19.157 - - [18/Aug/2026:12:46:36 +0000] "GET /product/lazio-urb/?add_to_wishlist=15489&_wpnonce=44202cc6af HTTP/1.1" 301 0 "-" "Mozilla/5.0 (compatible; SERankingBacklinksBot/1.0; +https://seranking.com/backlinks-crawler)"
121.229.156.31 - - [18/Aug/2026:12:46:36 +0000] "GET / HTTP/1.1" 200 54063 "-" "Sogou web spider/4.0(+http://www.sogou.com/docs/help/webmasters.htm#07)"
144.76.19.157 - - [18/Aug/2026:12:46:38 +0000] "GET /product/lazio-urb/?add_to_wishlist=15489&_wpnonce=44202cc6af HTTP/1.1" 200 45055 "-" "Mozilla/5.0 (compatible; SERankingBacklinksBot/1.0; +https://seranking.com/backlinks-crawler)"
144.76.19.157 - - [18/Aug/2026:12:46:43 +0000] "GET /product/lazio-urb/?add_to_wishlist=15489&_wpnonce=ee2ab5adbb HTTP/1.1" 301 0 "-" "Mozilla/5.0 (compatible; SERankingBacklinksBot/1.0; +https://seranking.com/backlinks-crawler)"
144.76.19.157 - - [18/Aug/2026:12:46:45 +0000] "GET /product/lazio-urb/?add_to_wishlist=15489&_wpnonce=ee2ab5adbb HTTP/1.1" 200 45000 "-" "Mozilla/5.0 (compatible; SERankingBacklinksBot/1.0; +https://seranking.com/backlinks-crawler)"
144.76.19.157 - - [18/Aug/2026:12:46:51 +0000] "GET /product/lazio-urb/?add_to_wishlist=15492&_wpnonce=32cc803d74 HTTP/1.1" 301 0 "-" "Mozilla/5.0 (compatible; SERankingBacklinksBot/1.0; +https://seranking.com/backlinks-crawler)"
83.99.206.171 - - [18/Aug/2026:12:46:50 +0000] "GET /product/tiki-torch-tecsun/ HTTP/1.1" 200 37866 "-" "Mozilla/5.0 (X11; Linux x86_64) AppleWebKit/537.36 (KHTML, like Gecko; GeedoShopProductFinder) Chrome/142.0.0.0 Safari/537.36"
144.76.19.157 - - [18/Aug/2026:12:46:53 +0000] "GET /product/lazio-urb/?add_to_wishlist=15492&_wpnonce=32cc803d74 HTTP/1.1" 200 44985 "-" "Mozilla/5.0 (compatible; SERankingBacklinksBot/1.0; +https://seranking.com/backlinks-crawler)"
144.76.19.157 - - [18/Aug/2026:12:46:58 +0000] "GET /product/lazio-urb/?add_to_wishlist=15495&_wpnonce=ee2ab5adbb HTTP/1.1" 301 0 "-" "Mozilla/5.0 (compatible; SERankingBacklinksBot/1.0; +https://seranking.com/backlinks-crawler)"
144.76.19.157 - - [18/Aug/2026:12:47:00 +0000] "GET /product/lazio-urb/?add_to_wishlist=15495&_wpnonce=ee2ab5adbb HTTP/1.1" 200 44872 "-" "Mozilla/5.0 (compatible; SERankingBacklinksBot/1.0; +https://seranking.com/backlinks-crawler)"
144.76.19.157 - - [18/Aug/2026:12:47:06 +0000] "GET /product/lazio-urb/?add_to_wishlist=15507&_wpnonce=ee2ab5adbb HTTP/1.1" 301 0 "-" "Mozilla/5.0 (compatible; SERankingBacklinksBot/1.0; +https://seranking.com/backlinks-crawler)"
144.76.19.157 - - [18/Aug/2026:12:47:08 +0000] "GET /product/lazio-urb/?add_to_wishlist=15507&_wpnonce=ee2ab5adbb HTTP/1.1" 200 44960 "-" "Mozilla/5.0 (compatible; SERankingBacklinksBot/1.0; +https://seranking.com/backlinks-crawler)"
144.76.19.157 - - [18/Aug/2026:12:47:14 +0000] "GET /product/lazio-urb/?add_to_wishlist=15510&_wpnonce=32cc803d74 HTTP/1.1" 301 0 "-" "Mozilla/5.0 (compatible; SERankingBacklinksBot/1.0; +https://seranking.com/backlinks-crawler)"
144.76.19.157 - - [18/Aug/2026:12:47:16 +0000] "GET /product/lazio-urb/?add_to_wishlist=15510&_wpnonce=32cc803d74 HTTP/1.1" 200 45050 "-" "Mozilla/5.0 (compatible; SERankingBacklinksBot/1.0; +https://seranking.com/backlinks-crawler)"
54.39.210.44 - - [18/Aug/2026:12:47:16 +0000] "GET /product/lorraine-monarch/ HTTP/2" 200 38459 "-" "Mozilla/5.0 (compatible; AhrefsBot/7.0; +http://ahrefs.com/robot/)"
144.76.19.157 - - [18/Aug/2026:12:47:21 +0000] "GET /product/lazio-urb/?add_to_wishlist=15510&_wpnonce=ee2ab5adbb HTTP/1.1" 301 0 "-" "Mozilla/5.0 (compatible; SERankingBacklinksBot/1.0; +https://seranking.com/backlinks-crawler)"
144.76.19.157 - - [18/Aug/2026:12:47:23 +0000] "GET /product/lazio-urb/?add_to_wishlist=15510&_wpnonce=ee2ab5adbb HTTP/1.1" 200 45062 "-" "Mozilla/5.0 (compatible; SERankingBacklinksBot/1.0; +https://seranking.com/backlinks-crawler)"
144.76.19.157 - - [18/Aug/2026:12:47:29 +0000] "GET /product/lazio-urb/?add_to_wishlist=15515&_wpnonce=32cc803d74 HTTP/1.1" 301 0 "-" "Mozilla/5.0 (compatible; SERankingBacklinksBot/1.0; +https://seranking.com/backlinks-crawler)"
57.141.4.48 - - [18/Aug/2026:12:47:31 +0000] "GET /detail/241674883729 HTTP/2" 429 0 "-" "Mozilla/5.0 (X11; Linux x86_64; rv:147.0) Gecko/20100101 Firefox/147.0 (compatible; meta-externalagent/1.1 (+https://developers.facebook.com/docs/sharing/webmasters/crawler))"
144.76.19.157 - - [18/Aug/2026:12:47:31 +0000] "GET /product/lazio-urb/?add_to_wishlist=15515&_wpnonce=32cc803d74 HTTP/1.1" 200 44938 "-" "Mozilla/5.0 (compatible; SERankingBacklinksBot/1.0; +https://seranking.com/backlinks-crawler)"
144.76.19.157 - - [18/Aug/2026:12:47:36 +0000] "GET /product/lazio-urb/?add_to_wishlist=15515&_wpnonce=ee2ab5adbb HTTP/1.1" 301 0 "-" "Mozilla/5.0 (compatible; SERankingBacklinksBot/1.0; +https://seranking.com/backlinks-crawler)"
144.76.19.157 - - [18/Aug/2026:12:47:38 +0000] "GET /product/lazio-urb/?add_to_wishlist=15515&_wpnonce=ee2ab5adbb HTTP/1.1" 200 44969 "-" "Mozilla/5.0 (compatible; SERankingBacklinksBot/1.0; +https://seranking.com/backlinks-crawler)"
144.76.19.157 - - [18/Aug/2026:12:47:44 +0000] "GET /product/lazio-urb/?add_to_wishlist=15519&_wpnonce=ee2ab5adbb HTTP/1.1" 301 0 "-" "Mozilla/5.0 (compatible; SERankingBacklinksBot/1.0; +https://seranking.com/backlinks-crawler)"
144.76.19.157 - - [18/Aug/2026:12:47:45 +0000] "GET /product/lazio-urb/?add_to_wishlist=15519&_wpnonce=ee2ab5adbb HTTP/1.1" 200 44967 "-" "Mozilla/5.0 (compatible; SERankingBacklinksBot/1.0; +https://seranking.com/backlinks-crawler)"
192.250.227.238 - - [18/Aug/2026:12:47:52 +0000] "POST /wp-cron.php?doing_wp_cron=1787057272.0153009891510009765625 HTTP/1.1" 200 0 "-" "WordPress/7.0.4; https://glamourflooringla.com"
144.76.19.157 - - [18/Aug/2026:12:47:51 +0000] "GET /product/lazio-urb/?add_to_wishlist=15521&_wpnonce=ee2ab5adbb HTTP/1.1" 301 0 "-" "Mozilla/5.0 (compatible; SERankingBacklinksBot/1.0; +https://seranking.com/backlinks-crawler)"
144.76.19.157 - - [18/Aug/2026:12:47:53 +0000] "GET /product/lazio-urb/?add_to_wishlist=15521&_wpnonce=ee2ab5adbb HTTP/1.1" 200 44969 "-" "Mozilla/5.0 (compatible; SERankingBacklinksBot/1.0; +https://seranking.com/backlinks-crawler)"
112.86.225.31 - - [18/Aug/2026:12:47:55 +0000] "GET /granite/ HTTP/1.1" 200 39190 "-" "Sogou web spider/4.0(+http://www.sogou.com/docs/help/webmasters.htm#07)"
144.76.19.157 - - [18/Aug/2026:12:47:59 +0000] "GET /product/lazio-urb/?add_to_wishlist=15538&_wpnonce=ee2ab5adbb HTTP/1.1" 301 0 "-" "Mozilla/5.0 (compatible; SERankingBacklinksBot/1.0; +https://seranking.com/backlinks-crawler)"
144.76.19.157 - - [18/Aug/2026:12:48:00 +0000] "GET /product/lazio-urb/?add_to_wishlist=15538&_wpnonce=ee2ab5adbb HTTP/1.1" 200 44958 "-" "Mozilla/5.0 (compatible; SERankingBacklinksBot/1.0; +https://seranking.com/backlinks-crawler)"
144.76.19.157 - - [18/Aug/2026:12:48:06 +0000] "GET /product/lazio-urb/?add_to_wishlist=15540&_wpnonce=ee2ab5adbb HTTP/1.1" 301 0 "-" "Mozilla/5.0 (compatible; SERankingBacklinksBot/1.0; +https://seranking.com/backlinks-crawler)"
144.76.19.157 - - [18/Aug/2026:12:48:08 +0000] "GET /product/lazio-urb/?add_to_wishlist=15540&_wpnonce=ee2ab5adbb HTTP/1.1" 200 44999 "-" "Mozilla/5.0 (compatible; SERankingBacklinksBot/1.0; +https://seranking.com/backlinks-crawler)"
144.76.19.157 - - [18/Aug/2026:12:48:13 +0000] "GET /product/lazio-urb/?add_to_wishlist=15542&_wpnonce=44202cc6af HTTP/1.1" 301 0 "-" "Mozilla/5.0 (compatible; SERankingBacklinksBot/1.0; +https://seranking.com/backlinks-crawler)"
144.76.19.157 - - [18/Aug/2026:12:48:15 +0000] "GET /product/lazio-urb/?add_to_wishlist=15542&_wpnonce=44202cc6af HTTP/1.1" 200 44923 "-" "Mozilla/5.0 (compatible; SERankingBacklinksBot/1.0; +https://seranking.com/backlinks-crawler)"
144.76.19.157 - - [18/Aug/2026:12:48:21 +0000] "GET /product/lazio-urb/?add_to_wishlist=15542&_wpnonce=ee2ab5adbb HTTP/1.1" 301 0 "-" "Mozilla/5.0 (compatible; SERankingBacklinksBot/1.0; +https://seranking.com/backlinks-crawler)"
144.76.19.157 - - [18/Aug/2026:12:48:23 +0000] "GET /product/lazio-urb/?add_to_wishlist=15542&_wpnonce=ee2ab5adbb HTTP/1.1" 200 44919 "-" "Mozilla/5.0 (compatible; SERankingBacklinksBot/1.0; +https://seranking.com/backlinks-crawler)"
51.222.168.243 - - [18/Aug/2026:12:48:27 +0000] "GET /wp-content/uploads/2023/10/PicLorraine-Monarch-510x383.jpg HTTP/2" 200 20750 "-" "Mozilla/5.0 (compatible; AhrefsBot/7.0; +http://ahrefs.com/robot/)"
144.76.19.157 - - [18/Aug/2026:12:48:28 +0000] "GET /product/lazio-urb/?add_to_wishlist=15544&_wpnonce=44202cc6af HTTP/1.1" 301 0 "-" "Mozilla/5.0 (compatible; SERankingBacklinksBot/1.0; +https://seranking.com/backlinks-crawler)"
192.250.227.238 - - [18/Aug/2026:12:48:31 +0000] "POST /wp-cron.php?doing_wp_cron=1787057310.9609780311584472656250 HTTP/1.1" 200 0 "-" "WordPress/7.0.4; https://glamourflooringla.com"
51.161.65.241 - - [18/Aug/2026:12:48:30 +0000] "GET /product/autunno-provenza-floors/feed/ HTTP/2" 200 393 "-" "Mozilla/5.0 (compatible; AhrefsBot/7.0; +http://ahrefs.com/robot/)"
144.76.19.157 - - [18/Aug/2026:12:48:30 +0000] "GET /product/lazio-urb/?add_to_wishlist=15544&_wpnonce=44202cc6af HTTP/1.1" 200 44966 "-" "Mozilla/5.0 (compatible; SERankingBacklinksBot/1.0; +https://seranking.com/backlinks-crawler)"
144.76.19.157 - - [18/Aug/2026:12:48:36 +0000] "GET /product/lazio-urb/?add_to_wishlist=15544&_wpnonce=ee2ab5adbb HTTP/1.1" 301 0 "-" "Mozilla/5.0 (compatible; SERankingBacklinksBot/1.0; +https://seranking.com/backlinks-crawler)"
57.141.4.1 - - [18/Aug/2026:12:48:37 +0000] "GET /detail/69268579332 HTTP/2" 429 0 "-" "Mozilla/5.0 (Macintosh; Intel Mac OS X 10_15_7) AppleWebKit/537.36 (KHTML, like Gecko) Chrome/145.0.0.0 Safari/537.36 (compatible; meta-externalagent/1.1 (+https://developers.facebook.com/docs/sharing/webmasters/crawler))"
144.76.19.157 - - [18/Aug/2026:12:48:38 +0000] "GET /product/lazio-urb/?add_to_wishlist=15544&_wpnonce=ee2ab5adbb HTTP/1.1" 200 44937 "-" "Mozilla/5.0 (compatible; SERankingBacklinksBot/1.0; +https://seranking.com/backlinks-crawler)"
144.76.19.157 - - [18/Aug/2026:12:48:43 +0000] "GET /product/lazio-urb/?add_to_wishlist=15547&_wpnonce=ee2ab5adbb HTTP/1.1" 301 0 "-" "Mozilla/5.0 (compatible; SERankingBacklinksBot/1.0; +https://seranking.com/backlinks-crawler)"
144.76.19.157 - - [18/Aug/2026:12:48:45 +0000] "GET /product/lazio-urb/?add_to_wishlist=15547&_wpnonce=ee2ab5adbb HTTP/1.1" 200 44897 "-" "Mozilla/5.0 (compatible; SERankingBacklinksBot/1.0; +https://seranking.com/backlinks-crawler)"
104.223.74.219 - - [18/Aug/2026:12:48:46 +0000] "GET /product/shoreline-decor/?_wpnonce=305f5d0752&add_to_wishlist=18340 HTTP/2" 200 38735 "-" "Mozilla/5.0 (Macintosh; Intel Mac OS X 10_15_7) AppleWebKit/537.36 (KHTML, like Gecko) Chrome/146.0.0.0 Safari/537.36"
144.76.19.157 - - [18/Aug/2026:12:48:51 +0000] "GET /product/lazio-urb/?add_to_wishlist=15549&_wpnonce=44202cc6af HTTP/1.1" 301 0 "-" "Mozilla/5.0 (compatible; SERankingBacklinksBot/1.0; +https://seranking.com/backlinks-crawler)"
144.76.19.157 - - [18/Aug/2026:12:48:53 +0000] "GET /product/lazio-urb/?add_to_wishlist=15549&_wpnonce=44202cc6af HTTP/1.1" 200 44902 "-" "Mozilla/5.0 (compatible; SERankingBacklinksBot/1.0; +https://seranking.com/backlinks-crawler)"
144.76.19.157 - - [18/Aug/2026:12:48:58 +0000] "GET /product/lazio-urb/?add_to_wishlist=15549&_wpnonce=ee2ab5adbb HTTP/1.1" 301 0 "-" "Mozilla/5.0 (compatible; SERankingBacklinksBot/1.0; +https://seranking.com/backlinks-crawler)"
144.76.19.157 - - [18/Aug/2026:12:49:00 +0000] "GET /product/lazio-urb/?add_to_wishlist=15549&_wpnonce=ee2ab5adbb HTTP/1.1" 200 44903 "-" "Mozilla/5.0 (compatible; SERankingBacklinksBot/1.0; +https://seranking.com/backlinks-crawler)"
54.39.6.162 - - [18/Aug/2026:12:49:02 +0000] "GET /wp-content/uploads/2023/12/Strada-PRO.jpg HTTP/2" 200 78586 "-" "Mozilla/5.0 (compatible; AhrefsBot/7.0; +http://ahrefs.com/robot/)"
83.99.206.204 - - [18/Aug/2026:12:49:00 +0000] "GET /product/billings/ HTTP/1.1" 200 38721 "-" "Mozilla/5.0 (X11; Linux x86_64) AppleWebKit/537.36 (KHTML, like Gecko; GeedoShopProductFinder) Chrome/142.0.0.0 Safari/537.36"
144.76.19.157 - - [18/Aug/2026:12:49:06 +0000] "GET /product/lazio-urb/?add_to_wishlist=15551&_wpnonce=32cc803d74 HTTP/1.1" 301 0 "-" "Mozilla/5.0 (compatible; SERankingBacklinksBot/1.0; +https://seranking.com/backlinks-crawler)"
144.76.19.157 - - [18/Aug/2026:12:49:07 +0000] "GET /product/lazio-urb/?add_to_wishlist=15551&_wpnonce=32cc803d74 HTTP/1.1" 200 44935 "-" "Mozilla/5.0 (compatible; SERankingBacklinksBot/1.0; +https://seranking.com/backlinks-crawler)"
144.76.19.157 - - [18/Aug/2026:12:49:13 +0000] "GET /product/lazio-urb/?add_to_wishlist=15551&_wpnonce=ee2ab5adbb HTTP/1.1" 301 0 "-" "Mozilla/5.0 (compatible; SERankingBacklinksBot/1.0; +https://seranking.com/backlinks-crawler)"
144.76.19.157 - - [18/Aug/2026:12:49:15 +0000] "GET /product/lazio-urb/?add_to_wishlist=15551&_wpnonce=ee2ab5adbb HTTP/1.1" 200 44925 "-" "Mozilla/5.0 (compatible; SERankingBacklinksBot/1.0; +https://seranking.com/backlinks-crawler)"
144.76.19.157 - - [18/Aug/2026:12:49:20 +0000] "GET /product/lazio-urb/?add_to_wishlist=15552&_wpnonce=ee2ab5adbb HTTP/1.1" 301 0 "-" "Mozilla/5.0 (compatible; SERankingBacklinksBot/1.0; +https://seranking.com/backlinks-crawler)"
83.99.206.4 - - [18/Aug/2026:12:49:21 +0000] "GET /product/peridot-vellichor/2 HTTP/1.1" 301 0 "-" "Mozilla/5.0 (X11; Linux x86_64) AppleWebKit/537.36 (KHTML, like Gecko; GeedoShopProductFinder) Chrome/142.0.0.0 Safari/537.36"
83.99.206.4 - - [18/Aug/2026:12:49:21 +0000] "GET / HTTP/1.1" 200 46845 "-" "Mozilla/5.0 (X11; Linux x86_64) AppleWebKit/537.36 (KHTML, like Gecko; GeedoShopProductFinder) Chrome/142.0.0.0 Safari/537.36"
144.76.19.157 - - [18/Aug/2026:12:49:22 +0000] "GET /product/lazio-urb/?add_to_wishlist=15552&_wpnonce=ee2ab5adbb HTTP/1.1" 200 44922 "-" "Mozilla/5.0 (compatible; SERankingBacklinksBot/1.0; +https://seranking.com/backlinks-crawler)"
144.76.19.157 - - [18/Aug/2026:12:49:28 +0000] "GET /product/lazio-urb/?add_to_wishlist=15555&_wpnonce=ee2ab5adbb HTTP/1.1" 301 0 "-" "Mozilla/5.0 (compatible; SERankingBacklinksBot/1.0; +https://seranking.com/backlinks-crawler)"
192.250.227.238 - - [18/Aug/2026:12:49:31 +0000] "POST /wp-cron.php?doing_wp_cron=1787057370.9722781181335449218750 HTTP/1.1" 200 0 "-" "WordPress/7.0.4; https://glamourflooringla.com"
144.76.19.157 - - [18/Aug/2026:12:49:30 +0000] "GET /product/lazio-urb/?add_to_wishlist=15555&_wpnonce=ee2ab5adbb HTTP/1.1" 200 44931 "-" "Mozilla/5.0 (compatible; SERankingBacklinksBot/1.0; +https://seranking.com/backlinks-crawler)"
145.255.161.194 - - [18/Aug/2026:12:49:31 +0000] "GET /summit-peak-estate-collection-by-mamre-hardwood-flooring HTTP/1.1" 301 0 "https://eubankphotography.com/mamre-floor.html" "Mozilla/5.0 (iPhone; CPU iPhone OS 16_3 like Mac OS X) AppleWebKit/605.1.15 (KHTML, like Gecko) Version/16.3 Mobile/15E148 Safari/604.1 MicroMessenger/8.0.35(0x18001B3F) NetType/WIFI Language/zh_CN"
47.130.163.175 - - [18/Aug/2026:12:49:32 +0000] "GET /wp-login.php HTTP/1.1" 200 2218 "-" "Mozilla/5.0 (Windows NT 10.0; Win64; x64) AppleWebKit/537.36 (KHTML, like Gecko) Chrome/151.0.0.0 Safari/537.36"
144.76.19.157 - - [18/Aug/2026:12:49:35 +0000] "GET /product/lazio-urb/?add_to_wishlist=15556&_wpnonce=32cc803d74 HTTP/1.1" 301 0 "-" "Mozilla/5.0 (compatible; SERankingBacklinksBot/1.0; +https://seranking.com/backlinks-crawler)"
47.130.163.175 - - [18/Aug/2026:12:49:35 +0000] "POST /wp-login.php HTTP/1.1" 503 6994 "https://glamourflooringla.com/wp-login.php" "Mozilla/5.0 (Windows NT 10.0; Win64; x64) AppleWebKit/537.36 (KHTML, like Gecko) Chrome/151.0.0.0 Safari/537.36"
103.190.132.43 - - [18/Aug/2026:12:49:35 +0000] "GET /summit-peak-estate-collection-by-mamre-hardwood-flooring/ HTTP/1.1" 200 36392 "https://eubankphotography.com/mamre-floor.html" "Mozilla/5.0 (iPhone; CPU iPhone OS 16_3 like Mac OS X) AppleWebKit/605.1.15 (KHTML, like Gecko) Version/16.3 Mobile/15E148 Safari/604.1 MicroMessenger/8.0.35(0x18001B3F) NetType/WIFI Language/zh_CN"
