63.141.48.89 - - [18/Aug/2026:12:36:08 +0000] "GET /wp-content/uploads/2026/02/facebook.png HTTP/2" 200 1814 "https://glamourflooringla.com/" "Mozilla/5.0 (Windows NT 10.0; Win64; x64) AppleWebKit/537.36 (KHTML, like Gecko) Chrome/150.0.0.0 Safari/537.36"
63.141.48.89 - - [18/Aug/2026:12:36:09 +0000] "GET /wp-content/uploads/2026/02/yelp-1.png HTTP/2" 200 2727 "https://glamourflooringla.com/" "Mozilla/5.0 (Windows NT 10.0; Win64; x64) AppleWebKit/537.36 (KHTML, like Gecko) Chrome/150.0.0.0 Safari/537.36"
63.141.48.89 - - [18/Aug/2026:12:36:09 +0000] "GET /wp-content/uploads/2026/02/google.png HTTP/2" 200 2573 "https://glamourflooringla.com/" "Mozilla/5.0 (Windows NT 10.0; Win64; x64) AppleWebKit/537.36 (KHTML, like Gecko) Chrome/150.0.0.0 Safari/537.36"
63.141.48.89 - - [18/Aug/2026:12:36:09 +0000] "GET /wp-content/uploads/2026/02/youtube-1.png HTTP/2" 200 1815 "https://glamourflooringla.com/" "Mozilla/5.0 (Windows NT 10.0; Win64; x64) AppleWebKit/537.36 (KHTML, like Gecko) Chrome/150.0.0.0 Safari/537.36"
63.141.48.89 - - [18/Aug/2026:12:36:10 +0000] "GET /wp-content/uploads/2024/06/telephone-call-3-1-1.png HTTP/2" 200 309 "https://glamourflooringla.com/" "Mozilla/5.0 (Windows NT 10.0; Win64; x64) AppleWebKit/537.36 (KHTML, like Gecko) Chrome/150.0.0.0 Safari/537.36"
63.141.48.89 - - [18/Aug/2026:12:36:10 +0000] "GET /wp-content/uploads/2024/06/email-4-1.png HTTP/2" 200 237 "https://glamourflooringla.com/" "Mozilla/5.0 (Windows NT 10.0; Win64; x64) AppleWebKit/537.36 (KHTML, like Gecko) Chrome/150.0.0.0 Safari/537.36"
63.141.48.89 - - [18/Aug/2026:12:36:10 +0000] "GET /wp-content/uploads/2024/06/location-11-1.png HTTP/2" 200 332 "https://glamourflooringla.com/" "Mozilla/5.0 (Windows NT 10.0; Win64; x64) AppleWebKit/537.36 (KHTML, like Gecko) Chrome/150.0.0.0 Safari/537.36"
144.76.19.157 - - [18/Aug/2026:12:36:09 +0000] "GET /product/laguna-beach/?add_to_wishlist=15544&_wpnonce=bbb71dd7ae HTTP/1.1" 200 46326 "-" "Mozilla/5.0 (compatible; SERankingBacklinksBot/1.0; +https://seranking.com/backlinks-crawler)"
63.141.48.89 - - [18/Aug/2026:12:36:10 +0000] "GET /wp-content/plugins/woocommerce/assets/js/frontend/cart-fragments.min.js?ver=11.0.1 HTTP/2" 200 943 "https://glamourflooringla.com/" "Mozilla/5.0 (Windows NT 10.0; Win64; x64) AppleWebKit/537.36 (KHTML, like Gecko) Chrome/150.0.0.0 Safari/537.36"
63.141.48.89 - - [18/Aug/2026:12:36:12 +0000] "GET /wp-json/contact-form-7/v1/contact-forms/22308/feedback/schema HTTP/2" 200 322 "https://glamourflooringla.com/" "Mozilla/5.0 (Windows NT 10.0; Win64; x64) AppleWebKit/537.36 (KHTML, like Gecko) Chrome/150.0.0.0 Safari/537.36"
63.141.48.89 - - [18/Aug/2026:12:36:12 +0000] "GET /wp-json/contact-form-7/v1/contact-forms/22324/feedback/schema HTTP/2" 200 241 "https://glamourflooringla.com/" "Mozilla/5.0 (Windows NT 10.0; Win64; x64) AppleWebKit/537.36 (KHTML, like Gecko) Chrome/150.0.0.0 Safari/537.36"
63.141.48.89 - - [18/Aug/2026:12:36:12 +0000] "GET /wp-content/plugins/elementor/assets/css/conditionals/dialog.min.css?ver=4.2.2 HTTP/2" 200 1428 "https://glamourflooringla.com/" "Mozilla/5.0 (Windows NT 10.0; Win64; x64) AppleWebKit/537.36 (KHTML, like Gecko) Chrome/150.0.0.0 Safari/537.36"
63.141.48.89 - - [18/Aug/2026:12:36:12 +0000] "POST /?wc-ajax=get_refreshed_fragments HTTP/2" 200 916 "https://glamourflooringla.com/" "Mozilla/5.0 (Windows NT 10.0; Win64; x64) AppleWebKit/537.36 (KHTML, like Gecko) Chrome/150.0.0.0 Safari/537.36"
63.141.48.89 - - [18/Aug/2026:12:36:13 +0000] "GET /wp-content/plugins/elementor/assets/css/conditionals/lightbox.min.css?ver=4.2.2 HTTP/2" 200 1757 "https://glamourflooringla.com/" "Mozilla/5.0 (Windows NT 10.0; Win64; x64) AppleWebKit/537.36 (KHTML, like Gecko) Chrome/150.0.0.0 Safari/537.36"
63.141.48.89 - - [18/Aug/2026:12:36:14 +0000] "GET /wp-content/plugins/wp-stats-manager/js/wsm_new.js HTTP/2" 200 17679 "https://glamourflooringla.com/" "Mozilla/5.0 (Windows NT 10.0; Win64; x64) AppleWebKit/537.36 (KHTML, like Gecko) Chrome/150.0.0.0 Safari/537.36"
144.76.19.157 - - [18/Aug/2026:12:36:15 +0000] "GET /product/laguna-beach/?add_to_wishlist=15547&_wpnonce=bbb71dd7ae HTTP/1.1" 301 0 "-" "Mozilla/5.0 (compatible; SERankingBacklinksBot/1.0; +https://seranking.com/backlinks-crawler)"
144.76.19.157 - - [18/Aug/2026:12:36:17 +0000] "GET /product/laguna-beach/?add_to_wishlist=15547&_wpnonce=bbb71dd7ae HTTP/1.1" 200 46397 "-" "Mozilla/5.0 (compatible; SERankingBacklinksBot/1.0; +https://seranking.com/backlinks-crawler)"
63.141.48.89 - - [18/Aug/2026:12:36:21 +0000] "GET /wp-content/plugins/elementor/assets/js/397f2d183c19202777d6.bundle.min.js HTTP/2" 200 8468 "https://glamourflooringla.com/" "Mozilla/5.0 (Windows NT 10.0; Win64; x64) AppleWebKit/537.36 (KHTML, like Gecko) Chrome/150.0.0.0 Safari/537.36"
144.76.19.157 - - [18/Aug/2026:12:36:23 +0000] "GET /product/laguna-beach/?add_to_wishlist=15549&_wpnonce=44202cc6af HTTP/1.1" 301 0 "-" "Mozilla/5.0 (compatible; SERankingBacklinksBot/1.0; +https://seranking.com/backlinks-crawler)"
57.141.4.57 - - [18/Aug/2026:12:36:23 +0000] "GET /detail/1686133070419 HTTP/2" 429 0 "-" "Mozilla/5.0 (Windows NT 10.0; Win64; x64) AppleWebKit/537.36 (KHTML, like Gecko) Chrome/145.0.0.0 Safari/537.36 (compatible; meta-externalagent/1.1 (+https://developers.facebook.com/docs/sharing/webmasters/crawler))"
63.141.48.89 - - [18/Aug/2026:12:36:25 +0000] "GET /wp-content/plugins/elementor/assets/js/lightbox.3f9b3a051b2336dd5372.bundle.min.js HTTP/2" 200 9252 "https://glamourflooringla.com/" "Mozilla/5.0 (Windows NT 10.0; Win64; x64) AppleWebKit/537.36 (KHTML, like Gecko) Chrome/150.0.0.0 Safari/537.36"
144.76.19.157 - - [18/Aug/2026:12:36:25 +0000] "GET /product/laguna-beach/?add_to_wishlist=15549&_wpnonce=44202cc6af HTTP/1.1" 200 46410 "-" "Mozilla/5.0 (compatible; SERankingBacklinksBot/1.0; +https://seranking.com/backlinks-crawler)"
161.123.127.153 - - [18/Aug/2026:12:36:25 +0000] "GET /product-category/engineered-hardwood-floor/page/3/?_wpnonce=2bf7e3c26e&add_to_wishlist=15519 HTTP/2" 200 36493 "-" "Mozilla/5.0 (Macintosh; Intel Mac OS X 10_15_7) AppleWebKit/537.36 (KHTML, like Gecko) Chrome/146.0.0.0 Safari/537.36"
151.240.225.173 - - [18/Aug/2026:12:36:25 +0000] "GET /product-category/engineered-hardwood-floor/page/4/?_wpnonce=2bf7e3c26e&add_to_wishlist=15519 HTTP/2" 200 36558 "-" "Mozilla/5.0 (Macintosh; Intel Mac OS X 10_15_7) AppleWebKit/537.36 (KHTML, like Gecko) Chrome/146.0.0.0 Safari/537.36"
129.121.103.155 - admin-editor [18/Aug/2026:12:36:29 +0000] "GET /wp-json/wp/v2/users/me HTTP/1.1" 403 165 "-" "Mozilla/5.0 (Windows NT 10.0; Win64; x64) AppleWebKit/537.36 (KHTML, like Gecko) Chrome/151.0.0.0 Safari/537.36"
192.250.227.238 - - [18/Aug/2026:12:36:31 +0000] "POST /wp-cron.php?doing_wp_cron=1787056591.1348350048065185546875 HTTP/1.1" 200 0 "-" "WordPress/7.0.4; https://glamourflooringla.com"
144.76.19.157 - - [18/Aug/2026:12:36:30 +0000] "GET /product/laguna-beach/?add_to_wishlist=15549&_wpnonce=bbb71dd7ae HTTP/1.1" 301 0 "-" "Mozilla/5.0 (compatible; SERankingBacklinksBot/1.0; +https://seranking.com/backlinks-crawler)"
63.141.48.89 - - [18/Aug/2026:12:36:31 +0000] "GET /wp-content/plugins/elementor/assets/lib/share-link/share-link.min.js?ver=4.2.2 HTTP/2" 200 1072 "https://glamourflooringla.com/" "Mozilla/5.0 (Windows NT 10.0; Win64; x64) AppleWebKit/537.36 (KHTML, like Gecko) Chrome/150.0.0.0 Safari/537.36"
63.141.48.89 - - [18/Aug/2026:12:36:31 +0000] "GET /wp-content/plugins/elementor/assets/lib/dialog/dialog.min.js?ver=4.9.3 HTTP/2" 200 3593 "https://glamourflooringla.com/" "Mozilla/5.0 (Windows NT 10.0; Win64; x64) AppleWebKit/537.36 (KHTML, like Gecko) Chrome/150.0.0.0 Safari/537.36"
63.141.48.89 - - [18/Aug/2026:12:36:31 +0000] "GET /wp-content/plugins/elementor/assets/js/shared-frontend-handlers.03caa53373b56d3bab67.bundle.min.js HTTP/2" 200 2511 "https://glamourflooringla.com/" "Mozilla/5.0 (Windows NT 10.0; Win64; x64) AppleWebKit/537.36 (KHTML, like Gecko) Chrome/150.0.0.0 Safari/537.36"
144.76.19.157 - - [18/Aug/2026:12:36:32 +0000] "GET /product/laguna-beach/?add_to_wishlist=15549&_wpnonce=bbb71dd7ae HTTP/1.1" 200 46401 "-" "Mozilla/5.0 (compatible; SERankingBacklinksBot/1.0; +https://seranking.com/backlinks-crawler)"
63.141.48.89 - - [18/Aug/2026:12:36:34 +0000] "GET /wp-content/plugins/elementor-pro/assets/js/form.cfd61a9174be80f835c6.bundle.min.js HTTP/2" 200 4944 "https://glamourflooringla.com/" "Mozilla/5.0 (Windows NT 10.0; Win64; x64) AppleWebKit/537.36 (KHTML, like Gecko) Chrome/150.0.0.0 Safari/537.36"
63.141.48.89 - - [18/Aug/2026:12:36:34 +0000] "GET /wp-content/plugins/elementor-pro/assets/js/popup.61d4fcab8891b2e07802.bundle.min.js HTTP/2" 200 390 "https://glamourflooringla.com/" "Mozilla/5.0 (Windows NT 10.0; Win64; x64) AppleWebKit/537.36 (KHTML, like Gecko) Chrome/150.0.0.0 Safari/537.36"
63.141.48.89 - - [18/Aug/2026:12:36:34 +0000] "GET /wp-content/plugins/elementor/assets/js/text-editor.45609661e409413f1cef.bundle.min.js HTTP/2" 200 592 "https://glamourflooringla.com/" "Mozilla/5.0 (Windows NT 10.0; Win64; x64) AppleWebKit/537.36 (KHTML, like Gecko) Chrome/150.0.0.0 Safari/537.36"
63.141.48.89 - - [18/Aug/2026:12:36:36 +0000] "GET /wp-content/plugins/elementor/assets/js/video.86d44e46e43d0807e708.bundle.min.js HTTP/2" 200 1186 "https://glamourflooringla.com/" "Mozilla/5.0 (Windows NT 10.0; Win64; x64) AppleWebKit/537.36 (KHTML, like Gecko) Chrome/150.0.0.0 Safari/537.36"
63.141.48.89 - - [18/Aug/2026:12:36:36 +0000] "GET /wp-content/plugins/elementor/assets/js/image-carousel.6167d20b95b33386757b.bundle.min.js HTTP/2" 200 229 "https://glamourflooringla.com/" "Mozilla/5.0 (Windows NT 10.0; Win64; x64) AppleWebKit/537.36 (KHTML, like Gecko) Chrome/150.0.0.0 Safari/537.36"
144.76.19.157 - - [18/Aug/2026:12:36:38 +0000] "GET /product/laguna-beach/?add_to_wishlist=15551&_wpnonce=44202cc6af HTTP/1.1" 301 0 "-" "Mozilla/5.0 (compatible; SERankingBacklinksBot/1.0; +https://seranking.com/backlinks-crawler)"
63.141.48.89 - - [18/Aug/2026:12:36:40 +0000] "GET /?wmcAction=wmcTrack&action_name=Hardwood%20Flooring%20Store%20Woodland%20Hills%20%7C%20Glamour%20Flooring%20LA&siteId=1&rec=1&rand=744729&h=13&m=36&s=14&url=https%3A%2F%2Fglamourflooringla.com%2F&uid=0&pid=17829&visitorId=56440be42cf99efe&fvts=1787056575&vc=1&idn=0&refts=1787056575&lvts=1787056575&ref=www.thomasnet.com%2F&refType=ssl&fullRef=undefined&send_image=1&pdf=1&qt=0&rp=0&wma=0&dir=0&fla=0&java=0&gears=0&ag=0&cookie=1&res=1280x720>ms=503&pvId=qI9efZ&browser=Chrome_150&os=Windows_10&device=Desktop HTTP/2" 200 20 "https://glamourflooringla.com/" "Mozilla/5.0 (Windows NT 10.0; Win64; x64) AppleWebKit/537.36 (KHTML, like Gecko) Chrome/150.0.0.0 Safari/537.36"
144.76.19.157 - - [18/Aug/2026:12:36:40 +0000] "GET /product/laguna-beach/?add_to_wishlist=15551&_wpnonce=44202cc6af HTTP/1.1" 200 46309 "-" "Mozilla/5.0 (compatible; SERankingBacklinksBot/1.0; +https://seranking.com/backlinks-crawler)"
192.250.227.238 - - [18/Aug/2026:12:36:46 +0000] "POST /wp-cron.php?doing_wp_cron=1787056606.1770899295806884765625 HTTP/1.1" 200 0 "-" "WordPress/7.0.4; https://glamourflooringla.com"
144.76.19.157 - - [18/Aug/2026:12:36:45 +0000] "GET /product/laguna-beach/?add_to_wishlist=15551&_wpnonce=bbb71dd7ae HTTP/1.1" 301 0 "-" "Mozilla/5.0 (compatible; SERankingBacklinksBot/1.0; +https://seranking.com/backlinks-crawler)"
144.76.19.157 - - [18/Aug/2026:12:36:47 +0000] "GET /product/laguna-beach/?add_to_wishlist=15551&_wpnonce=bbb71dd7ae HTTP/1.1" 200 46383 "-" "Mozilla/5.0 (compatible; SERankingBacklinksBot/1.0; +https://seranking.com/backlinks-crawler)"
144.76.19.157 - - [18/Aug/2026:12:36:53 +0000] "GET /product/laguna-beach/?add_to_wishlist=15552&_wpnonce=32cc803d74 HTTP/1.1" 301 0 "-" "Mozilla/5.0 (compatible; SERankingBacklinksBot/1.0; +https://seranking.com/backlinks-crawler)"
144.76.19.157 - - [18/Aug/2026:12:36:55 +0000] "GET /product/laguna-beach/?add_to_wishlist=15552&_wpnonce=32cc803d74 HTTP/1.1" 200 46329 "-" "Mozilla/5.0 (compatible; SERankingBacklinksBot/1.0; +https://seranking.com/backlinks-crawler)"
63.141.48.89 - - [18/Aug/2026:12:36:57 +0000] "GET /wp-includes/js/wp-emoji-release.min.js?ver=7.0.4 HTTP/2" 200 4974 "https://glamourflooringla.com/" "Mozilla/5.0 (Windows NT 10.0; Win64; x64) AppleWebKit/537.36 (KHTML, like Gecko) Chrome/150.0.0.0 Safari/537.36"
144.76.19.157 - - [18/Aug/2026:12:37:00 +0000] "GET /product/laguna-beach/?add_to_wishlist=15552&_wpnonce=bbb71dd7ae HTTP/1.1" 301 0 "-" "Mozilla/5.0 (compatible; SERankingBacklinksBot/1.0; +https://seranking.com/backlinks-crawler)"
144.76.19.157 - - [18/Aug/2026:12:37:02 +0000] "GET /product/laguna-beach/?add_to_wishlist=15552&_wpnonce=bbb71dd7ae HTTP/1.1" 200 46333 "-" "Mozilla/5.0 (compatible; SERankingBacklinksBot/1.0; +https://seranking.com/backlinks-crawler)"
63.141.48.89 - - [18/Aug/2026:12:37:06 +0000] "GET /wp-content/themes/flatsome/assets/js/chunk.slider.js?ver=3.20.5 HTTP/2" 200 12971 "https://glamourflooringla.com/" "Mozilla/5.0 (Windows NT 10.0; Win64; x64) AppleWebKit/537.36 (KHTML, like Gecko) Chrome/150.0.0.0 Safari/537.36"
144.76.19.157 - - [18/Aug/2026:12:37:07 +0000] "GET /product/laguna-beach/?add_to_wishlist=15555&_wpnonce=bbb71dd7ae HTTP/1.1" 301 0 "-" "Mozilla/5.0 (compatible; SERankingBacklinksBot/1.0; +https://seranking.com/backlinks-crawler)"
144.76.19.157 - - [18/Aug/2026:12:37:08 +0000] "GET /product/laguna-beach/?add_to_wishlist=15555&_wpnonce=bbb71dd7ae HTTP/1.1" 200 46320 "-" "Mozilla/5.0 (compatible; SERankingBacklinksBot/1.0; +https://seranking.com/backlinks-crawler)"
63.141.48.89 - - [18/Aug/2026:12:37:11 +0000] "GET /wp-content/themes/flatsome/assets/js/chunk.popups.js?ver=3.20.5 HTTP/2" 200 7210 "https://glamourflooringla.com/" "Mozilla/5.0 (Windows NT 10.0; Win64; x64) AppleWebKit/537.36 (KHTML, like Gecko) Chrome/150.0.0.0 Safari/537.36"
63.141.48.89 - - [18/Aug/2026:12:37:11 +0000] "GET /wp-content/themes/flatsome/assets/js/chunk.tooltips.js?ver=3.20.5 HTTP/2" 200 9743 "https://glamourflooringla.com/" "Mozilla/5.0 (Windows NT 10.0; Win64; x64) AppleWebKit/537.36 (KHTML, like Gecko) Chrome/150.0.0.0 Safari/537.36"
144.76.19.157 - - [18/Aug/2026:12:37:14 +0000] "GET /product/laguna-beach/?add_to_wishlist=15556&_wpnonce=32cc803d74 HTTP/1.1" 301 0 "-" "Mozilla/5.0 (compatible; SERankingBacklinksBot/1.0; +https://seranking.com/backlinks-crawler)"
144.76.19.157 - - [18/Aug/2026:12:37:16 +0000] "GET /product/laguna-beach/?add_to_wishlist=15556&_wpnonce=32cc803d74 HTTP/1.1" 200 46349 "-" "Mozilla/5.0 (compatible; SERankingBacklinksBot/1.0; +https://seranking.com/backlinks-crawler)"
63.141.48.89 - - [18/Aug/2026:12:37:18 +0000] "GET /wp-content/fonts/Porcelain/Porcelain.ttf HTTP/3" 301 0 "https://glamourflooringla.com/" "Mozilla/5.0 (Windows NT 10.0; Win64; x64) AppleWebKit/537.36 (KHTML, like Gecko) Chrome/150.0.0.0 Safari/537.36"
63.141.48.89 - - [18/Aug/2026:12:37:19 +0000] "GET / HTTP/3" 200 46840 "https://glamourflooringla.com/" "Mozilla/5.0 (Windows NT 10.0; Win64; x64) AppleWebKit/537.36 (KHTML, like Gecko) Chrome/150.0.0.0 Safari/537.36"
63.141.48.89 - - [18/Aug/2026:12:37:21 +0000] "GET /wp-json/contact-form-7/v1/contact-forms/22308/refill HTTP/3" 200 6 "https://glamourflooringla.com/" "Mozilla/5.0 (Windows NT 10.0; Win64; x64) AppleWebKit/537.36 (KHTML, like Gecko) Chrome/150.0.0.0 Safari/537.36"
63.141.48.89 - - [18/Aug/2026:12:37:21 +0000] "GET /wp-json/contact-form-7/v1/contact-forms/22324/refill HTTP/3" 200 6 "https://glamourflooringla.com/" "Mozilla/5.0 (Windows NT 10.0; Win64; x64) AppleWebKit/537.36 (KHTML, like Gecko) Chrome/150.0.0.0 Safari/537.36"
63.141.48.89 - - [18/Aug/2026:12:37:21 +0000] "GET /favicon.ico HTTP/3" 302 0 "https://glamourflooringla.com/" "Mozilla/5.0 (Windows NT 10.0; Win64; x64) AppleWebKit/537.36 (KHTML, like Gecko) Chrome/150.0.0.0 Safari/537.36"
63.141.48.89 - - [18/Aug/2026:12:37:21 +0000] "GET /wp-content/uploads/2019/03/logo-n.png HTTP/3" 200 5964 "https://glamourflooringla.com/" "Mozilla/5.0 (Windows NT 10.0; Win64; x64) AppleWebKit/537.36 (KHTML, like Gecko) Chrome/150.0.0.0 Safari/537.36"
144.76.19.157 - - [18/Aug/2026:12:37:21 +0000] "GET /product/laguna-beach/?add_to_wishlist=15556&_wpnonce=bbb71dd7ae HTTP/1.1" 301 0 "-" "Mozilla/5.0 (compatible; SERankingBacklinksBot/1.0; +https://seranking.com/backlinks-crawler)"
144.76.19.157 - - [18/Aug/2026:12:37:23 +0000] "GET /product/laguna-beach/?add_to_wishlist=15556&_wpnonce=bbb71dd7ae HTTP/1.1" 200 46349 "-" "Mozilla/5.0 (compatible; SERankingBacklinksBot/1.0; +https://seranking.com/backlinks-crawler)"
182.191.118.115 - - [18/Aug/2026:12:37:27 +0000] "GET /los-angeles/ HTTP/2" 301 0 "-" "Mozilla/5.0 (Linux; Android 6.0; Nexus 5 Build/MRA58N) AppleWebKit/537.36 (KHTML, like Gecko) Chrome/60.0.3720.1714 Mobile Safari/537.36"
144.76.19.157 - - [18/Aug/2026:12:37:29 +0000] "GET /product/laguna-beach/?add_to_wishlist=15560&_wpnonce=bbb71dd7ae HTTP/1.1" 301 0 "-" "Mozilla/5.0 (compatible; SERankingBacklinksBot/1.0; +https://seranking.com/backlinks-crawler)"
57.141.4.21 - - [18/Aug/2026:12:37:30 +0000] "GET /detail/1197977530713 HTTP/2" 429 0 "-" "Mozilla/5.0 (Windows NT 10.0; Win64; x64) AppleWebKit/537.36 (KHTML, like Gecko) Chrome/145.0.0.0 Safari/537.36 (compatible; meta-externalagent/1.1 (+https://developers.facebook.com/docs/sharing/webmasters/crawler))"
192.250.227.238 - - [18/Aug/2026:12:37:31 +0000] "POST /wp-cron.php?doing_wp_cron=1787056651.4735860824584960937500 HTTP/1.1" 200 0 "-" "WordPress/7.0.4; https://glamourflooringla.com"
103.138.123.133 - - [18/Aug/2026:12:37:30 +0000] "GET /los-angeles/ HTTP/2" 200 32242 "-" "Mozilla/5.0 (Linux; Android 6.0; Nexus 5 Build/MRA58N) AppleWebKit/537.36 (KHTML, like Gecko) Chrome/60.0.3720.1714 Mobile Safari/537.36"
192.250.227.238 - - [18/Aug/2026:12:37:32 +0000] "POST /wp-cron.php?doing_wp_cron=1787056652.2079401016235351562500 HTTP/1.1" 200 0 "-" "WordPress/7.0.4; https://glamourflooringla.com"
144.76.19.157 - - [18/Aug/2026:12:37:31 +0000] "GET /product/laguna-beach/?add_to_wishlist=15560&_wpnonce=bbb71dd7ae HTTP/1.1" 200 46389 "-" "Mozilla/5.0 (compatible; SERankingBacklinksBot/1.0; +https://seranking.com/backlinks-crawler)"
173.44.36.202 - - [18/Aug/2026:12:37:33 +0000] "GET /wp-content/uploads/2019/11/Still-19.jpg HTTP/2" 206 500 "https://glamourflooringla.com/los-angeles/" "Mozilla/5.0 (Linux; Android 6.0; Nexus 5 Build/MRA58N) AppleWebKit/537.36 (KHTML, like Gecko) Chrome/60.0.3720.1714 Mobile Safari/537.36"
173.44.36.202 - - [18/Aug/2026:12:37:33 +0000] "GET /wp-content/uploads/2024/02/hardwood-img.webp HTTP/2" 206 500 "https://glamourflooringla.com/los-angeles/" "Mozilla/5.0 (Linux; Android 6.0; Nexus 5 Build/MRA58N) AppleWebKit/537.36 (KHTML, like Gecko) Chrome/60.0.3720.1714 Mobile Safari/537.36"
173.44.36.202 - - [18/Aug/2026:12:37:33 +0000] "GET /wp-content/uploads/2024/02/Laminate-img.webp HTTP/2" 206 500 "https://glamourflooringla.com/los-angeles/" "Mozilla/5.0 (Linux; Android 6.0; Nexus 5 Build/MRA58N) AppleWebKit/537.36 (KHTML, like Gecko) Chrome/60.0.3720.1714 Mobile Safari/537.36"
173.44.36.202 - - [18/Aug/2026:12:37:33 +0000] "GET /wp-content/uploads/2024/02/Flooring-img.webp HTTP/2" 206 500 "https://glamourflooringla.com/los-angeles/" "Mozilla/5.0 (Linux; Android 6.0; Nexus 5 Build/MRA58N) AppleWebKit/537.36 (KHTML, like Gecko) Chrome/60.0.3720.1714 Mobile Safari/537.36"
173.44.36.202 - - [18/Aug/2026:12:37:34 +0000] "GET /wp-json/contact-form-7/v1/contact-forms/347/feedback/schema HTTP/2" 200 241 "https://glamourflooringla.com/los-angeles/" "Mozilla/5.0 (Linux; Android 6.0; Nexus 5 Build/MRA58N) AppleWebKit/537.36 (KHTML, like Gecko) Chrome/60.0.3720.1714 Mobile Safari/537.36"
173.44.36.202 - - [18/Aug/2026:12:37:34 +0000] "POST /?wc-ajax=get_refreshed_fragments HTTP/2" 200 916 "https://glamourflooringla.com/los-angeles/" "Mozilla/5.0 (Linux; Android 6.0; Nexus 5 Build/MRA58N) AppleWebKit/537.36 (KHTML, like Gecko) Chrome/60.0.3720.1714 Mobile Safari/537.36"
83.99.206.170 - - [18/Aug/2026:12:37:35 +0000] "GET /featured_item/still-7/ HTTP/1.1" 200 31925 "-" "Mozilla/5.0 (X11; Linux x86_64) AppleWebKit/537.36 (KHTML, like Gecko; GeedoShopProductFinder) Chrome/142.0.0.0 Safari/537.36"
144.76.19.157 - - [18/Aug/2026:12:37:36 +0000] "GET /product/laguna-beach/?add_to_wishlist=15561&_wpnonce=bbb71dd7ae HTTP/1.1" 301 0 "-" "Mozilla/5.0 (compatible; SERankingBacklinksBot/1.0; +https://seranking.com/backlinks-crawler)"
173.44.36.202 - - [18/Aug/2026:12:37:37 +0000] "GET /wp-json/contact-form-7/v1/contact-forms/347/refill HTTP/2" 200 80 "https://glamourflooringla.com/los-angeles/" "Mozilla/5.0 (Linux; Android 6.0; Nexus 5 Build/MRA58N) AppleWebKit/537.36 (KHTML, like Gecko) Chrome/60.0.3720.1714 Mobile Safari/537.36"
144.76.19.157 - - [18/Aug/2026:12:37:38 +0000] "GET /product/laguna-beach/?add_to_wishlist=15561&_wpnonce=bbb71dd7ae HTTP/1.1" 200 46363 "-" "Mozilla/5.0 (compatible; SERankingBacklinksBot/1.0; +https://seranking.com/backlinks-crawler)"
144.76.19.157 - - [18/Aug/2026:12:37:44 +0000] "GET /product/laguna-beach/?add_to_wishlist=15565&_wpnonce=44202cc6af HTTP/1.1" 301 0 "-" "Mozilla/5.0 (compatible; SERankingBacklinksBot/1.0; +https://seranking.com/backlinks-crawler)"
144.76.19.157 - - [18/Aug/2026:12:37:46 +0000] "GET /product/laguna-beach/?add_to_wishlist=15565&_wpnonce=44202cc6af HTTP/1.1" 200 46355 "-" "Mozilla/5.0 (compatible; SERankingBacklinksBot/1.0; +https://seranking.com/backlinks-crawler)"
144.76.19.157 - - [18/Aug/2026:12:37:51 +0000] "GET /product/laguna-beach/?add_to_wishlist=15565&_wpnonce=bbb71dd7ae HTTP/1.1" 301 0 "-" "Mozilla/5.0 (compatible; SERankingBacklinksBot/1.0; +https://seranking.com/backlinks-crawler)"
144.76.19.157 - - [18/Aug/2026:12:37:53 +0000] "GET /product/laguna-beach/?add_to_wishlist=15565&_wpnonce=bbb71dd7ae HTTP/1.1" 200 46357 "-" "Mozilla/5.0 (compatible; SERankingBacklinksBot/1.0; +https://seranking.com/backlinks-crawler)"
83.99.206.185 - - [18/Aug/2026:12:37:55 +0000] "GET /product/jamestown/2 HTTP/1.1" 301 0 "-" "Mozilla/5.0 (X11; Linux x86_64) AppleWebKit/537.36 (KHTML, like Gecko; GeedoShopProductFinder) Chrome/142.0.0.0 Safari/537.36"
83.99.206.185 - - [18/Aug/2026:12:37:57 +0000] "GET / HTTP/1.1" 200 46840 "-" "Mozilla/5.0 (X11; Linux x86_64) AppleWebKit/537.36 (KHTML, like Gecko; GeedoShopProductFinder) Chrome/142.0.0.0 Safari/537.36"
144.76.19.157 - - [18/Aug/2026:12:37:59 +0000] "GET /product/laguna-beach/?add_to_wishlist=15566&_wpnonce=bbb71dd7ae HTTP/1.1" 301 0 "-" "Mozilla/5.0 (compatible; SERankingBacklinksBot/1.0; +https://seranking.com/backlinks-crawler)"
144.76.19.157 - - [18/Aug/2026:12:38:01 +0000] "GET /product/laguna-beach/?add_to_wishlist=15566&_wpnonce=bbb71dd7ae HTTP/1.1" 200 46371 "-" "Mozilla/5.0 (compatible; SERankingBacklinksBot/1.0; +https://seranking.com/backlinks-crawler)"
144.76.19.157 - - [18/Aug/2026:12:38:06 +0000] "GET /product/laguna-beach/?add_to_wishlist=15569&_wpnonce=bbb71dd7ae HTTP/1.1" 301 0 "-" "Mozilla/5.0 (compatible; SERankingBacklinksBot/1.0; +https://seranking.com/backlinks-crawler)"
144.76.19.157 - - [18/Aug/2026:12:38:07 +0000] "GET /product/laguna-beach/?add_to_wishlist=15569&_wpnonce=bbb71dd7ae HTTP/1.1" 200 46300 "-" "Mozilla/5.0 (compatible; SERankingBacklinksBot/1.0; +https://seranking.com/backlinks-crawler)"
144.76.19.157 - - [18/Aug/2026:12:38:11 +0000] "GET /product/laguna-beach/?add_to_wishlist=15570&_wpnonce=32cc803d74 HTTP/1.1" 301 0 "-" "Mozilla/5.0 (compatible; SERankingBacklinksBot/1.0; +https://seranking.com/backlinks-crawler)"
144.76.19.157 - - [18/Aug/2026:12:38:12 +0000] "GET /product/laguna-beach/?add_to_wishlist=15570&_wpnonce=32cc803d74 HTTP/1.1" 200 46320 "-" "Mozilla/5.0 (compatible; SERankingBacklinksBot/1.0; +https://seranking.com/backlinks-crawler)"
83.99.206.170 - - [18/Aug/2026:12:38:15 +0000] "GET /product/radio-city-provenza-floors/ HTTP/1.1" 200 38345 "-" "Mozilla/5.0 (X11; Linux x86_64) AppleWebKit/537.36 (KHTML, like Gecko; GeedoShopProductFinder) Chrome/142.0.0.0 Safari/537.36"
144.76.19.157 - - [18/Aug/2026:12:38:18 +0000] "GET /product/laguna-beach/?add_to_wishlist=15570&_wpnonce=bbb71dd7ae HTTP/1.1" 301 0 "-" "Mozilla/5.0 (compatible; SERankingBacklinksBot/1.0; +https://seranking.com/backlinks-crawler)"
144.76.19.157 - - [18/Aug/2026:12:38:20 +0000] "GET /product/laguna-beach/?add_to_wishlist=15570&_wpnonce=bbb71dd7ae HTTP/1.1" 200 46417 "-" "Mozilla/5.0 (compatible; SERankingBacklinksBot/1.0; +https://seranking.com/backlinks-crawler)"
144.76.19.157 - - [18/Aug/2026:12:38:25 +0000] "GET /product/laguna-beach/?add_to_wishlist=15573&_wpnonce=32cc803d74 HTTP/1.1" 301 0 "-" "Mozilla/5.0 (compatible; SERankingBacklinksBot/1.0; +https://seranking.com/backlinks-crawler)"
144.76.19.157 - - [18/Aug/2026:12:38:27 +0000] "GET /product/laguna-beach/?add_to_wishlist=15573&_wpnonce=32cc803d74 HTTP/1.1" 200 46353 "-" "Mozilla/5.0 (compatible; SERankingBacklinksBot/1.0; +https://seranking.com/backlinks-crawler)"
192.250.227.238 - - [18/Aug/2026:12:38:33 +0000] "POST /wp-cron.php?doing_wp_cron=1787056713.5826029777526855468750 HTTP/1.1" 200 0 "-" "WordPress/7.0.4; https://glamourflooringla.com"
144.76.19.157 - - [18/Aug/2026:12:38:33 +0000] "GET /product/laguna-beach/?add_to_wishlist=15573&_wpnonce=bbb71dd7ae HTTP/1.1" 301 0 "-" "Mozilla/5.0 (compatible; SERankingBacklinksBot/1.0; +https://seranking.com/backlinks-crawler)"
144.76.19.157 - - [18/Aug/2026:12:38:35 +0000] "GET /product/laguna-beach/?add_to_wishlist=15573&_wpnonce=bbb71dd7ae HTTP/1.1" 200 46352 "-" "Mozilla/5.0 (compatible; SERankingBacklinksBot/1.0; +https://seranking.com/backlinks-crawler)"
83.99.206.170 - - [18/Aug/2026:12:38:36 +0000] "GET /product-category/laminate/manufacturer-laminate/woody-lammy/ HTTP/1.1" 200 29756 "-" "Mozilla/5.0 (X11; Linux x86_64) AppleWebKit/537.36 (KHTML, like Gecko; GeedoShopProductFinder) Chrome/142.0.0.0 Safari/537.36"
57.141.4.42 - - [18/Aug/2026:12:38:37 +0000] "GET /detail/59972678606 HTTP/2" 429 0 "-" "Mozilla/5.0 (Macintosh; Intel Mac OS X 10_15_7) AppleWebKit/537.36 (KHTML, like Gecko) Chrome/145.0.0.0 Safari/537.36 (compatible; meta-externalagent/1.1 (+https://developers.facebook.com/docs/sharing/webmasters/crawler))"
144.76.19.157 - - [18/Aug/2026:12:38:40 +0000] "GET /product/laguna-beach/?add_to_wishlist=16878&_wpnonce=32cc803d74 HTTP/1.1" 301 0 "-" "Mozilla/5.0 (compatible; SERankingBacklinksBot/1.0; +https://seranking.com/backlinks-crawler)"
144.76.19.157 - - [18/Aug/2026:12:38:42 +0000] "GET /product/laguna-beach/?add_to_wishlist=16878&_wpnonce=32cc803d74 HTTP/1.1" 200 46394 "-" "Mozilla/5.0 (compatible; SERankingBacklinksBot/1.0; +https://seranking.com/backlinks-crawler)"
144.76.19.157 - - [18/Aug/2026:12:38:48 +0000] "GET /product/laguna-beach/?add_to_wishlist=16878&_wpnonce=44202cc6af HTTP/1.1" 301 0 "-" "Mozilla/5.0 (compatible; SERankingBacklinksBot/1.0; +https://seranking.com/backlinks-crawler)"
144.76.19.157 - - [18/Aug/2026:12:38:49 +0000] "GET /product/laguna-beach/?add_to_wishlist=16878&_wpnonce=44202cc6af HTTP/1.1" 200 46366 "-" "Mozilla/5.0 (compatible; SERankingBacklinksBot/1.0; +https://seranking.com/backlinks-crawler)"
144.76.19.157 - - [18/Aug/2026:12:38:55 +0000] "GET /product/laguna-beach/?add_to_wishlist=16878&_wpnonce=bbb71dd7ae HTTP/1.1" 301 0 "-" "Mozilla/5.0 (compatible; SERankingBacklinksBot/1.0; +https://seranking.com/backlinks-crawler)"
83.99.206.170 - - [18/Aug/2026:12:38:55 +0000] "GET /product/santropez-pro/ HTTP/1.1" 200 38573 "-" "Mozilla/5.0 (X11; Linux x86_64) AppleWebKit/537.36 (KHTML, like Gecko; GeedoShopProductFinder) Chrome/142.0.0.0 Safari/537.36"
144.76.19.157 - - [18/Aug/2026:12:38:57 +0000] "GET /product/laguna-beach/?add_to_wishlist=16878&_wpnonce=bbb71dd7ae HTTP/1.1" 200 46335 "-" "Mozilla/5.0 (compatible; SERankingBacklinksBot/1.0; +https://seranking.com/backlinks-crawler)"
144.76.19.157 - - [18/Aug/2026:12:39:03 +0000] "GET /product/lake-point/ HTTP/1.1" 301 0 "-" "Mozilla/5.0 (compatible; SERankingBacklinksBot/1.0; +https://seranking.com/backlinks-crawler)"
144.76.19.157 - - [18/Aug/2026:12:39:04 +0000] "GET /product/lake-point/ HTTP/1.1" 200 45052 "-" "Mozilla/5.0 (compatible; SERankingBacklinksBot/1.0; +https://seranking.com/backlinks-crawler)"
144.76.19.157 - - [18/Aug/2026:12:39:08 +0000] "GET /product/lake-point/?add_to_wishlist=18333&_wpnonce=e7a007f243 HTTP/1.1" 301 0 "-" "Mozilla/5.0 (compatible; SERankingBacklinksBot/1.0; +https://seranking.com/backlinks-crawler)"
144.76.19.157 - - [18/Aug/2026:12:39:09 +0000] "GET /product/lake-point/?add_to_wishlist=18333&_wpnonce=e7a007f243 HTTP/1.1" 200 45167 "-" "Mozilla/5.0 (compatible; SERankingBacklinksBot/1.0; +https://seranking.com/backlinks-crawler)"
144.76.19.157 - - [18/Aug/2026:12:39:14 +0000] "GET /product/lake-point/?add_to_wishlist=18333&_wpnonce=ee2ab5adbb HTTP/1.1" 301 0 "-" "Mozilla/5.0 (compatible; SERankingBacklinksBot/1.0; +https://seranking.com/backlinks-crawler)"
223.109.252.169 - - [18/Aug/2026:12:39:14 +0000] "GET /product/hollywoood-walk-provenza-floors/?add_to_wishlist=15566&_wpnonce=4189e4c1ee HTTP/1.1" 200 44978 "-" "Sogou web spider/4.0(+http://www.sogou.com/docs/help/webmasters.htm#07)"
144.76.19.157 - - [18/Aug/2026:12:39:16 +0000] "GET /product/lake-point/?add_to_wishlist=18333&_wpnonce=ee2ab5adbb HTTP/1.1" 200 45146 "-" "Mozilla/5.0 (compatible; SERankingBacklinksBot/1.0; +https://seranking.com/backlinks-crawler)"
83.99.206.170 - - [18/Aug/2026:12:39:16 +0000] "GET /product/smoky-naf/ HTTP/1.1" 200 38494 "-" "Mozilla/5.0 (X11; Linux x86_64) AppleWebKit/537.36 (KHTML, like Gecko; GeedoShopProductFinder) Chrome/142.0.0.0 Safari/537.36"
144.76.19.157 - - [18/Aug/2026:12:39:21 +0000] "GET /product/lake-point/?add_to_wishlist=18348&_wpnonce=32cc803d74 HTTP/1.1" 301 0 "-" "Mozilla/5.0 (compatible; SERankingBacklinksBot/1.0; +https://seranking.com/backlinks-crawler)"
144.76.19.157 - - [18/Aug/2026:12:39:23 +0000] "GET /product/lake-point/?add_to_wishlist=18348&_wpnonce=32cc803d74 HTTP/1.1" 200 45172 "-" "Mozilla/5.0 (compatible; SERankingBacklinksBot/1.0; +https://seranking.com/backlinks-crawler)"
144.76.19.157 - - [18/Aug/2026:12:39:29 +0000] "GET /product/lake-point/?add_to_wishlist=18348&_wpnonce=7fc678ce79 HTTP/1.1" 301 0 "-" "Mozilla/5.0 (compatible; SERankingBacklinksBot/1.0; +https://seranking.com/backlinks-crawler)"
192.250.227.238 - - [18/Aug/2026:12:39:32 +0000] "POST /wp-cron.php?doing_wp_cron=1787056772.0897040367126464843750 HTTP/1.1" 200 0 "-" "WordPress/7.0.4; https://glamourflooringla.com"
144.76.19.157 - - [18/Aug/2026:12:39:31 +0000] "GET /product/lake-point/?add_to_wishlist=18348&_wpnonce=7fc678ce79 HTTP/1.1" 200 45135 "-" "Mozilla/5.0 (compatible; SERankingBacklinksBot/1.0; +https://seranking.com/backlinks-crawler)"
144.76.19.157 - - [18/Aug/2026:12:39:36 +0000] "GET /product/lake-point/?add_to_wishlist=18348&_wpnonce=ee2ab5adbb HTTP/1.1" 301 0 "-" "Mozilla/5.0 (compatible; SERankingBacklinksBot/1.0; +https://seranking.com/backlinks-crawler)"
144.76.19.157 - - [18/Aug/2026:12:39:38 +0000] "GET /product/lake-point/?add_to_wishlist=18348&_wpnonce=ee2ab5adbb HTTP/1.1" 200 45161 "-" "Mozilla/5.0 (compatible; SERankingBacklinksBot/1.0; +https://seranking.com/backlinks-crawler)"
177.220.183.43 - - [18/Aug/2026:12:39:41 +0000] "GET /product/mix-1x1-tumbled-travertine-tile-mosaic/ HTTP/2" 301 0 "-" "Mozilla/5.0 (Linux; Android 5.0; SM-G900P Build/LRX21T) AppleWebKit/537.36 (KHTML, like Gecko) Chrome/55.0.5850.1062 Mobile Safari/537.36"
177.220.183.43 - - [18/Aug/2026:12:39:42 +0000] "GET / HTTP/2" 301 0 "-" "Mozilla/5.0 (Linux; Android 5.0; SM-G900P Build/LRX21T) AppleWebKit/537.36 (KHTML, like Gecko) Chrome/55.0.5850.1062 Mobile Safari/537.36"
57.141.4.3 - - [18/Aug/2026:12:39:44 +0000] "GET /detail/2242423376344 HTTP/2" 429 0 "-" "Mozilla/5.0 (Windows NT 10.0; Win64; x64) AppleWebKit/537.36 (KHTML, like Gecko) Chrome/143.0.0.0 Safari/537.36 Edg/143.0.0.0 (compatible; meta-externalagent/1.1 (+https://developers.facebook.com/docs/sharing/webmasters/crawler))"
144.76.19.157 - - [18/Aug/2026:12:39:44 +0000] "GET /product/lake-point/?add_to_wishlist=18370&_wpnonce=7fc678ce79 HTTP/1.1" 301 0 "-" "Mozilla/5.0 (compatible; SERankingBacklinksBot/1.0; +https://seranking.com/backlinks-crawler)"
38.166.13.251 - - [18/Aug/2026:12:39:46 +0000] "GET / HTTP/2" 200 46840 "-" "Mozilla/5.0 (Linux; Android 5.0; SM-G900P Build/LRX21T) AppleWebKit/537.36 (KHTML, like Gecko) Chrome/55.0.5850.1062 Mobile Safari/537.36"
144.76.19.157 - - [18/Aug/2026:12:39:45 +0000] "GET /product/lake-point/?add_to_wishlist=18370&_wpnonce=7fc678ce79 HTTP/1.1" 200 45142 "-" "Mozilla/5.0 (compatible; SERankingBacklinksBot/1.0; +https://seranking.com/backlinks-crawler)"
89.36.237.58 - - [18/Aug/2026:12:39:51 +0000] "GET /wp-json/contact-form-7/v1/contact-forms/22308/feedback/schema HTTP/2" 200 322 "https://glamourflooringla.com/" "Mozilla/5.0 (Linux; Android 5.0; SM-G900P Build/LRX21T) AppleWebKit/537.36 (KHTML, like Gecko) Chrome/55.0.5850.1062 Mobile Safari/537.36"
89.36.237.58 - - [18/Aug/2026:12:39:51 +0000] "GET /wp-json/contact-form-7/v1/contact-forms/22324/feedback/schema HTTP/2" 200 241 "https://glamourflooringla.com/" "Mozilla/5.0 (Linux; Android 5.0; SM-G900P Build/LRX21T) AppleWebKit/537.36 (KHTML, like Gecko) Chrome/55.0.5850.1062 Mobile Safari/537.36"
144.76.19.157 - - [18/Aug/2026:12:39:51 +0000] "GET /product/lake-point/?add_to_wishlist=18370&_wpnonce=e7a007f243 HTTP/1.1" 301 0 "-" "Mozilla/5.0 (compatible; SERankingBacklinksBot/1.0; +https://seranking.com/backlinks-crawler)"
89.36.237.58 - - [18/Aug/2026:12:39:51 +0000] "POST /?wc-ajax=get_refreshed_fragments HTTP/2" 200 916 "https://glamourflooringla.com/" "Mozilla/5.0 (Linux; Android 5.0; SM-G900P Build/LRX21T) AppleWebKit/537.36 (KHTML, like Gecko) Chrome/55.0.5850.1062 Mobile Safari/537.36"
89.36.237.58 - - [18/Aug/2026:12:39:52 +0000] "GET /wp-json/contact-form-7/v1/contact-forms/22308/refill HTTP/2" 200 6 "https://glamourflooringla.com/" "Mozilla/5.0 (Linux; Android 5.0; SM-G900P Build/LRX21T) AppleWebKit/537.36 (KHTML, like Gecko) Chrome/55.0.5850.1062 Mobile Safari/537.36"
89.36.237.58 - - [18/Aug/2026:12:39:52 +0000] "GET /wp-json/contact-form-7/v1/contact-forms/22324/refill HTTP/2" 200 6 "https://glamourflooringla.com/" "Mozilla/5.0 (Linux; Android 5.0; SM-G900P Build/LRX21T) AppleWebKit/537.36 (KHTML, like Gecko) Chrome/55.0.5850.1062 Mobile Safari/537.36"
144.76.19.157 - - [18/Aug/2026:12:39:53 +0000] "GET /product/lake-point/?add_to_wishlist=18370&_wpnonce=e7a007f243 HTTP/1.1" 200 45158 "-" "Mozilla/5.0 (compatible; SERankingBacklinksBot/1.0; +https://seranking.com/backlinks-crawler)"
144.76.19.157 - - [18/Aug/2026:12:39:58 +0000] "GET /product/lake-point/?add_to_wishlist=18370&_wpnonce=ee2ab5adbb HTTP/1.1" 301 0 "-" "Mozilla/5.0 (compatible; SERankingBacklinksBot/1.0; +https://seranking.com/backlinks-crawler)"
144.76.19.157 - - [18/Aug/2026:12:40:00 +0000] "GET /product/lake-point/?add_to_wishlist=18370&_wpnonce=ee2ab5adbb HTTP/1.1" 200 45198 "-" "Mozilla/5.0 (compatible; SERankingBacklinksBot/1.0; +https://seranking.com/backlinks-crawler)"
144.76.19.157 - - [18/Aug/2026:12:40:06 +0000] "GET /product/lake-point/?add_to_wishlist=18379&_wpnonce=32cc803d74 HTTP/1.1" 301 0 "-" "Mozilla/5.0 (compatible; SERankingBacklinksBot/1.0; +https://seranking.com/backlinks-crawler)"
144.76.19.157 - - [18/Aug/2026:12:40:08 +0000] "GET /product/lake-point/?add_to_wishlist=18379&_wpnonce=32cc803d74 HTTP/1.1" 200 45138 "-" "Mozilla/5.0 (compatible; SERankingBacklinksBot/1.0; +https://seranking.com/backlinks-crawler)"
144.76.19.157 - - [18/Aug/2026:12:40:14 +0000] "GET /product/lake-point/?add_to_wishlist=18379&_wpnonce=ee2ab5adbb HTTP/1.1" 301 0 "-" "Mozilla/5.0 (compatible; SERankingBacklinksBot/1.0; +https://seranking.com/backlinks-crawler)"
144.76.19.157 - - [18/Aug/2026:12:40:15 +0000] "GET /product/lake-point/?add_to_wishlist=18379&_wpnonce=ee2ab5adbb HTTP/1.1" 200 45061 "-" "Mozilla/5.0 (compatible; SERankingBacklinksBot/1.0; +https://seranking.com/backlinks-crawler)"
186.80.31.84 - - [18/Aug/2026:12:40:18 +0000] "GET /product/ravenna-urb/2 HTTP/2" 301 0 "-" "Mozilla/5.0 (iPhone; CPU iPhone OS 11_0 like Mac OS X) AppleWebKit/537.36 (KHTML, like Gecko) Chrome/52.0.7699.1522 Mobile Safari/537.36"
186.80.31.84 - - [18/Aug/2026:12:40:20 +0000] "GET / HTTP/2" 200 46840 "-" "Mozilla/5.0 (iPhone; CPU iPhone OS 11_0 like Mac OS X) AppleWebKit/537.36 (KHTML, like Gecko) Chrome/52.0.7699.1522 Mobile Safari/537.36"
144.76.19.157 - - [18/Aug/2026:12:40:21 +0000] "GET /product/lake-point/?add_to_wishlist=18389&_wpnonce=32cc803d74 HTTP/1.1" 301 0 "-" "Mozilla/5.0 (compatible; SERankingBacklinksBot/1.0; +https://seranking.com/backlinks-crawler)"
144.76.19.157 - - [18/Aug/2026:12:40:23 +0000] "GET /product/lake-point/?add_to_wishlist=18389&_wpnonce=32cc803d74 HTTP/1.1" 200 45188 "-" "Mozilla/5.0 (compatible; SERankingBacklinksBot/1.0; +https://seranking.com/backlinks-crawler)"
103.104.93.235 - - [18/Aug/2026:12:40:28 +0000] "GET /wp-json/contact-form-7/v1/contact-forms/22308/feedback/schema HTTP/2" 200 322 "https://glamourflooringla.com/" "Mozilla/5.0 (iPhone; CPU iPhone OS 11_0 like Mac OS X) AppleWebKit/537.36 (KHTML, like Gecko) Chrome/52.0.7699.1522 Mobile Safari/537.36"
103.104.93.235 - - [18/Aug/2026:12:40:28 +0000] "GET /wp-json/contact-form-7/v1/contact-forms/22324/feedback/schema HTTP/2" 200 241 "https://glamourflooringla.com/" "Mozilla/5.0 (iPhone; CPU iPhone OS 11_0 like Mac OS X) AppleWebKit/537.36 (KHTML, like Gecko) Chrome/52.0.7699.1522 Mobile Safari/537.36"
144.76.19.157 - - [18/Aug/2026:12:40:28 +0000] "GET /product/lake-point/?add_to_wishlist=18389&_wpnonce=e7a007f243 HTTP/1.1" 301 0 "-" "Mozilla/5.0 (compatible; SERankingBacklinksBot/1.0; +https://seranking.com/backlinks-crawler)"
103.104.93.235 - - [18/Aug/2026:12:40:28 +0000] "POST /?wc-ajax=get_refreshed_fragments HTTP/2" 200 916 "https://glamourflooringla.com/" "Mozilla/5.0 (iPhone; CPU iPhone OS 11_0 like Mac OS X) AppleWebKit/537.36 (KHTML, like Gecko) Chrome/52.0.7699.1522 Mobile Safari/537.36"
103.104.93.235 - - [18/Aug/2026:12:40:31 +0000] "GET /wp-json/contact-form-7/v1/contact-forms/22308/refill HTTP/2" 200 6 "https://glamourflooringla.com/" "Mozilla/5.0 (iPhone; CPU iPhone OS 11_0 like Mac OS X) AppleWebKit/537.36 (KHTML, like Gecko) Chrome/52.0.7699.1522 Mobile Safari/537.36"
103.104.93.235 - - [18/Aug/2026:12:40:31 +0000] "GET /wp-json/contact-form-7/v1/contact-forms/22324/refill HTTP/2" 200 6 "https://glamourflooringla.com/" "Mozilla/5.0 (iPhone; CPU iPhone OS 11_0 like Mac OS X) AppleWebKit/537.36 (KHTML, like Gecko) Chrome/52.0.7699.1522 Mobile Safari/537.36"
192.250.227.238 - - [18/Aug/2026:12:40:31 +0000] "POST /wp-cron.php?doing_wp_cron=1787056831.6443579196929931640625 HTTP/1.1" 200 0 "-" "WordPress/7.0.4; https://glamourflooringla.com"
144.76.19.157 - - [18/Aug/2026:12:40:30 +0000] "GET /product/lake-point/?add_to_wishlist=18389&_wpnonce=e7a007f243 HTTP/1.1" 200 45153 "-" "Mozilla/5.0 (compatible; SERankingBacklinksBot/1.0; +https://seranking.com/backlinks-crawler)"
144.76.19.157 - - [18/Aug/2026:12:40:36 +0000] "GET /product/lake-point/?add_to_wishlist=18389&_wpnonce=ee2ab5adbb HTTP/1.1" 301 0 "-" "Mozilla/5.0 (compatible; SERankingBacklinksBot/1.0; +https://seranking.com/backlinks-crawler)"
144.76.19.157 - - [18/Aug/2026:12:40:38 +0000] "GET /product/lake-point/?add_to_wishlist=18389&_wpnonce=ee2ab5adbb HTTP/1.1" 200 45164 "-" "Mozilla/5.0 (compatible; SERankingBacklinksBot/1.0; +https://seranking.com/backlinks-crawler)"
144.76.19.157 - - [18/Aug/2026:12:40:43 +0000] "GET /product/lake-point/?add_to_wishlist=18399&_wpnonce=32cc803d74 HTTP/1.1" 301 0 "-" "Mozilla/5.0 (compatible; SERankingBacklinksBot/1.0; +https://seranking.com/backlinks-crawler)"
145.223.140.122 - - [18/Aug/2026:12:40:44 +0000] "GET /product/garnet-vellichor/feed/ HTTP/1.1" 200 381 "-" "Mozilla/5.0 (Macintosh; Intel Mac OS X 10_15_7) AppleWebKit/537.36 (KHTML, like Gecko) Chrome/136.0.0.0 Safari/537.36"
144.76.19.157 - - [18/Aug/2026:12:40:45 +0000] "GET /product/lake-point/?add_to_wishlist=18399&_wpnonce=32cc803d74 HTTP/1.1" 200 45091 "-" "Mozilla/5.0 (compatible; SERankingBacklinksBot/1.0; +https://seranking.com/backlinks-crawler)"
57.141.4.2 - - [18/Aug/2026:12:40:50 +0000] "GET /detail/1199087518513 HTTP/2" 429 0 "-" "Mozilla/5.0 (Macintosh; Intel Mac OS X 10_15_7) AppleWebKit/537.36 (KHTML, like Gecko) Chrome/145.0.0.0 Safari/537.36 (compatible; meta-externalagent/1.1 (+https://developers.facebook.com/docs/sharing/webmasters/crawler))"
144.76.19.157 - - [18/Aug/2026:12:40:51 +0000] "GET /product/lake-point/?add_to_wishlist=18399&_wpnonce=e7a007f243 HTTP/1.1" 301 0 "-" "Mozilla/5.0 (compatible; SERankingBacklinksBot/1.0; +https://seranking.com/backlinks-crawler)"
144.76.19.157 - - [18/Aug/2026:12:40:53 +0000] "GET /product/lake-point/?add_to_wishlist=18399&_wpnonce=e7a007f243 HTTP/1.1" 200 45190 "-" "Mozilla/5.0 (compatible; SERankingBacklinksBot/1.0; +https://seranking.com/backlinks-crawler)"
144.76.19.157 - - [18/Aug/2026:12:40:58 +0000] "GET /product/lake-point/?add_to_wishlist=18399&_wpnonce=ee2ab5adbb HTTP/1.1" 301 0 "-" "Mozilla/5.0 (compatible; SERankingBacklinksBot/1.0; +https://seranking.com/backlinks-crawler)"
144.76.19.157 - - [18/Aug/2026:12:41:00 +0000] "GET /product/lake-point/?add_to_wishlist=18399&_wpnonce=ee2ab5adbb HTTP/1.1" 200 45158 "-" "Mozilla/5.0 (compatible; SERankingBacklinksBot/1.0; +https://seranking.com/backlinks-crawler)"
103.129.115.18 - - [18/Aug/2026:12:41:02 +0000] "GET /malibu-flooring-installation-kitchen-countertops/2 HTTP/2" 301 0 "-" "Mozilla/5.0 (Linux; Android 8.0; Pixel 2 Build/OPD3.170816.012) AppleWebKit/537.36 (KHTML, like Gecko) Chrome/59.0.5898.1826 Mobile Safari/537.36"
103.129.115.18 - - [18/Aug/2026:12:41:05 +0000] "GET / HTTP/2" 200 46840 "-" "Mozilla/5.0 (Linux; Android 8.0; Pixel 2 Build/OPD3.170816.012) AppleWebKit/537.36 (KHTML, like Gecko) Chrome/59.0.5898.1826 Mobile Safari/537.36"
144.76.19.157 - - [18/Aug/2026:12:41:05 +0000] "GET /product/lake-point/?add_to_wishlist=18408&_wpnonce=32cc803d74 HTTP/1.1" 301 0 "-" "Mozilla/5.0 (compatible; SERankingBacklinksBot/1.0; +https://seranking.com/backlinks-crawler)"
144.76.19.157 - - [18/Aug/2026:12:41:06 +0000] "GET /product/lake-point/?add_to_wishlist=18408&_wpnonce=32cc803d74 HTTP/1.1" 200 45088 "-" "Mozilla/5.0 (compatible; SERankingBacklinksBot/1.0; +https://seranking.com/backlinks-crawler)"
144.76.19.157 - - [18/Aug/2026:12:41:11 +0000] "GET /product/lake-point/?add_to_wishlist=18408&_wpnonce=7fc678ce79 HTTP/1.1" 301 0 "-" "Mozilla/5.0 (compatible; SERankingBacklinksBot/1.0; +https://seranking.com/backlinks-crawler)"
144.76.19.157 - - [18/Aug/2026:12:41:12 +0000] "GET /product/lake-point/?add_to_wishlist=18408&_wpnonce=7fc678ce79 HTTP/1.1" 200 45095 "-" "Mozilla/5.0 (compatible; SERankingBacklinksBot/1.0; +https://seranking.com/backlinks-crawler)"
103.63.226.97 - - [18/Aug/2026:12:41:18 +0000] "GET /wp-json/contact-form-7/v1/contact-forms/22308/feedback/schema HTTP/2" 200 322 "https://glamourflooringla.com/" "Mozilla/5.0 (Linux; Android 8.0; Pixel 2 Build/OPD3.170816.012) AppleWebKit/537.36 (KHTML, like Gecko) Chrome/59.0.5898.1826 Mobile Safari/537.36"
103.63.226.97 - - [18/Aug/2026:12:41:18 +0000] "GET /wp-json/contact-form-7/v1/contact-forms/22324/feedback/schema HTTP/2" 200 241 "https://glamourflooringla.com/" "Mozilla/5.0 (Linux; Android 8.0; Pixel 2 Build/OPD3.170816.012) AppleWebKit/537.36 (KHTML, like Gecko) Chrome/59.0.5898.1826 Mobile Safari/537.36"
144.76.19.157 - - [18/Aug/2026:12:41:18 +0000] "GET /product/lake-point/?add_to_wishlist=18408&_wpnonce=ee2ab5adbb HTTP/1.1" 301 0 "-" "Mozilla/5.0 (compatible; SERankingBacklinksBot/1.0; +https://seranking.com/backlinks-crawler)"
103.63.226.97 - - [18/Aug/2026:12:41:18 +0000] "POST /?wc-ajax=get_refreshed_fragments HTTP/2" 200 916 "https://glamourflooringla.com/" "Mozilla/5.0 (Linux; Android 8.0; Pixel 2 Build/OPD3.170816.012) AppleWebKit/537.36 (KHTML, like Gecko) Chrome/59.0.5898.1826 Mobile Safari/537.36"
144.76.19.157 - - [18/Aug/2026:12:41:20 +0000] "GET /product/lake-point/?add_to_wishlist=18408&_wpnonce=ee2ab5adbb HTTP/1.1" 200 45159 "-" "Mozilla/5.0 (compatible; SERankingBacklinksBot/1.0; +https://seranking.com/backlinks-crawler)"
83.99.206.72 - - [18/Aug/2026:12:41:21 +0000] "GET /product-category/engineered-hardwood-floor/solid-threads/ HTTP/1.1" 200 29963 "-" "Mozilla/5.0 (X11; Linux x86_64) AppleWebKit/537.36 (KHTML, like Gecko; GeedoShopProductFinder) Chrome/142.0.0.0 Safari/537.36"
144.76.19.157 - - [18/Aug/2026:12:41:26 +0000] "GET /product/lake-point/?add_to_wishlist=18452&_wpnonce=ee2ab5adbb HTTP/1.1" 301 0 "-" "Mozilla/5.0 (compatible; SERankingBacklinksBot/1.0; +https://seranking.com/backlinks-crawler)"
144.76.19.157 - - [18/Aug/2026:12:41:27 +0000] "GET /product/lake-point/?add_to_wishlist=18452&_wpnonce=ee2ab5adbb HTTP/1.1" 200 45164 "-" "Mozilla/5.0 (compatible; SERankingBacklinksBot/1.0; +https://seranking.com/backlinks-crawler)"
52.167.144.179 - - [18/Aug/2026:12:41:29 +0000] "GET /product-tag/outpost-grey/2 HTTP/2" 301 0 "-" "Mozilla/5.0 AppleWebKit/537.36 (KHTML, like Gecko; compatible; bingbot/2.0; +http://www.bing.com/bingbot.htm) Chrome/116.0.1938.76 Safari/537.36"
52.167.144.179 - - [18/Aug/2026:12:41:30 +0000] "GET / HTTP/2" 200 46840 "-" "Mozilla/5.0 AppleWebKit/537.36 (KHTML, like Gecko; compatible; bingbot/2.0; +http://www.bing.com/bingbot.htm) Chrome/116.0.1938.76 Safari/537.36"
103.63.226.97 - - [18/Aug/2026:12:41:33 +0000] "GET /wp-json/contact-form-7/v1/contact-forms/22324/refill HTTP/2" 200 6 "https://glamourflooringla.com/" "Mozilla/5.0 (Linux; Android 8.0; Pixel 2 Build/OPD3.170816.012) AppleWebKit/537.36 (KHTML, like Gecko) Chrome/59.0.5898.1826 Mobile Safari/537.36"
103.63.226.97 - - [18/Aug/2026:12:41:33 +0000] "GET /wp-json/contact-form-7/v1/contact-forms/22308/refill HTTP/2" 200 6 "https://glamourflooringla.com/" "Mozilla/5.0 (Linux; Android 8.0; Pixel 2 Build/OPD3.170816.012) AppleWebKit/537.36 (KHTML, like Gecko) Chrome/59.0.5898.1826 Mobile Safari/537.36"
192.250.227.238 - - [18/Aug/2026:12:41:34 +0000] "POST /wp-cron.php?doing_wp_cron=1787056894.1165459156036376953125 HTTP/1.1" 200 0 "-" "WordPress/7.0.4; https://glamourflooringla.com"
144.76.19.157 - - [18/Aug/2026:12:41:33 +0000] "GET /product/lake-point/?add_to_wishlist=18475&_wpnonce=32cc803d74 HTTP/1.1" 301 0 "-" "Mozilla/5.0 (compatible; SERankingBacklinksBot/1.0; +https://seranking.com/backlinks-crawler)"
144.76.19.157 - - [18/Aug/2026:12:41:35 +0000] "GET /product/lake-point/?add_to_wishlist=18475&_wpnonce=32cc803d74 HTTP/1.1" 200 45145 "-" "Mozilla/5.0 (compatible; SERankingBacklinksBot/1.0; +https://seranking.com/backlinks-crawler)"
14.191.136.144 - - [18/Aug/2026:12:41:39 +0000] "GET /product/crete-opus/2 HTTP/2" 301 0 "-" "Mozilla/5.0 (iPhone; CPU iPhone OS 11_0 like Mac OS X) AppleWebKit/537.36 (KHTML, like Gecko) Chrome/56.0.7712.1808 Mobile Safari/537.36"
14.191.136.144 - - [18/Aug/2026:12:41:41 +0000] "GET / HTTP/2" 200 46840 "-" "Mozilla/5.0 (iPhone; CPU iPhone OS 11_0 like Mac OS X) AppleWebKit/537.36 (KHTML, like Gecko) Chrome/56.0.7712.1808 Mobile Safari/537.36"
144.76.19.157 - - [18/Aug/2026:12:41:41 +0000] "GET /product/lake-point/?add_to_wishlist=18475&_wpnonce=7fc678ce79 HTTP/1.1" 301 0 "-" "Mozilla/5.0 (compatible; SERankingBacklinksBot/1.0; +https://seranking.com/backlinks-crawler)"
83.99.206.72 - - [18/Aug/2026:12:41:41 +0000] "GET /tag/mediterranean-california-classics/ HTTP/1.1" 200 30599 "-" "Mozilla/5.0 (X11; Linux x86_64) AppleWebKit/537.36 (KHTML, like Gecko; GeedoShopProductFinder) Chrome/142.0.0.0 Safari/537.36"
144.76.19.157 - - [18/Aug/2026:12:41:43 +0000] "GET /product/lake-point/?add_to_wishlist=18475&_wpnonce=7fc678ce79 HTTP/1.1" 200 45061 "-" "Mozilla/5.0 (compatible; SERankingBacklinksBot/1.0; +https://seranking.com/backlinks-crawler)"
103.228.201.27 - - [18/Aug/2026:12:41:45 +0000] "GET /wp-json/contact-form-7/v1/contact-forms/22308/feedback/schema HTTP/2" 200 322 "https://glamourflooringla.com/" "Mozilla/5.0 (iPhone; CPU iPhone OS 11_0 like Mac OS X) AppleWebKit/537.36 (KHTML, like Gecko) Chrome/56.0.7712.1808 Mobile Safari/537.36"
103.228.201.27 - - [18/Aug/2026:12:41:45 +0000] "GET /wp-json/contact-form-7/v1/contact-forms/22324/feedback/schema HTTP/2" 200 241 "https://glamourflooringla.com/" "Mozilla/5.0 (iPhone; CPU iPhone OS 11_0 like Mac OS X) AppleWebKit/537.36 (KHTML, like Gecko) Chrome/56.0.7712.1808 Mobile Safari/537.36"
103.228.201.27 - - [18/Aug/2026:12:41:45 +0000] "POST /?wc-ajax=get_refreshed_fragments HTTP/2" 200 916 "https://glamourflooringla.com/" "Mozilla/5.0 (iPhone; CPU iPhone OS 11_0 like Mac OS X) AppleWebKit/537.36 (KHTML, like Gecko) Chrome/56.0.7712.1808 Mobile Safari/537.36"
144.76.19.157 - - [18/Aug/2026:12:41:48 +0000] "GET /product/lake-point/?add_to_wishlist=18475&_wpnonce=e7a007f243 HTTP/1.1" 301 0 "-" "Mozilla/5.0 (compatible; SERankingBacklinksBot/1.0; +https://seranking.com/backlinks-crawler)"
103.228.201.27 - - [18/Aug/2026:12:41:49 +0000] "GET /wp-json/contact-form-7/v1/contact-forms/22308/refill HTTP/2" 200 6 "https://glamourflooringla.com/" "Mozilla/5.0 (iPhone; CPU iPhone OS 11_0 like Mac OS X) AppleWebKit/537.36 (KHTML, like Gecko) Chrome/56.0.7712.1808 Mobile Safari/537.36"
103.228.201.27 - - [18/Aug/2026:12:41:49 +0000] "GET /wp-json/contact-form-7/v1/contact-forms/22324/refill HTTP/2" 200 6 "https://glamourflooringla.com/" "Mozilla/5.0 (iPhone; CPU iPhone OS 11_0 like Mac OS X) AppleWebKit/537.36 (KHTML, like Gecko) Chrome/56.0.7712.1808 Mobile Safari/537.36"
144.76.19.157 - - [18/Aug/2026:12:41:50 +0000] "GET /product/lake-point/?add_to_wishlist=18475&_wpnonce=e7a007f243 HTTP/1.1" 200 45115 "-" "Mozilla/5.0 (compatible; SERankingBacklinksBot/1.0; +https://seranking.com/backlinks-crawler)"
144.76.19.157 - - [18/Aug/2026:12:41:56 +0000] "GET /product/lake-point/?add_to_wishlist=18475&_wpnonce=ee2ab5adbb HTTP/1.1" 301 0 "-" "Mozilla/5.0 (compatible; SERankingBacklinksBot/1.0; +https://seranking.com/backlinks-crawler)"
