144.76.19.157 - - [18/Aug/2026:13:13:23 +0000] "GET /product/lorraine-monarch/?add_to_wishlist=15538&_wpnonce=bbb71dd7ae HTTP/1.1" 200 45095 "-" "Mozilla/5.0 (compatible; SERankingBacklinksBot/1.0; +https://seranking.com/backlinks-crawler)"
40.77.167.57 - - [18/Aug/2026:13:13:27 +0000] "GET / HTTP/2" 200 46910 "-" "Mozilla/5.0 AppleWebKit/537.36 (KHTML, like Gecko; compatible; bingbot/2.0; +http://www.bing.com/bingbot.htm) Chrome/116.0.1938.76 Safari/537.36"
144.76.19.157 - - [18/Aug/2026:13:13:29 +0000] "GET /product/lorraine-monarch/?add_to_wishlist=15540&_wpnonce=bbb71dd7ae HTTP/1.1" 301 0 "-" "Mozilla/5.0 (compatible; SERankingBacklinksBot/1.0; +https://seranking.com/backlinks-crawler)"
192.250.227.238 - - [18/Aug/2026:13:13:32 +0000] "POST /wp-cron.php?doing_wp_cron=1787058812.0440790653228759765625 HTTP/1.1" 200 0 "-" "WordPress/7.0.4; https://glamourflooringla.com"
144.76.19.157 - - [18/Aug/2026:13:13:31 +0000] "GET /product/lorraine-monarch/?add_to_wishlist=15540&_wpnonce=bbb71dd7ae HTTP/1.1" 200 45048 "-" "Mozilla/5.0 (compatible; SERankingBacklinksBot/1.0; +https://seranking.com/backlinks-crawler)"
83.99.206.254 - - [18/Aug/2026:13:13:32 +0000] "GET /tag/allegheny/ HTTP/1.1" 200 31446 "-" "Mozilla/5.0 (X11; Linux x86_64) AppleWebKit/537.36 (KHTML, like Gecko; GeedoShopProductFinder) Chrome/142.0.0.0 Safari/537.36"
115.146.125.52 - - [18/Aug/2026:13:13:33 +0000] "GET /wp-login.php HTTP/1.1" 403 170 "-" "Mozilla/5.0 (Windows NT 10.0; Win64; x64) AppleWebKit/537.36 (KHTML, like Gecko) Chrome/151.0.0.0 Safari/537.36"
115.146.125.52 - - [18/Aug/2026:13:13:35 +0000] "POST /wp-login.php HTTP/1.1" 403 170 "https://glamourflooringla.com/wp-login.php" "Mozilla/5.0 (Windows NT 10.0; Win64; x64) AppleWebKit/537.36 (KHTML, like Gecko) Chrome/151.0.0.0 Safari/537.36"
144.76.19.157 - - [18/Aug/2026:13:13:36 +0000] "GET /product/lorraine-monarch/?add_to_wishlist=15542&_wpnonce=44202cc6af HTTP/1.1" 301 0 "-" "Mozilla/5.0 (compatible; SERankingBacklinksBot/1.0; +https://seranking.com/backlinks-crawler)"
144.76.19.157 - - [18/Aug/2026:13:13:38 +0000] "GET /product/lorraine-monarch/?add_to_wishlist=15542&_wpnonce=44202cc6af HTTP/1.1" 200 45013 "-" "Mozilla/5.0 (compatible; SERankingBacklinksBot/1.0; +https://seranking.com/backlinks-crawler)"
144.76.19.157 - - [18/Aug/2026:13:13:44 +0000] "GET /product/lorraine-monarch/?add_to_wishlist=15542&_wpnonce=bbb71dd7ae HTTP/1.1" 301 0 "-" "Mozilla/5.0 (compatible; SERankingBacklinksBot/1.0; +https://seranking.com/backlinks-crawler)"
144.76.19.157 - - [18/Aug/2026:13:13:46 +0000] "GET /product/lorraine-monarch/?add_to_wishlist=15542&_wpnonce=bbb71dd7ae HTTP/1.1" 200 45015 "-" "Mozilla/5.0 (compatible; SERankingBacklinksBot/1.0; +https://seranking.com/backlinks-crawler)"
144.76.19.157 - - [18/Aug/2026:13:13:51 +0000] "GET /product/lorraine-monarch/?add_to_wishlist=15544&_wpnonce=bbb71dd7ae HTTP/1.1" 301 0 "-" "Mozilla/5.0 (compatible; SERankingBacklinksBot/1.0; +https://seranking.com/backlinks-crawler)"
83.99.206.236 - - [18/Aug/2026:13:13:53 +0000] "GET /tag/resand-and-refinish-wood-floors/ HTTP/1.1" 200 30428 "-" "Mozilla/5.0 (X11; Linux x86_64) AppleWebKit/537.36 (KHTML, like Gecko; GeedoShopProductFinder) Chrome/142.0.0.0 Safari/537.36"
144.76.19.157 - - [18/Aug/2026:13:13:53 +0000] "GET /product/lorraine-monarch/?add_to_wishlist=15544&_wpnonce=bbb71dd7ae HTTP/1.1" 200 45055 "-" "Mozilla/5.0 (compatible; SERankingBacklinksBot/1.0; +https://seranking.com/backlinks-crawler)"
82.38.180.191 - - [18/Aug/2026:13:13:56 +0000] "GET /product-category/engineered-hardwood-floor/page/16/?add_to_wishlist=15540 HTTP/1.1" 200 36903 "-" "Mozilla/5.0 (Macintosh; Intel Mac OS X 10_15_7) AppleWebKit/537.36 (KHTML, like Gecko) Chrome/131.0.0.0 Safari/537.36"
144.76.19.157 - - [18/Aug/2026:13:13:59 +0000] "GET /product/lorraine-monarch/?add_to_wishlist=15547&_wpnonce=bbb71dd7ae HTTP/1.1" 301 0 "-" "Mozilla/5.0 (compatible; SERankingBacklinksBot/1.0; +https://seranking.com/backlinks-crawler)"
216.73.217.43 - - [18/Aug/2026:13:13:59 +0000] "GET /product/18370/?add_to_wishlist=18492 HTTP/2" 200 38693 "-" "Mozilla/5.0 AppleWebKit/537.36 (KHTML, like Gecko; compatible; ClaudeBot/1.0; +claudebot@anthropic.com)"
223.109.252.152 - - [18/Aug/2026:13:14:00 +0000] "GET /product/oak-woodland-brown-artisan/?add_to_wishlist=15487&_wpnonce=6a8f43208e HTTP/1.1" 200 45299 "-" "Sogou web spider/4.0(+http://www.sogou.com/docs/help/webmasters.htm#07)"
144.76.19.157 - - [18/Aug/2026:13:14:00 +0000] "GET /product/lorraine-monarch/?add_to_wishlist=15547&_wpnonce=bbb71dd7ae HTTP/1.1" 200 44949 "-" "Mozilla/5.0 (compatible; SERankingBacklinksBot/1.0; +https://seranking.com/backlinks-crawler)"
216.73.217.43 - - [18/Aug/2026:13:14:04 +0000] "GET /product/maple-gardens/?add_to_wishlist=18408 HTTP/2" 429 0 "-" "Mozilla/5.0 AppleWebKit/537.36 (KHTML, like Gecko; compatible; ClaudeBot/1.0; +claudebot@anthropic.com)"
144.76.19.157 - - [18/Aug/2026:13:14:06 +0000] "GET /product/lorraine-monarch/?add_to_wishlist=15549&_wpnonce=bbb71dd7ae HTTP/1.1" 301 0 "-" "Mozilla/5.0 (compatible; SERankingBacklinksBot/1.0; +https://seranking.com/backlinks-crawler)"
144.76.19.157 - - [18/Aug/2026:13:14:08 +0000] "GET /product/lorraine-monarch/?add_to_wishlist=15549&_wpnonce=bbb71dd7ae HTTP/1.1" 200 45053 "-" "Mozilla/5.0 (compatible; SERankingBacklinksBot/1.0; +https://seranking.com/backlinks-crawler)"
57.141.4.4 - - [18/Aug/2026:13:14:10 +0000] "GET /detail/635049123560 HTTP/2" 429 0 "-" "Mozilla/5.0 (Windows NT 10.0; Win64; x64) AppleWebKit/537.36 (KHTML, like Gecko) Chrome/145.0.0.0 Safari/537.36 (compatible; meta-externalagent/1.1 (+https://developers.facebook.com/docs/sharing/webmasters/crawler))"
144.76.19.157 - - [18/Aug/2026:13:14:14 +0000] "GET /product/lorraine-monarch/?add_to_wishlist=15551&_wpnonce=bbb71dd7ae HTTP/1.1" 301 0 "-" "Mozilla/5.0 (compatible; SERankingBacklinksBot/1.0; +https://seranking.com/backlinks-crawler)"
112.86.225.215 - - [18/Aug/2026:13:14:15 +0000] "GET /product/altadena/?add_to_wishlist=15484&_wpnonce=67ecc438f7 HTTP/1.1" 200 46299 "-" "Sogou web spider/4.0(+http://www.sogou.com/docs/help/webmasters.htm#07)"
144.76.19.157 - - [18/Aug/2026:13:14:16 +0000] "GET /product/lorraine-monarch/?add_to_wishlist=15551&_wpnonce=bbb71dd7ae HTTP/1.1" 200 44957 "-" "Mozilla/5.0 (compatible; SERankingBacklinksBot/1.0; +https://seranking.com/backlinks-crawler)"
144.76.19.157 - - [18/Aug/2026:13:14:21 +0000] "GET /product/lorraine-monarch/?add_to_wishlist=15552&_wpnonce=bbb71dd7ae HTTP/1.1" 301 0 "-" "Mozilla/5.0 (compatible; SERankingBacklinksBot/1.0; +https://seranking.com/backlinks-crawler)"
144.76.19.157 - - [18/Aug/2026:13:14:23 +0000] "GET /product/lorraine-monarch/?add_to_wishlist=15552&_wpnonce=bbb71dd7ae HTTP/1.1" 200 44945 "-" "Mozilla/5.0 (compatible; SERankingBacklinksBot/1.0; +https://seranking.com/backlinks-crawler)"
144.76.19.157 - - [18/Aug/2026:13:14:29 +0000] "GET /product/lorraine-monarch/?add_to_wishlist=15556&_wpnonce=bbb71dd7ae HTTP/1.1" 301 0 "-" "Mozilla/5.0 (compatible; SERankingBacklinksBot/1.0; +https://seranking.com/backlinks-crawler)"
192.250.227.238 - - [18/Aug/2026:13:14:32 +0000] "POST /wp-cron.php?doing_wp_cron=1787058872.1123878955841064453125 HTTP/1.1" 200 0 "-" "WordPress/7.0.4; https://glamourflooringla.com"
144.76.19.157 - - [18/Aug/2026:13:14:31 +0000] "GET /product/lorraine-monarch/?add_to_wishlist=15556&_wpnonce=bbb71dd7ae HTTP/1.1" 200 44942 "-" "Mozilla/5.0 (compatible; SERankingBacklinksBot/1.0; +https://seranking.com/backlinks-crawler)"
192.250.227.238 - - [18/Aug/2026:13:14:37 +0000] "POST /wp-cron.php?doing_wp_cron=1787058877.2793469429016113281250 HTTP/1.1" 200 0 "-" "WordPress/7.0.4; https://glamourflooringla.com"
144.76.19.157 - - [18/Aug/2026:13:14:36 +0000] "GET /product/lorraine-monarch/?add_to_wishlist=15559&_wpnonce=44202cc6af HTTP/1.1" 301 0 "-" "Mozilla/5.0 (compatible; SERankingBacklinksBot/1.0; +https://seranking.com/backlinks-crawler)"
144.76.19.157 - - [18/Aug/2026:13:14:38 +0000] "GET /product/lorraine-monarch/?add_to_wishlist=15559&_wpnonce=44202cc6af HTTP/1.1" 200 44950 "-" "Mozilla/5.0 (compatible; SERankingBacklinksBot/1.0; +https://seranking.com/backlinks-crawler)"
144.76.19.157 - - [18/Aug/2026:13:14:44 +0000] "GET /product/lorraine-monarch/?add_to_wishlist=15559&_wpnonce=bbb71dd7ae HTTP/1.1" 301 0 "-" "Mozilla/5.0 (compatible; SERankingBacklinksBot/1.0; +https://seranking.com/backlinks-crawler)"
144.76.19.157 - - [18/Aug/2026:13:14:46 +0000] "GET /product/lorraine-monarch/?add_to_wishlist=15559&_wpnonce=bbb71dd7ae HTTP/1.1" 200 45154 "-" "Mozilla/5.0 (compatible; SERankingBacklinksBot/1.0; +https://seranking.com/backlinks-crawler)"
216.73.217.61 - - [18/Aug/2026:13:14:50 +0000] "GET /product/lake-point/?add_to_wishlist=18370 HTTP/2" 200 38716 "-" "Mozilla/5.0 AppleWebKit/537.36 (KHTML, like Gecko; compatible; ClaudeBot/1.0; +claudebot@anthropic.com)"
144.76.19.157 - - [18/Aug/2026:13:14:51 +0000] "GET /product/lorraine-monarch/?add_to_wishlist=15560&_wpnonce=32cc803d74 HTTP/1.1" 301 0 "-" "Mozilla/5.0 (compatible; SERankingBacklinksBot/1.0; +https://seranking.com/backlinks-crawler)"
144.76.19.157 - - [18/Aug/2026:13:14:53 +0000] "GET /product/lorraine-monarch/?add_to_wishlist=15560&_wpnonce=32cc803d74 HTTP/1.1" 200 45123 "-" "Mozilla/5.0 (compatible; SERankingBacklinksBot/1.0; +https://seranking.com/backlinks-crawler)"
216.73.217.61 - - [18/Aug/2026:13:14:55 +0000] "GET /product/18370/?add_to_wishlist=18379 HTTP/2" 429 0 "-" "Mozilla/5.0 AppleWebKit/537.36 (KHTML, like Gecko; compatible; ClaudeBot/1.0; +claudebot@anthropic.com)"
144.76.19.157 - - [18/Aug/2026:13:14:59 +0000] "GET /product/lorraine-monarch/?add_to_wishlist=15560&_wpnonce=44202cc6af HTTP/1.1" 301 0 "-" "Mozilla/5.0 (compatible; SERankingBacklinksBot/1.0; +https://seranking.com/backlinks-crawler)"
144.76.19.157 - - [18/Aug/2026:13:15:01 +0000] "GET /product/lorraine-monarch/?add_to_wishlist=15560&_wpnonce=44202cc6af HTTP/1.1" 200 45084 "-" "Mozilla/5.0 (compatible; SERankingBacklinksBot/1.0; +https://seranking.com/backlinks-crawler)"
144.76.19.157 - - [18/Aug/2026:13:15:06 +0000] "GET /product/lorraine-monarch/?add_to_wishlist=15560&_wpnonce=bbb71dd7ae HTTP/1.1" 301 0 "-" "Mozilla/5.0 (compatible; SERankingBacklinksBot/1.0; +https://seranking.com/backlinks-crawler)"
144.76.19.157 - - [18/Aug/2026:13:15:08 +0000] "GET /product/lorraine-monarch/?add_to_wishlist=15560&_wpnonce=bbb71dd7ae HTTP/1.1" 200 44938 "-" "Mozilla/5.0 (compatible; SERankingBacklinksBot/1.0; +https://seranking.com/backlinks-crawler)"
144.76.19.157 - - [18/Aug/2026:13:15:13 +0000] "GET /product/lorraine-monarch/?add_to_wishlist=15561&_wpnonce=32cc803d74 HTTP/1.1" 301 0 "-" "Mozilla/5.0 (compatible; SERankingBacklinksBot/1.0; +https://seranking.com/backlinks-crawler)"
15.235.27.84 - - [18/Aug/2026:13:15:13 +0000] "GET /product/renoir-monarch/ HTTP/2" 200 38515 "-" "Mozilla/5.0 (compatible; AhrefsBot/7.0; +http://ahrefs.com/robot/)"
144.76.19.157 - - [18/Aug/2026:13:15:14 +0000] "GET /product/lorraine-monarch/?add_to_wishlist=15561&_wpnonce=32cc803d74 HTTP/1.1" 200 44939 "-" "Mozilla/5.0 (compatible; SERankingBacklinksBot/1.0; +https://seranking.com/backlinks-crawler)"
57.141.4.12 - - [18/Aug/2026:13:15:17 +0000] "GET /detail/189483790790 HTTP/2" 429 0 "-" "Mozilla/5.0 (Macintosh; Intel Mac OS X 10_15_7) AppleWebKit/537.36 (KHTML, like Gecko) Chrome/145.0.0.0 Safari/537.36 (compatible; meta-externalagent/1.1 (+https://developers.facebook.com/docs/sharing/webmasters/crawler))"
144.76.19.157 - - [18/Aug/2026:13:15:18 +0000] "GET /product/lorraine-monarch/?add_to_wishlist=15561&_wpnonce=bbb71dd7ae HTTP/1.1" 301 0 "-" "Mozilla/5.0 (compatible; SERankingBacklinksBot/1.0; +https://seranking.com/backlinks-crawler)"
144.76.19.157 - - [18/Aug/2026:13:15:19 +0000] "GET /product/lorraine-monarch/?add_to_wishlist=15561&_wpnonce=bbb71dd7ae HTTP/1.1" 200 45019 "-" "Mozilla/5.0 (compatible; SERankingBacklinksBot/1.0; +https://seranking.com/backlinks-crawler)"
144.76.19.157 - - [18/Aug/2026:13:15:25 +0000] "GET /product/lorraine-monarch/?add_to_wishlist=15565&_wpnonce=32cc803d74 HTTP/1.1" 301 0 "-" "Mozilla/5.0 (compatible; SERankingBacklinksBot/1.0; +https://seranking.com/backlinks-crawler)"
144.76.19.157 - - [18/Aug/2026:13:15:27 +0000] "GET /product/lorraine-monarch/?add_to_wishlist=15565&_wpnonce=32cc803d74 HTTP/1.1" 200 44965 "-" "Mozilla/5.0 (compatible; SERankingBacklinksBot/1.0; +https://seranking.com/backlinks-crawler)"
192.250.227.238 - - [18/Aug/2026:13:15:34 +0000] "POST /wp-cron.php?doing_wp_cron=1787058933.8953549861907958984375 HTTP/1.1" 200 0 "-" "WordPress/7.0.4; https://glamourflooringla.com"
144.76.19.157 - - [18/Aug/2026:13:15:33 +0000] "GET /product/lorraine-monarch/?add_to_wishlist=15565&_wpnonce=bbb71dd7ae HTTP/1.1" 301 0 "-" "Mozilla/5.0 (compatible; SERankingBacklinksBot/1.0; +https://seranking.com/backlinks-crawler)"
144.76.19.157 - - [18/Aug/2026:13:15:35 +0000] "GET /product/lorraine-monarch/?add_to_wishlist=15565&_wpnonce=bbb71dd7ae HTTP/1.1" 200 45006 "-" "Mozilla/5.0 (compatible; SERankingBacklinksBot/1.0; +https://seranking.com/backlinks-crawler)"
144.76.19.157 - - [18/Aug/2026:13:15:40 +0000] "GET /product/lorraine-monarch/?add_to_wishlist=15566&_wpnonce=bbb71dd7ae HTTP/1.1" 301 0 "-" "Mozilla/5.0 (compatible; SERankingBacklinksBot/1.0; +https://seranking.com/backlinks-crawler)"
144.76.19.157 - - [18/Aug/2026:13:15:42 +0000] "GET /product/lorraine-monarch/?add_to_wishlist=15566&_wpnonce=bbb71dd7ae HTTP/1.1" 200 45021 "-" "Mozilla/5.0 (compatible; SERankingBacklinksBot/1.0; +https://seranking.com/backlinks-crawler)"
144.76.19.157 - - [18/Aug/2026:13:15:48 +0000] "GET /product/lorraine-monarch/?add_to_wishlist=15569&_wpnonce=44202cc6af HTTP/1.1" 301 0 "-" "Mozilla/5.0 (compatible; SERankingBacklinksBot/1.0; +https://seranking.com/backlinks-crawler)"
144.76.19.157 - - [18/Aug/2026:13:15:50 +0000] "GET /product/lorraine-monarch/?add_to_wishlist=15569&_wpnonce=44202cc6af HTTP/1.1" 200 45008 "-" "Mozilla/5.0 (compatible; SERankingBacklinksBot/1.0; +https://seranking.com/backlinks-crawler)"
144.76.19.157 - - [18/Aug/2026:13:15:55 +0000] "GET /product/lorraine-monarch/?add_to_wishlist=15569&_wpnonce=bbb71dd7ae HTTP/1.1" 301 0 "-" "Mozilla/5.0 (compatible; SERankingBacklinksBot/1.0; +https://seranking.com/backlinks-crawler)"
144.76.19.157 - - [18/Aug/2026:13:15:57 +0000] "GET /product/lorraine-monarch/?add_to_wishlist=15569&_wpnonce=bbb71dd7ae HTTP/1.1" 200 45014 "-" "Mozilla/5.0 (compatible; SERankingBacklinksBot/1.0; +https://seranking.com/backlinks-crawler)"
83.99.206.8 - - [18/Aug/2026:13:15:59 +0000] "GET /product/whirlpool-vellichor/ HTTP/1.1" 200 38591 "-" "Mozilla/5.0 (X11; Linux x86_64) AppleWebKit/537.36 (KHTML, like Gecko; GeedoShopProductFinder) Chrome/142.0.0.0 Safari/537.36"
144.76.19.157 - - [18/Aug/2026:13:16:03 +0000] "GET /product/lorraine-monarch/?add_to_wishlist=15570&_wpnonce=44202cc6af HTTP/1.1" 301 0 "-" "Mozilla/5.0 (compatible; SERankingBacklinksBot/1.0; +https://seranking.com/backlinks-crawler)"
144.76.19.157 - - [18/Aug/2026:13:16:05 +0000] "GET /product/lorraine-monarch/?add_to_wishlist=15570&_wpnonce=44202cc6af HTTP/1.1" 200 44980 "-" "Mozilla/5.0 (compatible; SERankingBacklinksBot/1.0; +https://seranking.com/backlinks-crawler)"
144.76.19.157 - - [18/Aug/2026:13:16:10 +0000] "GET /product/lorraine-monarch/?add_to_wishlist=15570&_wpnonce=bbb71dd7ae HTTP/1.1" 301 0 "-" "Mozilla/5.0 (compatible; SERankingBacklinksBot/1.0; +https://seranking.com/backlinks-crawler)"
144.76.19.157 - - [18/Aug/2026:13:16:12 +0000] "GET /product/lorraine-monarch/?add_to_wishlist=15570&_wpnonce=bbb71dd7ae HTTP/1.1" 200 44982 "-" "Mozilla/5.0 (compatible; SERankingBacklinksBot/1.0; +https://seranking.com/backlinks-crawler)"
144.76.19.157 - - [18/Aug/2026:13:16:18 +0000] "GET /product/lorraine-monarch/?add_to_wishlist=15794&_wpnonce=32cc803d74 HTTP/1.1" 301 0 "-" "Mozilla/5.0 (compatible; SERankingBacklinksBot/1.0; +https://seranking.com/backlinks-crawler)"
144.76.19.157 - - [18/Aug/2026:13:16:20 +0000] "GET /product/lorraine-monarch/?add_to_wishlist=15794&_wpnonce=32cc803d74 HTTP/1.1" 200 44954 "-" "Mozilla/5.0 (compatible; SERankingBacklinksBot/1.0; +https://seranking.com/backlinks-crawler)"
83.99.206.254 - - [18/Aug/2026:13:16:20 +0000] "GET /product/eterno-pro/ HTTP/1.1" 200 38515 "-" "Mozilla/5.0 (X11; Linux x86_64) AppleWebKit/537.36 (KHTML, like Gecko; GeedoShopProductFinder) Chrome/142.0.0.0 Safari/537.36"
57.141.4.24 - - [18/Aug/2026:13:16:24 +0000] "GET /detail/1285285472784 HTTP/2" 301 0 "-" "Mozilla/5.0 (Windows NT 10.0; Win64; x64) AppleWebKit/537.36 (KHTML, like Gecko) Chrome/145.0.0.0 Safari/537.36 (compatible; meta-externalagent/1.1 (+https://developers.facebook.com/docs/sharing/webmasters/crawler))"
57.141.4.71 - - [18/Aug/2026:13:16:26 +0000] "GET / HTTP/2" 200 54130 "-" "Mozilla/5.0 (Windows NT 10.0; Win64; x64) AppleWebKit/537.36 (KHTML, like Gecko) Chrome/145.0.0.0 Safari/537.36 (compatible; meta-externalagent/1.1 (+https://developers.facebook.com/docs/sharing/webmasters/crawler))"
144.76.19.157 - - [18/Aug/2026:13:16:25 +0000] "GET /product/lorraine-monarch/?add_to_wishlist=15794&_wpnonce=44202cc6af HTTP/1.1" 301 0 "-" "Mozilla/5.0 (compatible; SERankingBacklinksBot/1.0; +https://seranking.com/backlinks-crawler)"
144.76.19.157 - - [18/Aug/2026:13:16:27 +0000] "GET /product/lorraine-monarch/?add_to_wishlist=15794&_wpnonce=44202cc6af HTTP/1.1" 200 44962 "-" "Mozilla/5.0 (compatible; SERankingBacklinksBot/1.0; +https://seranking.com/backlinks-crawler)"
192.250.227.238 - - [18/Aug/2026:13:16:33 +0000] "POST /wp-cron.php?doing_wp_cron=1787058993.6977500915527343750000 HTTP/1.1" 200 0 "-" "WordPress/7.0.4; https://glamourflooringla.com"
144.76.19.157 - - [18/Aug/2026:13:16:33 +0000] "GET /product/lorraine-monarch/?add_to_wishlist=15794&_wpnonce=bbb71dd7ae HTTP/1.1" 301 0 "-" "Mozilla/5.0 (compatible; SERankingBacklinksBot/1.0; +https://seranking.com/backlinks-crawler)"
144.76.19.157 - - [18/Aug/2026:13:16:35 +0000] "GET /product/lorraine-monarch/?add_to_wishlist=15794&_wpnonce=bbb71dd7ae HTTP/1.1" 200 45006 "-" "Mozilla/5.0 (compatible; SERankingBacklinksBot/1.0; +https://seranking.com/backlinks-crawler)"
83.99.206.72 - - [18/Aug/2026:13:16:39 +0000] "GET /product/agedalabaster-pro/ HTTP/1.1" 200 38622 "-" "Mozilla/5.0 (X11; Linux x86_64) AppleWebKit/537.36 (KHTML, like Gecko; GeedoShopProductFinder) Chrome/142.0.0.0 Safari/537.36"
144.76.19.157 - - [18/Aug/2026:13:16:40 +0000] "GET /product/los-alamos/ HTTP/1.1" 301 0 "-" "Mozilla/5.0 (compatible; SERankingBacklinksBot/1.0; +https://seranking.com/backlinks-crawler)"
144.76.19.157 - - [18/Aug/2026:13:16:42 +0000] "GET /product/los-alamos/ HTTP/1.1" 200 44871 "-" "Mozilla/5.0 (compatible; SERankingBacklinksBot/1.0; +https://seranking.com/backlinks-crawler)"
144.76.19.157 - - [18/Aug/2026:13:16:48 +0000] "GET /product/los-alamos/?add_to_wishlist=18416&_wpnonce=32cc803d74 HTTP/1.1" 301 0 "-" "Mozilla/5.0 (compatible; SERankingBacklinksBot/1.0; +https://seranking.com/backlinks-crawler)"
144.76.19.157 - - [18/Aug/2026:13:16:50 +0000] "GET /product/los-alamos/?add_to_wishlist=18416&_wpnonce=32cc803d74 HTTP/1.1" 200 44868 "-" "Mozilla/5.0 (compatible; SERankingBacklinksBot/1.0; +https://seranking.com/backlinks-crawler)"
144.76.19.157 - - [18/Aug/2026:13:16:55 +0000] "GET /product/los-alamos/?add_to_wishlist=18416&_wpnonce=ee2ab5adbb HTTP/1.1" 301 0 "-" "Mozilla/5.0 (compatible; SERankingBacklinksBot/1.0; +https://seranking.com/backlinks-crawler)"
144.76.19.157 - - [18/Aug/2026:13:16:57 +0000] "GET /product/los-alamos/?add_to_wishlist=18416&_wpnonce=ee2ab5adbb HTTP/1.1" 200 44856 "-" "Mozilla/5.0 (compatible; SERankingBacklinksBot/1.0; +https://seranking.com/backlinks-crawler)"
83.99.206.72 - - [18/Aug/2026:13:16:58 +0000] "GET /featured_item_category/whitesail/ HTTP/1.1" 200 30640 "-" "Mozilla/5.0 (X11; Linux x86_64) AppleWebKit/537.36 (KHTML, like Gecko; GeedoShopProductFinder) Chrome/142.0.0.0 Safari/537.36"
216.73.217.61 - - [18/Aug/2026:13:17:01 +0000] "GET /product/cliff-cottage/?add_to_wishlist=18452 HTTP/2" 200 38710 "-" "Mozilla/5.0 AppleWebKit/537.36 (KHTML, like Gecko; compatible; ClaudeBot/1.0; +claudebot@anthropic.com)"
144.76.19.157 - - [18/Aug/2026:13:17:03 +0000] "GET /product/los-alamos/?add_to_wishlist=18431&_wpnonce=32cc803d74 HTTP/1.1" 301 0 "-" "Mozilla/5.0 (compatible; SERankingBacklinksBot/1.0; +https://seranking.com/backlinks-crawler)"
144.76.19.157 - - [18/Aug/2026:13:17:05 +0000] "GET /product/los-alamos/?add_to_wishlist=18431&_wpnonce=32cc803d74 HTTP/1.1" 200 44937 "-" "Mozilla/5.0 (compatible; SERankingBacklinksBot/1.0; +https://seranking.com/backlinks-crawler)"
216.73.217.61 - - [18/Aug/2026:13:17:06 +0000] "GET /product/lake-point/?add_to_wishlist=18333 HTTP/2" 429 0 "-" "Mozilla/5.0 AppleWebKit/537.36 (KHTML, like Gecko; compatible; ClaudeBot/1.0; +claudebot@anthropic.com)"
84.75.155.9 - - [18/Aug/2026:13:17:10 +0000] "GET /wp-json/oembed/1.0/embed?url=https%3A%2F%2Fglamourflooringla.com%2Fflooring-installation-toluca-lake-ca%2F&format=xml HTTP/1.1" 200 1364 "-" "Mozilla/5.0 (Macintosh; Intel Mac OS X 10_15_7) AppleWebKit/537.36 (KHTML, like Gecko) Chrome/131.0.0.0 Safari/537.36"
144.76.19.157 - - [18/Aug/2026:13:17:11 +0000] "GET /product/los-alamos/?add_to_wishlist=18431&_wpnonce=e7a007f243 HTTP/1.1" 301 0 "-" "Mozilla/5.0 (compatible; SERankingBacklinksBot/1.0; +https://seranking.com/backlinks-crawler)"
144.76.19.157 - - [18/Aug/2026:13:17:12 +0000] "GET /product/los-alamos/?add_to_wishlist=18431&_wpnonce=e7a007f243 HTTP/1.1" 200 44942 "-" "Mozilla/5.0 (compatible; SERankingBacklinksBot/1.0; +https://seranking.com/backlinks-crawler)"
144.76.19.157 - - [18/Aug/2026:13:17:18 +0000] "GET /product/los-alamos/?add_to_wishlist=18431&_wpnonce=ee2ab5adbb HTTP/1.1" 301 0 "-" "Mozilla/5.0 (compatible; SERankingBacklinksBot/1.0; +https://seranking.com/backlinks-crawler)"
83.99.206.34 - - [18/Aug/2026:13:17:18 +0000] "GET /flooring-installation-lake-balboa-ca/2 HTTP/1.1" 301 0 "-" "Mozilla/5.0 (X11; Linux x86_64) AppleWebKit/537.36 (KHTML, like Gecko; GeedoShopProductFinder) Chrome/142.0.0.0 Safari/537.36"
83.99.206.34 - - [18/Aug/2026:13:17:19 +0000] "GET / HTTP/1.1" 200 46910 "-" "Mozilla/5.0 (X11; Linux x86_64) AppleWebKit/537.36 (KHTML, like Gecko; GeedoShopProductFinder) Chrome/142.0.0.0 Safari/537.36"
144.76.19.157 - - [18/Aug/2026:13:17:20 +0000] "GET /product/los-alamos/?add_to_wishlist=18431&_wpnonce=ee2ab5adbb HTTP/1.1" 200 44939 "-" "Mozilla/5.0 (compatible; SERankingBacklinksBot/1.0; +https://seranking.com/backlinks-crawler)"
216.73.217.61 - - [18/Aug/2026:13:17:24 +0000] "GET /product/city-pointe/?add_to_wishlist=18559 HTTP/2" 429 0 "-" "Mozilla/5.0 AppleWebKit/537.36 (KHTML, like Gecko; compatible; ClaudeBot/1.0; +claudebot@anthropic.com)"
144.76.19.157 - - [18/Aug/2026:13:17:25 +0000] "GET /product/los-alamos/?add_to_wishlist=18437&_wpnonce=32cc803d74 HTTP/1.1" 301 0 "-" "Mozilla/5.0 (compatible; SERankingBacklinksBot/1.0; +https://seranking.com/backlinks-crawler)"
216.73.217.61 - - [18/Aug/2026:13:17:28 +0000] "GET /product/city-pointe/?add_to_wishlist=18540 HTTP/2" 429 0 "-" "Mozilla/5.0 AppleWebKit/537.36 (KHTML, like Gecko; compatible; ClaudeBot/1.0; +claudebot@anthropic.com)"
144.76.19.157 - - [18/Aug/2026:13:17:27 +0000] "GET /product/los-alamos/?add_to_wishlist=18437&_wpnonce=32cc803d74 HTTP/1.1" 200 44956 "-" "Mozilla/5.0 (compatible; SERankingBacklinksBot/1.0; +https://seranking.com/backlinks-crawler)"
57.141.4.38 - - [18/Aug/2026:13:17:31 +0000] "GET /detail/2190954520578 HTTP/2" 429 0 "-" "Mozilla/5.0 (Windows NT 10.0; Win64; x64) AppleWebKit/537.36 (KHTML, like Gecko) Chrome/145.0.0.0 Safari/537.36 Edg/145.0.0.0 (compatible; meta-externalagent/1.1 (+https://developers.facebook.com/docs/sharing/webmasters/crawler))"
192.250.227.238 - - [18/Aug/2026:13:17:34 +0000] "POST /wp-cron.php?doing_wp_cron=1787059054.1004960536956787109375 HTTP/1.1" 200 0 "-" "WordPress/7.0.4; https://glamourflooringla.com"
144.76.19.157 - - [18/Aug/2026:13:17:33 +0000] "GET /product/los-alamos/?add_to_wishlist=18437&_wpnonce=7fc678ce79 HTTP/1.1" 301 0 "-" "Mozilla/5.0 (compatible; SERankingBacklinksBot/1.0; +https://seranking.com/backlinks-crawler)"
144.76.19.157 - - [18/Aug/2026:13:17:35 +0000] "GET /product/los-alamos/?add_to_wishlist=18437&_wpnonce=7fc678ce79 HTTP/1.1" 200 44887 "-" "Mozilla/5.0 (compatible; SERankingBacklinksBot/1.0; +https://seranking.com/backlinks-crawler)"
83.99.206.236 - - [18/Aug/2026:13:17:40 +0000] "GET /los-angeles-2/ HTTP/1.1" 200 34192 "-" "Mozilla/5.0 (X11; Linux x86_64) AppleWebKit/537.36 (KHTML, like Gecko; GeedoShopProductFinder) Chrome/142.0.0.0 Safari/537.36"
144.76.19.157 - - [18/Aug/2026:13:17:41 +0000] "GET /product/los-alamos/?add_to_wishlist=18437&_wpnonce=e7a007f243 HTTP/1.1" 301 0 "-" "Mozilla/5.0 (compatible; SERankingBacklinksBot/1.0; +https://seranking.com/backlinks-crawler)"
144.76.19.157 - - [18/Aug/2026:13:17:43 +0000] "GET /product/los-alamos/?add_to_wishlist=18437&_wpnonce=e7a007f243 HTTP/1.1" 200 45078 "-" "Mozilla/5.0 (compatible; SERankingBacklinksBot/1.0; +https://seranking.com/backlinks-crawler)"
144.76.19.157 - - [18/Aug/2026:13:17:48 +0000] "GET /product/los-alamos/?add_to_wishlist=18437&_wpnonce=ee2ab5adbb HTTP/1.1" 301 0 "-" "Mozilla/5.0 (compatible; SERankingBacklinksBot/1.0; +https://seranking.com/backlinks-crawler)"
216.73.217.61 - - [18/Aug/2026:13:17:49 +0000] "GET /mamre-hardwood-flooring-pricing/sos05-shutterstock_159153752-1024x683/ HTTP/2" 301 0 "-" "Mozilla/5.0 AppleWebKit/537.36 (KHTML, like Gecko; compatible; ClaudeBot/1.0; +claudebot@anthropic.com)"
216.73.217.61 - - [18/Aug/2026:13:17:49 +0000] "GET /wp-content/uploads/2020/04/SOS05-shutterstock_159153752-1024x683-1.jpg HTTP/2" 429 0 "https://glamourflooringla.com/mamre-hardwood-flooring-pricing/sos05-shutterstock_159153752-1024x683/" "Mozilla/5.0 AppleWebKit/537.36 (KHTML, like Gecko; compatible; ClaudeBot/1.0; +claudebot@anthropic.com)"
144.76.19.157 - - [18/Aug/2026:13:17:50 +0000] "GET /product/los-alamos/?add_to_wishlist=18437&_wpnonce=ee2ab5adbb HTTP/1.1" 200 44908 "-" "Mozilla/5.0 (compatible; SERankingBacklinksBot/1.0; +https://seranking.com/backlinks-crawler)"
216.73.217.61 - - [18/Aug/2026:13:17:54 +0000] "GET /product/city-pointe/?add_to_wishlist=18370 HTTP/2" 429 0 "-" "Mozilla/5.0 AppleWebKit/537.36 (KHTML, like Gecko; compatible; ClaudeBot/1.0; +claudebot@anthropic.com)"
144.76.19.157 - - [18/Aug/2026:13:17:56 +0000] "GET /product/los-alamos/?add_to_wishlist=18445&_wpnonce=ee2ab5adbb HTTP/1.1" 301 0 "-" "Mozilla/5.0 (compatible; SERankingBacklinksBot/1.0; +https://seranking.com/backlinks-crawler)"
144.76.19.157 - - [18/Aug/2026:13:17:58 +0000] "GET /product/los-alamos/?add_to_wishlist=18445&_wpnonce=ee2ab5adbb HTTP/1.1" 200 44847 "-" "Mozilla/5.0 (compatible; SERankingBacklinksBot/1.0; +https://seranking.com/backlinks-crawler)"
216.73.217.177 - - [18/Aug/2026:13:17:59 +0000] "GET /product/village-park/?add_to_wishlist=18559 HTTP/2" 429 0 "-" "Mozilla/5.0 AppleWebKit/537.36 (KHTML, like Gecko; compatible; ClaudeBot/1.0; +claudebot@anthropic.com)"
216.73.217.177 - - [18/Aug/2026:13:18:02 +0000] "GET /monarch-plank-hardwood-flooring-store-los-angeles-sale/2 HTTP/2" 429 0 "-" "Mozilla/5.0 AppleWebKit/537.36 (KHTML, like Gecko; compatible; ClaudeBot/1.0; +claudebot@anthropic.com)"
216.73.217.177 - - [18/Aug/2026:13:18:04 +0000] "GET /ayos-laminate-flooring-driftwood-maple-landm-laminate-flooring-los-angeles/2 HTTP/2" 429 0 "-" "Mozilla/5.0 AppleWebKit/537.36 (KHTML, like Gecko; compatible; ClaudeBot/1.0; +claudebot@anthropic.com)"
144.76.19.157 - - [18/Aug/2026:13:18:03 +0000] "GET /product/los-alamos/?add_to_wishlist=18450&_wpnonce=32cc803d74 HTTP/1.1" 301 0 "-" "Mozilla/5.0 (compatible; SERankingBacklinksBot/1.0; +https://seranking.com/backlinks-crawler)"
144.76.19.157 - - [18/Aug/2026:13:18:05 +0000] "GET /product/los-alamos/?add_to_wishlist=18450&_wpnonce=32cc803d74 HTTP/1.1" 200 45032 "-" "Mozilla/5.0 (compatible; SERankingBacklinksBot/1.0; +https://seranking.com/backlinks-crawler)"
57.141.4.71 - - [18/Aug/2026:13:18:10 +0000] "GET /detail/864873884687 HTTP/2" 429 0 "-" "Mozilla/5.0 (Windows NT 10.0; Win64; x64) AppleWebKit/537.36 (KHTML, like Gecko) Chrome/145.0.0.0 Safari/537.36 (compatible; meta-externalagent/1.1 (+https://developers.facebook.com/docs/sharing/webmasters/crawler))"
144.76.19.157 - - [18/Aug/2026:13:18:11 +0000] "GET /product/los-alamos/?add_to_wishlist=18450&_wpnonce=7fc678ce79 HTTP/1.1" 301 0 "-" "Mozilla/5.0 (compatible; SERankingBacklinksBot/1.0; +https://seranking.com/backlinks-crawler)"
144.76.19.157 - - [18/Aug/2026:13:18:13 +0000] "GET /product/los-alamos/?add_to_wishlist=18450&_wpnonce=7fc678ce79 HTTP/1.1" 200 44824 "-" "Mozilla/5.0 (compatible; SERankingBacklinksBot/1.0; +https://seranking.com/backlinks-crawler)"
57.141.4.16 - - [18/Aug/2026:13:18:15 +0000] "GET /detail/718552896550 HTTP/2" 429 0 "-" "Mozilla/5.0 (Windows NT 10.0; Win64; x64) AppleWebKit/537.36 (KHTML, like Gecko) Chrome/145.0.0.0 Safari/537.36 (compatible; meta-externalagent/1.1 (+https://developers.facebook.com/docs/sharing/webmasters/crawler))"
144.76.19.157 - - [18/Aug/2026:13:18:18 +0000] "GET /product/los-alamos/?add_to_wishlist=18450&_wpnonce=ee2ab5adbb HTTP/1.1" 301 0 "-" "Mozilla/5.0 (compatible; SERankingBacklinksBot/1.0; +https://seranking.com/backlinks-crawler)"
57.141.4.71 - - [18/Aug/2026:13:18:19 +0000] "GET /product/malbec-urb/ HTTP/2" 429 0 "-" "Mozilla/5.0 (Macintosh; Intel Mac OS X 10_15_7) AppleWebKit/537.36 (KHTML, like Gecko) Chrome/145.0.0.0 Safari/537.36 (compatible; meta-externalagent/1.1 (+https://developers.facebook.com/docs/sharing/webmasters/crawler))"
144.76.19.157 - - [18/Aug/2026:13:18:20 +0000] "GET /product/los-alamos/?add_to_wishlist=18450&_wpnonce=ee2ab5adbb HTTP/1.1" 200 44959 "-" "Mozilla/5.0 (compatible; SERankingBacklinksBot/1.0; +https://seranking.com/backlinks-crawler)"
57.141.4.26 - - [18/Aug/2026:13:18:25 +0000] "GET /detail/830235540541 HTTP/2" 429 0 "-" "Mozilla/5.0 (Windows NT 10.0; Win64; x64) AppleWebKit/537.36 (KHTML, like Gecko) Chrome/145.0.0.0 Safari/537.36 (compatible; meta-externalagent/1.1 (+https://developers.facebook.com/docs/sharing/webmasters/crawler))"
144.76.19.157 - - [18/Aug/2026:13:18:26 +0000] "GET /product/los-alamos/?add_to_wishlist=18486&_wpnonce=32cc803d74 HTTP/1.1" 301 0 "-" "Mozilla/5.0 (compatible; SERankingBacklinksBot/1.0; +https://seranking.com/backlinks-crawler)"
144.76.19.157 - - [18/Aug/2026:13:18:28 +0000] "GET /product/los-alamos/?add_to_wishlist=18486&_wpnonce=32cc803d74 HTTP/1.1" 200 44927 "-" "Mozilla/5.0 (compatible; SERankingBacklinksBot/1.0; +https://seranking.com/backlinks-crawler)"
57.141.4.41 - - [18/Aug/2026:13:18:31 +0000] "GET /detail/2608139051060 HTTP/2" 429 0 "-" "Mozilla/5.0 (X11; Linux x86_64) AppleWebKit/537.36 (KHTML, like Gecko) Chrome/145.0.0.0 Safari/537.36 (compatible; meta-externalagent/1.1 (+https://developers.facebook.com/docs/sharing/webmasters/crawler))"
192.250.227.238 - - [18/Aug/2026:13:18:34 +0000] "POST /wp-cron.php?doing_wp_cron=1787059114.2969739437103271484375 HTTP/1.1" 200 0 "-" "WordPress/7.0.4; https://glamourflooringla.com"
144.76.19.157 - - [18/Aug/2026:13:18:33 +0000] "GET /product/los-alamos/?add_to_wishlist=18486&_wpnonce=ee2ab5adbb HTTP/1.1" 301 0 "-" "Mozilla/5.0 (compatible; SERankingBacklinksBot/1.0; +https://seranking.com/backlinks-crawler)"
216.73.216.14 - - [18/Aug/2026:13:18:35 +0000] "GET /product/village-park/?add_to_wishlist=18492 HTTP/2" 200 38607 "-" "Mozilla/5.0 AppleWebKit/537.36 (KHTML, like Gecko; compatible; ClaudeBot/1.0; +claudebot@anthropic.com)"
144.76.19.157 - - [18/Aug/2026:13:18:35 +0000] "GET /product/los-alamos/?add_to_wishlist=18486&_wpnonce=ee2ab5adbb HTTP/1.1" 200 44990 "-" "Mozilla/5.0 (compatible; SERankingBacklinksBot/1.0; +https://seranking.com/backlinks-crawler)"
57.141.4.70 - - [18/Aug/2026:13:18:37 +0000] "GET /detail/832430404146 HTTP/2" 429 0 "-" "Mozilla/5.0 (X11; Linux x86_64) AppleWebKit/537.36 (KHTML, like Gecko) Chrome/145.0.0.0 Safari/537.36 (compatible; meta-externalagent/1.1 (+https://developers.facebook.com/docs/sharing/webmasters/crawler))"
216.73.216.14 - - [18/Aug/2026:13:18:40 +0000] "GET /product/country-aura/?add_to_wishlist=18452 HTTP/2" 429 0 "-" "Mozilla/5.0 AppleWebKit/537.36 (KHTML, like Gecko; compatible; ClaudeBot/1.0; +claudebot@anthropic.com)"
144.76.19.157 - - [18/Aug/2026:13:18:41 +0000] "GET /product/los-alamos/?add_to_wishlist=18494&_wpnonce=ee2ab5adbb HTTP/1.1" 301 0 "-" "Mozilla/5.0 (compatible; SERankingBacklinksBot/1.0; +https://seranking.com/backlinks-crawler)"
15.235.27.124 - - [18/Aug/2026:13:18:41 +0000] "GET /product/sorrento-eu/ HTTP/2" 200 38455 "-" "Mozilla/5.0 (compatible; AhrefsBot/7.0; +http://ahrefs.com/robot/)"
144.76.19.157 - - [18/Aug/2026:13:18:43 +0000] "GET /product/los-alamos/?add_to_wishlist=18494&_wpnonce=ee2ab5adbb HTTP/1.1" 200 44846 "-" "Mozilla/5.0 (compatible; SERankingBacklinksBot/1.0; +https://seranking.com/backlinks-crawler)"
216.73.216.14 - - [18/Aug/2026:13:18:46 +0000] "GET /product/huntington-gardens/?add_to_wishlist=18370 HTTP/2" 429 0 "-" "Mozilla/5.0 AppleWebKit/537.36 (KHTML, like Gecko; compatible; ClaudeBot/1.0; +claudebot@anthropic.com)"
144.76.19.157 - - [18/Aug/2026:13:18:48 +0000] "GET /product/los-alamos/?add_to_wishlist=18499&_wpnonce=32cc803d74 HTTP/1.1" 301 0 "-" "Mozilla/5.0 (compatible; SERankingBacklinksBot/1.0; +https://seranking.com/backlinks-crawler)"
216.73.216.14 - - [18/Aug/2026:13:18:50 +0000] "GET /product/huntington-gardens/?add_to_wishlist=18399 HTTP/2" 429 0 "-" "Mozilla/5.0 AppleWebKit/537.36 (KHTML, like Gecko; compatible; ClaudeBot/1.0; +claudebot@anthropic.com)"
144.76.19.157 - - [18/Aug/2026:13:18:50 +0000] "GET /product/los-alamos/?add_to_wishlist=18499&_wpnonce=32cc803d74 HTTP/1.1" 200 44858 "-" "Mozilla/5.0 (compatible; SERankingBacklinksBot/1.0; +https://seranking.com/backlinks-crawler)"
144.76.19.157 - - [18/Aug/2026:13:18:56 +0000] "GET /product/los-alamos/?add_to_wishlist=18499&_wpnonce=7fc678ce79 HTTP/1.1" 301 0 "-" "Mozilla/5.0 (compatible; SERankingBacklinksBot/1.0; +https://seranking.com/backlinks-crawler)"
144.76.19.157 - - [18/Aug/2026:13:18:58 +0000] "GET /product/los-alamos/?add_to_wishlist=18499&_wpnonce=7fc678ce79 HTTP/1.1" 200 44880 "-" "Mozilla/5.0 (compatible; SERankingBacklinksBot/1.0; +https://seranking.com/backlinks-crawler)"
216.73.216.14 - - [18/Aug/2026:13:19:04 +0000] "GET /product/baywood-place/?add_to_wishlist=18370 HTTP/2" 429 0 "-" "Mozilla/5.0 AppleWebKit/537.36 (KHTML, like Gecko; compatible; ClaudeBot/1.0; +claudebot@anthropic.com)"
144.76.19.157 - - [18/Aug/2026:13:19:04 +0000] "GET /product/los-alamos/?add_to_wishlist=18499&_wpnonce=ee2ab5adbb HTTP/1.1" 301 0 "-" "Mozilla/5.0 (compatible; SERankingBacklinksBot/1.0; +https://seranking.com/backlinks-crawler)"
144.76.19.157 - - [18/Aug/2026:13:19:06 +0000] "GET /product/los-alamos/?add_to_wishlist=18499&_wpnonce=ee2ab5adbb HTTP/1.1" 200 44858 "-" "Mozilla/5.0 (compatible; SERankingBacklinksBot/1.0; +https://seranking.com/backlinks-crawler)"
216.73.216.14 - - [18/Aug/2026:13:19:09 +0000] "GET /product/huntington-gardens/?add_to_wishlist=18348 HTTP/2" 429 0 "-" "Mozilla/5.0 AppleWebKit/537.36 (KHTML, like Gecko; compatible; ClaudeBot/1.0; +claudebot@anthropic.com)"
144.76.19.157 - - [18/Aug/2026:13:19:11 +0000] "GET /product/los-alamos/?add_to_wishlist=18502&_wpnonce=ee2ab5adbb HTTP/1.1" 301 0 "-" "Mozilla/5.0 (compatible; SERankingBacklinksBot/1.0; +https://seranking.com/backlinks-crawler)"
216.73.217.17 - - [18/Aug/2026:13:19:14 +0000] "GET /product/country-aura/?add_to_wishlist=18348 HTTP/2" 429 0 "-" "Mozilla/5.0 AppleWebKit/537.36 (KHTML, like Gecko; compatible; ClaudeBot/1.0; +claudebot@anthropic.com)"
144.76.19.157 - - [18/Aug/2026:13:19:13 +0000] "GET /product/los-alamos/?add_to_wishlist=18502&_wpnonce=ee2ab5adbb HTTP/1.1" 200 44872 "-" "Mozilla/5.0 (compatible; SERankingBacklinksBot/1.0; +https://seranking.com/backlinks-crawler)"
216.73.217.17 - - [18/Aug/2026:13:19:19 +0000] "GET /product/country-aura/?add_to_wishlist=18540 HTTP/2" 429 0 "-" "Mozilla/5.0 AppleWebKit/537.36 (KHTML, like Gecko; compatible; ClaudeBot/1.0; +claudebot@anthropic.com)"
144.76.19.157 - - [18/Aug/2026:13:19:19 +0000] "GET /product/los-alamos/?add_to_wishlist=18508&_wpnonce=32cc803d74 HTTP/1.1" 301 0 "-" "Mozilla/5.0 (compatible; SERankingBacklinksBot/1.0; +https://seranking.com/backlinks-crawler)"
144.76.19.157 - - [18/Aug/2026:13:19:21 +0000] "GET /product/los-alamos/?add_to_wishlist=18508&_wpnonce=32cc803d74 HTTP/1.1" 200 44926 "-" "Mozilla/5.0 (compatible; SERankingBacklinksBot/1.0; +https://seranking.com/backlinks-crawler)"
144.76.19.157 - - [18/Aug/2026:13:19:27 +0000] "GET /product/los-alamos/?add_to_wishlist=18508&_wpnonce=7fc678ce79 HTTP/1.1" 301 0 "-" "Mozilla/5.0 (compatible; SERankingBacklinksBot/1.0; +https://seranking.com/backlinks-crawler)"
144.76.19.157 - - [18/Aug/2026:13:19:29 +0000] "GET /product/los-alamos/?add_to_wishlist=18508&_wpnonce=7fc678ce79 HTTP/1.1" 200 44953 "-" "Mozilla/5.0 (compatible; SERankingBacklinksBot/1.0; +https://seranking.com/backlinks-crawler)"
144.76.19.157 - - [18/Aug/2026:13:19:34 +0000] "GET /product/los-alamos/?add_to_wishlist=18508&_wpnonce=e7a007f243 HTTP/1.1" 301 0 "-" "Mozilla/5.0 (compatible; SERankingBacklinksBot/1.0; +https://seranking.com/backlinks-crawler)"
144.76.19.157 - - [18/Aug/2026:13:19:37 +0000] "GET /product/los-alamos/?add_to_wishlist=18508&_wpnonce=e7a007f243 HTTP/1.1" 200 44956 "-" "Mozilla/5.0 (compatible; SERankingBacklinksBot/1.0; +https://seranking.com/backlinks-crawler)"
144.76.19.157 - - [18/Aug/2026:13:19:43 +0000] "GET /product/los-alamos/?add_to_wishlist=18508&_wpnonce=ee2ab5adbb HTTP/1.1" 301 0 "-" "Mozilla/5.0 (compatible; SERankingBacklinksBot/1.0; +https://seranking.com/backlinks-crawler)"
57.141.4.45 - - [18/Aug/2026:13:19:44 +0000] "GET /detail/733734602118 HTTP/2" 429 0 "-" "Mozilla/5.0 (Windows NT 10.0; Win64; x64) AppleWebKit/537.36 (KHTML, like Gecko) Chrome/145.0.0.0 Safari/537.36 (compatible; meta-externalagent/1.1 (+https://developers.facebook.com/docs/sharing/webmasters/crawler))"
144.76.19.157 - - [18/Aug/2026:13:19:45 +0000] "GET /product/los-alamos/?add_to_wishlist=18508&_wpnonce=ee2ab5adbb HTTP/1.1" 200 44908 "-" "Mozilla/5.0 (compatible; SERankingBacklinksBot/1.0; +https://seranking.com/backlinks-crawler)"
216.73.217.17 - - [18/Aug/2026:13:19:46 +0000] "GET /product/huntington-gardens/?add_to_wishlist=18333 HTTP/2" 200 38779 "-" "Mozilla/5.0 AppleWebKit/537.36 (KHTML, like Gecko; compatible; ClaudeBot/1.0; +claudebot@anthropic.com)"
83.99.206.116 - - [18/Aug/2026:13:19:46 +0000] "GET /product-category/wpc/ HTTP/1.1" 200 34251 "-" "Mozilla/5.0 (X11; Linux x86_64) AppleWebKit/537.36 (KHTML, like Gecko; GeedoShopProductFinder) Chrome/142.0.0.0 Safari/537.36"
216.73.217.17 - - [18/Aug/2026:13:19:51 +0000] "GET /product/huntington-gardens/?add_to_wishlist=18389 HTTP/2" 429 0 "-" "Mozilla/5.0 AppleWebKit/537.36 (KHTML, like Gecko; compatible; ClaudeBot/1.0; +claudebot@anthropic.com)"
144.76.19.157 - - [18/Aug/2026:13:19:50 +0000] "GET /product/los-alamos/?add_to_wishlist=18513&_wpnonce=32cc803d74 HTTP/1.1" 301 0 "-" "Mozilla/5.0 (compatible; SERankingBacklinksBot/1.0; +https://seranking.com/backlinks-crawler)"
144.76.19.157 - - [18/Aug/2026:13:19:52 +0000] "GET /product/los-alamos/?add_to_wishlist=18513&_wpnonce=32cc803d74 HTTP/1.1" 200 44926 "-" "Mozilla/5.0 (compatible; SERankingBacklinksBot/1.0; +https://seranking.com/backlinks-crawler)"
216.73.217.17 - - [18/Aug/2026:13:19:56 +0000] "GET /product/baywood-place/?add_to_wishlist=18389 HTTP/2" 429 0 "-" "Mozilla/5.0 AppleWebKit/537.36 (KHTML, like Gecko; compatible; ClaudeBot/1.0; +claudebot@anthropic.com)"
144.76.19.157 - - [18/Aug/2026:13:19:58 +0000] "GET /product/los-alamos/?add_to_wishlist=18513&_wpnonce=ee2ab5adbb HTTP/1.1" 301 0 "-" "Mozilla/5.0 (compatible; SERankingBacklinksBot/1.0; +https://seranking.com/backlinks-crawler)"
144.76.19.157 - - [18/Aug/2026:13:20:00 +0000] "GET /product/los-alamos/?add_to_wishlist=18513&_wpnonce=ee2ab5adbb HTTP/1.1" 200 44849 "-" "Mozilla/5.0 (compatible; SERankingBacklinksBot/1.0; +https://seranking.com/backlinks-crawler)"
144.76.19.157 - - [18/Aug/2026:13:20:05 +0000] "GET /product/los-alamos/?add_to_wishlist=18519&_wpnonce=32cc803d74 HTTP/1.1" 301 0 "-" "Mozilla/5.0 (compatible; SERankingBacklinksBot/1.0; +https://seranking.com/backlinks-crawler)"
83.99.206.116 - - [18/Aug/2026:13:20:06 +0000] "GET /product/marseilles-pro/ HTTP/1.1" 200 38514 "-" "Mozilla/5.0 (X11; Linux x86_64) AppleWebKit/537.36 (KHTML, like Gecko; GeedoShopProductFinder) Chrome/142.0.0.0 Safari/537.36"
144.76.19.157 - - [18/Aug/2026:13:20:07 +0000] "GET /product/los-alamos/?add_to_wishlist=18519&_wpnonce=32cc803d74 HTTP/1.1" 200 44925 "-" "Mozilla/5.0 (compatible; SERankingBacklinksBot/1.0; +https://seranking.com/backlinks-crawler)"
144.76.19.157 - - [18/Aug/2026:13:20:14 +0000] "GET /product/los-alamos/?add_to_wishlist=18519&_wpnonce=7fc678ce79 HTTP/1.1" 301 0 "-" "Mozilla/5.0 (compatible; SERankingBacklinksBot/1.0; +https://seranking.com/backlinks-crawler)"
144.76.19.157 - - [18/Aug/2026:13:20:16 +0000] "GET /product/los-alamos/?add_to_wishlist=18519&_wpnonce=7fc678ce79 HTTP/1.1" 200 44889 "-" "Mozilla/5.0 (compatible; SERankingBacklinksBot/1.0; +https://seranking.com/backlinks-crawler)"
144.76.19.157 - - [18/Aug/2026:13:20:21 +0000] "GET /product/los-alamos/?add_to_wishlist=18519&_wpnonce=e7a007f243 HTTP/1.1" 301 0 "-" "Mozilla/5.0 (compatible; SERankingBacklinksBot/1.0; +https://seranking.com/backlinks-crawler)"
144.76.19.157 - - [18/Aug/2026:13:20:23 +0000] "GET /product/los-alamos/?add_to_wishlist=18519&_wpnonce=e7a007f243 HTTP/1.1" 200 44851 "-" "Mozilla/5.0 (compatible; SERankingBacklinksBot/1.0; +https://seranking.com/backlinks-crawler)"
83.99.206.116 - - [18/Aug/2026:13:20:26 +0000] "GET /product-category/marble/2 HTTP/1.1" 301 0 "-" "Mozilla/5.0 (X11; Linux x86_64) AppleWebKit/537.36 (KHTML, like Gecko; GeedoShopProductFinder) Chrome/142.0.0.0 Safari/537.36"
83.99.206.116 - - [18/Aug/2026:13:20:27 +0000] "GET / HTTP/1.1" 200 46910 "-" "Mozilla/5.0 (X11; Linux x86_64) AppleWebKit/537.36 (KHTML, like Gecko; GeedoShopProductFinder) Chrome/142.0.0.0 Safari/537.36"
144.76.19.157 - - [18/Aug/2026:13:20:29 +0000] "GET /product/los-alamos/?add_to_wishlist=18519&_wpnonce=ee2ab5adbb HTTP/1.1" 301 0 "-" "Mozilla/5.0 (compatible; SERankingBacklinksBot/1.0; +https://seranking.com/backlinks-crawler)"
144.76.19.157 - - [18/Aug/2026:13:20:31 +0000] "GET /product/los-alamos/?add_to_wishlist=18519&_wpnonce=ee2ab5adbb HTTP/1.1" 200 44877 "-" "Mozilla/5.0 (compatible; SERankingBacklinksBot/1.0; +https://seranking.com/backlinks-crawler)"
192.250.227.238 - - [18/Aug/2026:13:20:35 +0000] "POST /wp-cron.php?doing_wp_cron=1787059235.2869958877563476562500 HTTP/1.1" 200 0 "-" "WordPress/7.0.4; https://glamourflooringla.com"
189.140.118.111 - - [18/Aug/2026:13:20:34 +0000] "GET /product/tresor/2 HTTP/2" 301 0 "-" "Mozilla/5.0 (Macintosh; Intel Mac OS X 10_15_7) AppleWebKit/537.36 (KHTML, like Gecko) Chrome/133.0.0.0 Safari/537.36"
189.140.118.111 - - [18/Aug/2026:13:20:35 +0000] "GET / HTTP/2" 200 46910 "https://glamourflooringla.com/product/tresor/2" "Mozilla/5.0 (Macintosh; Intel Mac OS X 10_15_7) AppleWebKit/537.36 (KHTML, like Gecko) Chrome/133.0.0.0 Safari/537.36"
144.76.19.157 - - [18/Aug/2026:13:20:36 +0000] "GET /product/los-alamos/?add_to_wishlist=18524&_wpnonce=32cc803d74 HTTP/1.1" 301 0 "-" "Mozilla/5.0 (compatible; SERankingBacklinksBot/1.0; +https://seranking.com/backlinks-crawler)"
144.76.19.157 - - [18/Aug/2026:13:20:38 +0000] "GET /product/los-alamos/?add_to_wishlist=18524&_wpnonce=32cc803d74 HTTP/1.1" 200 44883 "-" "Mozilla/5.0 (compatible; SERankingBacklinksBot/1.0; +https://seranking.com/backlinks-crawler)"
144.76.19.157 - - [18/Aug/2026:13:20:44 +0000] "GET /product/los-alamos/?add_to_wishlist=18524&_wpnonce=7fc678ce79 HTTP/1.1" 301 0 "-" "Mozilla/5.0 (compatible; SERankingBacklinksBot/1.0; +https://seranking.com/backlinks-crawler)"
144.76.19.157 - - [18/Aug/2026:13:20:46 +0000] "GET /product/los-alamos/?add_to_wishlist=18524&_wpnonce=7fc678ce79 HTTP/1.1" 200 44971 "-" "Mozilla/5.0 (compatible; SERankingBacklinksBot/1.0; +https://seranking.com/backlinks-crawler)"
83.99.206.206 - - [18/Aug/2026:13:20:46 +0000] "GET /product/rainier-naf/ HTTP/1.1" 200 38476 "-" "Mozilla/5.0 (X11; Linux x86_64) AppleWebKit/537.36 (KHTML, like Gecko; GeedoShopProductFinder) Chrome/142.0.0.0 Safari/537.36"
57.141.4.73 - - [18/Aug/2026:13:20:50 +0000] "GET /detail/1114070068779 HTTP/2" 429 0 "-" "Mozilla/5.0 (Windows NT 10.0; Win64; x64) AppleWebKit/537.36 (KHTML, like Gecko) Chrome/145.0.0.0 Safari/537.36 (compatible; meta-externalagent/1.1 (+https://developers.facebook.com/docs/sharing/webmasters/crawler))"
144.76.19.157 - - [18/Aug/2026:13:20:51 +0000] "GET /product/los-alamos/?add_to_wishlist=18524&_wpnonce=e7a007f243 HTTP/1.1" 301 0 "-" "Mozilla/5.0 (compatible; SERankingBacklinksBot/1.0; +https://seranking.com/backlinks-crawler)"
122.161.52.162 - - [18/Aug/2026:13:20:52 +0000] "GET /product/radiant-tecsun/2 HTTP/2" 301 0 "-" "Mozilla/5.0 (Macintosh; Intel Mac OS X 10_15_7) AppleWebKit/537.36 (KHTML, like Gecko) Chrome/133.0.0.0 Safari/537.36"
144.76.19.157 - - [18/Aug/2026:13:20:53 +0000] "GET /product/los-alamos/?add_to_wishlist=18524&_wpnonce=e7a007f243 HTTP/1.1" 200 44903 "-" "Mozilla/5.0 (compatible; SERankingBacklinksBot/1.0; +https://seranking.com/backlinks-crawler)"
122.161.52.162 - - [18/Aug/2026:13:20:55 +0000] "GET / HTTP/2" 200 46910 "-" "Mozilla/5.0 (Macintosh; Intel Mac OS X 10_15_7) AppleWebKit/537.36 (KHTML, like Gecko) Chrome/133.0.0.0 Safari/537.36"
144.76.19.157 - - [18/Aug/2026:13:20:58 +0000] "GET /product/los-alamos/?add_to_wishlist=18524&_wpnonce=ee2ab5adbb HTTP/1.1" 301 0 "-" "Mozilla/5.0 (compatible; SERankingBacklinksBot/1.0; +https://seranking.com/backlinks-crawler)"
144.76.19.157 - - [18/Aug/2026:13:21:00 +0000] "GET /product/los-alamos/?add_to_wishlist=18524&_wpnonce=ee2ab5adbb HTTP/1.1" 200 44855 "-" "Mozilla/5.0 (compatible; SERankingBacklinksBot/1.0; +https://seranking.com/backlinks-crawler)"
144.76.19.157 - - [18/Aug/2026:13:21:06 +0000] "GET /product/los-alamos/?add_to_wishlist=18530&_wpnonce=32cc803d74 HTTP/1.1" 301 0 "-" "Mozilla/5.0 (compatible; SERankingBacklinksBot/1.0; +https://seranking.com/backlinks-crawler)"
83.99.206.116 - - [18/Aug/2026:13:21:07 +0000] "GET /product/andover-colonial/ HTTP/1.1" 200 38563 "-" "Mozilla/5.0 (X11; Linux x86_64) AppleWebKit/537.36 (KHTML, like Gecko; GeedoShopProductFinder) Chrome/142.0.0.0 Safari/537.36"
144.76.19.157 - - [18/Aug/2026:13:21:08 +0000] "GET /product/los-alamos/?add_to_wishlist=18530&_wpnonce=32cc803d74 HTTP/1.1" 200 44858 "-" "Mozilla/5.0 (compatible; SERankingBacklinksBot/1.0; +https://seranking.com/backlinks-crawler)"
144.76.19.157 - - [18/Aug/2026:13:21:13 +0000] "GET /product/los-alamos/?add_to_wishlist=18530&_wpnonce=ee2ab5adbb HTTP/1.1" 301 0 "-" "Mozilla/5.0 (compatible; SERankingBacklinksBot/1.0; +https://seranking.com/backlinks-crawler)"
144.76.19.157 - - [18/Aug/2026:13:21:15 +0000] "GET /product/los-alamos/?add_to_wishlist=18530&_wpnonce=ee2ab5adbb HTTP/1.1" 200 45013 "-" "Mozilla/5.0 (compatible; SERankingBacklinksBot/1.0; +https://seranking.com/backlinks-crawler)"
144.76.19.157 - - [18/Aug/2026:13:21:21 +0000] "GET /product/los-alamos/?add_to_wishlist=18545&_wpnonce=ee2ab5adbb HTTP/1.1" 301 0 "-" "Mozilla/5.0 (compatible; SERankingBacklinksBot/1.0; +https://seranking.com/backlinks-crawler)"
144.76.19.157 - - [18/Aug/2026:13:21:23 +0000] "GET /product/los-alamos/?add_to_wishlist=18545&_wpnonce=ee2ab5adbb HTTP/1.1" 200 44868 "-" "Mozilla/5.0 (compatible; SERankingBacklinksBot/1.0; +https://seranking.com/backlinks-crawler)"
83.99.206.116 - - [18/Aug/2026:13:21:26 +0000] "GET /product/alpes-tom-duffy/ HTTP/1.1" 200 38599 "-" "Mozilla/5.0 (X11; Linux x86_64) AppleWebKit/537.36 (KHTML, like Gecko; GeedoShopProductFinder) Chrome/142.0.0.0 Safari/537.36"
144.76.19.157 - - [18/Aug/2026:13:21:28 +0000] "GET /product/los-alamos/?add_to_wishlist=18549&_wpnonce=32cc803d74 HTTP/1.1" 301 0 "-" "Mozilla/5.0 (compatible; SERankingBacklinksBot/1.0; +https://seranking.com/backlinks-crawler)"
192.250.227.238 - - [18/Aug/2026:13:21:31 +0000] "POST /wp-cron.php?doing_wp_cron=1787059291.8717119693756103515625 HTTP/1.1" 200 0 "-" "WordPress/7.0.4; https://glamourflooringla.com"
144.76.19.157 - - [18/Aug/2026:13:21:30 +0000] "GET /product/los-alamos/?add_to_wishlist=18549&_wpnonce=32cc803d74 HTTP/1.1" 200 44983 "-" "Mozilla/5.0 (compatible; SERankingBacklinksBot/1.0; +https://seranking.com/backlinks-crawler)"
144.76.19.157 - - [18/Aug/2026:13:21:36 +0000] "GET /product/los-alamos/?add_to_wishlist=18549&_wpnonce=ee2ab5adbb HTTP/1.1" 301 0 "-" "Mozilla/5.0 (compatible; SERankingBacklinksBot/1.0; +https://seranking.com/backlinks-crawler)"
144.76.19.157 - - [18/Aug/2026:13:21:38 +0000] "GET /product/los-alamos/?add_to_wishlist=18549&_wpnonce=ee2ab5adbb HTTP/1.1" 200 44917 "-" "Mozilla/5.0 (compatible; SERankingBacklinksBot/1.0; +https://seranking.com/backlinks-crawler)"
192.250.227.238 - - [18/Aug/2026:13:21:44 +0000] "POST /wp-cron.php?doing_wp_cron=1787059304.6385369300842285156250 HTTP/1.1" 200 0 "-" "WordPress/7.0.4; https://glamourflooringla.com"
144.76.19.157 - - [18/Aug/2026:13:21:44 +0000] "GET /product/los-alamos/?add_to_wishlist=18557&_wpnonce=32cc803d74 HTTP/1.1" 301 0 "-" "Mozilla/5.0 (compatible; SERankingBacklinksBot/1.0; +https://seranking.com/backlinks-crawler)"
144.76.19.157 - - [18/Aug/2026:13:21:46 +0000] "GET /product/los-alamos/?add_to_wishlist=18557&_wpnonce=32cc803d74 HTTP/1.1" 200 45006 "-" "Mozilla/5.0 (compatible; SERankingBacklinksBot/1.0; +https://seranking.com/backlinks-crawler)"
