144.76.19.157 - - [18/Aug/2026:13:47:13 +0000] "GET /product/lumber-yard/?add_to_wishlist=18447&_wpnonce=ee2ab5adbb HTTP/1.1" 301 0 "-" "Mozilla/5.0 (compatible; SERankingBacklinksBot/1.0; +https://seranking.com/backlinks-crawler)"
216.73.217.177 - - [18/Aug/2026:13:47:15 +0000] "GET /product/village-park/?add_to_wishlist=18475 HTTP/2" 429 0 "-" "Mozilla/5.0 AppleWebKit/537.36 (KHTML, like Gecko; compatible; ClaudeBot/1.0; +claudebot@anthropic.com)"
144.76.19.157 - - [18/Aug/2026:13:47:15 +0000] "GET /product/lumber-yard/?add_to_wishlist=18447&_wpnonce=ee2ab5adbb HTTP/1.1" 200 45136 "-" "Mozilla/5.0 (compatible; SERankingBacklinksBot/1.0; +https://seranking.com/backlinks-crawler)"
216.73.217.43 - - [18/Aug/2026:13:47:19 +0000] "GET /re-sand-and-re-finishing-hardwood-floors/ HTTP/2" 429 0 "-" "Mozilla/5.0 AppleWebKit/537.36 (KHTML, like Gecko; compatible; ClaudeBot/1.0; +claudebot@anthropic.com)"
144.76.19.157 - - [18/Aug/2026:13:47:21 +0000] "GET /product/lumber-yard/?add_to_wishlist=18454&_wpnonce=32cc803d74 HTTP/1.1" 301 0 "-" "Mozilla/5.0 (compatible; SERankingBacklinksBot/1.0; +https://seranking.com/backlinks-crawler)"
144.76.19.157 - - [18/Aug/2026:13:47:23 +0000] "GET /product/lumber-yard/?add_to_wishlist=18454&_wpnonce=32cc803d74 HTTP/1.1" 200 45178 "-" "Mozilla/5.0 (compatible; SERankingBacklinksBot/1.0; +https://seranking.com/backlinks-crawler)"
216.73.217.43 - - [18/Aug/2026:13:47:24 +0000] "GET /product/cliff-cottage/?add_to_wishlist=18370 HTTP/2" 429 0 "-" "Mozilla/5.0 AppleWebKit/537.36 (KHTML, like Gecko; compatible; ClaudeBot/1.0; +claudebot@anthropic.com)"
144.76.19.157 - - [18/Aug/2026:13:47:28 +0000] "GET /product/lumber-yard/?add_to_wishlist=18454&_wpnonce=ee2ab5adbb HTTP/1.1" 301 0 "-" "Mozilla/5.0 (compatible; SERankingBacklinksBot/1.0; +https://seranking.com/backlinks-crawler)"
216.73.217.43 - - [18/Aug/2026:13:47:29 +0000] "GET /product/cliff-cottage/?add_to_wishlist=18582 HTTP/2" 429 0 "-" "Mozilla/5.0 AppleWebKit/537.36 (KHTML, like Gecko; compatible; ClaudeBot/1.0; +claudebot@anthropic.com)"
20.118.133.132 - - [18/Aug/2026:13:47:29 +0000] "GET / HTTP/1.1" 200 256972 "-" "-"
57.141.4.35 - - [18/Aug/2026:13:47:30 +0000] "GET /detail/282586950541 HTTP/2" 429 0 "-" "Mozilla/5.0 (X11; Linux x86_64) AppleWebKit/537.36 (KHTML, like Gecko) Chrome/145.0.0.0 Safari/537.36 (compatible; meta-externalagent/1.1 (+https://developers.facebook.com/docs/sharing/webmasters/crawler))"
144.76.19.157 - - [18/Aug/2026:13:47:30 +0000] "GET /product/lumber-yard/?add_to_wishlist=18454&_wpnonce=ee2ab5adbb HTTP/1.1" 200 45147 "-" "Mozilla/5.0 (compatible; SERankingBacklinksBot/1.0; +https://seranking.com/backlinks-crawler)"
20.118.133.132 - - [18/Aug/2026:13:47:33 +0000] "GET / HTTP/1.1" 200 256972 "-" "-"
216.73.217.43 - - [18/Aug/2026:13:47:34 +0000] "GET /hardwood-flooring-installation-restoration-in-malibu/ HTTP/2" 200 34787 "-" "Mozilla/5.0 AppleWebKit/537.36 (KHTML, like Gecko; compatible; ClaudeBot/1.0; +claudebot@anthropic.com)"
83.99.206.116 - - [18/Aug/2026:13:47:35 +0000] "GET /product/castle-forge/ HTTP/1.1" 200 38770 "-" "Mozilla/5.0 (X11; Linux x86_64) AppleWebKit/537.36 (KHTML, like Gecko; GeedoShopProductFinder) Chrome/142.0.0.0 Safari/537.36"
144.76.19.157 - - [18/Aug/2026:13:47:36 +0000] "GET /product/lyon-pro/ HTTP/1.1" 301 0 "-" "Mozilla/5.0 (compatible; SERankingBacklinksBot/1.0; +https://seranking.com/backlinks-crawler)"
20.118.133.132 - - [18/Aug/2026:13:47:38 +0000] "GET / HTTP/1.1" 200 256972 "-" "-"
144.76.19.157 - - [18/Aug/2026:13:47:38 +0000] "GET /product/lyon-pro/ HTTP/1.1" 200 44921 "-" "Mozilla/5.0 (compatible; SERankingBacklinksBot/1.0; +https://seranking.com/backlinks-crawler)"
216.73.217.43 - - [18/Aug/2026:13:47:39 +0000] "GET /product/18370/?add_to_wishlist=18559 HTTP/2" 429 0 "-" "Mozilla/5.0 AppleWebKit/537.36 (KHTML, like Gecko; compatible; ClaudeBot/1.0; +claudebot@anthropic.com)"
20.118.133.132 - - [18/Aug/2026:13:47:43 +0000] "GET / HTTP/1.1" 200 256972 "-" "-"
144.76.19.157 - - [18/Aug/2026:13:47:43 +0000] "GET /product/lyon-pro/?add_to_wishlist=15484&_wpnonce=3b8935374b HTTP/1.1" 301 0 "-" "Mozilla/5.0 (compatible; SERankingBacklinksBot/1.0; +https://seranking.com/backlinks-crawler)"
216.73.217.43 - - [18/Aug/2026:13:47:45 +0000] "GET /product-category/engineered-hardwood-floor/page/15/?add_to_wishlist=15487 HTTP/2" 429 0 "-" "Mozilla/5.0 AppleWebKit/537.36 (KHTML, like Gecko; compatible; ClaudeBot/1.0; +claudebot@anthropic.com)"
144.76.19.157 - - [18/Aug/2026:13:47:45 +0000] "GET /product/lyon-pro/?add_to_wishlist=15484&_wpnonce=3b8935374b HTTP/1.1" 200 44997 "-" "Mozilla/5.0 (compatible; SERankingBacklinksBot/1.0; +https://seranking.com/backlinks-crawler)"
20.118.133.132 - - [18/Aug/2026:13:47:47 +0000] "GET / HTTP/1.1" 200 256972 "-" "-"
145.223.140.4 - - [18/Aug/2026:13:47:47 +0000] "GET /wp-json/wp/v2/product_cat/8126 HTTP/1.1" 200 1355 "-" "Mozilla/5.0 (Macintosh; Intel Mac OS X 10_15_7) AppleWebKit/537.36 (KHTML, like Gecko) Chrome/131.0.0.0 Safari/537.36"
216.73.217.43 - - [18/Aug/2026:13:47:50 +0000] "GET /product-category/marble-mosaics-tile-mosaic/manufactures-marble-mosaics-tile-mosaic/ HTTP/2" 429 0 "-" "Mozilla/5.0 AppleWebKit/537.36 (KHTML, like Gecko; compatible; ClaudeBot/1.0; +claudebot@anthropic.com)"
20.118.133.132 - - [18/Aug/2026:13:47:51 +0000] "GET / HTTP/1.1" 200 256972 "-" "-"
144.76.19.157 - - [18/Aug/2026:13:47:51 +0000] "GET /product/lyon-pro/?add_to_wishlist=15484&_wpnonce=44202cc6af HTTP/1.1" 301 0 "-" "Mozilla/5.0 (compatible; SERankingBacklinksBot/1.0; +https://seranking.com/backlinks-crawler)"
115.76.50.179 - - [18/Aug/2026:13:47:51 +0000] "GET /product/taupe/ HTTP/1.1" 301 0 "https://www.glamourflooringla.com/product/creek-side/" "Mozilla/5.0 (Linux; Android 13; M2102J22) AppleWebKit/537.36 (KHTML, like Gecko) Chrome/146.0.5015.12 Mobile Safari/537.36"
216.73.217.177 - - [18/Aug/2026:13:47:52 +0000] "GET /product-category/engineered-hardwood-floor/page/2/?add_to_wishlist=15487 HTTP/2" 429 0 "-" "Mozilla/5.0 AppleWebKit/537.36 (KHTML, like Gecko; compatible; ClaudeBot/1.0; +claudebot@anthropic.com)"
144.76.19.157 - - [18/Aug/2026:13:47:53 +0000] "GET /product/lyon-pro/?add_to_wishlist=15484&_wpnonce=44202cc6af HTTP/1.1" 200 44999 "-" "Mozilla/5.0 (compatible; SERankingBacklinksBot/1.0; +https://seranking.com/backlinks-crawler)"
20.118.133.132 - - [18/Aug/2026:13:47:55 +0000] "GET / HTTP/1.1" 200 256972 "-" "-"
83.99.206.116 - - [18/Aug/2026:13:47:55 +0000] "GET /hardwood-flooring-refinishing/2 HTTP/1.1" 301 0 "-" "Mozilla/5.0 (X11; Linux x86_64) AppleWebKit/537.36 (KHTML, like Gecko; GeedoShopProductFinder) Chrome/142.0.0.0 Safari/537.36"
168.196.101.150 - - [18/Aug/2026:13:47:55 +0000] "GET / HTTP/1.1" 301 0 "https://www.glamourflooringla.com/product/creek-side/" "Mozilla/5.0 (Linux; Android 13; M2102J22) AppleWebKit/537.36 (KHTML, like Gecko) Chrome/146.0.5015.12 Mobile Safari/537.36"
83.99.206.116 - - [18/Aug/2026:13:47:56 +0000] "GET / HTTP/1.1" 200 46843 "-" "Mozilla/5.0 (X11; Linux x86_64) AppleWebKit/537.36 (KHTML, like Gecko; GeedoShopProductFinder) Chrome/142.0.0.0 Safari/537.36"
51.161.37.186 - - [18/Aug/2026:13:47:57 +0000] "GET /detail/2144808479194 HTTP/2" 301 0 "-" "Mozilla/5.0 (compatible; AhrefsBot/7.0; +http://ahrefs.com/robot/)"
201.187.148.24 - - [18/Aug/2026:13:47:58 +0000] "GET / HTTP/1.1" 200 46843 "https://www.glamourflooringla.com/product/creek-side/" "Mozilla/5.0 (Linux; Android 13; M2102J22) AppleWebKit/537.36 (KHTML, like Gecko) Chrome/146.0.5015.12 Mobile Safari/537.36"
144.76.19.157 - - [18/Aug/2026:13:47:58 +0000] "GET /product/lyon-pro/?add_to_wishlist=15487&_wpnonce=44202cc6af HTTP/1.1" 301 0 "-" "Mozilla/5.0 (compatible; SERankingBacklinksBot/1.0; +https://seranking.com/backlinks-crawler)"
20.118.133.132 - - [18/Aug/2026:13:47:59 +0000] "GET / HTTP/1.1" 200 256972 "-" "-"
144.76.19.157 - - [18/Aug/2026:13:48:00 +0000] "GET /product/lyon-pro/?add_to_wishlist=15487&_wpnonce=44202cc6af HTTP/1.1" 200 45076 "-" "Mozilla/5.0 (compatible; SERankingBacklinksBot/1.0; +https://seranking.com/backlinks-crawler)"
216.73.217.43 - - [18/Aug/2026:13:48:01 +0000] "GET /product-category/engineered-hardwood-floor/page/16/?add_to_wishlist=15487 HTTP/2" 429 0 "-" "Mozilla/5.0 AppleWebKit/537.36 (KHTML, like Gecko; compatible; ClaudeBot/1.0; +claudebot@anthropic.com)"
20.118.133.132 - - [18/Aug/2026:13:48:03 +0000] "GET / HTTP/1.1" 200 256972 "-" "-"
144.76.19.157 - - [18/Aug/2026:13:48:04 +0000] "GET /product/lyon-pro/?add_to_wishlist=15489&_wpnonce=3b8935374b HTTP/1.1" 301 0 "-" "Mozilla/5.0 (compatible; SERankingBacklinksBot/1.0; +https://seranking.com/backlinks-crawler)"
216.73.217.43 - - [18/Aug/2026:13:48:06 +0000] "GET /product-category/engineered-hardwood-floor/page/17/?add_to_wishlist=15487 HTTP/2" 429 0 "-" "Mozilla/5.0 AppleWebKit/537.36 (KHTML, like Gecko; compatible; ClaudeBot/1.0; +claudebot@anthropic.com)"
144.76.19.157 - - [18/Aug/2026:13:48:05 +0000] "GET /product/lyon-pro/?add_to_wishlist=15489&_wpnonce=3b8935374b HTTP/1.1" 200 44963 "-" "Mozilla/5.0 (compatible; SERankingBacklinksBot/1.0; +https://seranking.com/backlinks-crawler)"
20.118.133.132 - - [18/Aug/2026:13:48:07 +0000] "GET / HTTP/1.1" 200 256972 "-" "-"
216.73.217.43 - - [18/Aug/2026:13:48:11 +0000] "GET /product-category/marble-mosaics-tile-mosaic/color-marble-mosaics-tile-mosaic/ HTTP/2" 429 0 "-" "Mozilla/5.0 AppleWebKit/537.36 (KHTML, like Gecko; compatible; ClaudeBot/1.0; +claudebot@anthropic.com)"
144.76.19.157 - - [18/Aug/2026:13:48:10 +0000] "GET /product/lyon-pro/?add_to_wishlist=15495&_wpnonce=3b8935374b HTTP/1.1" 301 0 "-" "Mozilla/5.0 (compatible; SERankingBacklinksBot/1.0; +https://seranking.com/backlinks-crawler)"
20.118.133.132 - - [18/Aug/2026:13:48:11 +0000] "GET / HTTP/1.1" 200 256972 "-" "-"
144.76.19.157 - - [18/Aug/2026:13:48:11 +0000] "GET /product/lyon-pro/?add_to_wishlist=15495&_wpnonce=3b8935374b HTTP/1.1" 200 44940 "-" "Mozilla/5.0 (compatible; SERankingBacklinksBot/1.0; +https://seranking.com/backlinks-crawler)"
20.118.133.132 - - [18/Aug/2026:13:48:15 +0000] "GET / HTTP/1.1" 200 256972 "-" "-"
216.73.217.43 - - [18/Aug/2026:13:48:16 +0000] "GET /product-category/engineered-hardwood-floor/page/4/?add_to_wishlist=15487 HTTP/2" 429 0 "-" "Mozilla/5.0 AppleWebKit/537.36 (KHTML, like Gecko; compatible; ClaudeBot/1.0; +claudebot@anthropic.com)"
144.76.19.157 - - [18/Aug/2026:13:48:16 +0000] "GET /product/lyon-pro/?add_to_wishlist=15507&_wpnonce=3b8935374b HTTP/1.1" 301 0 "-" "Mozilla/5.0 (compatible; SERankingBacklinksBot/1.0; +https://seranking.com/backlinks-crawler)"
83.99.206.116 - - [18/Aug/2026:13:48:16 +0000] "GET /featured_item/beverly-hills-10/ HTTP/1.1" 200 31759 "-" "Mozilla/5.0 (X11; Linux x86_64) AppleWebKit/537.36 (KHTML, like Gecko; GeedoShopProductFinder) Chrome/142.0.0.0 Safari/537.36"
144.76.19.157 - - [18/Aug/2026:13:48:17 +0000] "GET /product/lyon-pro/?add_to_wishlist=15507&_wpnonce=3b8935374b HTTP/1.1" 200 44951 "-" "Mozilla/5.0 (compatible; SERankingBacklinksBot/1.0; +https://seranking.com/backlinks-crawler)"
20.118.133.132 - - [18/Aug/2026:13:48:19 +0000] "GET / HTTP/1.1" 200 256972 "-" "-"
216.73.217.43 - - [18/Aug/2026:13:48:21 +0000] "GET /product-category/engineered-hardwood-floor/page/3/?add_to_wishlist=15487 HTTP/2" 200 36593 "-" "Mozilla/5.0 AppleWebKit/537.36 (KHTML, like Gecko; compatible; ClaudeBot/1.0; +claudebot@anthropic.com)"
144.76.19.157 - - [18/Aug/2026:13:48:22 +0000] "GET /product/lyon-pro/?add_to_wishlist=15510&_wpnonce=44202cc6af HTTP/1.1" 301 0 "-" "Mozilla/5.0 (compatible; SERankingBacklinksBot/1.0; +https://seranking.com/backlinks-crawler)"
20.118.133.132 - - [18/Aug/2026:13:48:24 +0000] "GET / HTTP/1.1" 200 256972 "-" "-"
144.76.19.157 - - [18/Aug/2026:13:48:24 +0000] "GET /product/lyon-pro/?add_to_wishlist=15510&_wpnonce=44202cc6af HTTP/1.1" 200 45008 "-" "Mozilla/5.0 (compatible; SERankingBacklinksBot/1.0; +https://seranking.com/backlinks-crawler)"
192.250.227.238 - - [18/Aug/2026:13:48:30 +0000] "POST /wp-cron.php?doing_wp_cron=1787060910.7442710399627685546875 HTTP/1.1" 200 0 "-" "WordPress/7.0.4; https://glamourflooringla.com"
144.76.19.157 - - [18/Aug/2026:13:48:30 +0000] "GET /product/lyon-pro/?add_to_wishlist=15515&_wpnonce=3b8935374b HTTP/1.1" 301 0 "-" "Mozilla/5.0 (compatible; SERankingBacklinksBot/1.0; +https://seranking.com/backlinks-crawler)"
144.76.19.157 - - [18/Aug/2026:13:48:32 +0000] "GET /product/lyon-pro/?add_to_wishlist=15515&_wpnonce=3b8935374b HTTP/1.1" 200 45133 "-" "Mozilla/5.0 (compatible; SERankingBacklinksBot/1.0; +https://seranking.com/backlinks-crawler)"
83.99.206.150 - - [18/Aug/2026:13:48:35 +0000] "GET /product/porter-ranch/ HTTP/1.1" 200 38817 "-" "Mozilla/5.0 (X11; Linux x86_64) AppleWebKit/537.36 (KHTML, like Gecko; GeedoShopProductFinder) Chrome/142.0.0.0 Safari/537.36"
57.141.4.40 - - [18/Aug/2026:13:48:37 +0000] "GET /detail/2704449777154 HTTP/2" 429 0 "-" "Mozilla/5.0 (Windows NT 10.0; Win64; x64) AppleWebKit/537.36 (KHTML, like Gecko) Chrome/145.0.0.0 Safari/537.36 (compatible; meta-externalagent/1.1 (+https://developers.facebook.com/docs/sharing/webmasters/crawler))"
144.76.19.157 - - [18/Aug/2026:13:48:37 +0000] "GET /product/lyon-pro/?add_to_wishlist=15515&_wpnonce=44202cc6af HTTP/1.1" 301 0 "-" "Mozilla/5.0 (compatible; SERankingBacklinksBot/1.0; +https://seranking.com/backlinks-crawler)"
144.76.19.157 - - [18/Aug/2026:13:48:39 +0000] "GET /product/lyon-pro/?add_to_wishlist=15515&_wpnonce=44202cc6af HTTP/1.1" 200 44999 "-" "Mozilla/5.0 (compatible; SERankingBacklinksBot/1.0; +https://seranking.com/backlinks-crawler)"
144.76.19.157 - - [18/Aug/2026:13:48:45 +0000] "GET /product/lyon-pro/?add_to_wishlist=15538&_wpnonce=3b8935374b HTTP/1.1" 301 0 "-" "Mozilla/5.0 (compatible; SERankingBacklinksBot/1.0; +https://seranking.com/backlinks-crawler)"
144.76.19.157 - - [18/Aug/2026:13:48:47 +0000] "GET /product/lyon-pro/?add_to_wishlist=15538&_wpnonce=3b8935374b HTTP/1.1" 200 45055 "-" "Mozilla/5.0 (compatible; SERankingBacklinksBot/1.0; +https://seranking.com/backlinks-crawler)"
144.76.19.157 - - [18/Aug/2026:13:48:52 +0000] "GET /product/lyon-pro/?add_to_wishlist=15538&_wpnonce=44202cc6af HTTP/1.1" 301 0 "-" "Mozilla/5.0 (compatible; SERankingBacklinksBot/1.0; +https://seranking.com/backlinks-crawler)"
144.76.19.157 - - [18/Aug/2026:13:48:54 +0000] "GET /product/lyon-pro/?add_to_wishlist=15538&_wpnonce=44202cc6af HTTP/1.1" 200 45026 "-" "Mozilla/5.0 (compatible; SERankingBacklinksBot/1.0; +https://seranking.com/backlinks-crawler)"
83.99.206.116 - - [18/Aug/2026:13:48:56 +0000] "GET /product/monet-urb/2 HTTP/1.1" 301 0 "-" "Mozilla/5.0 (X11; Linux x86_64) AppleWebKit/537.36 (KHTML, like Gecko; GeedoShopProductFinder) Chrome/142.0.0.0 Safari/537.36"
83.99.206.116 - - [18/Aug/2026:13:48:56 +0000] "GET / HTTP/1.1" 200 46843 "-" "Mozilla/5.0 (X11; Linux x86_64) AppleWebKit/537.36 (KHTML, like Gecko; GeedoShopProductFinder) Chrome/142.0.0.0 Safari/537.36"
144.76.19.157 - - [18/Aug/2026:13:49:00 +0000] "GET /product/lyon-pro/?add_to_wishlist=15540&_wpnonce=3b8935374b HTTP/1.1" 301 0 "-" "Mozilla/5.0 (compatible; SERankingBacklinksBot/1.0; +https://seranking.com/backlinks-crawler)"
144.76.19.157 - - [18/Aug/2026:13:49:02 +0000] "GET /product/lyon-pro/?add_to_wishlist=15540&_wpnonce=3b8935374b HTTP/1.1" 200 45045 "-" "Mozilla/5.0 (compatible; SERankingBacklinksBot/1.0; +https://seranking.com/backlinks-crawler)"
144.76.19.157 - - [18/Aug/2026:13:49:07 +0000] "GET /product/lyon-pro/?add_to_wishlist=15544&_wpnonce=3b8935374b HTTP/1.1" 301 0 "-" "Mozilla/5.0 (compatible; SERankingBacklinksBot/1.0; +https://seranking.com/backlinks-crawler)"
144.76.19.157 - - [18/Aug/2026:13:49:09 +0000] "GET /product/lyon-pro/?add_to_wishlist=15544&_wpnonce=3b8935374b HTTP/1.1" 200 44998 "-" "Mozilla/5.0 (compatible; SERankingBacklinksBot/1.0; +https://seranking.com/backlinks-crawler)"
144.76.19.157 - - [18/Aug/2026:13:49:15 +0000] "GET /product/lyon-pro/?add_to_wishlist=15544&_wpnonce=44202cc6af HTTP/1.1" 301 0 "-" "Mozilla/5.0 (compatible; SERankingBacklinksBot/1.0; +https://seranking.com/backlinks-crawler)"
83.99.206.116 - - [18/Aug/2026:13:49:15 +0000] "GET /product/los-angeles/ HTTP/1.1" 200 38811 "-" "Mozilla/5.0 (X11; Linux x86_64) AppleWebKit/537.36 (KHTML, like Gecko; GeedoShopProductFinder) Chrome/142.0.0.0 Safari/537.36"
144.76.19.157 - - [18/Aug/2026:13:49:17 +0000] "GET /product/lyon-pro/?add_to_wishlist=15544&_wpnonce=44202cc6af HTTP/1.1" 200 44946 "-" "Mozilla/5.0 (compatible; SERankingBacklinksBot/1.0; +https://seranking.com/backlinks-crawler)"
144.76.19.157 - - [18/Aug/2026:13:49:23 +0000] "GET /product/lyon-pro/?add_to_wishlist=15547&_wpnonce=3b8935374b HTTP/1.1" 301 0 "-" "Mozilla/5.0 (compatible; SERankingBacklinksBot/1.0; +https://seranking.com/backlinks-crawler)"
144.76.19.157 - - [18/Aug/2026:13:49:24 +0000] "GET /product/lyon-pro/?add_to_wishlist=15547&_wpnonce=3b8935374b HTTP/1.1" 200 45063 "-" "Mozilla/5.0 (compatible; SERankingBacklinksBot/1.0; +https://seranking.com/backlinks-crawler)"
192.250.227.238 - - [18/Aug/2026:13:49:31 +0000] "POST /wp-cron.php?doing_wp_cron=1787060970.8981919288635253906250 HTTP/1.1" 200 0 "-" "WordPress/7.0.4; https://glamourflooringla.com"
144.76.19.157 - - [18/Aug/2026:13:49:30 +0000] "GET /product/lyon-pro/?add_to_wishlist=15547&_wpnonce=44202cc6af HTTP/1.1" 301 0 "-" "Mozilla/5.0 (compatible; SERankingBacklinksBot/1.0; +https://seranking.com/backlinks-crawler)"
144.76.19.157 - - [18/Aug/2026:13:49:32 +0000] "GET /product/lyon-pro/?add_to_wishlist=15547&_wpnonce=44202cc6af HTTP/1.1" 200 44974 "-" "Mozilla/5.0 (compatible; SERankingBacklinksBot/1.0; +https://seranking.com/backlinks-crawler)"
144.76.19.157 - - [18/Aug/2026:13:49:37 +0000] "GET /product/lyon-pro/?add_to_wishlist=15551&_wpnonce=3b8935374b HTTP/1.1" 301 0 "-" "Mozilla/5.0 (compatible; SERankingBacklinksBot/1.0; +https://seranking.com/backlinks-crawler)"
144.76.19.157 - - [18/Aug/2026:13:49:39 +0000] "GET /product/lyon-pro/?add_to_wishlist=15551&_wpnonce=3b8935374b HTTP/1.1" 200 44981 "-" "Mozilla/5.0 (compatible; SERankingBacklinksBot/1.0; +https://seranking.com/backlinks-crawler)"
57.141.4.49 - - [18/Aug/2026:13:49:44 +0000] "GET /detail/2154688827719 HTTP/2" 429 0 "-" "Mozilla/5.0 (X11; Linux x86_64) AppleWebKit/537.36 (KHTML, like Gecko) Chrome/145.0.0.0 Safari/537.36 (compatible; meta-externalagent/1.1 (+https://developers.facebook.com/docs/sharing/webmasters/crawler))"
144.76.19.157 - - [18/Aug/2026:13:49:45 +0000] "GET /product/lyon-pro/?add_to_wishlist=15552&_wpnonce=3b8935374b HTTP/1.1" 301 0 "-" "Mozilla/5.0 (compatible; SERankingBacklinksBot/1.0; +https://seranking.com/backlinks-crawler)"
144.76.19.157 - - [18/Aug/2026:13:49:47 +0000] "GET /product/lyon-pro/?add_to_wishlist=15552&_wpnonce=3b8935374b HTTP/1.1" 200 44958 "-" "Mozilla/5.0 (compatible; SERankingBacklinksBot/1.0; +https://seranking.com/backlinks-crawler)"
144.76.19.157 - - [18/Aug/2026:13:49:52 +0000] "GET /product/lyon-pro/?add_to_wishlist=15556&_wpnonce=3b8935374b HTTP/1.1" 301 0 "-" "Mozilla/5.0 (compatible; SERankingBacklinksBot/1.0; +https://seranking.com/backlinks-crawler)"
144.76.19.157 - - [18/Aug/2026:13:49:54 +0000] "GET /product/lyon-pro/?add_to_wishlist=15556&_wpnonce=3b8935374b HTTP/1.1" 200 44965 "-" "Mozilla/5.0 (compatible; SERankingBacklinksBot/1.0; +https://seranking.com/backlinks-crawler)"
144.76.19.157 - - [18/Aug/2026:13:50:00 +0000] "GET /product/lyon-pro/?add_to_wishlist=15559&_wpnonce=3b8935374b HTTP/1.1" 301 0 "-" "Mozilla/5.0 (compatible; SERankingBacklinksBot/1.0; +https://seranking.com/backlinks-crawler)"
144.76.19.157 - - [18/Aug/2026:13:50:02 +0000] "GET /product/lyon-pro/?add_to_wishlist=15559&_wpnonce=3b8935374b HTTP/1.1" 200 44965 "-" "Mozilla/5.0 (compatible; SERankingBacklinksBot/1.0; +https://seranking.com/backlinks-crawler)"
54.146.16.73 - - [18/Aug/2026:13:50:03 +0000] "GET / HTTP/2" 200 54122 "-" "Mozilla/5.0 (Macintosh; Intel Mac OS X 10_15_7) AppleWebKit/537.36 (KHTML, like Gecko) Chrome/120.0.0.0 Safari/537.36"
144.76.19.157 - - [18/Aug/2026:13:50:08 +0000] "GET /product/lyon-pro/?add_to_wishlist=15560&_wpnonce=3b8935374b HTTP/1.1" 301 0 "-" "Mozilla/5.0 (compatible; SERankingBacklinksBot/1.0; +https://seranking.com/backlinks-crawler)"
144.76.19.157 - - [18/Aug/2026:13:50:09 +0000] "GET /product/lyon-pro/?add_to_wishlist=15560&_wpnonce=3b8935374b HTTP/1.1" 200 45051 "-" "Mozilla/5.0 (compatible; SERankingBacklinksBot/1.0; +https://seranking.com/backlinks-crawler)"
78.31.206.104 - - [18/Aug/2026:13:50:13 +0000] "GET /wp-content/uploads/2025/07/liid03_slate_ballad__planks-510x322.jpg HTTP/1.1" 200 15031 "-" "Mozilla/5.0 (compatible; crawler)"
144.76.19.157 - - [18/Aug/2026:13:50:15 +0000] "GET /product/lyon-pro/?add_to_wishlist=15561&_wpnonce=3b8935374b HTTP/1.1" 301 0 "-" "Mozilla/5.0 (compatible; SERankingBacklinksBot/1.0; +https://seranking.com/backlinks-crawler)"
144.76.19.157 - - [18/Aug/2026:13:50:17 +0000] "GET /product/lyon-pro/?add_to_wishlist=15561&_wpnonce=3b8935374b HTTP/1.1" 200 45062 "-" "Mozilla/5.0 (compatible; SERankingBacklinksBot/1.0; +https://seranking.com/backlinks-crawler)"
144.76.19.157 - - [18/Aug/2026:13:50:22 +0000] "GET /product/lyon-pro/?add_to_wishlist=15561&_wpnonce=44202cc6af HTTP/1.1" 301 0 "-" "Mozilla/5.0 (compatible; SERankingBacklinksBot/1.0; +https://seranking.com/backlinks-crawler)"
144.76.19.157 - - [18/Aug/2026:13:50:24 +0000] "GET /product/lyon-pro/?add_to_wishlist=15561&_wpnonce=44202cc6af HTTP/1.1" 200 44993 "-" "Mozilla/5.0 (compatible; SERankingBacklinksBot/1.0; +https://seranking.com/backlinks-crawler)"
177.232.7.182 - - [18/Aug/2026:13:50:25 +0000] "GET /product-category/clearance/engineered-hardwood-clearance/ HTTP/2" 301 0 "-" "Mozilla/5.0 (iPhone; CPU iPhone OS 11_0 like Mac OS X) AppleWebKit/537.36 (KHTML, like Gecko) Chrome/45.0.5515.1636 Mobile Safari/537.36"
202.134.186.167 - - [18/Aug/2026:13:50:28 +0000] "GET /product-category/clearance/engineered-hardwood-clearance/ HTTP/2" 200 30289 "-" "Mozilla/5.0 (iPhone; CPU iPhone OS 11_0 like Mac OS X) AppleWebKit/537.36 (KHTML, like Gecko) Chrome/45.0.5515.1636 Mobile Safari/537.36"
192.250.227.238 - - [18/Aug/2026:13:50:31 +0000] "POST /wp-cron.php?doing_wp_cron=1787061031.0261590480804443359375 HTTP/1.1" 200 0 "-" "WordPress/7.0.4; https://glamourflooringla.com"
144.76.19.157 - - [18/Aug/2026:13:50:30 +0000] "GET /product/lyon-pro/?add_to_wishlist=15565&_wpnonce=3b8935374b HTTP/1.1" 301 0 "-" "Mozilla/5.0 (compatible; SERankingBacklinksBot/1.0; +https://seranking.com/backlinks-crawler)"
144.76.19.157 - - [18/Aug/2026:13:50:32 +0000] "GET /product/lyon-pro/?add_to_wishlist=15565&_wpnonce=3b8935374b HTTP/1.1" 200 45093 "-" "Mozilla/5.0 (compatible; SERankingBacklinksBot/1.0; +https://seranking.com/backlinks-crawler)"
192.161.164.150 - - [18/Aug/2026:13:50:35 +0000] "POST /?wc-ajax=get_refreshed_fragments HTTP/2" 200 916 "https://glamourflooringla.com/product-category/clearance/engineered-hardwood-clearance/" "Mozilla/5.0 (iPhone; CPU iPhone OS 11_0 like Mac OS X) AppleWebKit/537.36 (KHTML, like Gecko) Chrome/45.0.5515.1636 Mobile Safari/537.36"
144.76.19.157 - - [18/Aug/2026:13:50:38 +0000] "GET /product/lyon-pro/?add_to_wishlist=15566&_wpnonce=3b8935374b HTTP/1.1" 301 0 "-" "Mozilla/5.0 (compatible; SERankingBacklinksBot/1.0; +https://seranking.com/backlinks-crawler)"
54.146.16.73 - - [18/Aug/2026:13:50:39 +0000] "GET / HTTP/2" 200 54122 "-" "Mozilla/5.0 (Macintosh; Intel Mac OS X 10_15_7) AppleWebKit/537.36 (KHTML, like Gecko) Chrome/120.0.0.0 Safari/537.36"
144.76.19.157 - - [18/Aug/2026:13:50:40 +0000] "GET /product/lyon-pro/?add_to_wishlist=15566&_wpnonce=3b8935374b HTTP/1.1" 200 44959 "-" "Mozilla/5.0 (compatible; SERankingBacklinksBot/1.0; +https://seranking.com/backlinks-crawler)"
144.76.19.157 - - [18/Aug/2026:13:50:45 +0000] "GET /product/lyon-pro/?add_to_wishlist=15569&_wpnonce=3b8935374b HTTP/1.1" 301 0 "-" "Mozilla/5.0 (compatible; SERankingBacklinksBot/1.0; +https://seranking.com/backlinks-crawler)"
144.76.19.157 - - [18/Aug/2026:13:50:47 +0000] "GET /product/lyon-pro/?add_to_wishlist=15569&_wpnonce=3b8935374b HTTP/1.1" 200 45044 "-" "Mozilla/5.0 (compatible; SERankingBacklinksBot/1.0; +https://seranking.com/backlinks-crawler)"
57.141.4.72 - - [18/Aug/2026:13:50:50 +0000] "GET /detail/2406786963675 HTTP/2" 429 0 "-" "Mozilla/5.0 (Windows NT 10.0; Win64; x64) AppleWebKit/537.36 (KHTML, like Gecko) Chrome/145.0.0.0 Safari/537.36 (compatible; meta-externalagent/1.1 (+https://developers.facebook.com/docs/sharing/webmasters/crawler))"
144.76.19.157 - - [18/Aug/2026:13:50:53 +0000] "GET /product/lyon-pro/?add_to_wishlist=15573&_wpnonce=3b8935374b HTTP/1.1" 301 0 "-" "Mozilla/5.0 (compatible; SERankingBacklinksBot/1.0; +https://seranking.com/backlinks-crawler)"
144.76.19.157 - - [18/Aug/2026:13:50:55 +0000] "GET /product/lyon-pro/?add_to_wishlist=15573&_wpnonce=3b8935374b HTTP/1.1" 200 44928 "-" "Mozilla/5.0 (compatible; SERankingBacklinksBot/1.0; +https://seranking.com/backlinks-crawler)"
144.76.19.157 - - [18/Aug/2026:13:51:00 +0000] "GET /product/lyon-pro/?add_to_wishlist=16277&_wpnonce=3b8935374b HTTP/1.1" 301 0 "-" "Mozilla/5.0 (compatible; SERankingBacklinksBot/1.0; +https://seranking.com/backlinks-crawler)"
144.76.19.157 - - [18/Aug/2026:13:51:02 +0000] "GET /product/lyon-pro/?add_to_wishlist=16277&_wpnonce=3b8935374b HTTP/1.1" 200 44954 "-" "Mozilla/5.0 (compatible; SERankingBacklinksBot/1.0; +https://seranking.com/backlinks-crawler)"
144.76.19.157 - - [18/Aug/2026:13:51:07 +0000] "GET /product/lyon-pro/?add_to_wishlist=16277&_wpnonce=44202cc6af HTTP/1.1" 301 0 "-" "Mozilla/5.0 (compatible; SERankingBacklinksBot/1.0; +https://seranking.com/backlinks-crawler)"
144.76.19.157 - - [18/Aug/2026:13:51:08 +0000] "GET /product/lyon-pro/?add_to_wishlist=16277&_wpnonce=44202cc6af HTTP/1.1" 200 45025 "-" "Mozilla/5.0 (compatible; SERankingBacklinksBot/1.0; +https://seranking.com/backlinks-crawler)"
144.76.19.157 - - [18/Aug/2026:13:51:12 +0000] "GET /product/lyon-vellichor/?add_to_wishlist=15484&_wpnonce=bbb71dd7ae HTTP/1.1" 301 0 "-" "Mozilla/5.0 (compatible; SERankingBacklinksBot/1.0; +https://seranking.com/backlinks-crawler)"
144.76.19.157 - - [18/Aug/2026:13:51:13 +0000] "GET /product/lyon-vellichor/?add_to_wishlist=15484&_wpnonce=bbb71dd7ae HTTP/1.1" 200 44912 "-" "Mozilla/5.0 (compatible; SERankingBacklinksBot/1.0; +https://seranking.com/backlinks-crawler)"
144.76.19.157 - - [18/Aug/2026:13:51:18 +0000] "GET /product/lyon-vellichor/?add_to_wishlist=15487&_wpnonce=bbb71dd7ae HTTP/1.1" 301 0 "-" "Mozilla/5.0 (compatible; SERankingBacklinksBot/1.0; +https://seranking.com/backlinks-crawler)"
144.76.19.157 - - [18/Aug/2026:13:51:18 +0000] "GET /product/lyon-vellichor/?add_to_wishlist=15487&_wpnonce=bbb71dd7ae HTTP/1.1" 200 44919 "-" "Mozilla/5.0 (compatible; SERankingBacklinksBot/1.0; +https://seranking.com/backlinks-crawler)"
83.99.206.105 - - [18/Aug/2026:13:51:19 +0000] "GET /product/riviera-pro/2 HTTP/1.1" 301 0 "-" "Mozilla/5.0 (X11; Linux x86_64) AppleWebKit/537.36 (KHTML, like Gecko; GeedoShopProductFinder) Chrome/142.0.0.0 Safari/537.36"
83.99.206.105 - - [18/Aug/2026:13:51:20 +0000] "GET / HTTP/1.1" 200 46843 "-" "Mozilla/5.0 (X11; Linux x86_64) AppleWebKit/537.36 (KHTML, like Gecko; GeedoShopProductFinder) Chrome/142.0.0.0 Safari/537.36"
144.76.19.157 - - [18/Aug/2026:13:51:24 +0000] "GET /product/lyon-vellichor/?add_to_wishlist=15489&_wpnonce=bbb71dd7ae HTTP/1.1" 301 0 "-" "Mozilla/5.0 (compatible; SERankingBacklinksBot/1.0; +https://seranking.com/backlinks-crawler)"
144.76.19.157 - - [18/Aug/2026:13:51:26 +0000] "GET /product/lyon-vellichor/?add_to_wishlist=15489&_wpnonce=bbb71dd7ae HTTP/1.1" 200 44945 "-" "Mozilla/5.0 (compatible; SERankingBacklinksBot/1.0; +https://seranking.com/backlinks-crawler)"
192.250.227.238 - - [18/Aug/2026:13:51:32 +0000] "POST /wp-cron.php?doing_wp_cron=1787061092.5011420249938964843750 HTTP/1.1" 200 0 "-" "WordPress/7.0.4; https://glamourflooringla.com"
144.76.19.157 - - [18/Aug/2026:13:51:32 +0000] "GET /product/lyon-vellichor/?add_to_wishlist=15492&_wpnonce=bbb71dd7ae HTTP/1.1" 301 0 "-" "Mozilla/5.0 (compatible; SERankingBacklinksBot/1.0; +https://seranking.com/backlinks-crawler)"
144.76.19.157 - - [18/Aug/2026:13:51:34 +0000] "GET /product/lyon-vellichor/?add_to_wishlist=15492&_wpnonce=bbb71dd7ae HTTP/1.1" 200 44960 "-" "Mozilla/5.0 (compatible; SERankingBacklinksBot/1.0; +https://seranking.com/backlinks-crawler)"
144.76.19.157 - - [18/Aug/2026:13:51:39 +0000] "GET /product/lyon-vellichor/?add_to_wishlist=15495&_wpnonce=32cc803d74 HTTP/1.1" 301 0 "-" "Mozilla/5.0 (compatible; SERankingBacklinksBot/1.0; +https://seranking.com/backlinks-crawler)"
83.99.206.103 - - [18/Aug/2026:13:51:38 +0000] "GET /featured_item/beverly-hills-17/ HTTP/1.1" 200 31681 "-" "Mozilla/5.0 (X11; Linux x86_64) AppleWebKit/537.36 (KHTML, like Gecko; GeedoShopProductFinder) Chrome/142.0.0.0 Safari/537.36"
144.76.19.157 - - [18/Aug/2026:13:51:41 +0000] "GET /product/lyon-vellichor/?add_to_wishlist=15495&_wpnonce=32cc803d74 HTTP/1.1" 200 45101 "-" "Mozilla/5.0 (compatible; SERankingBacklinksBot/1.0; +https://seranking.com/backlinks-crawler)"
144.76.19.157 - - [18/Aug/2026:13:51:46 +0000] "GET /product/lyon-vellichor/?add_to_wishlist=15495&_wpnonce=bbb71dd7ae HTTP/1.1" 301 0 "-" "Mozilla/5.0 (compatible; SERankingBacklinksBot/1.0; +https://seranking.com/backlinks-crawler)"
144.76.19.157 - - [18/Aug/2026:13:51:48 +0000] "GET /product/lyon-vellichor/?add_to_wishlist=15495&_wpnonce=bbb71dd7ae HTTP/1.1" 200 44939 "-" "Mozilla/5.0 (compatible; SERankingBacklinksBot/1.0; +https://seranking.com/backlinks-crawler)"
144.76.19.157 - - [18/Aug/2026:13:51:54 +0000] "GET /product/lyon-vellichor/?add_to_wishlist=15507&_wpnonce=bbb71dd7ae HTTP/1.1" 301 0 "-" "Mozilla/5.0 (compatible; SERankingBacklinksBot/1.0; +https://seranking.com/backlinks-crawler)"
144.76.19.157 - - [18/Aug/2026:13:51:56 +0000] "GET /product/lyon-vellichor/?add_to_wishlist=15507&_wpnonce=bbb71dd7ae HTTP/1.1" 200 44948 "-" "Mozilla/5.0 (compatible; SERankingBacklinksBot/1.0; +https://seranking.com/backlinks-crawler)"
57.141.4.67 - - [18/Aug/2026:13:51:57 +0000] "GET /tag/gibralter/ HTTP/2" 429 0 "-" "Mozilla/5.0 (Windows NT 10.0; Win64; x64) AppleWebKit/537.36 (KHTML, like Gecko) Chrome/145.0.0.0 Safari/537.36 (compatible; meta-externalagent/1.1 (+https://developers.facebook.com/docs/sharing/webmasters/crawler))"
83.99.206.105 - - [18/Aug/2026:13:51:58 +0000] "GET /product/acacia-cocoa-brown-artisan/ HTTP/1.1" 200 38609 "-" "Mozilla/5.0 (X11; Linux x86_64) AppleWebKit/537.36 (KHTML, like Gecko; GeedoShopProductFinder) Chrome/142.0.0.0 Safari/537.36"
144.76.19.157 - - [18/Aug/2026:13:52:01 +0000] "GET /product/lyon-vellichor/?add_to_wishlist=15510&_wpnonce=bbb71dd7ae HTTP/1.1" 301 0 "-" "Mozilla/5.0 (compatible; SERankingBacklinksBot/1.0; +https://seranking.com/backlinks-crawler)"
144.76.19.157 - - [18/Aug/2026:13:52:03 +0000] "GET /product/lyon-vellichor/?add_to_wishlist=15510&_wpnonce=bbb71dd7ae HTTP/1.1" 200 45011 "-" "Mozilla/5.0 (compatible; SERankingBacklinksBot/1.0; +https://seranking.com/backlinks-crawler)"
144.76.19.157 - - [18/Aug/2026:13:52:08 +0000] "GET /product/lyon-vellichor/?add_to_wishlist=15515&_wpnonce=bbb71dd7ae HTTP/1.1" 301 0 "-" "Mozilla/5.0 (compatible; SERankingBacklinksBot/1.0; +https://seranking.com/backlinks-crawler)"
144.76.19.157 - - [18/Aug/2026:13:52:09 +0000] "GET /product/lyon-vellichor/?add_to_wishlist=15515&_wpnonce=bbb71dd7ae HTTP/1.1" 200 44975 "-" "Mozilla/5.0 (compatible; SERankingBacklinksBot/1.0; +https://seranking.com/backlinks-crawler)"
144.76.19.157 - - [18/Aug/2026:13:52:14 +0000] "GET /product/lyon-vellichor/?add_to_wishlist=15519&_wpnonce=bbb71dd7ae HTTP/1.1" 301 0 "-" "Mozilla/5.0 (compatible; SERankingBacklinksBot/1.0; +https://seranking.com/backlinks-crawler)"
144.76.19.157 - - [18/Aug/2026:13:52:15 +0000] "GET /product/lyon-vellichor/?add_to_wishlist=15519&_wpnonce=bbb71dd7ae HTTP/1.1" 200 44896 "-" "Mozilla/5.0 (compatible; SERankingBacklinksBot/1.0; +https://seranking.com/backlinks-crawler)"
83.99.206.105 - - [18/Aug/2026:13:52:18 +0000] "GET /product/oak-rhapsody/ HTTP/1.1" 200 38744 "-" "Mozilla/5.0 (X11; Linux x86_64) AppleWebKit/537.36 (KHTML, like Gecko; GeedoShopProductFinder) Chrome/142.0.0.0 Safari/537.36"
144.76.19.157 - - [18/Aug/2026:13:52:20 +0000] "GET /product/lyon-vellichor/?add_to_wishlist=15538&_wpnonce=bbb71dd7ae HTTP/1.1" 301 0 "-" "Mozilla/5.0 (compatible; SERankingBacklinksBot/1.0; +https://seranking.com/backlinks-crawler)"
144.76.19.157 - - [18/Aug/2026:13:52:22 +0000] "GET /product/lyon-vellichor/?add_to_wishlist=15538&_wpnonce=bbb71dd7ae HTTP/1.1" 200 45029 "-" "Mozilla/5.0 (compatible; SERankingBacklinksBot/1.0; +https://seranking.com/backlinks-crawler)"
144.76.19.157 - - [18/Aug/2026:13:52:28 +0000] "GET /product/lyon-vellichor/?add_to_wishlist=15540&_wpnonce=bbb71dd7ae HTTP/1.1" 301 0 "-" "Mozilla/5.0 (compatible; SERankingBacklinksBot/1.0; +https://seranking.com/backlinks-crawler)"
192.250.227.238 - - [18/Aug/2026:13:52:30 +0000] "POST /wp-cron.php?doing_wp_cron=1787061150.3426520824432373046875 HTTP/1.1" 200 0 "-" "WordPress/7.0.4; https://glamourflooringla.com"
77.75.76.165 - - [18/Aug/2026:13:52:29 +0000] "GET /elementskit_template-sitemap.xml HTTP/1.1" 200 395 "-" "Mozilla/5.0 (compatible; SeznamBot/4.0; +https://o-seznam.cz/napoveda/vyhledavani/en/seznambot-crawler/)"
144.76.19.157 - - [18/Aug/2026:13:52:30 +0000] "GET /product/lyon-vellichor/?add_to_wishlist=15540&_wpnonce=bbb71dd7ae HTTP/1.1" 200 44919 "-" "Mozilla/5.0 (compatible; SERankingBacklinksBot/1.0; +https://seranking.com/backlinks-crawler)"
144.76.19.157 - - [18/Aug/2026:13:52:35 +0000] "GET /product/lyon-vellichor/?add_to_wishlist=15542&_wpnonce=bbb71dd7ae HTTP/1.1" 301 0 "-" "Mozilla/5.0 (compatible; SERankingBacklinksBot/1.0; +https://seranking.com/backlinks-crawler)"
144.76.19.157 - - [18/Aug/2026:13:52:37 +0000] "GET /product/lyon-vellichor/?add_to_wishlist=15542&_wpnonce=bbb71dd7ae HTTP/1.1" 200 44929 "-" "Mozilla/5.0 (compatible; SERankingBacklinksBot/1.0; +https://seranking.com/backlinks-crawler)"
83.99.206.105 - - [18/Aug/2026:13:52:38 +0000] "GET /product/papillon-pro/ HTTP/1.1" 200 38586 "-" "Mozilla/5.0 (X11; Linux x86_64) AppleWebKit/537.36 (KHTML, like Gecko; GeedoShopProductFinder) Chrome/142.0.0.0 Safari/537.36"
144.76.19.157 - - [18/Aug/2026:13:52:43 +0000] "GET /product/lyon-vellichor/?add_to_wishlist=15544&_wpnonce=bbb71dd7ae HTTP/1.1" 301 0 "-" "Mozilla/5.0 (compatible; SERankingBacklinksBot/1.0; +https://seranking.com/backlinks-crawler)"
144.76.19.157 - - [18/Aug/2026:13:52:45 +0000] "GET /product/lyon-vellichor/?add_to_wishlist=15544&_wpnonce=bbb71dd7ae HTTP/1.1" 200 44926 "-" "Mozilla/5.0 (compatible; SERankingBacklinksBot/1.0; +https://seranking.com/backlinks-crawler)"
144.76.19.157 - - [18/Aug/2026:13:52:50 +0000] "GET /product/lyon-vellichor/?add_to_wishlist=15547&_wpnonce=32cc803d74 HTTP/1.1" 301 0 "-" "Mozilla/5.0 (compatible; SERankingBacklinksBot/1.0; +https://seranking.com/backlinks-crawler)"
144.76.19.157 - - [18/Aug/2026:13:52:52 +0000] "GET /product/lyon-vellichor/?add_to_wishlist=15547&_wpnonce=32cc803d74 HTTP/1.1" 200 44895 "-" "Mozilla/5.0 (compatible; SERankingBacklinksBot/1.0; +https://seranking.com/backlinks-crawler)"
192.250.227.238 - - [18/Aug/2026:13:52:58 +0000] "POST /wp-cron.php?doing_wp_cron=1787061178.8362209796905517578125 HTTP/1.1" 200 0 "-" "WordPress/7.0.4; https://glamourflooringla.com"
144.76.19.157 - - [18/Aug/2026:13:52:58 +0000] "GET /product/lyon-vellichor/?add_to_wishlist=15547&_wpnonce=bbb71dd7ae HTTP/1.1" 301 0 "-" "Mozilla/5.0 (compatible; SERankingBacklinksBot/1.0; +https://seranking.com/backlinks-crawler)"
83.99.206.73 - - [18/Aug/2026:13:52:58 +0000] "GET /product/vail-her-urb/2 HTTP/1.1" 301 0 "-" "Mozilla/5.0 (X11; Linux x86_64) AppleWebKit/537.36 (KHTML, like Gecko; GeedoShopProductFinder) Chrome/142.0.0.0 Safari/537.36"
83.99.206.73 - - [18/Aug/2026:13:52:59 +0000] "GET / HTTP/1.1" 200 46843 "-" "Mozilla/5.0 (X11; Linux x86_64) AppleWebKit/537.36 (KHTML, like Gecko; GeedoShopProductFinder) Chrome/142.0.0.0 Safari/537.36"
144.76.19.157 - - [18/Aug/2026:13:53:00 +0000] "GET /product/lyon-vellichor/?add_to_wishlist=15547&_wpnonce=bbb71dd7ae HTTP/1.1" 200 45002 "-" "Mozilla/5.0 (compatible; SERankingBacklinksBot/1.0; +https://seranking.com/backlinks-crawler)"
57.141.4.19 - - [18/Aug/2026:13:53:04 +0000] "GET /detail/1889459824115 HTTP/2" 429 0 "-" "Mozilla/5.0 (Macintosh; Intel Mac OS X 10_15_7) AppleWebKit/537.36 (KHTML, like Gecko) Chrome/145.0.0.0 Safari/537.36 (compatible; meta-externalagent/1.1 (+https://developers.facebook.com/docs/sharing/webmasters/crawler))"
144.76.19.157 - - [18/Aug/2026:13:53:05 +0000] "GET /product/lyon-vellichor/?add_to_wishlist=15549&_wpnonce=32cc803d74 HTTP/1.1" 301 0 "-" "Mozilla/5.0 (compatible; SERankingBacklinksBot/1.0; +https://seranking.com/backlinks-crawler)"
144.76.19.157 - - [18/Aug/2026:13:53:07 +0000] "GET /product/lyon-vellichor/?add_to_wishlist=15549&_wpnonce=32cc803d74 HTTP/1.1" 200 44973 "-" "Mozilla/5.0 (compatible; SERankingBacklinksBot/1.0; +https://seranking.com/backlinks-crawler)"
144.76.19.157 - - [18/Aug/2026:13:53:13 +0000] "GET /product/lyon-vellichor/?add_to_wishlist=15551&_wpnonce=bbb71dd7ae HTTP/1.1" 301 0 "-" "Mozilla/5.0 (compatible; SERankingBacklinksBot/1.0; +https://seranking.com/backlinks-crawler)"
144.76.19.157 - - [18/Aug/2026:13:53:15 +0000] "GET /product/lyon-vellichor/?add_to_wishlist=15551&_wpnonce=bbb71dd7ae HTTP/1.1" 200 44955 "-" "Mozilla/5.0 (compatible; SERankingBacklinksBot/1.0; +https://seranking.com/backlinks-crawler)"
144.76.19.157 - - [18/Aug/2026:13:53:20 +0000] "GET /product/lyon-vellichor/?add_to_wishlist=15552&_wpnonce=32cc803d74 HTTP/1.1" 301 0 "-" "Mozilla/5.0 (compatible; SERankingBacklinksBot/1.0; +https://seranking.com/backlinks-crawler)"
223.109.252.140 - - [18/Aug/2026:13:53:22 +0000] "GET /product/envie-pro/?add_to_wishlist=15544&_wpnonce=f80e6cc838 HTTP/1.1" 200 44941 "-" "Sogou web spider/4.0(+http://www.sogou.com/docs/help/webmasters.htm#07)"
144.76.19.157 - - [18/Aug/2026:13:53:22 +0000] "GET /product/lyon-vellichor/?add_to_wishlist=15552&_wpnonce=32cc803d74 HTTP/1.1" 200 44959 "-" "Mozilla/5.0 (compatible; SERankingBacklinksBot/1.0; +https://seranking.com/backlinks-crawler)"
144.76.19.157 - - [18/Aug/2026:13:53:28 +0000] "GET /product/lyon-vellichor/?add_to_wishlist=15552&_wpnonce=bbb71dd7ae HTTP/1.1" 301 0 "-" "Mozilla/5.0 (compatible; SERankingBacklinksBot/1.0; +https://seranking.com/backlinks-crawler)"
192.250.227.238 - - [18/Aug/2026:13:53:31 +0000] "POST /wp-cron.php?doing_wp_cron=1787061211.0035650730133056640625 HTTP/1.1" 200 0 "-" "WordPress/7.0.4; https://glamourflooringla.com"
144.76.19.157 - - [18/Aug/2026:13:53:30 +0000] "GET /product/lyon-vellichor/?add_to_wishlist=15552&_wpnonce=bbb71dd7ae HTTP/1.1" 200 45026 "-" "Mozilla/5.0 (compatible; SERankingBacklinksBot/1.0; +https://seranking.com/backlinks-crawler)"
144.76.19.157 - - [18/Aug/2026:13:53:35 +0000] "GET /product/lyon-vellichor/?add_to_wishlist=15559&_wpnonce=32cc803d74 HTTP/1.1" 301 0 "-" "Mozilla/5.0 (compatible; SERankingBacklinksBot/1.0; +https://seranking.com/backlinks-crawler)"
144.76.19.157 - - [18/Aug/2026:13:53:37 +0000] "GET /product/lyon-vellichor/?add_to_wishlist=15559&_wpnonce=32cc803d74 HTTP/1.1" 200 44915 "-" "Mozilla/5.0 (compatible; SERankingBacklinksBot/1.0; +https://seranking.com/backlinks-crawler)"
84.75.148.68 - - [18/Aug/2026:13:53:40 +0000] "GET /wp-json/wp/v2/product/15556 HTTP/1.1" 200 2222 "-" "Mozilla/5.0 (Macintosh; Intel Mac OS X 10_15_7) AppleWebKit/537.36 (KHTML, like Gecko) Chrome/131.0.0.0 Safari/537.36"
52.205.141.124 - - [18/Aug/2026:13:53:43 +0000] "GET /product/berkshire/ HTTP/1.1" 403 1242 "-" "Mozilla/5.0 AppleWebKit/537.36 (KHTML, like Gecko; compatible; Amazonbot/0.1; +https://developer.amazon.com/support/amazonbot) Chrome/119.0.6045.214 Safari/537.36"
44.194.139.149 - - [18/Aug/2026:13:53:43 +0000] "GET /product/metro/ HTTP/1.1" 403 1242 "-" "Mozilla/5.0 AppleWebKit/537.36 (KHTML, like Gecko; compatible; Amazonbot/0.1; +https://developer.amazon.com/support/amazonbot) Chrome/119.0.6045.214 Safari/537.36"
144.76.19.157 - - [18/Aug/2026:13:53:43 +0000] "GET /product/shoreline-decor/?add_to_wishlist=18441&_wpnonce=32cc803d74 HTTP/1.1" 301 0 "-" "Mozilla/5.0 (compatible; SERankingBacklinksBot/1.0; +https://seranking.com/backlinks-crawler)"
144.76.19.157 - - [18/Aug/2026:13:53:45 +0000] "GET /product/shoreline-decor/?add_to_wishlist=18441&_wpnonce=32cc803d74 HTTP/1.1" 200 45159 "-" "Mozilla/5.0 (compatible; SERankingBacklinksBot/1.0; +https://seranking.com/backlinks-crawler)"
18.235.158.19 - - [18/Aug/2026:13:53:46 +0000] "GET /product/segovia/ HTTP/1.1" 403 1242 "-" "Mozilla/5.0 AppleWebKit/537.36 (KHTML, like Gecko; compatible; Amazonbot/0.1; +https://developer.amazon.com/support/amazonbot) Chrome/119.0.6045.214 Safari/537.36"
98.82.39.241 - - [18/Aug/2026:13:53:47 +0000] "GET /flooring-installation-van-nuys-ca/ HTTP/1.1" 403 1242 "-" "Mozilla/5.0 AppleWebKit/537.36 (KHTML, like Gecko; compatible; Amazonbot/0.1; +https://developer.amazon.com/support/amazonbot) Chrome/119.0.6045.214 Safari/537.36"
189.147.89.181 - - [18/Aug/2026:13:53:47 +0000] "GET /product-category/engineered-hardwood-floor/page/13/?_wpnonce=e6ef5c8727&add_to_wishlist=15492 HTTP/2" 200 36510 "-" "Mozilla/5.0 (Macintosh; Intel Mac OS X 10_15_7) AppleWebKit/537.36 (KHTML, like Gecko) Chrome/146.0.0.0 Safari/537.36"
3.226.34.98 - - [18/Aug/2026:13:53:50 +0000] "GET /product/bermuda-2/ HTTP/1.1" 403 1242 "-" "Mozilla/5.0 AppleWebKit/537.36 (KHTML, like Gecko; compatible; Amazonbot/0.1; +https://developer.amazon.com/support/amazonbot) Chrome/119.0.6045.214 Safari/537.36"
144.76.19.157 - - [18/Aug/2026:13:53:50 +0000] "GET /product/lyon-vellichor/?add_to_wishlist=15560&_wpnonce=bbb71dd7ae HTTP/1.1" 301 0 "-" "Mozilla/5.0 (compatible; SERankingBacklinksBot/1.0; +https://seranking.com/backlinks-crawler)"
144.76.19.157 - - [18/Aug/2026:13:53:52 +0000] "GET /product/lyon-vellichor/?add_to_wishlist=15560&_wpnonce=bbb71dd7ae HTTP/1.1" 200 44938 "-" "Mozilla/5.0 (compatible; SERankingBacklinksBot/1.0; +https://seranking.com/backlinks-crawler)"
44.195.145.102 - - [18/Aug/2026:13:53:54 +0000] "GET /product/arctic-storm-0-625x2-brick-pattern/ HTTP/1.1" 403 1242 "-" "Mozilla/5.0 AppleWebKit/537.36 (KHTML, like Gecko; compatible; Amazonbot/0.1; +https://developer.amazon.com/support/amazonbot) Chrome/119.0.6045.214 Safari/537.36"
112.86.225.102 - - [18/Aug/2026:13:53:56 +0000] "GET /product/astoria-provenza-floors/?add_to_wishlist=15510&_wpnonce=63185557a4 HTTP/1.1" 200 44948 "-" "Sogou web spider/4.0(+http://www.sogou.com/docs/help/webmasters.htm#07)"
144.76.19.157 - - [18/Aug/2026:13:53:58 +0000] "GET /product/lyon-vellichor/?add_to_wishlist=15561&_wpnonce=bbb71dd7ae HTTP/1.1" 301 0 "-" "Mozilla/5.0 (compatible; SERankingBacklinksBot/1.0; +https://seranking.com/backlinks-crawler)"
34.204.150.196 - - [18/Aug/2026:13:53:58 +0000] "GET /product/devon/ HTTP/1.1" 403 1242 "-" "Mozilla/5.0 AppleWebKit/537.36 (KHTML, like Gecko; compatible; Amazonbot/0.1; +https://developer.amazon.com/support/amazonbot) Chrome/119.0.6045.214 Safari/537.36"
129.121.103.155 - - [18/Aug/2026:13:53:59 +0000] "GET /wp-login.php HTTP/1.1" 403 170 "-" "Mozilla/5.0 (Windows NT 10.0; Win64; x64) AppleWebKit/537.36 (KHTML, like Gecko) Chrome/149.0.0.0 Safari/537.36"
144.76.19.157 - - [18/Aug/2026:13:54:00 +0000] "GET /product/lyon-vellichor/?add_to_wishlist=15561&_wpnonce=bbb71dd7ae HTTP/1.1" 200 44983 "-" "Mozilla/5.0 (compatible; SERankingBacklinksBot/1.0; +https://seranking.com/backlinks-crawler)"
3.221.50.71 - - [18/Aug/2026:13:54:02 +0000] "GET /product/rustic-olive-2/ HTTP/1.1" 403 1242 "-" "Mozilla/5.0 AppleWebKit/537.36 (KHTML, like Gecko; compatible; Amazonbot/0.1; +https://developer.amazon.com/support/amazonbot) Chrome/119.0.6045.214 Safari/537.36"
144.76.19.157 - - [18/Aug/2026:13:54:05 +0000] "GET /product/lyon-vellichor/?add_to_wishlist=15565&_wpnonce=32cc803d74 HTTP/1.1" 301 0 "-" "Mozilla/5.0 (compatible; SERankingBacklinksBot/1.0; +https://seranking.com/backlinks-crawler)"
54.235.172.96 - - [18/Aug/2026:13:54:06 +0000] "GET /product/sandhills-interlocking-6mm/ HTTP/1.1" 403 1242 "-" "Mozilla/5.0 AppleWebKit/537.36 (KHTML, like Gecko; compatible; Amazonbot/0.1; +https://developer.amazon.com/support/amazonbot) Chrome/119.0.6045.214 Safari/537.36"
144.76.19.157 - - [18/Aug/2026:13:54:07 +0000] "GET /product/lyon-vellichor/?add_to_wishlist=15565&_wpnonce=32cc803d74 HTTP/1.1" 200 44948 "-" "Mozilla/5.0 (compatible; SERankingBacklinksBot/1.0; +https://seranking.com/backlinks-crawler)"
57.141.4.60 - - [18/Aug/2026:13:54:10 +0000] "GET /detail/2127762699501 HTTP/2" 429 0 "-" "Mozilla/5.0 (X11; Linux x86_64) AppleWebKit/537.36 (KHTML, like Gecko) Chrome/145.0.0.0 Safari/537.36 (compatible; meta-externalagent/1.1 (+https://developers.facebook.com/docs/sharing/webmasters/crawler))"
34.206.249.188 - - [18/Aug/2026:13:54:11 +0000] "GET /product/norfolk/ HTTP/1.1" 403 1242 "-" "Mozilla/5.0 AppleWebKit/537.36 (KHTML, like Gecko; compatible; Amazonbot/0.1; +https://developer.amazon.com/support/amazonbot) Chrome/119.0.6045.214 Safari/537.36"
144.76.19.157 - - [18/Aug/2026:13:54:13 +0000] "GET /product/lyon-vellichor/?add_to_wishlist=15566&_wpnonce=bbb71dd7ae HTTP/1.1" 301 0 "-" "Mozilla/5.0 (compatible; SERankingBacklinksBot/1.0; +https://seranking.com/backlinks-crawler)"
23.23.212.212 - - [18/Aug/2026:13:54:15 +0000] "GET /product/auburn-3/ HTTP/1.1" 403 1242 "-" "Mozilla/5.0 AppleWebKit/537.36 (KHTML, like Gecko; compatible; Amazonbot/0.1; +https://developer.amazon.com/support/amazonbot) Chrome/119.0.6045.214 Safari/537.36"
144.76.19.157 - - [18/Aug/2026:13:54:14 +0000] "GET /product/lyon-vellichor/?add_to_wishlist=15566&_wpnonce=bbb71dd7ae HTTP/1.1" 200 44938 "-" "Mozilla/5.0 (compatible; SERankingBacklinksBot/1.0; +https://seranking.com/backlinks-crawler)"
44.216.172.204 - - [18/Aug/2026:13:54:18 +0000] "GET /product/maple-dapple-grey-2/ HTTP/1.1" 403 1242 "-" "Mozilla/5.0 AppleWebKit/537.36 (KHTML, like Gecko; compatible; Amazonbot/0.1; +https://developer.amazon.com/support/amazonbot) Chrome/119.0.6045.214 Safari/537.36"
144.76.19.157 - - [18/Aug/2026:13:54:20 +0000] "GET /product/lyon-vellichor/?add_to_wishlist=15569&_wpnonce=bbb71dd7ae HTTP/1.1" 301 0 "-" "Mozilla/5.0 (compatible; SERankingBacklinksBot/1.0; +https://seranking.com/backlinks-crawler)"
54.85.7.119 - - [18/Aug/2026:13:54:22 +0000] "GET /product/carrara-white-2x4-polished/ HTTP/1.1" 403 1242 "-" "Mozilla/5.0 AppleWebKit/537.36 (KHTML, like Gecko; compatible; Amazonbot/0.1; +https://developer.amazon.com/support/amazonbot) Chrome/119.0.6045.214 Safari/537.36"
144.76.19.157 - - [18/Aug/2026:13:54:22 +0000] "GET /product/lyon-vellichor/?add_to_wishlist=15569&_wpnonce=bbb71dd7ae HTTP/1.1" 200 44938 "-" "Mozilla/5.0 (compatible; SERankingBacklinksBot/1.0; +https://seranking.com/backlinks-crawler)"
144.76.19.157 - - [18/Aug/2026:13:54:28 +0000] "GET /product/lyon-vellichor/?add_to_wishlist=15570&_wpnonce=bbb71dd7ae HTTP/1.1" 301 0 "-" "Mozilla/5.0 (compatible; SERankingBacklinksBot/1.0; +https://seranking.com/backlinks-crawler)"
192.250.227.238 - - [18/Aug/2026:13:54:30 +0000] "POST /wp-cron.php?doing_wp_cron=1787061270.7873609066009521484375 HTTP/1.1" 200 0 "-" "WordPress/7.0.4; https://glamourflooringla.com"
144.76.19.157 - - [18/Aug/2026:13:54:29 +0000] "GET /product/lyon-vellichor/?add_to_wishlist=15570&_wpnonce=bbb71dd7ae HTTP/1.1" 200 44924 "-" "Mozilla/5.0 (compatible; SERankingBacklinksBot/1.0; +https://seranking.com/backlinks-crawler)"
181.209.72.75 - - [18/Aug/2026:13:54:33 +0000] "GET /product/slate-4/&title=Slate HTTP/1.1" 301 0 "https://www.glamourflooringla.com/product/slate-4/" "Mozilla/5.0 (Linux; Android 14; M2102J28) AppleWebKit/537.36 (KHTML, like Gecko) Chrome/151.0.5955.109 Mobile Safari/537.36"
144.76.19.157 - - [18/Aug/2026:13:54:35 +0000] "GET /product/lyon-vellichor/?add_to_wishlist=15573&_wpnonce=bbb71dd7ae HTTP/1.1" 301 0 "-" "Mozilla/5.0 (compatible; SERankingBacklinksBot/1.0; +https://seranking.com/backlinks-crawler)"
144.76.19.157 - - [18/Aug/2026:13:54:37 +0000] "GET /product/lyon-vellichor/?add_to_wishlist=15573&_wpnonce=bbb71dd7ae HTTP/1.1" 200 45008 "-" "Mozilla/5.0 (compatible; SERankingBacklinksBot/1.0; +https://seranking.com/backlinks-crawler)"
155.138.124.14 - - [18/Aug/2026:13:54:38 +0000] "GET / HTTP/1.1" 301 0 "https://www.glamourflooringla.com/product/slate-4/" "Mozilla/5.0 (Linux; Android 14; M2102J28) AppleWebKit/537.36 (KHTML, like Gecko) Chrome/151.0.5955.109 Mobile Safari/537.36"
144.76.19.157 - - [18/Aug/2026:13:54:42 +0000] "GET /product/lyon-vellichor/?add_to_wishlist=16165&_wpnonce=32cc803d74 HTTP/1.1" 301 0 "-" "Mozilla/5.0 (compatible; SERankingBacklinksBot/1.0; +https://seranking.com/backlinks-crawler)"
194.44.57.78 - - [18/Aug/2026:13:54:44 +0000] "GET / HTTP/1.1" 200 46843 "https://www.glamourflooringla.com/product/slate-4/" "Mozilla/5.0 (Linux; Android 14; M2102J28) AppleWebKit/537.36 (KHTML, like Gecko) Chrome/151.0.5955.109 Mobile Safari/537.36"
144.76.19.157 - - [18/Aug/2026:13:54:44 +0000] "GET /product/lyon-vellichor/?add_to_wishlist=16165&_wpnonce=32cc803d74 HTTP/1.1" 200 45076 "-" "Mozilla/5.0 (compatible; SERankingBacklinksBot/1.0; +https://seranking.com/backlinks-crawler)"
144.76.19.157 - - [18/Aug/2026:13:54:50 +0000] "GET /product/lyon-vellichor/?add_to_wishlist=16165&_wpnonce=bbb71dd7ae HTTP/1.1" 301 0 "-" "Mozilla/5.0 (compatible; SERankingBacklinksBot/1.0; +https://seranking.com/backlinks-crawler)"
144.76.19.157 - - [18/Aug/2026:13:54:52 +0000] "GET /product/lyon-vellichor/?add_to_wishlist=16165&_wpnonce=bbb71dd7ae HTTP/1.1" 200 44979 "-" "Mozilla/5.0 (compatible; SERankingBacklinksBot/1.0; +https://seranking.com/backlinks-crawler)"
