34.44.142.114 - - [18/Aug/2026:12:32:43 +0000] "GET /wp-content/plugins/wp-stats-manager/js/wsm_new.js HTTP/1.1" 200 17679 "https://glamourflooringla.com/laminate-flooring/" "Mozilla/5.0 (X11; Linux x86_64) AppleWebKit/537.36 (KHTML, like Gecko) Chrome/144.0.0.0 Safari/537.36"
144.76.19.157 - - [18/Aug/2026:12:32:43 +0000] "GET /product/la-borra-monarch/?add_to_wishlist=15570&_wpnonce=bbb71dd7ae HTTP/1.1" 301 0 "-" "Mozilla/5.0 (compatible; SERankingBacklinksBot/1.0; +https://seranking.com/backlinks-crawler)"
34.44.142.114 - - [18/Aug/2026:12:32:44 +0000] "GET /wp-content/themes/flatsome/assets/js/chunk.slider.js?ver=3.20.5 HTTP/1.1" 200 12971 "https://glamourflooringla.com/laminate-flooring/" "Mozilla/5.0 (X11; Linux x86_64) AppleWebKit/537.36 (KHTML, like Gecko) Chrome/144.0.0.0 Safari/537.36"
34.44.142.114 - - [18/Aug/2026:12:32:44 +0000] "GET /wp-content/themes/flatsome/assets/js/chunk.popups.js?ver=3.20.5 HTTP/1.1" 200 7210 "https://glamourflooringla.com/laminate-flooring/" "Mozilla/5.0 (X11; Linux x86_64) AppleWebKit/537.36 (KHTML, like Gecko) Chrome/144.0.0.0 Safari/537.36"
34.44.142.114 - - [18/Aug/2026:12:32:44 +0000] "GET /wp-content/themes/flatsome/assets/js/chunk.tooltips.js?ver=3.20.5 HTTP/1.1" 200 9743 "https://glamourflooringla.com/laminate-flooring/" "Mozilla/5.0 (X11; Linux x86_64) AppleWebKit/537.36 (KHTML, like Gecko) Chrome/144.0.0.0 Safari/537.36"
34.44.142.114 - - [18/Aug/2026:12:32:44 +0000] "POST /?wc-ajax=get_refreshed_fragments HTTP/1.1" 200 916 "https://glamourflooringla.com/laminate-flooring/" "Mozilla/5.0 (X11; Linux x86_64) AppleWebKit/537.36 (KHTML, like Gecko) Chrome/144.0.0.0 Safari/537.36"
34.44.142.114 - - [18/Aug/2026:12:32:45 +0000] "GET /wp-includes/js/wp-emoji-release.min.js?ver=7.0.4 HTTP/1.1" 200 4974 "https://glamourflooringla.com/laminate-flooring/" "Mozilla/5.0 (X11; Linux x86_64) AppleWebKit/537.36 (KHTML, like Gecko) Chrome/144.0.0.0 Safari/537.36"
34.44.142.114 - - [18/Aug/2026:12:32:45 +0000] "GET /?wmcAction=wmcTrack&action_name=Laminate%20Flooring%20Types%20Installation%20%7C%20Glamour%20Flooring%20LA&siteId=1&rec=1&rand=481253&h=12&m=32&s=43&url=https%3A%2F%2Fglamourflooringla.com%2Flaminate-flooring%2F&uid=0&pid=358&visitorId=ac3a0d420168ecb7&fvts=1787056364&vc=1&idn=0&refts=0&lvts=1787056364&fullRef=undefined&send_image=1&pdf=1&qt=0&rp=0&wma=0&dir=0&fla=0&java=0&gears=0&ag=0&cookie=1&res=1280x1024>ms=1787&pvId=SUIMdx&browser=Chrome_144&os=Linux_-&device=Desktop HTTP/1.1" 200 20 "https://glamourflooringla.com/laminate-flooring/" "Mozilla/5.0 (X11; Linux x86_64) AppleWebKit/537.36 (KHTML, like Gecko) Chrome/144.0.0.0 Safari/537.36"
144.76.19.157 - - [18/Aug/2026:12:32:45 +0000] "GET /product/la-borra-monarch/?add_to_wishlist=15570&_wpnonce=bbb71dd7ae HTTP/1.1" 200 44976 "-" "Mozilla/5.0 (compatible; SERankingBacklinksBot/1.0; +https://seranking.com/backlinks-crawler)"
34.44.142.114 - - [18/Aug/2026:12:32:47 +0000] "GET /favicon.ico HTTP/1.1" 302 0 "https://glamourflooringla.com/laminate-flooring/" "Mozilla/5.0 (X11; Linux x86_64) AppleWebKit/537.36 (KHTML, like Gecko) Chrome/144.0.0.0 Safari/537.36"
34.44.142.114 - - [18/Aug/2026:12:32:48 +0000] "GET /wp-content/uploads/2019/03/logo-n.png HTTP/1.1" 200 5964 "https://glamourflooringla.com/laminate-flooring/" "Mozilla/5.0 (X11; Linux x86_64) AppleWebKit/537.36 (KHTML, like Gecko) Chrome/144.0.0.0 Safari/537.36"
144.76.19.157 - - [18/Aug/2026:12:32:51 +0000] "GET /product/la-borra-monarch/?add_to_wishlist=15903&_wpnonce=bbb71dd7ae HTTP/1.1" 301 0 "-" "Mozilla/5.0 (compatible; SERankingBacklinksBot/1.0; +https://seranking.com/backlinks-crawler)"
144.76.19.157 - - [18/Aug/2026:12:32:53 +0000] "GET /product/la-borra-monarch/?add_to_wishlist=15903&_wpnonce=bbb71dd7ae HTTP/1.1" 200 44973 "-" "Mozilla/5.0 (compatible; SERankingBacklinksBot/1.0; +https://seranking.com/backlinks-crawler)"
144.76.19.157 - - [18/Aug/2026:12:32:58 +0000] "GET /product/la-lima-monarch/?add_to_wishlist=15487&_wpnonce=ee2ab5adbb HTTP/1.1" 301 0 "-" "Mozilla/5.0 (compatible; SERankingBacklinksBot/1.0; +https://seranking.com/backlinks-crawler)"
144.76.19.157 - - [18/Aug/2026:12:33:00 +0000] "GET /product/la-lima-monarch/?add_to_wishlist=15487&_wpnonce=ee2ab5adbb HTTP/1.1" 200 45027 "-" "Mozilla/5.0 (compatible; SERankingBacklinksBot/1.0; +https://seranking.com/backlinks-crawler)"
57.141.4.16 - - [18/Aug/2026:12:33:04 +0000] "GET /product-category/engineered-hardwood-floor/page/2/?add_to_wishlist=15949&_wpnonce=ae2ed4ad8c HTTP/2" 429 0 "-" "Mozilla/5.0 (Macintosh; Intel Mac OS X 10.15; rv:147.0) Gecko/20100101 Firefox/147.0 (compatible; meta-externalagent/1.1 (+https://developers.facebook.com/docs/sharing/webmasters/crawler))"
144.76.19.157 - - [18/Aug/2026:12:33:05 +0000] "GET /product/la-lima-monarch/?add_to_wishlist=15492&_wpnonce=ee2ab5adbb HTTP/1.1" 301 0 "-" "Mozilla/5.0 (compatible; SERankingBacklinksBot/1.0; +https://seranking.com/backlinks-crawler)"
144.76.19.157 - - [18/Aug/2026:12:33:07 +0000] "GET /product/la-lima-monarch/?add_to_wishlist=15492&_wpnonce=ee2ab5adbb HTTP/1.1" 200 45034 "-" "Mozilla/5.0 (compatible; SERankingBacklinksBot/1.0; +https://seranking.com/backlinks-crawler)"
144.76.19.157 - - [18/Aug/2026:12:33:13 +0000] "GET /product/la-lima-monarch/?add_to_wishlist=15495&_wpnonce=ee2ab5adbb HTTP/1.1" 301 0 "-" "Mozilla/5.0 (compatible; SERankingBacklinksBot/1.0; +https://seranking.com/backlinks-crawler)"
144.76.19.157 - - [18/Aug/2026:12:33:15 +0000] "GET /product/la-lima-monarch/?add_to_wishlist=15495&_wpnonce=ee2ab5adbb HTTP/1.1" 200 44979 "-" "Mozilla/5.0 (compatible; SERankingBacklinksBot/1.0; +https://seranking.com/backlinks-crawler)"
144.76.19.157 - - [18/Aug/2026:12:33:20 +0000] "GET /product/la-lima-monarch/?add_to_wishlist=15507&_wpnonce=ee2ab5adbb HTTP/1.1" 301 0 "-" "Mozilla/5.0 (compatible; SERankingBacklinksBot/1.0; +https://seranking.com/backlinks-crawler)"
104.28.225.15 - - [18/Aug/2026:12:33:19 +0000] "GET /product/sebastian-california-classics/ HTTP/1.1" 200 38405 "-" "Mozilla/5.0 (Macintosh; Intel Mac OS X 10_15_7) AppleWebKit/537.36 (KHTML, like Gecko) Chrome/133.0.0.0 Safari/537.36"
144.76.19.157 - - [18/Aug/2026:12:33:22 +0000] "GET /product/la-lima-monarch/?add_to_wishlist=15507&_wpnonce=ee2ab5adbb HTTP/1.1" 200 44980 "-" "Mozilla/5.0 (compatible; SERankingBacklinksBot/1.0; +https://seranking.com/backlinks-crawler)"
144.76.19.157 - - [18/Aug/2026:12:33:27 +0000] "GET /product/la-lima-monarch/?add_to_wishlist=15549&_wpnonce=ee2ab5adbb HTTP/1.1" 301 0 "-" "Mozilla/5.0 (compatible; SERankingBacklinksBot/1.0; +https://seranking.com/backlinks-crawler)"
192.250.227.238 - - [18/Aug/2026:12:33:30 +0000] "POST /wp-cron.php?doing_wp_cron=1787056410.7686920166015625000000 HTTP/1.1" 200 0 "-" "WordPress/7.0.4; https://glamourflooringla.com"
144.76.19.157 - - [18/Aug/2026:12:33:29 +0000] "GET /product/la-lima-monarch/?add_to_wishlist=15549&_wpnonce=ee2ab5adbb HTTP/1.1" 200 44976 "-" "Mozilla/5.0 (compatible; SERankingBacklinksBot/1.0; +https://seranking.com/backlinks-crawler)"
144.76.19.157 - - [18/Aug/2026:12:33:35 +0000] "GET /product/la-lima-monarch/?add_to_wishlist=15555&_wpnonce=ee2ab5adbb HTTP/1.1" 301 0 "-" "Mozilla/5.0 (compatible; SERankingBacklinksBot/1.0; +https://seranking.com/backlinks-crawler)"
144.76.19.157 - - [18/Aug/2026:12:33:37 +0000] "GET /product/la-lima-monarch/?add_to_wishlist=15555&_wpnonce=ee2ab5adbb HTTP/1.1" 200 44961 "-" "Mozilla/5.0 (compatible; SERankingBacklinksBot/1.0; +https://seranking.com/backlinks-crawler)"
144.76.19.157 - - [18/Aug/2026:12:33:42 +0000] "GET /product/la-lima-monarch/?add_to_wishlist=15559&_wpnonce=ee2ab5adbb HTTP/1.1" 301 0 "-" "Mozilla/5.0 (compatible; SERankingBacklinksBot/1.0; +https://seranking.com/backlinks-crawler)"
144.76.19.157 - - [18/Aug/2026:12:33:44 +0000] "GET /product/la-lima-monarch/?add_to_wishlist=15559&_wpnonce=ee2ab5adbb HTTP/1.1" 200 44906 "-" "Mozilla/5.0 (compatible; SERankingBacklinksBot/1.0; +https://seranking.com/backlinks-crawler)"
144.76.19.157 - - [18/Aug/2026:12:33:50 +0000] "GET /product/la-lima-monarch/?add_to_wishlist=15570&_wpnonce=ee2ab5adbb HTTP/1.1" 301 0 "-" "Mozilla/5.0 (compatible; SERankingBacklinksBot/1.0; +https://seranking.com/backlinks-crawler)"
83.99.206.222 - - [18/Aug/2026:12:33:50 +0000] "GET /product/astoria-provenza-floors/ HTTP/1.1" 200 38623 "-" "Mozilla/5.0 (X11; Linux x86_64) AppleWebKit/537.36 (KHTML, like Gecko; GeedoShopProductFinder) Chrome/142.0.0.0 Safari/537.36"
144.76.19.157 - - [18/Aug/2026:12:33:52 +0000] "GET /product/la-lima-monarch/?add_to_wishlist=15570&_wpnonce=ee2ab5adbb HTTP/1.1" 200 44931 "-" "Mozilla/5.0 (compatible; SERankingBacklinksBot/1.0; +https://seranking.com/backlinks-crawler)"
144.76.19.157 - - [18/Aug/2026:12:33:57 +0000] "GET /product/la-lima-monarch/?add_to_wishlist=16101&_wpnonce=ee2ab5adbb HTTP/1.1" 301 0 "-" "Mozilla/5.0 (compatible; SERankingBacklinksBot/1.0; +https://seranking.com/backlinks-crawler)"
144.76.19.157 - - [18/Aug/2026:12:33:59 +0000] "GET /product/la-lima-monarch/?add_to_wishlist=16101&_wpnonce=ee2ab5adbb HTTP/1.1" 200 44950 "-" "Mozilla/5.0 (compatible; SERankingBacklinksBot/1.0; +https://seranking.com/backlinks-crawler)"
144.76.19.157 - - [18/Aug/2026:12:34:03 +0000] "GET /product/laguna-beach/ HTTP/1.1" 301 0 "-" "Mozilla/5.0 (compatible; SERankingBacklinksBot/1.0; +https://seranking.com/backlinks-crawler)"
144.76.19.157 - - [18/Aug/2026:12:34:04 +0000] "GET /product/laguna-beach/ HTTP/1.1" 200 46439 "-" "Mozilla/5.0 (compatible; SERankingBacklinksBot/1.0; +https://seranking.com/backlinks-crawler)"
121.229.156.102 - - [18/Aug/2026:12:34:07 +0000] "GET /product/water-wheel/ HTTP/1.1" 301 0 "-" "Sogou web spider/4.0(+http://www.sogou.com/docs/help/webmasters.htm#07)"
144.76.19.157 - - [18/Aug/2026:12:34:09 +0000] "GET /product/laguna-beach/?add_to_wishlist=15487&_wpnonce=44202cc6af HTTP/1.1" 301 0 "-" "Mozilla/5.0 (compatible; SERankingBacklinksBot/1.0; +https://seranking.com/backlinks-crawler)"
57.141.4.16 - - [18/Aug/2026:12:34:10 +0000] "GET /detail/2179703311455 HTTP/2" 429 0 "-" "Mozilla/5.0 (Windows NT 10.0; Win64; x64) AppleWebKit/537.36 (KHTML, like Gecko) Chrome/145.0.0.0 Safari/537.36 (compatible; meta-externalagent/1.1 (+https://developers.facebook.com/docs/sharing/webmasters/crawler))"
83.99.206.222 - - [18/Aug/2026:12:34:10 +0000] "GET /malibu-flooring-installation-kitchen-countertops/ HTTP/1.1" 200 32865 "-" "Mozilla/5.0 (X11; Linux x86_64) AppleWebKit/537.36 (KHTML, like Gecko; GeedoShopProductFinder) Chrome/142.0.0.0 Safari/537.36"
144.76.19.157 - - [18/Aug/2026:12:34:10 +0000] "GET /product/laguna-beach/?add_to_wishlist=15487&_wpnonce=44202cc6af HTTP/1.1" 200 46315 "-" "Mozilla/5.0 (compatible; SERankingBacklinksBot/1.0; +https://seranking.com/backlinks-crawler)"
121.229.156.102 - - [18/Aug/2026:12:34:12 +0000] "GET / HTTP/1.1" 301 0 "-" "Sogou web spider/4.0(+http://www.sogou.com/docs/help/webmasters.htm#07)"
144.76.19.157 - - [18/Aug/2026:12:34:15 +0000] "GET /product/laguna-beach/?add_to_wishlist=15487&_wpnonce=bbb71dd7ae HTTP/1.1" 301 0 "-" "Mozilla/5.0 (compatible; SERankingBacklinksBot/1.0; +https://seranking.com/backlinks-crawler)"
121.229.156.102 - - [18/Aug/2026:12:34:15 +0000] "GET / HTTP/1.1" 200 54129 "-" "Sogou web spider/4.0(+http://www.sogou.com/docs/help/webmasters.htm#07)"
144.76.19.157 - - [18/Aug/2026:12:34:16 +0000] "GET /product/laguna-beach/?add_to_wishlist=15487&_wpnonce=bbb71dd7ae HTTP/1.1" 200 46395 "-" "Mozilla/5.0 (compatible; SERankingBacklinksBot/1.0; +https://seranking.com/backlinks-crawler)"
144.76.19.157 - - [18/Aug/2026:12:34:21 +0000] "GET /product/laguna-beach/?add_to_wishlist=15492&_wpnonce=bbb71dd7ae HTTP/1.1" 301 0 "-" "Mozilla/5.0 (compatible; SERankingBacklinksBot/1.0; +https://seranking.com/backlinks-crawler)"
144.76.19.157 - - [18/Aug/2026:12:34:23 +0000] "GET /product/laguna-beach/?add_to_wishlist=15492&_wpnonce=bbb71dd7ae HTTP/1.1" 200 46384 "-" "Mozilla/5.0 (compatible; SERankingBacklinksBot/1.0; +https://seranking.com/backlinks-crawler)"
144.76.19.157 - - [18/Aug/2026:12:34:28 +0000] "GET /product/laguna-beach/?add_to_wishlist=15495&_wpnonce=44202cc6af HTTP/1.1" 301 0 "-" "Mozilla/5.0 (compatible; SERankingBacklinksBot/1.0; +https://seranking.com/backlinks-crawler)"
192.250.227.238 - - [18/Aug/2026:12:34:31 +0000] "POST /wp-cron.php?doing_wp_cron=1787056471.3027369976043701171875 HTTP/1.1" 200 0 "-" "WordPress/7.0.4; https://glamourflooringla.com"
83.99.206.222 - - [18/Aug/2026:12:34:30 +0000] "GET /product/pisarro-vellichor/2 HTTP/1.1" 301 0 "-" "Mozilla/5.0 (X11; Linux x86_64) AppleWebKit/537.36 (KHTML, like Gecko; GeedoShopProductFinder) Chrome/142.0.0.0 Safari/537.36"
83.99.206.222 - - [18/Aug/2026:12:34:31 +0000] "GET / HTTP/1.1" 200 46840 "-" "Mozilla/5.0 (X11; Linux x86_64) AppleWebKit/537.36 (KHTML, like Gecko; GeedoShopProductFinder) Chrome/142.0.0.0 Safari/537.36"
192.250.227.238 - - [18/Aug/2026:12:34:32 +0000] "POST /wp-cron.php?doing_wp_cron=1787056472.0818560123443603515625 HTTP/1.1" 200 0 "-" "WordPress/7.0.4; https://glamourflooringla.com"
144.76.19.157 - - [18/Aug/2026:12:34:30 +0000] "GET /product/laguna-beach/?add_to_wishlist=15495&_wpnonce=44202cc6af HTTP/1.1" 200 46313 "-" "Mozilla/5.0 (compatible; SERankingBacklinksBot/1.0; +https://seranking.com/backlinks-crawler)"
144.76.19.157 - - [18/Aug/2026:12:34:36 +0000] "GET /product/laguna-beach/?add_to_wishlist=15495&_wpnonce=bbb71dd7ae HTTP/1.1" 301 0 "-" "Mozilla/5.0 (compatible; SERankingBacklinksBot/1.0; +https://seranking.com/backlinks-crawler)"
121.229.156.102 - - [18/Aug/2026:12:34:39 +0000] "GET / HTTP/1.1" 200 54129 "-" "Sogou web spider/4.0(+http://www.sogou.com/docs/help/webmasters.htm#07)"
144.76.19.157 - - [18/Aug/2026:12:34:38 +0000] "GET /product/laguna-beach/?add_to_wishlist=15495&_wpnonce=bbb71dd7ae HTTP/1.1" 200 46383 "-" "Mozilla/5.0 (compatible; SERankingBacklinksBot/1.0; +https://seranking.com/backlinks-crawler)"
144.76.19.157 - - [18/Aug/2026:12:34:44 +0000] "GET /product/laguna-beach/?add_to_wishlist=15507&_wpnonce=bbb71dd7ae HTTP/1.1" 301 0 "-" "Mozilla/5.0 (compatible; SERankingBacklinksBot/1.0; +https://seranking.com/backlinks-crawler)"
144.76.19.157 - - [18/Aug/2026:12:34:46 +0000] "GET /product/laguna-beach/?add_to_wishlist=15507&_wpnonce=bbb71dd7ae HTTP/1.1" 200 46363 "-" "Mozilla/5.0 (compatible; SERankingBacklinksBot/1.0; +https://seranking.com/backlinks-crawler)"
83.99.206.222 - - [18/Aug/2026:12:34:50 +0000] "GET /product/nightingale/ HTTP/1.1" 200 38731 "-" "Mozilla/5.0 (X11; Linux x86_64) AppleWebKit/537.36 (KHTML, like Gecko; GeedoShopProductFinder) Chrome/142.0.0.0 Safari/537.36"
144.76.19.157 - - [18/Aug/2026:12:34:51 +0000] "GET /product/laguna-beach/?add_to_wishlist=15510&_wpnonce=44202cc6af HTTP/1.1" 301 0 "-" "Mozilla/5.0 (compatible; SERankingBacklinksBot/1.0; +https://seranking.com/backlinks-crawler)"
144.76.19.157 - - [18/Aug/2026:12:34:53 +0000] "GET /product/laguna-beach/?add_to_wishlist=15510&_wpnonce=44202cc6af HTTP/1.1" 200 46384 "-" "Mozilla/5.0 (compatible; SERankingBacklinksBot/1.0; +https://seranking.com/backlinks-crawler)"
155.212.38.86 - - [18/Aug/2026:12:34:55 +0000] "GET / HTTP/1.1" 200 46840 "-" "Mozilla/5.0 (Macintosh; Intel Mac OS X 10_15_7) AppleWebKit/605.1.15 (KHTML, like Gecko) Version/26.0.1 Safari/605.1.15"
144.76.19.157 - - [18/Aug/2026:12:34:59 +0000] "GET /product/laguna-beach/?add_to_wishlist=15510&_wpnonce=bbb71dd7ae HTTP/1.1" 301 0 "-" "Mozilla/5.0 (compatible; SERankingBacklinksBot/1.0; +https://seranking.com/backlinks-crawler)"
144.76.19.157 - - [18/Aug/2026:12:35:01 +0000] "GET /product/laguna-beach/?add_to_wishlist=15510&_wpnonce=bbb71dd7ae HTTP/1.1" 200 46281 "-" "Mozilla/5.0 (compatible; SERankingBacklinksBot/1.0; +https://seranking.com/backlinks-crawler)"
63.141.48.89 - - [18/Aug/2026:12:35:07 +0000] "GET / HTTP/2" 301 0 "https://www.thomasnet.com/" "Mozilla/5.0 (Windows NT 10.0; Win64; x64) AppleWebKit/537.36 (KHTML, like Gecko) Chrome/150.0.0.0 Safari/537.36"
144.76.19.157 - - [18/Aug/2026:12:35:07 +0000] "GET /product/laguna-beach/?add_to_wishlist=15519&_wpnonce=bbb71dd7ae HTTP/1.1" 301 0 "-" "Mozilla/5.0 (compatible; SERankingBacklinksBot/1.0; +https://seranking.com/backlinks-crawler)"
144.76.19.157 - - [18/Aug/2026:12:35:09 +0000] "GET /product/laguna-beach/?add_to_wishlist=15519&_wpnonce=bbb71dd7ae HTTP/1.1" 200 46347 "-" "Mozilla/5.0 (compatible; SERankingBacklinksBot/1.0; +https://seranking.com/backlinks-crawler)"
83.99.206.222 - - [18/Aug/2026:12:35:10 +0000] "GET /product/vail-her-urb/ HTTP/1.1" 200 38587 "-" "Mozilla/5.0 (X11; Linux x86_64) AppleWebKit/537.36 (KHTML, like Gecko; GeedoShopProductFinder) Chrome/142.0.0.0 Safari/537.36"
63.141.48.89 - - [18/Aug/2026:12:35:14 +0000] "GET / HTTP/2" 200 46840 "https://www.thomasnet.com/" "Mozilla/5.0 (Windows NT 10.0; Win64; x64) AppleWebKit/537.36 (KHTML, like Gecko) Chrome/150.0.0.0 Safari/537.36"
63.141.48.89 - - [18/Aug/2026:12:35:15 +0000] "GET /wp-content/plugins/wp-live-chat-software-for-wordpress/includes/css/widgets.css?ver=5.0.12 HTTP/2" 200 141 "https://glamourflooringla.com/" "Mozilla/5.0 (Windows NT 10.0; Win64; x64) AppleWebKit/537.36 (KHTML, like Gecko) Chrome/150.0.0.0 Safari/537.36"
63.141.48.89 - - [18/Aug/2026:12:35:15 +0000] "GET /wp-content/plugins/wp-live-chat-software-for-wordpress/includes/css/text-icons.css?ver=5.0.12 HTTP/2" 200 293 "https://glamourflooringla.com/" "Mozilla/5.0 (Windows NT 10.0; Win64; x64) AppleWebKit/537.36 (KHTML, like Gecko) Chrome/150.0.0.0 Safari/537.36"
63.141.48.89 - - [18/Aug/2026:12:35:15 +0000] "GET /wp-includes/css/dashicons.min.css?ver=7.0.4 HTTP/2" 200 35101 "https://glamourflooringla.com/" "Mozilla/5.0 (Windows NT 10.0; Win64; x64) AppleWebKit/537.36 (KHTML, like Gecko) Chrome/150.0.0.0 Safari/537.36"
144.76.19.157 - - [18/Aug/2026:12:35:14 +0000] "GET /product/laguna-beach/?add_to_wishlist=15521&_wpnonce=32cc803d74 HTTP/1.1" 301 0 "-" "Mozilla/5.0 (compatible; SERankingBacklinksBot/1.0; +https://seranking.com/backlinks-crawler)"
63.141.48.89 - - [18/Aug/2026:12:35:15 +0000] "GET /wp-includes/css/admin-bar.min.css?ver=7.0.4 HTTP/2" 200 3698 "https://glamourflooringla.com/" "Mozilla/5.0 (Windows NT 10.0; Win64; x64) AppleWebKit/537.36 (KHTML, like Gecko) Chrome/150.0.0.0 Safari/537.36"
63.141.48.89 - - [18/Aug/2026:12:35:15 +0000] "GET /wp-content/plugins/contact-form-7/includes/css/styles.css?ver=6.1.7 HTTP/2" 200 902 "https://glamourflooringla.com/" "Mozilla/5.0 (Windows NT 10.0; Win64; x64) AppleWebKit/537.36 (KHTML, like Gecko) Chrome/150.0.0.0 Safari/537.36"
63.141.48.89 - - [18/Aug/2026:12:35:15 +0000] "GET /wp-content/plugins/date-time-picker-for-contact-form-7/assets/css/jquery.datetimepicker.min.css?ver=1.0.0 HTTP/2" 200 4177 "https://glamourflooringla.com/" "Mozilla/5.0 (Windows NT 10.0; Win64; x64) AppleWebKit/537.36 (KHTML, like Gecko) Chrome/150.0.0.0 Safari/537.36"
63.141.48.89 - - [18/Aug/2026:12:35:17 +0000] "GET /wp-content/plugins/testimonial-slider-and-showcase/assets/css/wptestimonial.css?ver=2.4.2 HTTP/2" 200 8255 "https://glamourflooringla.com/" "Mozilla/5.0 (Windows NT 10.0; Win64; x64) AppleWebKit/537.36 (KHTML, like Gecko) Chrome/150.0.0.0 Safari/537.36"
63.141.48.89 - - [18/Aug/2026:12:35:17 +0000] "GET /wp-content/plugins/wp-stats-manager/css/style.css?ver=1.2 HTTP/2" 200 1751 "https://glamourflooringla.com/" "Mozilla/5.0 (Windows NT 10.0; Win64; x64) AppleWebKit/537.36 (KHTML, like Gecko) Chrome/150.0.0.0 Safari/537.36"
63.141.48.89 - - [18/Aug/2026:12:35:17 +0000] "GET /wp-content/themes/flatsome/inc/integrations/wc-yith-wishlist/wishlist.css?ver=3.20.5 HTTP/2" 200 1160 "https://glamourflooringla.com/" "Mozilla/5.0 (Windows NT 10.0; Win64; x64) AppleWebKit/537.36 (KHTML, like Gecko) Chrome/150.0.0.0 Safari/537.36"
144.76.19.157 - - [18/Aug/2026:12:35:16 +0000] "GET /product/laguna-beach/?add_to_wishlist=15521&_wpnonce=32cc803d74 HTTP/1.1" 200 46351 "-" "Mozilla/5.0 (compatible; SERankingBacklinksBot/1.0; +https://seranking.com/backlinks-crawler)"
57.141.4.27 - - [18/Aug/2026:12:35:18 +0000] "GET /detail/1237347349622 HTTP/2" 429 0 "-" "Mozilla/5.0 (Windows NT 10.0; Win64; x64) AppleWebKit/537.36 (KHTML, like Gecko) Chrome/145.0.0.0 Safari/537.36 (compatible; meta-externalagent/1.1 (+https://developers.facebook.com/docs/sharing/webmasters/crawler))"
63.141.48.89 - - [18/Aug/2026:12:35:20 +0000] "GET /wp-content/plugins/elementor/assets/css/frontend.min.css?ver=4.2.2 HTTP/2" 200 6613 "https://glamourflooringla.com/" "Mozilla/5.0 (Windows NT 10.0; Win64; x64) AppleWebKit/537.36 (KHTML, like Gecko) Chrome/150.0.0.0 Safari/537.36"
63.141.48.89 - - [18/Aug/2026:12:35:20 +0000] "GET /wp-content/uploads/elementor/css/post-17606.css?ver=1786988062 HTTP/2" 200 458 "https://glamourflooringla.com/" "Mozilla/5.0 (Windows NT 10.0; Win64; x64) AppleWebKit/537.36 (KHTML, like Gecko) Chrome/150.0.0.0 Safari/537.36"
63.141.48.89 - - [18/Aug/2026:12:35:20 +0000] "GET /wp-content/plugins/elementor/assets/css/widget-heading.min.css?ver=4.2.2 HTTP/2" 200 126 "https://glamourflooringla.com/" "Mozilla/5.0 (Windows NT 10.0; Win64; x64) AppleWebKit/537.36 (KHTML, like Gecko) Chrome/150.0.0.0 Safari/537.36"
144.76.19.157 - - [18/Aug/2026:12:35:22 +0000] "GET /product/laguna-beach/?add_to_wishlist=15521&_wpnonce=bbb71dd7ae HTTP/1.1" 301 0 "-" "Mozilla/5.0 (compatible; SERankingBacklinksBot/1.0; +https://seranking.com/backlinks-crawler)"
144.76.19.157 - - [18/Aug/2026:12:35:24 +0000] "GET /product/laguna-beach/?add_to_wishlist=15521&_wpnonce=bbb71dd7ae HTTP/1.1" 200 46392 "-" "Mozilla/5.0 (compatible; SERankingBacklinksBot/1.0; +https://seranking.com/backlinks-crawler)"
63.141.48.89 - - [18/Aug/2026:12:35:27 +0000] "GET /wp-content/plugins/elementor/assets/css/widget-image.min.css?ver=4.2.2 HTTP/2" 200 96 "https://glamourflooringla.com/" "Mozilla/5.0 (Windows NT 10.0; Win64; x64) AppleWebKit/537.36 (KHTML, like Gecko) Chrome/150.0.0.0 Safari/537.36"
63.141.48.89 - - [18/Aug/2026:12:35:27 +0000] "GET /wp-content/plugins/elementor-pro/assets/css/widget-form.min.css?ver=4.2.1 HTTP/2" 200 1405 "https://glamourflooringla.com/" "Mozilla/5.0 (Windows NT 10.0; Win64; x64) AppleWebKit/537.36 (KHTML, like Gecko) Chrome/150.0.0.0 Safari/537.36"
63.141.48.89 - - [18/Aug/2026:12:35:27 +0000] "GET /wp-content/plugins/elementor/assets/lib/animations/styles/e-animation-shrink.min.css?ver=4.2.2 HTTP/2" 200 95 "https://glamourflooringla.com/" "Mozilla/5.0 (Windows NT 10.0; Win64; x64) AppleWebKit/537.36 (KHTML, like Gecko) Chrome/150.0.0.0 Safari/537.36"
121.229.156.88 - - [18/Aug/2026:12:35:26 +0000] "GET /product-category/waterproof-flooring/spc/?add_to_wishlist=18402&_wpnonce=75ef10c4e6 HTTP/1.1" 200 50772 "-" "Sogou web spider/4.0(+http://www.sogou.com/docs/help/webmasters.htm#07)"
63.141.48.89 - - [18/Aug/2026:12:35:27 +0000] "GET /wp-content/plugins/elementor/assets/css/widget-icon-box.min.css?ver=4.2.2 HTTP/2" 200 356 "https://glamourflooringla.com/" "Mozilla/5.0 (Windows NT 10.0; Win64; x64) AppleWebKit/537.36 (KHTML, like Gecko) Chrome/150.0.0.0 Safari/537.36"
63.141.48.89 - - [18/Aug/2026:12:35:27 +0000] "GET /wp-content/plugins/elementor/assets/css/conditionals/e-swiper.min.css?ver=4.2.2 HTTP/2" 200 699 "https://glamourflooringla.com/" "Mozilla/5.0 (Windows NT 10.0; Win64; x64) AppleWebKit/537.36 (KHTML, like Gecko) Chrome/150.0.0.0 Safari/537.36"
63.141.48.89 - - [18/Aug/2026:12:35:27 +0000] "GET /wp-content/plugins/elementor/assets/lib/swiper/v8/css/swiper.min.css?ver=8.4.5 HTTP/2" 200 4248 "https://glamourflooringla.com/" "Mozilla/5.0 (Windows NT 10.0; Win64; x64) AppleWebKit/537.36 (KHTML, like Gecko) Chrome/150.0.0.0 Safari/537.36"
63.141.48.89 - - [18/Aug/2026:12:35:28 +0000] "GET /wp-content/plugins/elementor/assets/css/widget-image-carousel.min.css?ver=4.2.2 HTTP/2" 200 140 "https://glamourflooringla.com/" "Mozilla/5.0 (Windows NT 10.0; Win64; x64) AppleWebKit/537.36 (KHTML, like Gecko) Chrome/150.0.0.0 Safari/537.36"
63.141.48.89 - - [18/Aug/2026:12:35:28 +0000] "GET /wp-content/plugins/elementor/assets/css/widget-video.min.css?ver=4.2.2 HTTP/2" 200 328 "https://glamourflooringla.com/" "Mozilla/5.0 (Windows NT 10.0; Win64; x64) AppleWebKit/537.36 (KHTML, like Gecko) Chrome/150.0.0.0 Safari/537.36"
63.141.48.89 - - [18/Aug/2026:12:35:28 +0000] "GET /wp-content/plugins/elementor/assets/css/widget-icon-list.min.css?ver=4.2.2 HTTP/2" 200 928 "https://glamourflooringla.com/" "Mozilla/5.0 (Windows NT 10.0; Win64; x64) AppleWebKit/537.36 (KHTML, like Gecko) Chrome/150.0.0.0 Safari/537.36"
63.141.48.89 - - [18/Aug/2026:12:35:30 +0000] "GET /wp-content/plugins/variation-swatches-for-woocommerce/assets/css/frontend.css?ver=2.2.7 HTTP/2" 200 6201 "https://glamourflooringla.com/" "Mozilla/5.0 (Windows NT 10.0; Win64; x64) AppleWebKit/537.36 (KHTML, like Gecko) Chrome/150.0.0.0 Safari/537.36"
63.141.48.89 - - [18/Aug/2026:12:35:30 +0000] "GET /wp-content/plugins/elementor/assets/lib/animations/styles/slideInUp.min.css?ver=4.2.2 HTTP/2" 200 146 "https://glamourflooringla.com/" "Mozilla/5.0 (Windows NT 10.0; Win64; x64) AppleWebKit/537.36 (KHTML, like Gecko) Chrome/150.0.0.0 Safari/537.36"
63.141.48.89 - - [18/Aug/2026:12:35:30 +0000] "GET /wp-content/uploads/elementor/css/post-17829.css?ver=1787034666 HTTP/2" 200 5899 "https://glamourflooringla.com/" "Mozilla/5.0 (Windows NT 10.0; Win64; x64) AppleWebKit/537.36 (KHTML, like Gecko) Chrome/150.0.0.0 Safari/537.36"
144.76.19.157 - - [18/Aug/2026:12:35:30 +0000] "GET /product/laguna-beach/?add_to_wishlist=15538&_wpnonce=bbb71dd7ae HTTP/1.1" 301 0 "-" "Mozilla/5.0 (compatible; SERankingBacklinksBot/1.0; +https://seranking.com/backlinks-crawler)"
63.141.48.89 - - [18/Aug/2026:12:35:30 +0000] "GET /wp-content/plugins/elementskit-lite/widgets/init/assets/css/common.css?ver=4.0.1 HTTP/2" 200 17916 "https://glamourflooringla.com/" "Mozilla/5.0 (Windows NT 10.0; Win64; x64) AppleWebKit/537.36 (KHTML, like Gecko) Chrome/150.0.0.0 Safari/537.36"
63.141.48.89 - - [18/Aug/2026:12:35:30 +0000] "GET /wp-content/plugins/elementskit-lite/widgets/init/assets/css/nav-menu.css?ver=4.0.1 HTTP/2" 200 2974 "https://glamourflooringla.com/" "Mozilla/5.0 (Windows NT 10.0; Win64; x64) AppleWebKit/537.36 (KHTML, like Gecko) Chrome/150.0.0.0 Safari/537.36"
63.141.48.89 - - [18/Aug/2026:12:35:30 +0000] "GET /wp-content/plugins/elementskit-lite/widgets/init/assets/css/header-search.css?ver=4.0.1 HTTP/2" 200 663 "https://glamourflooringla.com/" "Mozilla/5.0 (Windows NT 10.0; Win64; x64) AppleWebKit/537.36 (KHTML, like Gecko) Chrome/150.0.0.0 Safari/537.36"
83.99.206.222 - - [18/Aug/2026:12:35:30 +0000] "GET /product/yukon-peak-tecsun/2 HTTP/1.1" 301 0 "-" "Mozilla/5.0 (X11; Linux x86_64) AppleWebKit/537.36 (KHTML, like Gecko; GeedoShopProductFinder) Chrome/142.0.0.0 Safari/537.36"
63.141.48.89 - - [18/Aug/2026:12:35:31 +0000] "GET /wp-content/plugins/elementskit-lite/widgets/init/assets/css/header-offcanvas.css?ver=4.0.1 HTTP/2" 200 634 "https://glamourflooringla.com/" "Mozilla/5.0 (Windows NT 10.0; Win64; x64) AppleWebKit/537.36 (KHTML, like Gecko) Chrome/150.0.0.0 Safari/537.36"
63.141.48.89 - - [18/Aug/2026:12:35:31 +0000] "GET /wp-content/plugins/elementskit-lite/widgets/init/assets/css/header-info.css?ver=4.0.1 HTTP/2" 200 163 "https://glamourflooringla.com/" "Mozilla/5.0 (Windows NT 10.0; Win64; x64) AppleWebKit/537.36 (KHTML, like Gecko) Chrome/150.0.0.0 Safari/537.36"
63.141.48.89 - - [18/Aug/2026:12:35:31 +0000] "GET /wp-content/themes/flatsome/assets/css/flatsome.css?ver=3.20.5 HTTP/2" 200 28866 "https://glamourflooringla.com/" "Mozilla/5.0 (Windows NT 10.0; Win64; x64) AppleWebKit/537.36 (KHTML, like Gecko) Chrome/150.0.0.0 Safari/537.36"
83.99.206.222 - - [18/Aug/2026:12:35:31 +0000] "GET / HTTP/1.1" 200 46840 "-" "Mozilla/5.0 (X11; Linux x86_64) AppleWebKit/537.36 (KHTML, like Gecko; GeedoShopProductFinder) Chrome/142.0.0.0 Safari/537.36"
63.141.48.89 - - [18/Aug/2026:12:35:31 +0000] "GET /wp-content/themes/flatsome/assets/css/flatsome-shop.css?ver=3.20.5 HTTP/2" 200 6758 "https://glamourflooringla.com/" "Mozilla/5.0 (Windows NT 10.0; Win64; x64) AppleWebKit/537.36 (KHTML, like Gecko) Chrome/150.0.0.0 Safari/537.36"
192.250.227.238 - - [18/Aug/2026:12:35:33 +0000] "POST /wp-cron.php?doing_wp_cron=1787056532.9346048831939697265625 HTTP/1.1" 200 0 "-" "WordPress/7.0.4; https://glamourflooringla.com"
144.76.19.157 - - [18/Aug/2026:12:35:31 +0000] "GET /product/laguna-beach/?add_to_wishlist=15538&_wpnonce=bbb71dd7ae HTTP/1.1" 200 46380 "-" "Mozilla/5.0 (compatible; SERankingBacklinksBot/1.0; +https://seranking.com/backlinks-crawler)"
63.141.48.89 - - [18/Aug/2026:12:35:34 +0000] "GET /wp-includes/js/jquery/jquery.min.js?ver=3.7.1 HTTP/2" 200 29744 "https://glamourflooringla.com/" "Mozilla/5.0 (Windows NT 10.0; Win64; x64) AppleWebKit/537.36 (KHTML, like Gecko) Chrome/150.0.0.0 Safari/537.36"
63.141.48.89 - - [18/Aug/2026:12:35:36 +0000] "GET /wp-includes/js/jquery/jquery-migrate.min.js?ver=3.4.1 HTTP/2" 200 4678 "https://glamourflooringla.com/" "Mozilla/5.0 (Windows NT 10.0; Win64; x64) AppleWebKit/537.36 (KHTML, like Gecko) Chrome/150.0.0.0 Safari/537.36"
63.141.48.89 - - [18/Aug/2026:12:35:36 +0000] "GET /wp-content/plugins/woocommerce/assets/js/jquery-blockui/jquery.blockUI.min.js?ver=2.7.0-wc.11.0.1 HTTP/2" 200 3277 "https://glamourflooringla.com/" "Mozilla/5.0 (Windows NT 10.0; Win64; x64) AppleWebKit/537.36 (KHTML, like Gecko) Chrome/150.0.0.0 Safari/537.36"
144.76.19.157 - - [18/Aug/2026:12:35:37 +0000] "GET /product/laguna-beach/?add_to_wishlist=15540&_wpnonce=32cc803d74 HTTP/1.1" 301 0 "-" "Mozilla/5.0 (compatible; SERankingBacklinksBot/1.0; +https://seranking.com/backlinks-crawler)"
144.76.19.157 - - [18/Aug/2026:12:35:39 +0000] "GET /product/laguna-beach/?add_to_wishlist=15540&_wpnonce=32cc803d74 HTTP/1.1" 200 46370 "-" "Mozilla/5.0 (compatible; SERankingBacklinksBot/1.0; +https://seranking.com/backlinks-crawler)"
63.141.48.89 - - [18/Aug/2026:12:35:44 +0000] "GET /wp-content/plugins/woocommerce/assets/js/js-cookie/js.cookie.min.js?ver=2.1.4-wc.11.0.1 HTTP/2" 200 760 "https://glamourflooringla.com/" "Mozilla/5.0 (Windows NT 10.0; Win64; x64) AppleWebKit/537.36 (KHTML, like Gecko) Chrome/150.0.0.0 Safari/537.36"
63.141.48.89 - - [18/Aug/2026:12:35:44 +0000] "GET /wp-content/plugins/wp-live-chat-software-for-wordpress/includes/js/textConnect.js?ver=5.0.12 HTTP/2" 200 319 "https://glamourflooringla.com/" "Mozilla/5.0 (Windows NT 10.0; Win64; x64) AppleWebKit/537.36 (KHTML, like Gecko) Chrome/150.0.0.0 Safari/537.36"
63.141.48.89 - - [18/Aug/2026:12:35:44 +0000] "GET /wp-content/uploads/2025/08/Untitled-11-1.jpg HTTP/2" 200 39581 "https://glamourflooringla.com/" "Mozilla/5.0 (Windows NT 10.0; Win64; x64) AppleWebKit/537.36 (KHTML, like Gecko) Chrome/150.0.0.0 Safari/537.36"
63.141.48.89 - - [18/Aug/2026:12:35:44 +0000] "GET /wp-content/uploads/2019/04/gf-logo-12.png HTTP/2" 200 3369 "https://glamourflooringla.com/" "Mozilla/5.0 (Windows NT 10.0; Win64; x64) AppleWebKit/537.36 (KHTML, like Gecko) Chrome/150.0.0.0 Safari/537.36"
63.141.48.89 - - [18/Aug/2026:12:35:44 +0000] "GET /wp-content/uploads/2021/12/Still61-600x400.jpg HTTP/2" 200 34558 "https://glamourflooringla.com/" "Mozilla/5.0 (Windows NT 10.0; Win64; x64) AppleWebKit/537.36 (KHTML, like Gecko) Chrome/150.0.0.0 Safari/537.36"
144.76.19.157 - - [18/Aug/2026:12:35:45 +0000] "GET /product/laguna-beach/?add_to_wishlist=15540&_wpnonce=bbb71dd7ae HTTP/1.1" 301 0 "-" "Mozilla/5.0 (compatible; SERankingBacklinksBot/1.0; +https://seranking.com/backlinks-crawler)"
63.141.48.89 - - [18/Aug/2026:12:35:46 +0000] "GET /wp-content/plugins/woocommerce/assets/client/blocks/wc-blocks.css?ver=wc-11.0.1 HTTP/2" 200 2393 "https://glamourflooringla.com/" "Mozilla/5.0 (Windows NT 10.0; Win64; x64) AppleWebKit/537.36 (KHTML, like Gecko) Chrome/150.0.0.0 Safari/537.36"
63.141.48.89 - - [18/Aug/2026:12:35:46 +0000] "GET /wp-content/uploads/so-css/so-css-flatsome.css?ver=1784265116 HTTP/2" 200 1511 "https://glamourflooringla.com/" "Mozilla/5.0 (Windows NT 10.0; Win64; x64) AppleWebKit/537.36 (KHTML, like Gecko) Chrome/150.0.0.0 Safari/537.36"
63.141.48.89 - - [18/Aug/2026:12:35:46 +0000] "GET /wp-content/plugins/elementskit-lite/modules/elementskit-icon-pack/assets/css/ekiticons.css?ver=4.0.1 HTTP/2" 200 9831 "https://glamourflooringla.com/" "Mozilla/5.0 (Windows NT 10.0; Win64; x64) AppleWebKit/537.36 (KHTML, like Gecko) Chrome/150.0.0.0 Safari/537.36"
63.141.48.89 - - [18/Aug/2026:12:35:47 +0000] "GET /wp-includes/js/dist/hooks.min.js?ver=7496969728ca0f95732d HTTP/2" 200 1734 "https://glamourflooringla.com/" "Mozilla/5.0 (Windows NT 10.0; Win64; x64) AppleWebKit/537.36 (KHTML, like Gecko) Chrome/150.0.0.0 Safari/537.36"
63.141.48.89 - - [18/Aug/2026:12:35:47 +0000] "GET /wp-includes/js/dist/i18n.min.js?ver=781d11515ad3d91786ec HTTP/2" 200 2354 "https://glamourflooringla.com/" "Mozilla/5.0 (Windows NT 10.0; Win64; x64) AppleWebKit/537.36 (KHTML, like Gecko) Chrome/150.0.0.0 Safari/537.36"
63.141.48.89 - - [18/Aug/2026:12:35:47 +0000] "GET /wp-content/plugins/contact-form-7/includes/swv/js/index.js?ver=6.1.7 HTTP/2" 200 3369 "https://glamourflooringla.com/" "Mozilla/5.0 (Windows NT 10.0; Win64; x64) AppleWebKit/537.36 (KHTML, like Gecko) Chrome/150.0.0.0 Safari/537.36"
144.76.19.157 - - [18/Aug/2026:12:35:46 +0000] "GET /product/laguna-beach/?add_to_wishlist=15540&_wpnonce=bbb71dd7ae HTTP/1.1" 200 46394 "-" "Mozilla/5.0 (compatible; SERankingBacklinksBot/1.0; +https://seranking.com/backlinks-crawler)"
63.141.48.89 - - [18/Aug/2026:12:35:47 +0000] "GET /wp-content/plugins/contact-form-7/includes/js/index.js?ver=6.1.7 HTTP/2" 200 4008 "https://glamourflooringla.com/" "Mozilla/5.0 (Windows NT 10.0; Win64; x64) AppleWebKit/537.36 (KHTML, like Gecko) Chrome/150.0.0.0 Safari/537.36"
63.141.48.89 - - [18/Aug/2026:12:35:47 +0000] "GET /wp-content/plugins/date-time-picker-for-contact-form-7/assets/js/jquery.datetimepicker.full.min.js?ver=7.0.4 HTTP/2" 200 18741 "https://glamourflooringla.com/" "Mozilla/5.0 (Windows NT 10.0; Win64; x64) AppleWebKit/537.36 (KHTML, like Gecko) Chrome/150.0.0.0 Safari/537.36"
63.141.48.89 - - [18/Aug/2026:12:35:47 +0000] "GET /wp-content/plugins/date-time-picker-for-contact-form-7/assets/js/datetimepicker.js?ver=1.0.0 HTTP/2" 200 556 "https://glamourflooringla.com/" "Mozilla/5.0 (Windows NT 10.0; Win64; x64) AppleWebKit/537.36 (KHTML, like Gecko) Chrome/150.0.0.0 Safari/537.36"
63.141.48.89 - - [18/Aug/2026:12:35:50 +0000] "GET /wp-content/plugins/woocommerce/assets/js/frontend/woocommerce.min.js?ver=11.0.1 HTTP/2" 200 1384 "https://glamourflooringla.com/" "Mozilla/5.0 (Windows NT 10.0; Win64; x64) AppleWebKit/537.36 (KHTML, like Gecko) Chrome/150.0.0.0 Safari/537.36"
63.141.48.89 - - [18/Aug/2026:12:35:50 +0000] "GET /wp-includes/js/hoverIntent.min.js?ver=1.10.2 HTTP/2" 200 668 "https://glamourflooringla.com/" "Mozilla/5.0 (Windows NT 10.0; Win64; x64) AppleWebKit/537.36 (KHTML, like Gecko) Chrome/150.0.0.0 Safari/537.36"
63.141.48.89 - - [18/Aug/2026:12:35:50 +0000] "GET /wp-content/themes/flatsome/assets/js/flatsome.js?ver=e2eddd6c228105dac048 HTTP/2" 200 18337 "https://glamourflooringla.com/" "Mozilla/5.0 (Windows NT 10.0; Win64; x64) AppleWebKit/537.36 (KHTML, like Gecko) Chrome/150.0.0.0 Safari/537.36"
63.141.48.89 - - [18/Aug/2026:12:35:50 +0000] "GET /wp-content/themes/flatsome/inc/integrations/wc-yith-wishlist/wishlist.js?ver=3.20.5 HTTP/2" 200 638 "https://glamourflooringla.com/" "Mozilla/5.0 (Windows NT 10.0; Win64; x64) AppleWebKit/537.36 (KHTML, like Gecko) Chrome/150.0.0.0 Safari/537.36"
63.141.48.89 - - [18/Aug/2026:12:35:50 +0000] "GET /wp-content/themes/flatsome/assets/js/extensions/flatsome-live-search.js?ver=3.20.5 HTTP/2" 200 4422 "https://glamourflooringla.com/" "Mozilla/5.0 (Windows NT 10.0; Win64; x64) AppleWebKit/537.36 (KHTML, like Gecko) Chrome/150.0.0.0 Safari/537.36"
63.141.48.89 - - [18/Aug/2026:12:35:50 +0000] "GET /wp-content/plugins/elementor/assets/js/webpack.runtime.min.js?ver=4.2.2 HTTP/2" 200 2335 "https://glamourflooringla.com/" "Mozilla/5.0 (Windows NT 10.0; Win64; x64) AppleWebKit/537.36 (KHTML, like Gecko) Chrome/150.0.0.0 Safari/537.36"
63.141.48.89 - - [18/Aug/2026:12:35:52 +0000] "GET /wp-content/fonts/lato/S6uyw4BMUTPHjx4wXg.woff2 HTTP/2" 200 23580 "https://glamourflooringla.com/" "Mozilla/5.0 (Windows NT 10.0; Win64; x64) AppleWebKit/537.36 (KHTML, like Gecko) Chrome/150.0.0.0 Safari/537.36"
63.141.48.89 - - [18/Aug/2026:12:35:52 +0000] "GET /wp-content/themes/flatsome/assets/css/icons/fl-icons.woff2?v=3.20.5 HTTP/2" 200 7560 "https://glamourflooringla.com/" "Mozilla/5.0 (Windows NT 10.0; Win64; x64) AppleWebKit/537.36 (KHTML, like Gecko) Chrome/150.0.0.0 Safari/537.36"
63.141.48.89 - - [18/Aug/2026:12:35:52 +0000] "GET /wp-content/fonts/lato/S6u9w4BMUTPHh6UVSwiPGQ.woff2 HTTP/2" 200 23040 "https://glamourflooringla.com/" "Mozilla/5.0 (Windows NT 10.0; Win64; x64) AppleWebKit/537.36 (KHTML, like Gecko) Chrome/150.0.0.0 Safari/537.36"
144.76.19.157 - - [18/Aug/2026:12:35:52 +0000] "GET /product/laguna-beach/?add_to_wishlist=15542&_wpnonce=44202cc6af HTTP/1.1" 301 0 "-" "Mozilla/5.0 (compatible; SERankingBacklinksBot/1.0; +https://seranking.com/backlinks-crawler)"
63.141.48.89 - - [18/Aug/2026:12:35:54 +0000] "GET /wp-content/plugins/elementor/assets/js/frontend-modules.min.js?ver=4.2.2 HTTP/2" 200 15445 "https://glamourflooringla.com/" "Mozilla/5.0 (Windows NT 10.0; Win64; x64) AppleWebKit/537.36 (KHTML, like Gecko) Chrome/150.0.0.0 Safari/537.36"
63.141.48.89 - - [18/Aug/2026:12:35:54 +0000] "GET /wp-content/uploads/2025/08/prydumano-design-VZ2z8ozzy10-unsplash-1.jpg HTTP/2" 200 126738 "https://glamourflooringla.com/wp-content/uploads/elementor/css/post-17829.css?ver=1787034666" "Mozilla/5.0 (Windows NT 10.0; Win64; x64) AppleWebKit/537.36 (KHTML, like Gecko) Chrome/150.0.0.0 Safari/537.36"
63.141.48.89 - - [18/Aug/2026:12:35:54 +0000] "GET /wp-includes/js/jquery/ui/core.min.js?ver=1.13.3 HTTP/2" 200 6812 "https://glamourflooringla.com/" "Mozilla/5.0 (Windows NT 10.0; Win64; x64) AppleWebKit/537.36 (KHTML, like Gecko) Chrome/150.0.0.0 Safari/537.36"
63.141.48.89 - - [18/Aug/2026:12:35:54 +0000] "GET /wp-content/plugins/elementor/assets/js/frontend.min.js?ver=4.2.2 HTTP/2" 200 10124 "https://glamourflooringla.com/" "Mozilla/5.0 (Windows NT 10.0; Win64; x64) AppleWebKit/537.36 (KHTML, like Gecko) Chrome/150.0.0.0 Safari/537.36"
144.76.19.157 - - [18/Aug/2026:12:35:54 +0000] "GET /product/laguna-beach/?add_to_wishlist=15542&_wpnonce=44202cc6af HTTP/1.1" 200 46399 "-" "Mozilla/5.0 (compatible; SERankingBacklinksBot/1.0; +https://seranking.com/backlinks-crawler)"
63.141.48.89 - - [18/Aug/2026:12:35:55 +0000] "GET /wp-content/plugins/woocommerce/assets/js/sourcebuster/sourcebuster.min.js?ver=11.0.1 HTTP/2" 200 4609 "https://glamourflooringla.com/" "Mozilla/5.0 (Windows NT 10.0; Win64; x64) AppleWebKit/537.36 (KHTML, like Gecko) Chrome/150.0.0.0 Safari/537.36"
63.141.48.89 - - [18/Aug/2026:12:35:55 +0000] "GET /wp-content/plugins/woocommerce/assets/js/frontend/order-attribution.min.js?ver=11.0.1 HTTP/2" 200 1020 "https://glamourflooringla.com/" "Mozilla/5.0 (Windows NT 10.0; Win64; x64) AppleWebKit/537.36 (KHTML, like Gecko) Chrome/150.0.0.0 Safari/537.36"
63.141.48.89 - - [18/Aug/2026:12:35:55 +0000] "GET /wp-content/plugins/testimonial-slider-and-showcase/assets/vendor/swiper/swiper.min.js?ver=2.4.2 HTTP/2" 200 37996 "https://glamourflooringla.com/" "Mozilla/5.0 (Windows NT 10.0; Win64; x64) AppleWebKit/537.36 (KHTML, like Gecko) Chrome/150.0.0.0 Safari/537.36"
63.141.48.89 - - [18/Aug/2026:12:35:56 +0000] "GET /wp-content/plugins/variation-swatches-for-woocommerce/assets/js/frontend.js?ver=2.2.7 HTTP/2" 200 3417 "https://glamourflooringla.com/" "Mozilla/5.0 (Windows NT 10.0; Win64; x64) AppleWebKit/537.36 (KHTML, like Gecko) Chrome/150.0.0.0 Safari/537.36"
63.141.48.89 - - [18/Aug/2026:12:35:56 +0000] "GET /wp-content/plugins/elementskit-lite/widgets/init/assets/js/widgets/core.js?ver=4.0.1 HTTP/2" 200 1157 "https://glamourflooringla.com/" "Mozilla/5.0 (Windows NT 10.0; Win64; x64) AppleWebKit/537.36 (KHTML, like Gecko) Chrome/150.0.0.0 Safari/537.36"
63.141.48.89 - - [18/Aug/2026:12:35:56 +0000] "GET /wp-content/plugins/elementskit-lite/widgets/init/assets/js/widgets/nav-menu.js?ver=4.0.1 HTTP/2" 200 848 "https://glamourflooringla.com/" "Mozilla/5.0 (Windows NT 10.0; Win64; x64) AppleWebKit/537.36 (KHTML, like Gecko) Chrome/150.0.0.0 Safari/537.36"
63.141.48.89 - - [18/Aug/2026:12:35:56 +0000] "GET /wp-content/plugins/elementskit-lite/assets/libs/magnific-popup/jquery.magnific-popup.min.js?ver=4.0.1 HTTP/2" 200 7252 "https://glamourflooringla.com/" "Mozilla/5.0 (Windows NT 10.0; Win64; x64) AppleWebKit/537.36 (KHTML, like Gecko) Chrome/150.0.0.0 Safari/537.36"
63.141.48.89 - - [18/Aug/2026:12:35:56 +0000] "GET /wp-content/plugins/elementskit-lite/widgets/init/assets/js/nav-menu.js?ver=4.0.1 HTTP/2" 200 607 "https://glamourflooringla.com/" "Mozilla/5.0 (Windows NT 10.0; Win64; x64) AppleWebKit/537.36 (KHTML, like Gecko) Chrome/150.0.0.0 Safari/537.36"
63.141.48.89 - - [18/Aug/2026:12:35:56 +0000] "GET /wp-content/plugins/elementskit-lite/widgets/init/assets/js/widgets/header-search.js?ver=4.0.1 HTTP/2" 200 298 "https://glamourflooringla.com/" "Mozilla/5.0 (Windows NT 10.0; Win64; x64) AppleWebKit/537.36 (KHTML, like Gecko) Chrome/150.0.0.0 Safari/537.36"
63.141.48.89 - - [18/Aug/2026:12:35:57 +0000] "GET /wp-content/plugins/elementskit-lite/widgets/init/assets/js/widgets/header-offcanvas.js?ver=4.0.1 HTTP/2" 200 236 "https://glamourflooringla.com/" "Mozilla/5.0 (Windows NT 10.0; Win64; x64) AppleWebKit/537.36 (KHTML, like Gecko) Chrome/150.0.0.0 Safari/537.36"
63.141.48.89 - - [18/Aug/2026:12:35:57 +0000] "GET /wp-content/themes/flatsome/assets/js/woocommerce.js?ver=1c9be63d628ff7c3ff4c HTTP/2" 200 7932 "https://glamourflooringla.com/" "Mozilla/5.0 (Windows NT 10.0; Win64; x64) AppleWebKit/537.36 (KHTML, like Gecko) Chrome/150.0.0.0 Safari/537.36"
63.141.48.89 - - [18/Aug/2026:12:35:58 +0000] "GET /wp-content/plugins/wpcf7-recaptcha/assets/js/wpcf7-recaptcha-controls.js?ver=1.2 HTTP/2" 200 590 "https://glamourflooringla.com/" "Mozilla/5.0 (Windows NT 10.0; Win64; x64) AppleWebKit/537.36 (KHTML, like Gecko) Chrome/150.0.0.0 Safari/537.36"
63.141.48.89 - - [18/Aug/2026:12:35:58 +0000] "GET /wp-content/plugins/elementor-pro/assets/js/webpack-pro.runtime.min.js?ver=4.2.1 HTTP/2" 200 2610 "https://glamourflooringla.com/" "Mozilla/5.0 (Windows NT 10.0; Win64; x64) AppleWebKit/537.36 (KHTML, like Gecko) Chrome/150.0.0.0 Safari/537.36"
63.141.48.89 - - [18/Aug/2026:12:35:58 +0000] "GET /wp-content/plugins/elementor-pro/assets/js/frontend.min.js?ver=4.2.1 HTTP/2" 200 6193 "https://glamourflooringla.com/" "Mozilla/5.0 (Windows NT 10.0; Win64; x64) AppleWebKit/537.36 (KHTML, like Gecko) Chrome/150.0.0.0 Safari/537.36"
63.141.48.89 - - [18/Aug/2026:12:35:59 +0000] "GET /wp-content/plugins/elementor-pro/assets/js/elements-handlers.min.js?ver=4.2.1 HTTP/2" 200 10079 "https://glamourflooringla.com/" "Mozilla/5.0 (Windows NT 10.0; Win64; x64) AppleWebKit/537.36 (KHTML, like Gecko) Chrome/150.0.0.0 Safari/537.36"
63.141.48.89 - - [18/Aug/2026:12:35:59 +0000] "GET /wp-content/plugins/woocommerce/assets/js/frontend/add-to-cart.min.js?ver=11.0.1 HTTP/2" 200 1296 "https://glamourflooringla.com/" "Mozilla/5.0 (Windows NT 10.0; Win64; x64) AppleWebKit/537.36 (KHTML, like Gecko) Chrome/150.0.0.0 Safari/537.36"
144.76.19.157 - - [18/Aug/2026:12:35:59 +0000] "GET /product/laguna-beach/?add_to_wishlist=15542&_wpnonce=bbb71dd7ae HTTP/1.1" 301 0 "-" "Mozilla/5.0 (compatible; SERankingBacklinksBot/1.0; +https://seranking.com/backlinks-crawler)"
63.141.48.89 - - [18/Aug/2026:12:36:01 +0000] "GET /wp-content/uploads/2021/12/Still60-600x400.jpg HTTP/2" 200 35719 "https://glamourflooringla.com/" "Mozilla/5.0 (Windows NT 10.0; Win64; x64) AppleWebKit/537.36 (KHTML, like Gecko) Chrome/150.0.0.0 Safari/537.36"
63.141.48.89 - - [18/Aug/2026:12:36:01 +0000] "GET /wp-content/uploads/2021/12/Still55-600x400.jpg HTTP/2" 200 37447 "https://glamourflooringla.com/" "Mozilla/5.0 (Windows NT 10.0; Win64; x64) AppleWebKit/537.36 (KHTML, like Gecko) Chrome/150.0.0.0 Safari/537.36"
63.141.48.89 - - [18/Aug/2026:12:36:02 +0000] "GET /wp-content/uploads/2021/12/Still54-600x400.jpg HTTP/2" 200 41193 "https://glamourflooringla.com/" "Mozilla/5.0 (Windows NT 10.0; Win64; x64) AppleWebKit/537.36 (KHTML, like Gecko) Chrome/150.0.0.0 Safari/537.36"
63.141.48.89 - - [18/Aug/2026:12:36:02 +0000] "GET /wp-content/uploads/2021/12/Still80-600x400.jpg HTTP/2" 200 29571 "https://glamourflooringla.com/" "Mozilla/5.0 (Windows NT 10.0; Win64; x64) AppleWebKit/537.36 (KHTML, like Gecko) Chrome/150.0.0.0 Safari/537.36"
63.141.48.89 - - [18/Aug/2026:12:36:02 +0000] "GET /wp-content/uploads/2021/12/Still72-600x400.jpg HTTP/2" 200 29996 "https://glamourflooringla.com/" "Mozilla/5.0 (Windows NT 10.0; Win64; x64) AppleWebKit/537.36 (KHTML, like Gecko) Chrome/150.0.0.0 Safari/537.36"
63.141.48.89 - - [18/Aug/2026:12:36:03 +0000] "GET /wp-content/uploads/2021/12/Still73-600x400.jpg HTTP/2" 200 27830 "https://glamourflooringla.com/" "Mozilla/5.0 (Windows NT 10.0; Win64; x64) AppleWebKit/537.36 (KHTML, like Gecko) Chrome/150.0.0.0 Safari/537.36"
63.141.48.89 - - [18/Aug/2026:12:36:03 +0000] "GET /wp-content/uploads/2021/12/Still78-600x400.jpg HTTP/2" 200 34775 "https://glamourflooringla.com/" "Mozilla/5.0 (Windows NT 10.0; Win64; x64) AppleWebKit/537.36 (KHTML, like Gecko) Chrome/150.0.0.0 Safari/537.36"
63.141.48.89 - - [18/Aug/2026:12:36:03 +0000] "GET /wp-content/uploads/2021/12/Still74-600x400.jpg HTTP/2" 200 28773 "https://glamourflooringla.com/" "Mozilla/5.0 (Windows NT 10.0; Win64; x64) AppleWebKit/537.36 (KHTML, like Gecko) Chrome/150.0.0.0 Safari/537.36"
144.76.19.157 - - [18/Aug/2026:12:36:01 +0000] "GET /product/laguna-beach/?add_to_wishlist=15542&_wpnonce=bbb71dd7ae HTTP/1.1" 200 46364 "-" "Mozilla/5.0 (compatible; SERankingBacklinksBot/1.0; +https://seranking.com/backlinks-crawler)"
63.141.48.89 - - [18/Aug/2026:12:36:03 +0000] "GET /wp-content/uploads/2021/12/Still70-600x400.jpg HTTP/2" 200 28599 "https://glamourflooringla.com/" "Mozilla/5.0 (Windows NT 10.0; Win64; x64) AppleWebKit/537.36 (KHTML, like Gecko) Chrome/150.0.0.0 Safari/537.36"
63.141.48.89 - - [18/Aug/2026:12:36:03 +0000] "GET /wp-content/uploads/2021/12/Still71-600x400.jpg HTTP/2" 200 29973 "https://glamourflooringla.com/" "Mozilla/5.0 (Windows NT 10.0; Win64; x64) AppleWebKit/537.36 (KHTML, like Gecko) Chrome/150.0.0.0 Safari/537.36"
63.141.48.89 - - [18/Aug/2026:12:36:03 +0000] "GET /wp-content/uploads/2021/12/Still79-600x400.jpg HTTP/2" 200 27539 "https://glamourflooringla.com/" "Mozilla/5.0 (Windows NT 10.0; Win64; x64) AppleWebKit/537.36 (KHTML, like Gecko) Chrome/150.0.0.0 Safari/537.36"
63.141.48.89 - - [18/Aug/2026:12:36:04 +0000] "GET /wp-content/uploads/2021/12/Still51-600x400.jpg HTTP/2" 200 33147 "https://glamourflooringla.com/" "Mozilla/5.0 (Windows NT 10.0; Win64; x64) AppleWebKit/537.36 (KHTML, like Gecko) Chrome/150.0.0.0 Safari/537.36"
63.141.48.89 - - [18/Aug/2026:12:36:04 +0000] "GET /wp-content/uploads/2021/12/Still50-600x400.jpg HTTP/2" 200 36171 "https://glamourflooringla.com/" "Mozilla/5.0 (Windows NT 10.0; Win64; x64) AppleWebKit/537.36 (KHTML, like Gecko) Chrome/150.0.0.0 Safari/537.36"
63.141.48.89 - - [18/Aug/2026:12:36:04 +0000] "GET /wp-content/uploads/2021/12/Still49-600x400.jpg HTTP/2" 200 34838 "https://glamourflooringla.com/" "Mozilla/5.0 (Windows NT 10.0; Win64; x64) AppleWebKit/537.36 (KHTML, like Gecko) Chrome/150.0.0.0 Safari/537.36"
63.141.48.89 - - [18/Aug/2026:12:36:05 +0000] "GET /wp-content/uploads/2021/12/Still48-601x400.jpg HTTP/2" 200 39969 "https://glamourflooringla.com/" "Mozilla/5.0 (Windows NT 10.0; Win64; x64) AppleWebKit/537.36 (KHTML, like Gecko) Chrome/150.0.0.0 Safari/537.36"
63.141.48.89 - - [18/Aug/2026:12:36:05 +0000] "GET /wp-content/uploads/2021/12/Still20-600x400.jpg HTTP/2" 200 43293 "https://glamourflooringla.com/" "Mozilla/5.0 (Windows NT 10.0; Win64; x64) AppleWebKit/537.36 (KHTML, like Gecko) Chrome/150.0.0.0 Safari/537.36"
63.141.48.89 - - [18/Aug/2026:12:36:05 +0000] "GET /wp-content/uploads/2021/12/Still22-600x400.jpg HTTP/2" 200 37272 "https://glamourflooringla.com/" "Mozilla/5.0 (Windows NT 10.0; Win64; x64) AppleWebKit/537.36 (KHTML, like Gecko) Chrome/150.0.0.0 Safari/537.36"
63.141.48.89 - - [18/Aug/2026:12:36:06 +0000] "GET /wp-content/uploads/2021/12/Still46-1-600x400.jpg HTTP/2" 200 40852 "https://glamourflooringla.com/" "Mozilla/5.0 (Windows NT 10.0; Win64; x64) AppleWebKit/537.36 (KHTML, like Gecko) Chrome/150.0.0.0 Safari/537.36"
63.141.48.89 - - [18/Aug/2026:12:36:07 +0000] "GET /wp-content/uploads/2021/12/Still46-600x400.jpg HTTP/2" 200 40852 "https://glamourflooringla.com/" "Mozilla/5.0 (Windows NT 10.0; Win64; x64) AppleWebKit/537.36 (KHTML, like Gecko) Chrome/150.0.0.0 Safari/537.36"
63.141.48.89 - - [18/Aug/2026:12:36:07 +0000] "GET /wp-content/uploads/2021/12/Still19-600x400.jpg HTTP/2" 200 37442 "https://glamourflooringla.com/" "Mozilla/5.0 (Windows NT 10.0; Win64; x64) AppleWebKit/537.36 (KHTML, like Gecko) Chrome/150.0.0.0 Safari/537.36"
63.141.48.89 - - [18/Aug/2026:12:36:08 +0000] "GET /wp-content/uploads/2024/06/Link-logo.png HTTP/2" 200 1925 "https://glamourflooringla.com/" "Mozilla/5.0 (Windows NT 10.0; Win64; x64) AppleWebKit/537.36 (KHTML, like Gecko) Chrome/150.0.0.0 Safari/537.36"
144.76.19.157 - - [18/Aug/2026:12:36:07 +0000] "GET /product/laguna-beach/?add_to_wishlist=15544&_wpnonce=bbb71dd7ae HTTP/1.1" 301 0 "-" "Mozilla/5.0 (compatible; SERankingBacklinksBot/1.0; +https://seranking.com/backlinks-crawler)"
63.141.48.89 - - [18/Aug/2026:12:36:08 +0000] "GET /wp-content/uploads/2026/02/instagram-3.png HTTP/2" 200 3044 "https://glamourflooringla.com/" "Mozilla/5.0 (Windows NT 10.0; Win64; x64) AppleWebKit/537.36 (KHTML, like Gecko) Chrome/150.0.0.0 Safari/537.36"
